136.243.228.182 - - [01/Jul/2025:12:29:49 -0400] "GET /slggn262/jl0md-40727/ HTTP/1.1" 404 1251 "-" "Mozilla/5.0 (compatible; DataForSeoBot/1.0; +https://dataforseo.com/dataforseo-bot)"
136.243.228.182 - - [01/Jul/2025:12:30:00 -0400] "GET /nzvfp165/7ri8w-16582/ HTTP/1.1" 404 1251 "-" "Mozilla/5.0 (compatible; DataForSeoBot/1.0; +https://dataforseo.com/dataforseo-bot)"
184.73.68.20 - - [01/Jul/2025:12:30:02 -0400] "GET /function/function.php?path=//opt/hc_python/lib64/python3.12/site-packages/virtualenv/activation/batch/__pycache__ HTTP/1.1" 200 2445 "-" "Mozilla/5.0 AppleWebKit/537.36 (KHTML, like Gecko; compatible; Amazonbot/0.1; +https://developer.amazon.com/support/amazonbot) Chrome/119.0.6045.214 Safari/537.36"
136.243.228.182 - - [01/Jul/2025:12:30:12 -0400] "GET /tloaq240/jgevm-36657/ HTTP/1.1" 404 1251 "-" "Mozilla/5.0 (compatible; DataForSeoBot/1.0; +https://dataforseo.com/dataforseo-bot)"
216.73.216.165 - - [01/Jul/2025:12:30:15 -0400] "GET /function/function.php?path=%2F%2Fhome5 HTTP/1.1" 200 1103 "-" "Mozilla/5.0 AppleWebKit/537.36 (KHTML, like Gecko; compatible; ClaudeBot/1.0; +claudebot@anthropic.com)"
3.210.29.96 - - [01/Jul/2025:12:30:21 -0400] "GET /function/function.php?path=//opt/alt/alt-nodejs11/root/lib/node_modules/npm/node_modules/widest-line HTTP/1.1" 200 2594 "-" "Mozilla/5.0 AppleWebKit/537.36 (KHTML, like Gecko; compatible; Amazonbot/0.1; +https://developer.amazon.com/support/amazonbot) Chrome/119.0.6045.214 Safari/537.36"
136.243.228.182 - - [01/Jul/2025:12:30:28 -0400] "GET /wpfbg171/9xldx-1248/ HTTP/1.1" 404 1251 "-" "Mozilla/5.0 (compatible; DataForSeoBot/1.0; +https://dataforseo.com/dataforseo-bot)"
136.243.228.182 - - [01/Jul/2025:12:30:36 -0400] "GET /zbjuq13/asfsn-24886/ HTTP/1.1" 404 1251 "-" "Mozilla/5.0 (compatible; DataForSeoBot/1.0; +https://dataforseo.com/dataforseo-bot)"
35.172.125.172 - - [01/Jul/2025:12:30:41 -0400] "GET /function/function.php?filesrc=//opt/alt/python27/lib64/python2.7/idlelib/idle_test/test_hyperparser.py&path=//opt/alt/python27/lib64/python2.7/idlelib/idle_test HTTP/1.1" 200 2715 "-" "Mozilla/5.0 AppleWebKit/537.36 (KHTML, like Gecko; compatible; Amazonbot/0.1; +https://developer.amazon.com/support/amazonbot) Chrome/119.0.6045.214 Safari/537.36"
136.243.228.182 - - [01/Jul/2025:12:30:44 -0400] "GET /lfung159/yfzz9-17763/ HTTP/1.1" 404 1251 "-" "Mozilla/5.0 (compatible; DataForSeoBot/1.0; +https://dataforseo.com/dataforseo-bot)"
216.73.216.165 - - [01/Jul/2025:12:30:58 -0400] "GET /function/function.php?path=%2F%2Fhome6 HTTP/1.1" 200 1103 "-" "Mozilla/5.0 AppleWebKit/537.36 (KHTML, like Gecko; compatible; ClaudeBot/1.0; +claudebot@anthropic.com)"
216.73.216.165 - - [01/Jul/2025:12:31:00 -0400] "GET /function/function.php?path=%2Fhome%2Fevoljabq%2Flogs HTTP/1.1" 200 2276 "-" "Mozilla/5.0 AppleWebKit/537.36 (KHTML, like Gecko; compatible; ClaudeBot/1.0; +claudebot@anthropic.com)"
136.243.228.182 - - [01/Jul/2025:12:31:00 -0400] "GET /ziyyv189/lvnd6-18078/ HTTP/1.1" 404 1251 "-" "Mozilla/5.0 (compatible; DataForSeoBot/1.0; +https://dataforseo.com/dataforseo-bot)"
136.243.228.182 - - [01/Jul/2025:12:31:04 -0400] "GET /medtg142/j6v0h-44835/ HTTP/1.1" 404 1251 "-" "Mozilla/5.0 (compatible; DataForSeoBot/1.0; +https://dataforseo.com/dataforseo-bot)"
18.214.251.19 - - [01/Jul/2025:12:31:06 -0400] "GET /function/function.php?path=//proc/thread-self/root/opt/alt/php81/etc/mysql5.5 HTTP/1.1" 403 1242 "-" "Mozilla/5.0 AppleWebKit/537.36 (KHTML, like Gecko; compatible; Amazonbot/0.1; +https://developer.amazon.com/support/amazonbot) Chrome/119.0.6045.214 Safari/537.36"
136.243.228.182 - - [01/Jul/2025:12:31:12 -0400] "GET /zzbhh88/fcn0j-36696/ HTTP/1.1" 404 1251 "-" "Mozilla/5.0 (compatible; DataForSeoBot/1.0; +https://dataforseo.com/dataforseo-bot)"
52.21.62.139 - - [01/Jul/2025:12:31:18 -0400] "GET /function/function.php?path=//opt/alt/alt-nodejs16/root/lib/node_modules/npm/node_modules.bundled/minipass-pipeline HTTP/1.1" 200 2557 "-" "Mozilla/5.0 AppleWebKit/537.36 (KHTML, like Gecko; compatible; Amazonbot/0.1; +https://developer.amazon.com/support/amazonbot) Chrome/119.0.6045.214 Safari/537.36"
57.141.2.17 - - [01/Jul/2025:12:31:25 -0400] "GET /okajwockney-288462/wzqegjou-auyf-srwvjgezh-espmsxjfqq-xvwusj/ HTTP/1.1" 404 1251 "-" "meta-externalagent/1.1 (+https://developers.facebook.com/docs/sharing/webmasters/crawler)"
3.215.59.93 - - [01/Jul/2025:12:31:25 -0400] "GET /function/function.php?filesrc=//opt/alt/python27/lib64/python2.7/idlelib/Icons/minusnode.gif&path=//opt/alt/python27/lib64/python2.7/idlelib/Icons HTTP/1.1" 200 1260 "-" "Mozilla/5.0 AppleWebKit/537.36 (KHTML, like Gecko; compatible; Amazonbot/0.1; +https://developer.amazon.com/support/amazonbot) Chrome/119.0.6045.214 Safari/537.36"
136.243.228.182 - - [01/Jul/2025:12:31:28 -0400] "GET /zmxlx27/d6hmy-9383/ HTTP/1.1" 404 1251 "-" "Mozilla/5.0 (compatible; DataForSeoBot/1.0; +https://dataforseo.com/dataforseo-bot)"
44.205.120.22 - - [01/Jul/2025:12:31:34 -0400] "GET /function/function.php?path=//proc/thread-self/root/opt/alt/alt-nodejs20/root/etc/xdg HTTP/1.1" 403 1242 "-" "Mozilla/5.0 AppleWebKit/537.36 (KHTML, like Gecko; compatible; Amazonbot/0.1; +https://developer.amazon.com/support/amazonbot) Chrome/119.0.6045.214 Safari/537.36"
44.205.192.249 - - [01/Jul/2025:12:31:38 -0400] "GET /function/function.php?path=//opt/alt/alt-nodejs19/root/lib/node_modules/npm/node_modules/minipass-json-stream HTTP/1.1" 200 2791 "-" "Mozilla/5.0 AppleWebKit/537.36 (KHTML, like Gecko; compatible; Amazonbot/0.1; +https://developer.amazon.com/support/amazonbot) Chrome/119.0.6045.214 Safari/537.36"
216.73.216.165 - - [01/Jul/2025:12:31:39 -0400] "GET /function/function.php?path=%2F%2Fhome4 HTTP/1.1" 200 1103 "-" "Mozilla/5.0 AppleWebKit/537.36 (KHTML, like Gecko; compatible; ClaudeBot/1.0; +claudebot@anthropic.com)"
44.221.227.90 - - [01/Jul/2025:12:30:33 -0400] "GET /function/function.php?filesrc=//opt/alt/python27/lib64/python2.7/idlelib/idle_test/test_pathbrowser.pyc&path=//opt/alt/python27/lib64/python2.7/idlelib/idle_test HTTP/1.1" 200 1267 "-" "Mozilla/5.0 AppleWebKit/537.36 (KHTML, like Gecko; compatible; Amazonbot/0.1; +https://developer.amazon.com/support/amazonbot) Chrome/119.0.6045.214 Safari/537.36"
136.243.228.182 - - [01/Jul/2025:12:30:40 -0400] "GET /jbfko134/xqwqu-35475/ HTTP/1.1" 404 1251 "-" "Mozilla/5.0 (compatible; DataForSeoBot/1.0; +https://dataforseo.com/dataforseo-bot)"
114.119.160.138 - - [01/Jul/2025:12:30:48 -0400] "GET /function/function.php?path=/home/evoljabq/lscache/6/0/d HTTP/1.1" 200 2461 "http://www.evolveplace.com/function/function.php?path=/home/evoljabq/lscache/6/0" "Mozilla/5.0 (Linux; Android 7.0;) AppleWebKit/537.36 (KHTML, like Gecko) Mobile Safari/537.36 (compatible; PetalBot;+https://webmaster.petalsearch.com/site/petalbot)"
136.243.228.182 - - [01/Jul/2025:12:30:49 -0400] "GET /wkncf249/pmq7t-42538/ HTTP/1.1" 404 1251 "-" "Mozilla/5.0 (compatible; DataForSeoBot/1.0; +https://dataforseo.com/dataforseo-bot)"
136.243.228.182 - - [01/Jul/2025:12:30:53 -0400] "GET /opwcq219/gjfqc-41476/ HTTP/1.1" 404 1251 "-" "Mozilla/5.0 (compatible; DataForSeoBot/1.0; +https://dataforseo.com/dataforseo-bot)"
136.243.228.182 - - [01/Jul/2025:12:30:56 -0400] "GET /ecvwp276/p0pi7-39510/ HTTP/1.1" 404 1251 "-" "Mozilla/5.0 (compatible; DataForSeoBot/1.0; +https://dataforseo.com/dataforseo-bot)"
98.84.200.43 - - [01/Jul/2025:12:30:57 -0400] "GET /function/function.php?path=//opt/alt/alt-nodejs12/root/lib/node_modules/npm/node_modules/jsbn HTTP/1.1" 200 2744 "-" "Mozilla/5.0 AppleWebKit/537.36 (KHTML, like Gecko; compatible; Amazonbot/0.1; +https://developer.amazon.com/support/amazonbot) Chrome/119.0.6045.214 Safari/537.36"
136.243.228.182 - - [01/Jul/2025:12:31:08 -0400] "GET /unejx134/vsbsx-33747/ HTTP/1.1" 404 1251 "-" "Mozilla/5.0 (compatible; DataForSeoBot/1.0; +https://dataforseo.com/dataforseo-bot)"
54.90.244.132 - - [01/Jul/2025:12:31:09 -0400] "GET /function/function.php?path=//opt/alt/alt-nodejs9/root/lib/node_modules/npm/man/man1p HTTP/1.1" 200 1308 "-" "Mozilla/5.0 AppleWebKit/537.36 (KHTML, like Gecko; compatible; Amazonbot/0.1; +https://developer.amazon.com/support/amazonbot) Chrome/119.0.6045.214 Safari/537.36"
136.243.228.182 - - [01/Jul/2025:12:31:16 -0400] "GET /yvejp187/ow8ub-31927/ HTTP/1.1" 404 1251 "-" "Mozilla/5.0 (compatible; DataForSeoBot/1.0; +https://dataforseo.com/dataforseo-bot)"
136.243.228.182 - - [01/Jul/2025:12:31:21 -0400] "GET /zjzzm299/r11m7-27459/ HTTP/1.1" 404 1251 "-" "Mozilla/5.0 (compatible; DataForSeoBot/1.0; +https://dataforseo.com/dataforseo-bot)"
136.243.228.182 - - [01/Jul/2025:12:31:24 -0400] "GET /pcepa131/o3wyj-18018/ HTTP/1.1" 404 1251 "-" "Mozilla/5.0 (compatible; DataForSeoBot/1.0; +https://dataforseo.com/dataforseo-bot)"
57.141.2.3 - - [01/Jul/2025:12:31:26 -0400] "GET /lzmebes-rkfwncfjdhm-864236/kqxcj-wyoyz-dxqu/ HTTP/1.1" 404 1251 "-" "meta-externalagent/1.1 (+https://developers.facebook.com/docs/sharing/webmasters/crawler)"
52.45.194.165 - - [01/Jul/2025:12:31:29 -0400] "GET /function/function.php?path=//opt/alt/alt-nodejs19/root/lib/node_modules/npm/node_modules.bundled/humanize-ms HTTP/1.1" 200 2546 "-" "Mozilla/5.0 AppleWebKit/537.36 (KHTML, like Gecko; compatible; Amazonbot/0.1; +https://developer.amazon.com/support/amazonbot) Chrome/119.0.6045.214 Safari/537.36"
136.243.228.182 - - [01/Jul/2025:12:31:32 -0400] "GET /krjlv79/n2m44-17842/ HTTP/1.1" 404 1251 "-" "Mozilla/5.0 (compatible; DataForSeoBot/1.0; +https://dataforseo.com/dataforseo-bot)"
136.243.228.182 - - [01/Jul/2025:12:31:36 -0400] "GET /gholw78/urb64-44123/ HTTP/1.1" 404 1251 "-" "Mozilla/5.0 (compatible; DataForSeoBot/1.0; +https://dataforseo.com/dataforseo-bot)"
216.73.216.165 - - [01/Jul/2025:12:31:38 -0400] "GET /function/function.php?path=%2F%2Fhome HTTP/1.1" 200 1514 "-" "Mozilla/5.0 AppleWebKit/537.36 (KHTML, like Gecko; compatible; ClaudeBot/1.0; +claudebot@anthropic.com)"
136.243.228.182 - - [01/Jul/2025:12:31:48 -0400] "GET /hmoxo67/qd0g5-2497/ HTTP/1.1" 404 1251 "-" "Mozilla/5.0 (compatible; DataForSeoBot/1.0; +https://dataforseo.com/dataforseo-bot)"
52.44.148.203 - - [01/Jul/2025:12:31:51 -0400] "GET /function/function.php?path=//opt/hc_python/lib/python3.12/site-packages/alembic/templates/async/__pycache__ HTTP/1.1" 200 2437 "-" "Mozilla/5.0 AppleWebKit/537.36 (KHTML, like Gecko; compatible; Amazonbot/0.1; +https://developer.amazon.com/support/amazonbot) Chrome/119.0.6045.214 Safari/537.36"
136.243.228.182 - - [01/Jul/2025:12:31:52 -0400] "GET /jyfrm35/kt88d-35442/ HTTP/1.1" 404 1251 "-" "Mozilla/5.0 (compatible; DataForSeoBot/1.0; +https://dataforseo.com/dataforseo-bot)"
52.45.77.169 - - [01/Jul/2025:12:31:54 -0400] "GET /function/function.php?path=//opt/alt/alt-nodejs16/root/lib/node_modules/npm/node_modules/wrappy HTTP/1.1" 200 2532 "-" "Mozilla/5.0 AppleWebKit/537.36 (KHTML, like Gecko; compatible; Amazonbot/0.1; +https://developer.amazon.com/support/amazonbot) Chrome/119.0.6045.214 Safari/537.36"
136.243.228.182 - - [01/Jul/2025:12:31:57 -0400] "GET /bjalx220/j2h1z-25920/ HTTP/1.1" 404 1251 "-" "Mozilla/5.0 (compatible; DataForSeoBot/1.0; +https://dataforseo.com/dataforseo-bot)"
136.243.228.182 - - [01/Jul/2025:12:32:00 -0400] "GET /gzeee102/3eekz-29505/ HTTP/1.1" 404 1251 "-" "Mozilla/5.0 (compatible; DataForSeoBot/1.0; +https://dataforseo.com/dataforseo-bot)"
136.243.228.182 - - [01/Jul/2025:12:32:05 -0400] "GET /vcbbk211/dfckq-37958/ HTTP/1.1" 404 1251 "-" "Mozilla/5.0 (compatible; DataForSeoBot/1.0; +https://dataforseo.com/dataforseo-bot)"
54.159.18.27 - - [01/Jul/2025:12:32:05 -0400] "GET /function/function.php?filesrc=//proc/thread-self/root/lib64/python2.7/idlelib/Icons/tk.gif&path=//proc/thread-self/root/lib64/python2.7/idlelib/Icons HTTP/1.1" 200 1258 "-" "Mozilla/5.0 AppleWebKit/537.36 (KHTML, like Gecko; compatible; Amazonbot/0.1; +https://developer.amazon.com/support/amazonbot) Chrome/119.0.6045.214 Safari/537.36"
100.27.153.9 - - [01/Jul/2025:12:32:10 -0400] "GET /function/function.php?path=//opt/alt/alt-nodejs18/root/lib/node_modules/npm/node_modules.bundled/imurmurhash HTTP/1.1" 200 2546 "-" "Mozilla/5.0 AppleWebKit/537.36 (KHTML, like Gecko; compatible; Amazonbot/0.1; +https://developer.amazon.com/support/amazonbot) Chrome/119.0.6045.214 Safari/537.36"
114.119.148.127 - - [01/Jul/2025:12:32:10 -0400] "GET /function/function.php?path=/home/evoljabq/lscache/5/f/b HTTP/1.1" 200 2376 "http://www.evolveplace.com/function/function.php?path=/home/evoljabq/lscache/5/f" "Mozilla/5.0 (Linux; Android 7.0;) AppleWebKit/537.36 (KHTML, like Gecko) Mobile Safari/537.36 (compatible; PetalBot;+https://webmaster.petalsearch.com/site/petalbot)"
136.243.228.182 - - [01/Jul/2025:12:32:12 -0400] "GET /uffox73/5p45l-40277/ HTTP/1.1" 404 1251 "-" "Mozilla/5.0 (compatible; DataForSeoBot/1.0; +https://dataforseo.com/dataforseo-bot)"
136.243.228.182 - - [01/Jul/2025:12:32:16 -0400] "GET /jczhh178/mhe42-11450/ HTTP/1.1" 404 1251 "-" "Mozilla/5.0 (compatible; DataForSeoBot/1.0; +https://dataforseo.com/dataforseo-bot)"
136.243.228.182 - - [01/Jul/2025:12:32:20 -0400] "GET /egbzv269/vywb8-21614/ HTTP/1.1" 404 1251 "-" "Mozilla/5.0 (compatible; DataForSeoBot/1.0; +https://dataforseo.com/dataforseo-bot)"
50.16.72.185 - - [01/Jul/2025:12:32:21 -0400] "GET /function/function.php?filesrc=//opt/alt/python37/lib/python3.7/site-packages/babel/locale-data/uz.dat&path=//opt/alt/python37/lib/python3.7/site-packages/babel/locale-data HTTP/1.1" 200 1278 "-" "Mozilla/5.0 AppleWebKit/537.36 (KHTML, like Gecko; compatible; Amazonbot/0.1; +https://developer.amazon.com/support/amazonbot) Chrome/119.0.6045.214 Safari/537.36"
136.243.228.182 - - [01/Jul/2025:12:31:41 -0400] "GET /szhrl89/gmpp0-8367/ HTTP/1.1" 404 1251 "-" "Mozilla/5.0 (compatible; DataForSeoBot/1.0; +https://dataforseo.com/dataforseo-bot)"
23.23.137.202 - - [01/Jul/2025:12:31:42 -0400] "GET /function/function.php?path=//opt/hc_python/lib/python3.12/site-packages/lxml/includes/extlibs/__pycache__ HTTP/1.1" 200 2441 "-" "Mozilla/5.0 AppleWebKit/537.36 (KHTML, like Gecko; compatible; Amazonbot/0.1; +https://developer.amazon.com/support/amazonbot) Chrome/119.0.6045.214 Safari/537.36"
136.243.228.182 - - [01/Jul/2025:12:31:44 -0400] "GET /fjkyp203/duwry-2592/ HTTP/1.1" 404 1251 "-" "Mozilla/5.0 (compatible; DataForSeoBot/1.0; +https://dataforseo.com/dataforseo-bot)"
100.24.149.244 - - [01/Jul/2025:12:31:45 -0400] "GET /function/function.php?path=//opt/alt/alt-nodejs19/root/lib/node_modules/npm/node_modules.bundled/rimraf HTTP/1.1" 200 2915 "-" "Mozilla/5.0 AppleWebKit/537.36 (KHTML, like Gecko; compatible; Amazonbot/0.1; +https://developer.amazon.com/support/amazonbot) Chrome/119.0.6045.214 Safari/537.36"
57.141.2.25 - - [01/Jul/2025:12:31:47 -0400] "GET /hcudfip-240889/pxdvesroe-tcnufzpqpdp-crhifx-ooiiac-wavssyapuke/ HTTP/1.1" 404 1251 "-" "meta-externalagent/1.1 (+https://developers.facebook.com/docs/sharing/webmasters/crawler)"
136.243.228.182 - - [01/Jul/2025:12:32:08 -0400] "GET /ywpiv233/69red-31002/ HTTP/1.1" 404 1251 "-" "Mozilla/5.0 (compatible; DataForSeoBot/1.0; +https://dataforseo.com/dataforseo-bot)"
34.227.234.246 - - [01/Jul/2025:12:32:18 -0400] "GET /function/function.php?path=//opt/alt/alt-nodejs19/root/lib/node_modules/npm/node_modules.bundled/concat-map HTTP/1.1" 200 2794 "-" "Mozilla/5.0 AppleWebKit/537.36 (KHTML, like Gecko; compatible; Amazonbot/0.1; +https://developer.amazon.com/support/amazonbot) Chrome/119.0.6045.214 Safari/537.36"
136.243.228.182 - - [01/Jul/2025:12:32:24 -0400] "GET /etots282/dzu8w-27144/ HTTP/1.1" 404 1251 "-" "Mozilla/5.0 (compatible; DataForSeoBot/1.0; +https://dataforseo.com/dataforseo-bot)"
216.73.216.165 - - [01/Jul/2025:12:32:27 -0400] "GET /function/function.php?filesrc=%2Fhome%2Fevoljabq%2F.ftpquota&path=%2Fhome%2Fevoljabq HTTP/1.1" 200 1116 "-" "Mozilla/5.0 AppleWebKit/537.36 (KHTML, like Gecko; compatible; ClaudeBot/1.0; +claudebot@anthropic.com)"
18.232.36.1 - - [01/Jul/2025:12:32:30 -0400] "GET /function/function.php?filesrc=//opt/alt/tests/alt-php84-pecl-yaml_2.2.3-1.el8/tests/bug_80324.phpt&path=//opt/alt/tests/alt-php84-pecl-yaml_2.2.3-1.el8/tests HTTP/1.1" 200 1524 "-" "Mozilla/5.0 AppleWebKit/537.36 (KHTML, like Gecko; compatible; Amazonbot/0.1; +https://developer.amazon.com/support/amazonbot) Chrome/119.0.6045.214 Safari/537.36"
136.243.228.182 - - [01/Jul/2025:12:32:33 -0400] "GET /ppdbm203/44s6y-28655/ HTTP/1.1" 404 1251 "-" "Mozilla/5.0 (compatible; DataForSeoBot/1.0; +https://dataforseo.com/dataforseo-bot)"
136.243.228.182 - - [01/Jul/2025:12:32:36 -0400] "GET /yqjio41/g8zhe-25782/ HTTP/1.1" 404 1251 "-" "Mozilla/5.0 (compatible; DataForSeoBot/1.0; +https://dataforseo.com/dataforseo-bot)"
54.209.100.30 - - [01/Jul/2025:12:32:37 -0400] "GET /function/function.php?filesrc=//lib/node_modules/npm/man/man7/gitsubmodules.7.gz&path=//lib/node_modules/npm/man/man7 HTTP/1.1" 200 1234 "-" "Mozilla/5.0 AppleWebKit/537.36 (KHTML, like Gecko; compatible; Amazonbot/0.1; +https://developer.amazon.com/support/amazonbot) Chrome/119.0.6045.214 Safari/537.36"
136.243.228.182 - - [01/Jul/2025:12:32:44 -0400] "GET /yqayy260/7vnb7-32997/ HTTP/1.1" 404 1251 "-" "Mozilla/5.0 (compatible; DataForSeoBot/1.0; +https://dataforseo.com/dataforseo-bot)"
136.243.228.182 - - [01/Jul/2025:12:32:49 -0400] "GET /paowl205/rdnuz-17149/ HTTP/1.1" 404 1251 "-" "Mozilla/5.0 (compatible; DataForSeoBot/1.0; +https://dataforseo.com/dataforseo-bot)"
57.141.2.30 - - [01/Jul/2025:12:32:55 -0400] "GET /lzme-808960/besrk-fwncf-jdhm/ HTTP/1.1" 404 1251 "-" "meta-externalagent/1.1 (+https://developers.facebook.com/docs/sharing/webmasters/crawler)"
54.225.199.17 - - [01/Jul/2025:12:32:26 -0400] "GET /function/function.php?filesrc=//proc/thread-self/root/lib/firmware/ath11k/IPQ5018/hw1.0/m3_fw.b01&path=//proc/thread-self/root/lib/firmware/ath11k/IPQ5018/hw1.0 HTTP/1.1" 200 1277 "-" "Mozilla/5.0 AppleWebKit/537.36 (KHTML, like Gecko; compatible; Amazonbot/0.1; +https://developer.amazon.com/support/amazonbot) Chrome/119.0.6045.214 Safari/537.36"
136.243.228.182 - - [01/Jul/2025:12:32:28 -0400] "GET /abbut206/vivgg-2826/ HTTP/1.1" 404 1251 "-" "Mozilla/5.0 (compatible; DataForSeoBot/1.0; +https://dataforseo.com/dataforseo-bot)"
216.73.216.165 - - [01/Jul/2025:12:32:28 -0400] "GET /function/function.php?path=%2F%2Fusr HTTP/1.1" 200 1746 "-" "Mozilla/5.0 AppleWebKit/537.36 (KHTML, like Gecko; compatible; ClaudeBot/1.0; +claudebot@anthropic.com)"
136.243.228.182 - - [01/Jul/2025:12:32:40 -0400] "GET /zsoyj215/rmvhx-6220/ HTTP/1.1" 404 1251 "-" "Mozilla/5.0 (compatible; DataForSeoBot/1.0; +https://dataforseo.com/dataforseo-bot)"
44.205.120.22 - - [01/Jul/2025:12:32:49 -0400] "GET /function/function.php?filesrc=//lib/node_modules/npm/man/man3p/clock.3p.gz&path=//lib/node_modules/npm/man/man3p HTTP/1.1" 200 1234 "-" "Mozilla/5.0 AppleWebKit/537.36 (KHTML, like Gecko; compatible; Amazonbot/0.1; +https://developer.amazon.com/support/amazonbot) Chrome/119.0.6045.214 Safari/537.36"
136.243.228.182 - - [01/Jul/2025:12:32:52 -0400] "GET /qfxeq93/u306p-25058/ HTTP/1.1" 404 1251 "-" "Mozilla/5.0 (compatible; DataForSeoBot/1.0; +https://dataforseo.com/dataforseo-bot)"
136.243.228.182 - - [01/Jul/2025:12:33:01 -0400] "GET /lfedz144/x243p-44048/ HTTP/1.1" 404 1251 "-" "Mozilla/5.0 (compatible; DataForSeoBot/1.0; +https://dataforseo.com/dataforseo-bot)"
3.208.156.9 - - [01/Jul/2025:12:33:01 -0400] "GET /function/function.php?filesrc=//opt/alt/tests/alt-php81-pecl-rrd_2.0.3-1.el8/tests/rrd_017.phpt&path=//opt/alt/tests/alt-php81-pecl-rrd_2.0.3-1.el8/tests HTTP/1.1" 200 1792 "-" "Mozilla/5.0 AppleWebKit/537.36 (KHTML, like Gecko; compatible; Amazonbot/0.1; +https://developer.amazon.com/support/amazonbot) Chrome/119.0.6045.214 Safari/537.36"
136.243.228.182 - - [01/Jul/2025:12:33:04 -0400] "GET /szora260/ve82q-40292/ HTTP/1.1" 404 1251 "-" "Mozilla/5.0 (compatible; DataForSeoBot/1.0; +https://dataforseo.com/dataforseo-bot)"
136.243.228.182 - - [01/Jul/2025:12:33:13 -0400] "GET /oaaow257/ux0qf-47436/ HTTP/1.1" 404 1251 "-" "Mozilla/5.0 (compatible; DataForSeoBot/1.0; +https://dataforseo.com/dataforseo-bot)"
136.243.228.182 - - [01/Jul/2025:12:33:17 -0400] "GET /eqdof149/hrf25-10706/ HTTP/1.1" 404 1251 "-" "Mozilla/5.0 (compatible; DataForSeoBot/1.0; +https://dataforseo.com/dataforseo-bot)"
23.21.179.27 - - [01/Jul/2025:12:33:21 -0400] "GET /function/function.php?filesrc=//proc/thread-self/root/lib64/libjxl.so.0.7&path=//proc/thread-self/root/lib64 HTTP/1.1" 200 1221 "-" "Mozilla/5.0 AppleWebKit/537.36 (KHTML, like Gecko; compatible; Amazonbot/0.1; +https://developer.amazon.com/support/amazonbot) Chrome/119.0.6045.214 Safari/537.36"
136.243.228.182 - - [01/Jul/2025:12:33:32 -0400] "GET /iwioy133/7dosf-42696/ HTTP/1.1" 404 1251 "-" "Mozilla/5.0 (compatible; DataForSeoBot/1.0; +https://dataforseo.com/dataforseo-bot)"
136.243.228.182 - - [01/Jul/2025:12:33:37 -0400] "GET /zxjzw235/rz4yt-14674/ HTTP/1.1" 404 1251 "-" "Mozilla/5.0 (compatible; DataForSeoBot/1.0; +https://dataforseo.com/dataforseo-bot)"
18.232.11.247 - - [01/Jul/2025:12:33:37 -0400] "GET /function/function.php?filesrc=//proc/self/root/lib/rpm/platform/x86_64-linux/macros&path=//proc/self/root/lib/rpm/platform/x86_64-linux HTTP/1.1" 200 2416 "-" "Mozilla/5.0 AppleWebKit/537.36 (KHTML, like Gecko; compatible; Amazonbot/0.1; +https://developer.amazon.com/support/amazonbot) Chrome/119.0.6045.214 Safari/537.36"
136.243.228.182 - - [01/Jul/2025:12:33:45 -0400] "GET /frpfa128/0az8g-15698/ HTTP/1.1" 404 1251 "-" "Mozilla/5.0 (compatible; DataForSeoBot/1.0; +https://dataforseo.com/dataforseo-bot)"
136.243.228.182 - - [01/Jul/2025:12:32:56 -0400] "GET /grpiv267/21e29-48116/ HTTP/1.1" 404 1251 "-" "Mozilla/5.0 (compatible; DataForSeoBot/1.0; +https://dataforseo.com/dataforseo-bot)"
216.73.216.165 - - [01/Jul/2025:12:33:05 -0400] "GET /function/function.php?path=%2Fhome%2Fevoljabq%2Fwww HTTP/1.1" 200 3019 "-" "Mozilla/5.0 AppleWebKit/537.36 (KHTML, like Gecko; compatible; ClaudeBot/1.0; +claudebot@anthropic.com)"
216.73.216.165 - - [01/Jul/2025:12:33:06 -0400] "GET /function/function.php?path=%2Fhome%2Fevoljabq%2Fmail HTTP/1.1" 200 2968 "-" "Mozilla/5.0 AppleWebKit/537.36 (KHTML, like Gecko; compatible; ClaudeBot/1.0; +claudebot@anthropic.com)"
136.243.228.182 - - [01/Jul/2025:12:33:08 -0400] "GET /lxwrz175/it5yn-47593/ HTTP/1.1" 404 1251 "-" "Mozilla/5.0 (compatible; DataForSeoBot/1.0; +https://dataforseo.com/dataforseo-bot)"
52.204.81.148 - - [01/Jul/2025:12:33:09 -0400] "GET /function/function.php?filesrc=//lib/node_modules/npm/man/id/man1/manpath.1.gz&path=//lib/node_modules/npm/man/id/man1 HTTP/1.1" 200 1240 "-" "Mozilla/5.0 AppleWebKit/537.36 (KHTML, like Gecko; compatible; Amazonbot/0.1; +https://developer.amazon.com/support/amazonbot) Chrome/119.0.6045.214 Safari/537.36"
136.243.228.182 - - [01/Jul/2025:12:33:20 -0400] "GET /jykhf105/h31kz-9687/ HTTP/1.1" 404 1251 "-" "Mozilla/5.0 (compatible; DataForSeoBot/1.0; +https://dataforseo.com/dataforseo-bot)"
136.243.228.182 - - [01/Jul/2025:12:33:24 -0400] "GET /eueov87/3m959-3990/ HTTP/1.1" 404 1251 "-" "Mozilla/5.0 (compatible; DataForSeoBot/1.0; +https://dataforseo.com/dataforseo-bot)"
3.232.39.98 - - [01/Jul/2025:12:33:25 -0400] "GET /function/function.php?filesrc=//lib/node_modules/npm/man/ru/man1/apropos.1.gz&path=//lib/node_modules/npm/man/ru/man1 HTTP/1.1" 200 1239 "-" "Mozilla/5.0 AppleWebKit/537.36 (KHTML, like Gecko; compatible; Amazonbot/0.1; +https://developer.amazon.com/support/amazonbot) Chrome/119.0.6045.214 Safari/537.36"
136.243.228.182 - - [01/Jul/2025:12:33:28 -0400] "GET /jddym10/28uaq-8837/ HTTP/1.1" 404 1251 "-" "Mozilla/5.0 (compatible; DataForSeoBot/1.0; +https://dataforseo.com/dataforseo-bot)"
114.119.146.29 - - [01/Jul/2025:12:33:34 -0400] "GET /function/function.php?path=/home/evoljabq/lscache/5/e/c HTTP/1.1" 200 2375 "http://www.evolveplace.com/function/function.php?path=/home/evoljabq/lscache/5/e" "Mozilla/5.0 (Linux; Android 7.0;) AppleWebKit/537.36 (KHTML, like Gecko) Mobile Safari/537.36 (compatible; PetalBot;+https://webmaster.petalsearch.com/site/petalbot)"
136.243.228.182 - - [01/Jul/2025:12:33:40 -0400] "GET /unmkl26/xdwak-20796/ HTTP/1.1" 404 1251 "-" "Mozilla/5.0 (compatible; DataForSeoBot/1.0; +https://dataforseo.com/dataforseo-bot)"
136.243.228.182 - - [01/Jul/2025:12:33:52 -0400] "GET /qxqqc268/uyyab-46401/ HTTP/1.1" 404 1251 "-" "Mozilla/5.0 (compatible; DataForSeoBot/1.0; +https://dataforseo.com/dataforseo-bot)"
136.243.228.182 - - [01/Jul/2025:12:33:56 -0400] "GET /vjmue163/jxunx-39432/ HTTP/1.1" 404 1251 "-" "Mozilla/5.0 (compatible; DataForSeoBot/1.0; +https://dataforseo.com/dataforseo-bot)"
35.174.253.85 - - [01/Jul/2025:12:33:57 -0400] "GET /function/function.php?filesrc=//opt/alt/python27/lib64/python2.7/wsgiref/simple_server.pyc&path=//opt/alt/python27/lib64/python2.7/wsgiref HTTP/1.1" 200 1251 "-" "Mozilla/5.0 AppleWebKit/537.36 (KHTML, like Gecko; compatible; Amazonbot/0.1; +https://developer.amazon.com/support/amazonbot) Chrome/119.0.6045.214 Safari/537.36"
136.243.228.182 - - [01/Jul/2025:12:34:00 -0400] "GET /zirzm200/dtrlg-31678/ HTTP/1.1" 404 1251 "-" "Mozilla/5.0 (compatible; DataForSeoBot/1.0; +https://dataforseo.com/dataforseo-bot)"
136.243.228.182 - - [01/Jul/2025:12:34:04 -0400] "GET /fkdcz1/aa6ng-671/ HTTP/1.1" 404 1251 "-" "Mozilla/5.0 (compatible; DataForSeoBot/1.0; +https://dataforseo.com/dataforseo-bot)"
136.243.228.182 - - [01/Jul/2025:12:34:25 -0400] "GET /odoex156/twwf6-39055/ HTTP/1.1" 404 1251 "-" "Mozilla/5.0 (compatible; DataForSeoBot/1.0; +https://dataforseo.com/dataforseo-bot)"
44.223.116.180 - - [01/Jul/2025:12:33:45 -0400] "GET /function/function.php?filesrc=//proc/self/root/lib/firmware/tigon/tg3.bin&path=//proc/self/root/lib/firmware/tigon HTTP/1.1" 200 1240 "-" "Mozilla/5.0 AppleWebKit/537.36 (KHTML, like Gecko; compatible; Amazonbot/0.1; +https://developer.amazon.com/support/amazonbot) Chrome/119.0.6045.214 Safari/537.36"
136.243.228.182 - - [01/Jul/2025:12:33:48 -0400] "GET /ztwxc216/p18f4-8410/ HTTP/1.1" 404 1251 "-" "Mozilla/5.0 (compatible; DataForSeoBot/1.0; +https://dataforseo.com/dataforseo-bot)"
184.73.239.35 - - [01/Jul/2025:12:34:01 -0400] "GET /function/function.php?path=//lib64/python3.6/xml/sax/__pycache__ HTTP/1.1" 200 3236 "-" "Mozilla/5.0 AppleWebKit/537.36 (KHTML, like Gecko; compatible; Amazonbot/0.1; +https://developer.amazon.com/support/amazonbot) Chrome/119.0.6045.214 Safari/537.36"
136.243.228.182 - - [01/Jul/2025:12:34:08 -0400] "GET /ucgat77/7305f-26902/ HTTP/1.1" 404 1251 "-" "Mozilla/5.0 (compatible; DataForSeoBot/1.0; +https://dataforseo.com/dataforseo-bot)"
136.243.228.182 - - [01/Jul/2025:12:34:12 -0400] "GET /smjyj105/4bugj-40919/ HTTP/1.1" 404 1251 "-" "Mozilla/5.0 (compatible; DataForSeoBot/1.0; +https://dataforseo.com/dataforseo-bot)"
44.195.145.102 - - [01/Jul/2025:12:34:13 -0400] "GET /function/function.php?filesrc=//proc/thread-self/root/lib/firmware/cirrus/cs35l41-dsp1-spk-prot-10431e02.wmfw&path=//proc/thread-self/root/lib/firmware/cirrus HTTP/1.1" 200 1267 "-" "Mozilla/5.0 AppleWebKit/537.36 (KHTML, like Gecko; compatible; Amazonbot/0.1; +https://developer.amazon.com/support/amazonbot) Chrome/119.0.6045.214 Safari/537.36"
136.243.228.182 - - [01/Jul/2025:12:34:16 -0400] "GET /ebyuj9/0pgis-38069/ HTTP/1.1" 404 1251 "-" "Mozilla/5.0 (compatible; DataForSeoBot/1.0; +https://dataforseo.com/dataforseo-bot)"
136.243.228.182 - - [01/Jul/2025:12:34:21 -0400] "GET /icpyn93/qd0tw-43155/ HTTP/1.1" 404 1251 "-" "Mozilla/5.0 (compatible; DataForSeoBot/1.0; +https://dataforseo.com/dataforseo-bot)"
3.93.98.99 - - [01/Jul/2025:12:34:21 -0400] "GET /function/function.php?filesrc=//proc/self/root/etc/mail.rc&path=//proc/self/root/etc HTTP/1.1" 403 1242 "-" "Mozilla/5.0 AppleWebKit/537.36 (KHTML, like Gecko; compatible; Amazonbot/0.1; +https://developer.amazon.com/support/amazonbot) Chrome/119.0.6045.214 Safari/537.36"
136.243.228.182 - - [01/Jul/2025:12:34:28 -0400] "GET /mwvjo49/oqw19-44285/ HTTP/1.1" 404 1251 "-" "Mozilla/5.0 (compatible; DataForSeoBot/1.0; +https://dataforseo.com/dataforseo-bot)"
136.243.228.182 - - [01/Jul/2025:12:34:36 -0400] "GET /qfgwk90/scuqr-41443/ HTTP/1.1" 404 1251 "-" "Mozilla/5.0 (compatible; DataForSeoBot/1.0; +https://dataforseo.com/dataforseo-bot)"
136.243.228.182 - - [01/Jul/2025:12:34:40 -0400] "GET /uowih83/iwfx4-3089/ HTTP/1.1" 404 1251 "-" "Mozilla/5.0 (compatible; DataForSeoBot/1.0; +https://dataforseo.com/dataforseo-bot)"
52.4.76.156 - - [01/Jul/2025:12:34:41 -0400] "GET /function/function.php?path=//var/softaculous/sitepad/editor/site-admin/css HTTP/1.1" 200 6496 "-" "Mozilla/5.0 AppleWebKit/537.36 (KHTML, like Gecko; compatible; Amazonbot/0.1; +https://developer.amazon.com/support/amazonbot) Chrome/119.0.6045.214 Safari/537.36"
136.243.228.182 - - [01/Jul/2025:12:34:44 -0400] "GET /fcprq280/vol4l-14654/ HTTP/1.1" 404 1251 "-" "Mozilla/5.0 (compatible; DataForSeoBot/1.0; +https://dataforseo.com/dataforseo-bot)"
18.214.238.178 - - [01/Jul/2025:12:34:45 -0400] "GET /function/function.php?filesrc=//lib/node_modules/npm/man/man3p/iscntrl.3p.gz&path=//lib/node_modules/npm/man/man3p HTTP/1.1" 200 1235 "-" "Mozilla/5.0 AppleWebKit/537.36 (KHTML, like Gecko; compatible; Amazonbot/0.1; +https://developer.amazon.com/support/amazonbot) Chrome/119.0.6045.214 Safari/537.36"
3.224.215.150 - - [01/Jul/2025:12:34:53 -0400] "GET /function/function.php?path=//var/softaculous/phoenix/php71 HTTP/1.1" 200 2473 "-" "Mozilla/5.0 AppleWebKit/537.36 (KHTML, like Gecko; compatible; Amazonbot/0.1; +https://developer.amazon.com/support/amazonbot) Chrome/119.0.6045.214 Safari/537.36"
52.54.95.127 - - [01/Jul/2025:12:34:25 -0400] "GET /function/function.php?filesrc=//lib/node_modules/npm/node_modules/http-signature/lib/verify.js&path=//lib/node_modules/npm/node_modules/http-signature/lib HTTP/1.1" 200 2338 "-" "Mozilla/5.0 AppleWebKit/537.36 (KHTML, like Gecko; compatible; Amazonbot/0.1; +https://developer.amazon.com/support/amazonbot) Chrome/119.0.6045.214 Safari/537.36"
136.243.228.182 - - [01/Jul/2025:12:34:32 -0400] "GET /hfjbn234/zk1g3-29562/ HTTP/1.1" 404 1251 "-" "Mozilla/5.0 (compatible; DataForSeoBot/1.0; +https://dataforseo.com/dataforseo-bot)"
52.203.237.170 - - [01/Jul/2025:12:34:33 -0400] "GET /function/function.php?filesrc=//opt/alt/tests/alt-php80-pecl-mongodb_1.18.1-1.el8/tests/decimal128-2-valid-013.phpt&path=//opt/alt/tests/alt-php80-pecl-mongodb_1.18.1-1.el8/tests HTTP/1.1" 200 1778 "-" "Mozilla/5.0 AppleWebKit/537.36 (KHTML, like Gecko; compatible; Amazonbot/0.1; +https://developer.amazon.com/support/amazonbot) Chrome/119.0.6045.214 Safari/537.36"
136.243.228.182 - - [01/Jul/2025:12:34:48 -0400] "GET /lgkhy280/6j905-34459/ HTTP/1.1" 404 1251 "-" "Mozilla/5.0 (compatible; DataForSeoBot/1.0; +https://dataforseo.com/dataforseo-bot)"
136.243.228.182 - - [01/Jul/2025:12:34:52 -0400] "GET /lrgnb79/he7h1-40073/ HTTP/1.1" 404 1251 "-" "Mozilla/5.0 (compatible; DataForSeoBot/1.0; +https://dataforseo.com/dataforseo-bot)"
114.119.154.103 - - [01/Jul/2025:12:34:56 -0400] "GET /function/function.php?path=/home/evoljabq/lscache/5/e/b HTTP/1.1" 200 2376 "http://www.evolveplace.com/function/function.php?path=/home/evoljabq/lscache/5/e" "Mozilla/5.0 (Linux; Android 7.0;) AppleWebKit/537.36 (KHTML, like Gecko) Mobile Safari/537.36 (compatible; PetalBot;+https://webmaster.petalsearch.com/site/petalbot)"
136.243.228.182 - - [01/Jul/2025:12:35:00 -0400] "GET /qnubk284/2hq3w-40019/ HTTP/1.1" 404 1251 "-" "Mozilla/5.0 (compatible; DataForSeoBot/1.0; +https://dataforseo.com/dataforseo-bot)"
136.243.228.182 - - [01/Jul/2025:12:35:04 -0400] "GET /qeyxp291/fehml-35755/ HTTP/1.1" 404 1251 "-" "Mozilla/5.0 (compatible; DataForSeoBot/1.0; +https://dataforseo.com/dataforseo-bot)"
136.243.228.182 - - [01/Jul/2025:12:35:08 -0400] "GET /dfzkw89/j0eh3-43237/ HTTP/1.1" 404 1251 "-" "Mozilla/5.0 (compatible; DataForSeoBot/1.0; +https://dataforseo.com/dataforseo-bot)"
136.243.228.182 - - [01/Jul/2025:12:35:16 -0400] "GET /tzlkp28/ibhs0-42507/ HTTP/1.1" 404 1251 "-" "Mozilla/5.0 (compatible; DataForSeoBot/1.0; +https://dataforseo.com/dataforseo-bot)"
136.243.228.182 - - [01/Jul/2025:12:35:20 -0400] "GET /kydtb122/bggx9-38325/ HTTP/1.1" 404 1251 "-" "Mozilla/5.0 (compatible; DataForSeoBot/1.0; +https://dataforseo.com/dataforseo-bot)"
136.243.228.182 - - [01/Jul/2025:12:35:28 -0400] "GET /oziqk276/00u5k-32334/ HTTP/1.1" 404 1251 "-" "Mozilla/5.0 (compatible; DataForSeoBot/1.0; +https://dataforseo.com/dataforseo-bot)"
3.216.86.144 - - [01/Jul/2025:12:35:29 -0400] "GET /function/function.php?filesrc=//opt/alt/python310/lib64/python3.10/distutils/cmd.py&path=//opt/alt/python310/lib64/python3.10/distutils HTTP/1.1" 200 7521 "-" "Mozilla/5.0 AppleWebKit/537.36 (KHTML, like Gecko; compatible; Amazonbot/0.1; +https://developer.amazon.com/support/amazonbot) Chrome/119.0.6045.214 Safari/537.36"
136.243.228.182 - - [01/Jul/2025:12:35:37 -0400] "GET /eybgy122/9riif-20548/ HTTP/1.1" 404 1251 "-" "Mozilla/5.0 (compatible; DataForSeoBot/1.0; +https://dataforseo.com/dataforseo-bot)"
3.217.171.106 - - [01/Jul/2025:12:35:37 -0400] "GET /function/function.php?path=//opt/alt/alt-nodejs11/root/lib/node_modules/npm/node_modules.bundled/minipass HTTP/1.1" 200 2792 "-" "Mozilla/5.0 AppleWebKit/537.36 (KHTML, like Gecko; compatible; Amazonbot/0.1; +https://developer.amazon.com/support/amazonbot) Chrome/119.0.6045.214 Safari/537.36"
136.243.228.182 - - [01/Jul/2025:12:35:40 -0400] "GET /nkxcc48/w6ta7-11975/ HTTP/1.1" 404 1251 "-" "Mozilla/5.0 (compatible; DataForSeoBot/1.0; +https://dataforseo.com/dataforseo-bot)"
136.243.228.182 - - [01/Jul/2025:12:34:56 -0400] "GET /ztofu161/b55ln-18952/ HTTP/1.1" 404 1251 "-" "Mozilla/5.0 (compatible; DataForSeoBot/1.0; +https://dataforseo.com/dataforseo-bot)"
54.147.80.137 - - [01/Jul/2025:12:35:01 -0400] "GET /function/function.php?filesrc=//lib/modules/4.18.0-513.24.1.lve.1.el8.x86_64/symvers.gz&path=//lib/modules/4.18.0-513.24.1.lve.1.el8.x86_64 HTTP/1.1" 200 1212 "-" "Mozilla/5.0 AppleWebKit/537.36 (KHTML, like Gecko; compatible; Amazonbot/0.1; +https://developer.amazon.com/support/amazonbot) Chrome/119.0.6045.214 Safari/537.36"
100.28.204.82 - - [01/Jul/2025:12:35:09 -0400] "GET /function/function.php?filesrc=//lib/node_modules/npm/man/man3p/strncpy.3p.gz&path=//lib/node_modules/npm/man/man3p HTTP/1.1" 200 1234 "-" "Mozilla/5.0 AppleWebKit/537.36 (KHTML, like Gecko; compatible; Amazonbot/0.1; +https://developer.amazon.com/support/amazonbot) Chrome/119.0.6045.214 Safari/537.36"
136.243.228.182 - - [01/Jul/2025:12:35:13 -0400] "GET /uigel211/2343t-784/ HTTP/1.1" 404 1251 "-" "Mozilla/5.0 (compatible; DataForSeoBot/1.0; +https://dataforseo.com/dataforseo-bot)"
54.84.250.51 - - [01/Jul/2025:12:35:17 -0400] "GET /function/function.php?filesrc=//opt/alt/ruby30/share/gems/gems/rake-13.0.3/CONTRIBUTING.rdoc&path=//opt/alt/ruby30/share/gems/gems/rake-13.0.3 HTTP/1.1" 200 1881 "-" "Mozilla/5.0 AppleWebKit/537.36 (KHTML, like Gecko; compatible; Amazonbot/0.1; +https://developer.amazon.com/support/amazonbot) Chrome/119.0.6045.214 Safari/537.36"
136.243.228.182 - - [01/Jul/2025:12:35:24 -0400] "GET /dknwn146/yrcer-5978/ HTTP/1.1" 404 1251 "-" "Mozilla/5.0 (compatible; DataForSeoBot/1.0; +https://dataforseo.com/dataforseo-bot)"
136.243.228.182 - - [01/Jul/2025:12:35:32 -0400] "GET /ymixx170/le7az-19625/ HTTP/1.1" 404 1251 "-" "Mozilla/5.0 (compatible; DataForSeoBot/1.0; +https://dataforseo.com/dataforseo-bot)"
54.147.80.137 - - [01/Jul/2025:12:35:41 -0400] "GET /function/function.php?filesrc=//lib64/python2.7/idlelib/idle_test/test_editmenu.pyo&path=//lib64/python2.7/idlelib/idle_test HTTP/1.1" 200 1229 "-" "Mozilla/5.0 AppleWebKit/537.36 (KHTML, like Gecko; compatible; Amazonbot/0.1; +https://developer.amazon.com/support/amazonbot) Chrome/119.0.6045.214 Safari/537.36"
136.243.228.182 - - [01/Jul/2025:12:35:45 -0400] "GET /gvonv6/icf98-16313/ HTTP/1.1" 404 1251 "-" "Mozilla/5.0 (compatible; DataForSeoBot/1.0; +https://dataforseo.com/dataforseo-bot)"
34.202.88.37 - - [01/Jul/2025:12:35:45 -0400] "GET /function/function.php?path=//var/softaculous/ocart/php56 HTTP/1.1" 200 2572 "-" "Mozilla/5.0 AppleWebKit/537.36 (KHTML, like Gecko; compatible; Amazonbot/0.1; +https://developer.amazon.com/support/amazonbot) Chrome/119.0.6045.214 Safari/537.36"
136.243.228.182 - - [01/Jul/2025:12:35:48 -0400] "GET /jgtmy98/0o2fl-40296/ HTTP/1.1" 404 1251 "-" "Mozilla/5.0 (compatible; DataForSeoBot/1.0; +https://dataforseo.com/dataforseo-bot)"
136.243.228.182 - - [01/Jul/2025:12:35:52 -0400] "GET /uljwt12/vivf5-21542/ HTTP/1.1" 404 1251 "-" "Mozilla/5.0 (compatible; DataForSeoBot/1.0; +https://dataforseo.com/dataforseo-bot)"
136.243.228.182 - - [01/Jul/2025:12:35:56 -0400] "GET /wybfm237/0tu60-30323/ HTTP/1.1" 404 1251 "-" "Mozilla/5.0 (compatible; DataForSeoBot/1.0; +https://dataforseo.com/dataforseo-bot)"
54.197.178.107 - - [01/Jul/2025:12:36:01 -0400] "GET /function/function.php?filesrc=//opt/alt/openssl/share/man/man3/BIO_set_callback_arg.3ssl&path=//opt/alt/openssl/share/man/man3 HTTP/1.1" 200 4573 "-" "Mozilla/5.0 AppleWebKit/537.36 (KHTML, like Gecko; compatible; Amazonbot/0.1; +https://developer.amazon.com/support/amazonbot) Chrome/119.0.6045.214 Safari/537.36"
136.243.228.182 - - [01/Jul/2025:12:36:08 -0400] "GET /zwvuu67/zfsau-19229/ HTTP/1.1" 404 1251 "-" "Mozilla/5.0 (compatible; DataForSeoBot/1.0; +https://dataforseo.com/dataforseo-bot)"
3.221.222.168 - - [01/Jul/2025:12:36:10 -0400] "GET /function/function.php?filesrc=//opt/cpanel/ea-openssl11/include/openssl/x509v3err.h&path=//opt/cpanel/ea-openssl11/include/openssl HTTP/1.1" 200 3491 "-" "Mozilla/5.0 AppleWebKit/537.36 (KHTML, like Gecko; compatible; Amazonbot/0.1; +https://developer.amazon.com/support/amazonbot) Chrome/119.0.6045.214 Safari/537.36"
136.243.228.182 - - [01/Jul/2025:12:36:13 -0400] "GET /seozy298/e50ya-10813/ HTTP/1.1" 404 1251 "-" "Mozilla/5.0 (compatible; DataForSeoBot/1.0; +https://dataforseo.com/dataforseo-bot)"
136.243.228.182 - - [01/Jul/2025:12:36:17 -0400] "GET /xqgwc163/erhmp-1496/ HTTP/1.1" 404 1251 "-" "Mozilla/5.0 (compatible; DataForSeoBot/1.0; +https://dataforseo.com/dataforseo-bot)"
3.219.81.66 - - [01/Jul/2025:12:36:17 -0400] "GET /function/function.php?filesrc=//proc/thread-self/root/home/evoljabq/mail/new/1600580826.M861813P282524.server232.web-hosting.com,S%3D3694,W%3D3775&path=//proc/thread-self/root/home/evoljabq/mail/new HTTP/1.1" 200 2660 "-" "Mozilla/5.0 AppleWebKit/537.36 (KHTML, like Gecko; compatible; Amazonbot/0.1; +https://developer.amazon.com/support/amazonbot) Chrome/119.0.6045.214 Safari/537.36"
136.243.228.182 - - [01/Jul/2025:12:36:20 -0400] "GET /zpila168/yo28y-22761/ HTTP/1.1" 404 1251 "-" "Mozilla/5.0 (compatible; DataForSeoBot/1.0; +https://dataforseo.com/dataforseo-bot)"
114.119.148.127 - - [01/Jul/2025:12:36:22 -0400] "GET /function/function.php?path=/home/evoljabq/lscache/5/d/5 HTTP/1.1" 200 2456 "http://www.evolveplace.com/function/function.php?path=/home/evoljabq/lscache/5/d" "Mozilla/5.0 (Linux; Android 7.0;) AppleWebKit/537.36 (KHTML, like Gecko) Mobile Safari/537.36 (compatible; PetalBot;+https://webmaster.petalsearch.com/site/petalbot)"
136.243.228.182 - - [01/Jul/2025:12:36:28 -0400] "GET /frpyu8/9f5ib-25239/ HTTP/1.1" 404 1251 "-" "Mozilla/5.0 (compatible; DataForSeoBot/1.0; +https://dataforseo.com/dataforseo-bot)"
136.243.228.182 - - [01/Jul/2025:12:36:32 -0400] "GET /txmth16/v9p17-29691/ HTTP/1.1" 404 1251 "-" "Mozilla/5.0 (compatible; DataForSeoBot/1.0; +https://dataforseo.com/dataforseo-bot)"
136.243.228.182 - - [01/Jul/2025:12:36:49 -0400] "GET /sbreu196/ktyz3-32036/ HTTP/1.1" 404 1251 "-" "Mozilla/5.0 (compatible; DataForSeoBot/1.0; +https://dataforseo.com/dataforseo-bot)"
136.243.228.182 - - [01/Jul/2025:12:36:52 -0400] "GET /vqiny247/oxfpf-34530/ HTTP/1.1" 404 1251 "-" "Mozilla/5.0 (compatible; DataForSeoBot/1.0; +https://dataforseo.com/dataforseo-bot)"
52.71.216.196 - - [01/Jul/2025:12:35:49 -0400] "GET /function/function.php?filesrc=//home/evoljabq/mail/new/1603737311.M670647P776214.server232.web-hosting.com,S%3D3133,W%3D3207&path=//home/evoljabq/mail/new HTTP/1.1" 200 2429 "-" "Mozilla/5.0 AppleWebKit/537.36 (KHTML, like Gecko; compatible; Amazonbot/0.1; +https://developer.amazon.com/support/amazonbot) Chrome/119.0.6045.214 Safari/537.36"
54.36.148.50 - - [01/Jul/2025:12:35:58 -0400] "GET /robots.txt HTTP/1.1" 200 116 "-" "Mozilla/5.0 (compatible; AhrefsBot/7.0; +http://ahrefs.com/robot/)"
51.222.253.13 - - [01/Jul/2025:12:35:59 -0400] "GET /?sitemap150.xml HTTP/1.1" 200 1495 "-" "Mozilla/5.0 (compatible; AhrefsBot/7.0; +http://ahrefs.com/robot/)"
136.243.228.182 - - [01/Jul/2025:12:36:01 -0400] "GET /ymuke91/4bz2u-18941/ HTTP/1.1" 404 1251 "-" "Mozilla/5.0 (compatible; DataForSeoBot/1.0; +https://dataforseo.com/dataforseo-bot)"
136.243.228.182 - - [01/Jul/2025:12:36:04 -0400] "GET /vgkkg41/m5xj8-18438/ HTTP/1.1" 404 1251 "-" "Mozilla/5.0 (compatible; DataForSeoBot/1.0; +https://dataforseo.com/dataforseo-bot)"
57.141.2.8 - - [01/Jul/2025:12:36:21 -0400] "GET /brofm-gdmpr-850995/jlnerknvf-vejcfaz-dpkvydbwdbf/ HTTP/1.1" 404 1251 "-" "meta-externalagent/1.1 (+https://developers.facebook.com/docs/sharing/webmasters/crawler)"
136.243.228.182 - - [01/Jul/2025:12:36:24 -0400] "GET /czkix5/9t0kl-49889/ HTTP/1.1" 404 1251 "-" "Mozilla/5.0 (compatible; DataForSeoBot/1.0; +https://dataforseo.com/dataforseo-bot)"
54.235.158.162 - - [01/Jul/2025:12:36:25 -0400] "GET /function/function.php?filesrc=//opt/alt/ruby34/include/ruby/onigmo.h&path=//opt/alt/ruby34/include/ruby HTTP/1.1" 200 13642 "-" "Mozilla/5.0 AppleWebKit/537.36 (KHTML, like Gecko; compatible; Amazonbot/0.1; +https://developer.amazon.com/support/amazonbot) Chrome/119.0.6045.214 Safari/537.36"
136.243.228.182 - - [01/Jul/2025:12:36:37 -0400] "GET /nlkuz271/gv9wk-24132/ HTTP/1.1" 404 1251 "-" "Mozilla/5.0 (compatible; DataForSeoBot/1.0; +https://dataforseo.com/dataforseo-bot)"
136.243.228.182 - - [01/Jul/2025:12:36:40 -0400] "GET /qestt201/zpn3g-19407/ HTTP/1.1" 404 1251 "-" "Mozilla/5.0 (compatible; DataForSeoBot/1.0; +https://dataforseo.com/dataforseo-bot)"
52.203.237.170 - - [01/Jul/2025:12:36:41 -0400] "GET /function/function.php?filesrc=//opt/alt/tests/alt-php83-pecl-rrd_2.0.3-1.el8/tests/rrd_010.phpt&path=//opt/alt/tests/alt-php83-pecl-rrd_2.0.3-1.el8/tests HTTP/1.1" 200 1686 "-" "Mozilla/5.0 AppleWebKit/537.36 (KHTML, like Gecko; compatible; Amazonbot/0.1; +https://developer.amazon.com/support/amazonbot) Chrome/119.0.6045.214 Safari/537.36"
136.243.228.182 - - [01/Jul/2025:12:36:44 -0400] "GET /jneix278/jd7q9-4435/ HTTP/1.1" 404 1251 "-" "Mozilla/5.0 (compatible; DataForSeoBot/1.0; +https://dataforseo.com/dataforseo-bot)"
184.73.68.20 - - [01/Jul/2025:12:36:49 -0400] "GET /function/function.php?filesrc=//opt/alt/ruby34/include/ruby/internal/core/rtypeddata.h&path=//opt/alt/ruby34/include/ruby/internal/core HTTP/1.1" 200 9021 "-" "Mozilla/5.0 AppleWebKit/537.36 (KHTML, like Gecko; compatible; Amazonbot/0.1; +https://developer.amazon.com/support/amazonbot) Chrome/119.0.6045.214 Safari/537.36"
54.235.158.162 - - [01/Jul/2025:12:37:01 -0400] "GET /function/function.php?filesrc=//proc/thread-self/root/home/evoljabq/mail/new/1600469701.M617712P915239.server232.web-hosting.com,S%3D3481,W%3D3562&path=//proc/thread-self/root/home/evoljabq/mail/new HTTP/1.1" 200 2611 "-" "Mozilla/5.0 AppleWebKit/537.36 (KHTML, like Gecko; compatible; Amazonbot/0.1; +https://developer.amazon.com/support/amazonbot) Chrome/119.0.6045.214 Safari/537.36"
136.243.228.182 - - [01/Jul/2025:12:37:08 -0400] "GET /jypoz138/8rnyq-37909/ HTTP/1.1" 404 1251 "-" "Mozilla/5.0 (compatible; DataForSeoBot/1.0; +https://dataforseo.com/dataforseo-bot)"
136.243.228.182 - - [01/Jul/2025:12:37:12 -0400] "GET /udyru127/4zx26-25279/ HTTP/1.1" 404 1251 "-" "Mozilla/5.0 (compatible; DataForSeoBot/1.0; +https://dataforseo.com/dataforseo-bot)"
100.27.153.9 - - [01/Jul/2025:12:37:13 -0400] "GET /function/function.php?filesrc=//lib/node_modules/npm/man/man3p/getitimer.3p.gz&path=//lib/node_modules/npm/man/man3p HTTP/1.1" 200 1235 "-" "Mozilla/5.0 AppleWebKit/537.36 (KHTML, like Gecko; compatible; Amazonbot/0.1; +https://developer.amazon.com/support/amazonbot) Chrome/119.0.6045.214 Safari/537.36"
136.243.228.182 - - [01/Jul/2025:12:37:17 -0400] "GET /vdxgk284/1s501-46856/ HTTP/1.1" 404 1251 "-" "Mozilla/5.0 (compatible; DataForSeoBot/1.0; +https://dataforseo.com/dataforseo-bot)"
136.243.228.182 - - [01/Jul/2025:12:37:20 -0400] "GET /itrgk70/fhhsy-36901/ HTTP/1.1" 404 1251 "-" "Mozilla/5.0 (compatible; DataForSeoBot/1.0; +https://dataforseo.com/dataforseo-bot)"
34.193.2.57 - - [01/Jul/2025:12:37:25 -0400] "GET /function/function.php?filesrc=//opt/alt/tests/alt-php82-pecl-gnupg_1.5.1-1.el8/tests/gnupgt.inc&path=//opt/alt/tests/alt-php82-pecl-gnupg_1.5.1-1.el8/tests HTTP/1.1" 200 2993 "-" "Mozilla/5.0 AppleWebKit/537.36 (KHTML, like Gecko; compatible; Amazonbot/0.1; +https://developer.amazon.com/support/amazonbot) Chrome/119.0.6045.214 Safari/537.36"
44.218.170.184 - - [01/Jul/2025:12:37:33 -0400] "GET /function/function.php?path=//var/softaculous/qloapps/php53 HTTP/1.1" 200 2516 "-" "Mozilla/5.0 AppleWebKit/537.36 (KHTML, like Gecko; compatible; Amazonbot/0.1; +https://developer.amazon.com/support/amazonbot) Chrome/119.0.6045.214 Safari/537.36"
136.243.228.182 - - [01/Jul/2025:12:37:37 -0400] "GET /tanij288/xkr5d-24929/ HTTP/1.1" 404 1251 "-" "Mozilla/5.0 (compatible; DataForSeoBot/1.0; +https://dataforseo.com/dataforseo-bot)"
136.243.228.182 - - [01/Jul/2025:12:37:41 -0400] "GET /tbmiy256/p1aun-44744/ HTTP/1.1" 404 1251 "-" "Mozilla/5.0 (compatible; DataForSeoBot/1.0; +https://dataforseo.com/dataforseo-bot)"
34.225.243.131 - - [01/Jul/2025:12:37:41 -0400] "GET /function/function.php?filesrc=//opt/alt/python37/lib/python3.7/site-packages/babel/locale-data/lu.dat&path=//opt/alt/python37/lib/python3.7/site-packages/babel/locale-data HTTP/1.1" 200 1279 "-" "Mozilla/5.0 AppleWebKit/537.36 (KHTML, like Gecko; compatible; Amazonbot/0.1; +https://developer.amazon.com/support/amazonbot) Chrome/119.0.6045.214 Safari/537.36"
136.243.228.182 - - [01/Jul/2025:12:37:45 -0400] "GET /znajs73/58jiz-45203/ HTTP/1.1" 404 1251 "-" "Mozilla/5.0 (compatible; DataForSeoBot/1.0; +https://dataforseo.com/dataforseo-bot)"
114.119.135.72 - - [01/Jul/2025:12:37:45 -0400] "GET /function/function.php?path=/home/evoljabq/lscache/5/b/7 HTTP/1.1" 200 2375 "http://www.evolveplace.com/function/function.php?path=/home/evoljabq/lscache/5/b" "Mozilla/5.0 (Linux; Android 7.0;) AppleWebKit/537.36 (KHTML, like Gecko) Mobile Safari/537.36 (compatible; PetalBot;+https://webmaster.petalsearch.com/site/petalbot)"
136.243.228.182 - - [01/Jul/2025:12:37:56 -0400] "GET /xhktq263/eswph-34525/ HTTP/1.1" 404 1251 "-" "Mozilla/5.0 (compatible; DataForSeoBot/1.0; +https://dataforseo.com/dataforseo-bot)"
136.243.228.182 - - [01/Jul/2025:12:38:00 -0400] "GET /zgkjv172/klrrs-11166/ HTTP/1.1" 404 1251 "-" "Mozilla/5.0 (compatible; DataForSeoBot/1.0; +https://dataforseo.com/dataforseo-bot)"
136.243.228.182 - - [01/Jul/2025:12:38:08 -0400] "GET /gaggd219/5n2e9-11799/ HTTP/1.1" 404 1251 "-" "Mozilla/5.0 (compatible; DataForSeoBot/1.0; +https://dataforseo.com/dataforseo-bot)"
3.232.39.98 - - [01/Jul/2025:12:38:13 -0400] "GET /function/function.php?filesrc=//home/evoljabq/mail/new/1596788883.M327142P310280.server266.web-hosting.com,S%3D3725,W%3D3806&path=//home/evoljabq/mail/new HTTP/1.1" 200 2646 "-" "Mozilla/5.0 AppleWebKit/537.36 (KHTML, like Gecko; compatible; Amazonbot/0.1; +https://developer.amazon.com/support/amazonbot) Chrome/119.0.6045.214 Safari/537.36"
136.243.228.182 - - [01/Jul/2025:12:38:16 -0400] "GET /tcosw202/cheqk-36030/ HTTP/1.1" 404 1251 "-" "Mozilla/5.0 (compatible; DataForSeoBot/1.0; +https://dataforseo.com/dataforseo-bot)"
136.243.228.182 - - [01/Jul/2025:12:36:56 -0400] "GET /hlrhp228/l40ig-6635/ HTTP/1.1" 404 1251 "-" "Mozilla/5.0 (compatible; DataForSeoBot/1.0; +https://dataforseo.com/dataforseo-bot)"
57.141.2.8 - - [01/Jul/2025:12:36:57 -0400] "GET /uyjmtst-413776/uiqzpfuljcy-asqxr-oiffa/ HTTP/1.1" 404 1251 "-" "meta-externalagent/1.1 (+https://developers.facebook.com/docs/sharing/webmasters/crawler)"
136.243.228.182 - - [01/Jul/2025:12:37:01 -0400] "GET /zzddx204/8xkhe-49823/ HTTP/1.1" 404 1251 "-" "Mozilla/5.0 (compatible; DataForSeoBot/1.0; +https://dataforseo.com/dataforseo-bot)"
136.243.228.182 - - [01/Jul/2025:12:37:05 -0400] "GET /jrnur167/0v90o-7977/ HTTP/1.1" 404 1251 "-" "Mozilla/5.0 (compatible; DataForSeoBot/1.0; +https://dataforseo.com/dataforseo-bot)"
136.243.228.182 - - [01/Jul/2025:12:37:24 -0400] "GET /ruqkr55/aydt6-3938/ HTTP/1.1" 404 1251 "-" "Mozilla/5.0 (compatible; DataForSeoBot/1.0; +https://dataforseo.com/dataforseo-bot)"
136.243.228.182 - - [01/Jul/2025:12:37:28 -0400] "GET /fnfqa152/ijzbh-28719/ HTTP/1.1" 404 1251 "-" "Mozilla/5.0 (compatible; DataForSeoBot/1.0; +https://dataforseo.com/dataforseo-bot)"
136.243.228.182 - - [01/Jul/2025:12:37:32 -0400] "GET /qndnn279/gczui-35968/ HTTP/1.1" 404 1251 "-" "Mozilla/5.0 (compatible; DataForSeoBot/1.0; +https://dataforseo.com/dataforseo-bot)"
136.243.228.182 - - [01/Jul/2025:12:37:48 -0400] "GET /fglqd260/fpxcj-40193/ HTTP/1.1" 404 1251 "-" "Mozilla/5.0 (compatible; DataForSeoBot/1.0; +https://dataforseo.com/dataforseo-bot)"
34.225.24.180 - - [01/Jul/2025:12:37:49 -0400] "GET /function/function.php?filesrc=//opt/hc_python/lib/python3.12/site-packages/annotated_types/test_cases.py&path=//opt/hc_python/lib/python3.12/site-packages/annotated_types HTTP/1.1" 200 3001 "-" "Mozilla/5.0 AppleWebKit/537.36 (KHTML, like Gecko; compatible; Amazonbot/0.1; +https://developer.amazon.com/support/amazonbot) Chrome/119.0.6045.214 Safari/537.36"
136.243.228.182 - - [01/Jul/2025:12:37:53 -0400] "GET /ehwrp18/7kg50-12218/ HTTP/1.1" 404 1251 "-" "Mozilla/5.0 (compatible; DataForSeoBot/1.0; +https://dataforseo.com/dataforseo-bot)"
