136.243.228.182 - - [01/Jul/2025:10:54:38 -0400] "GET /mlwfv100/znvws-17996/ HTTP/1.1" 404 1251 "-" "Mozilla/5.0 (compatible; DataForSeoBot/1.0; +https://dataforseo.com/dataforseo-bot)"
136.243.228.182 - - [01/Jul/2025:10:54:41 -0400] "GET /rxxbq84/ve032-36943/ HTTP/1.1" 404 1251 "-" "Mozilla/5.0 (compatible; DataForSeoBot/1.0; +https://dataforseo.com/dataforseo-bot)"
3.229.95.193 - - [01/Jul/2025:10:54:41 -0400] "GET /function/function.php?path=//opt/alt/alt-nodejs12/root/lib/node_modules/npm/node_modules/ansi-regex HTTP/1.1" 200 2590 "-" "Mozilla/5.0 AppleWebKit/537.36 (KHTML, like Gecko; compatible; Amazonbot/0.1; +https://developer.amazon.com/support/amazonbot) Chrome/119.0.6045.214 Safari/537.36"
136.243.228.182 - - [01/Jul/2025:10:54:49 -0400] "GET /lqurj205/fa57f-49012/ HTTP/1.1" 404 1251 "-" "Mozilla/5.0 (compatible; DataForSeoBot/1.0; +https://dataforseo.com/dataforseo-bot)"
54.84.250.51 - - [01/Jul/2025:10:54:54 -0400] "GET /function/function.php?path=//proc/self/root/opt/cloudlinux/alt-php73/root/etc/mysql5.7 HTTP/1.1" 403 1242 "-" "Mozilla/5.0 AppleWebKit/537.36 (KHTML, like Gecko; compatible; Amazonbot/0.1; +https://developer.amazon.com/support/amazonbot) Chrome/119.0.6045.214 Safari/537.36"
3.89.176.255 - - [01/Jul/2025:10:55:01 -0400] "GET /function/function.php?path=//opt/alt/alt-nodejs9/root/lib/node_modules/npm/node_modules/umask HTTP/1.1" 200 2674 "-" "Mozilla/5.0 AppleWebKit/537.36 (KHTML, like Gecko; compatible; Amazonbot/0.1; +https://developer.amazon.com/support/amazonbot) Chrome/119.0.6045.214 Safari/537.36"
136.243.228.182 - - [01/Jul/2025:10:55:02 -0400] "GET /fjfft262/5fwne-47209/ HTTP/1.1" 404 1251 "-" "Mozilla/5.0 (compatible; DataForSeoBot/1.0; +https://dataforseo.com/dataforseo-bot)"
136.243.228.182 - - [01/Jul/2025:10:55:09 -0400] "GET /pwyls223/cg5wr-1112/ HTTP/1.1" 404 1251 "-" "Mozilla/5.0 (compatible; DataForSeoBot/1.0; +https://dataforseo.com/dataforseo-bot)"
54.235.172.96 - - [01/Jul/2025:10:55:13 -0400] "GET /function/function.php?filesrc=//opt/hc_python/lib/python3.12/site-packages/sqlalchemy/dialects/mysql/json.py&path=//opt/hc_python/lib/python3.12/site-packages/sqlalchemy/dialects/mysql HTTP/1.1" 200 2139 "-" "Mozilla/5.0 AppleWebKit/537.36 (KHTML, like Gecko; compatible; Amazonbot/0.1; +https://developer.amazon.com/support/amazonbot) Chrome/119.0.6045.214 Safari/537.36"
136.243.228.182 - - [01/Jul/2025:10:55:17 -0400] "GET /kaxhh139/8y6g5-23260/ HTTP/1.1" 404 1251 "-" "Mozilla/5.0 (compatible; DataForSeoBot/1.0; +https://dataforseo.com/dataforseo-bot)"
136.243.228.182 - - [01/Jul/2025:10:55:21 -0400] "GET /rsvrd283/6sajl-44183/ HTTP/1.1" 404 1251 "-" "Mozilla/5.0 (compatible; DataForSeoBot/1.0; +https://dataforseo.com/dataforseo-bot)"
136.243.228.182 - - [01/Jul/2025:10:55:25 -0400] "GET /clrya232/km0qn-13848/ HTTP/1.1" 404 1251 "-" "Mozilla/5.0 (compatible; DataForSeoBot/1.0; +https://dataforseo.com/dataforseo-bot)"
52.54.157.23 - - [01/Jul/2025:10:55:25 -0400] "GET /function/function.php?path=//home/evoljabq/www/wp-includes/css/dist/format-library HTTP/1.1" 200 2566 "-" "Mozilla/5.0 AppleWebKit/537.36 (KHTML, like Gecko; compatible; Amazonbot/0.1; +https://developer.amazon.com/support/amazonbot) Chrome/119.0.6045.214 Safari/537.36"
136.243.228.182 - - [01/Jul/2025:10:55:37 -0400] "GET /ggsva221/10z6j-37384/ HTTP/1.1" 404 1251 "-" "Mozilla/5.0 (compatible; DataForSeoBot/1.0; +https://dataforseo.com/dataforseo-bot)"
136.243.228.182 - - [01/Jul/2025:10:54:53 -0400] "GET /rvquv233/m4nhz-31875/ HTTP/1.1" 404 1251 "-" "Mozilla/5.0 (compatible; DataForSeoBot/1.0; +https://dataforseo.com/dataforseo-bot)"
136.243.228.182 - - [01/Jul/2025:10:54:57 -0400] "GET /oeyuk38/j60lw-33056/ HTTP/1.1" 404 1251 "-" "Mozilla/5.0 (compatible; DataForSeoBot/1.0; +https://dataforseo.com/dataforseo-bot)"
136.243.228.182 - - [01/Jul/2025:10:55:05 -0400] "GET /mkuba287/wg29i-40884/ HTTP/1.1" 404 1251 "-" "Mozilla/5.0 (compatible; DataForSeoBot/1.0; +https://dataforseo.com/dataforseo-bot)"
18.213.102.186 - - [01/Jul/2025:10:55:08 -0400] "GET /function/function.php?path=//opt/alt/alt-nodejs12/root/lib/node_modules/npm/node_modules.bundled/umask HTTP/1.1" 200 2700 "-" "Mozilla/5.0 AppleWebKit/537.36 (KHTML, like Gecko; compatible; Amazonbot/0.1; +https://developer.amazon.com/support/amazonbot) Chrome/119.0.6045.214 Safari/537.36"
136.243.228.182 - - [01/Jul/2025:10:55:13 -0400] "GET /kzthm12/za88p-11284/ HTTP/1.1" 404 1251 "-" "Mozilla/5.0 (compatible; DataForSeoBot/1.0; +https://dataforseo.com/dataforseo-bot)"
136.243.228.182 - - [01/Jul/2025:10:55:29 -0400] "GET /vtsbl26/15m9v-14410/ HTTP/1.1" 404 1251 "-" "Mozilla/5.0 (compatible; DataForSeoBot/1.0; +https://dataforseo.com/dataforseo-bot)"
216.73.216.97 - - [01/Jul/2025:10:55:30 -0400] "GET /NEW/wp-includes/theme-compat HTTP/1.1" 301 795 "-" "Mozilla/5.0 AppleWebKit/537.36 (KHTML, like Gecko; compatible; ClaudeBot/1.0; +claudebot@anthropic.com)"
216.73.216.97 - - [01/Jul/2025:10:55:30 -0400] "GET /NEW/wp-includes/theme-compat/ HTTP/1.1" 200 551 "http://evolveplace.com/NEW/wp-includes/theme-compat" "Mozilla/5.0 AppleWebKit/537.36 (KHTML, like Gecko; compatible; ClaudeBot/1.0; +claudebot@anthropic.com)"
3.230.224.6 - - [01/Jul/2025:10:55:33 -0400] "GET /function/function.php?path=//lib/node_modules/npm/node_modules/are-we-there-yet/node_modules/string_decoder/lib HTTP/1.1" 200 2404 "-" "Mozilla/5.0 AppleWebKit/537.36 (KHTML, like Gecko; compatible; Amazonbot/0.1; +https://developer.amazon.com/support/amazonbot) Chrome/119.0.6045.214 Safari/537.36"
136.243.228.182 - - [01/Jul/2025:10:55:33 -0400] "GET /zazvu288/5zhb5-45467/ HTTP/1.1" 404 1251 "-" "Mozilla/5.0 (compatible; DataForSeoBot/1.0; +https://dataforseo.com/dataforseo-bot)"
136.243.228.182 - - [01/Jul/2025:10:55:42 -0400] "GET /ouutj245/fxh5c-35550/ HTTP/1.1" 404 1251 "-" "Mozilla/5.0 (compatible; DataForSeoBot/1.0; +https://dataforseo.com/dataforseo-bot)"
136.243.228.182 - - [01/Jul/2025:10:55:45 -0400] "GET /wtaou182/5ilyo-13648/ HTTP/1.1" 404 1251 "-" "Mozilla/5.0 (compatible; DataForSeoBot/1.0; +https://dataforseo.com/dataforseo-bot)"
98.84.131.195 - - [01/Jul/2025:10:55:49 -0400] "GET /function/function.php?filesrc=//proc/thread-self/root/lib/firmware/ath10k/QCA6174/hw2.1/board.bin&path=//proc/thread-self/root/lib/firmware/ath10k/QCA6174/hw2.1 HTTP/1.1" 200 1276 "-" "Mozilla/5.0 AppleWebKit/537.36 (KHTML, like Gecko; compatible; Amazonbot/0.1; +https://developer.amazon.com/support/amazonbot) Chrome/119.0.6045.214 Safari/537.36"
44.208.193.63 - - [01/Jul/2025:10:55:53 -0400] "GET /function/function.php?path=//opt/alt/alt-nodejs19/root/lib/node_modules/npm/node_modules/fs-minipass HTTP/1.1" 200 2726 "-" "Mozilla/5.0 AppleWebKit/537.36 (KHTML, like Gecko; compatible; Amazonbot/0.1; +https://developer.amazon.com/support/amazonbot) Chrome/119.0.6045.214 Safari/537.36"
34.231.45.47 - - [01/Jul/2025:10:56:01 -0400] "GET /function/function.php?path=//opt/alt/alt-nodejs20/root/lib/node_modules/npm/man/man5 HTTP/1.1" 200 2839 "-" "Mozilla/5.0 AppleWebKit/537.36 (KHTML, like Gecko; compatible; Amazonbot/0.1; +https://developer.amazon.com/support/amazonbot) Chrome/119.0.6045.214 Safari/537.36"
136.243.228.182 - - [01/Jul/2025:10:56:14 -0400] "GET /kiqky227/679xs-40668/ HTTP/1.1" 404 1251 "-" "Mozilla/5.0 (compatible; DataForSeoBot/1.0; +https://dataforseo.com/dataforseo-bot)"
52.4.213.199 - - [01/Jul/2025:10:56:17 -0400] "GET /function/function.php?path=//opt/alt/alt-nodejs20/root/lib/node_modules/npm/man/man8 HTTP/1.1" 200 1307 "-" "Mozilla/5.0 AppleWebKit/537.36 (KHTML, like Gecko; compatible; Amazonbot/0.1; +https://developer.amazon.com/support/amazonbot) Chrome/119.0.6045.214 Safari/537.36"
52.4.238.8 - - [01/Jul/2025:10:56:21 -0400] "GET /function/function.php?filesrc=//proc/self/root/lib/locale/en_IL/LC_NAME&path=//proc/self/root/lib/locale/en_IL HTTP/1.1" 200 1311 "-" "Mozilla/5.0 AppleWebKit/537.36 (KHTML, like Gecko; compatible; Amazonbot/0.1; +https://developer.amazon.com/support/amazonbot) Chrome/119.0.6045.214 Safari/537.36"
136.243.228.182 - - [01/Jul/2025:10:56:21 -0400] "GET /wkwuq300/d4dxl-23949/ HTTP/1.1" 404 1251 "-" "Mozilla/5.0 (compatible; DataForSeoBot/1.0; +https://dataforseo.com/dataforseo-bot)"
136.243.228.182 - - [01/Jul/2025:10:56:25 -0400] "GET /lqins291/5sdxu-30160/ HTTP/1.1" 404 1251 "-" "Mozilla/5.0 (compatible; DataForSeoBot/1.0; +https://dataforseo.com/dataforseo-bot)"
34.192.67.98 - - [01/Jul/2025:10:56:25 -0400] "GET /function/function.php?path=//opt/alt/alt-nodejs11/root/lib/node_modules/npm/node_modules/inherits HTTP/1.1" 200 2641 "-" "Mozilla/5.0 AppleWebKit/537.36 (KHTML, like Gecko; compatible; Amazonbot/0.1; +https://developer.amazon.com/support/amazonbot) Chrome/119.0.6045.214 Safari/537.36"
3.223.181.32 - - [01/Jul/2025:10:56:29 -0400] "GET /function/function.php?path=//opt/alt/alt-nodejs12/root/lib/node_modules/npm/node_modules/once HTTP/1.1" 200 2593 "-" "Mozilla/5.0 AppleWebKit/537.36 (KHTML, like Gecko; compatible; Amazonbot/0.1; +https://developer.amazon.com/support/amazonbot) Chrome/119.0.6045.214 Safari/537.36"
136.243.228.182 - - [01/Jul/2025:10:56:29 -0400] "GET /ewrss278/butnd-37145/ HTTP/1.1" 404 1251 "-" "Mozilla/5.0 (compatible; DataForSeoBot/1.0; +https://dataforseo.com/dataforseo-bot)"
69.197.135.226 - - [01/Jul/2025:10:56:35 -0400] "GET /wp-content/admin.php HTTP/1.1" 404 1251 "http://evolveplace.com/wp-content/admin.php" "Mozilla/5.0 (Windows NT 10.0; Win64; x64) AppleWebKit/537.36 (KHTML, like Gecko) Chrome/58.0.3029.110 Safari/537.3"
136.243.228.182 - - [01/Jul/2025:10:56:37 -0400] "GET /ktfnf108/o8w0t-49353/ HTTP/1.1" 404 1251 "-" "Mozilla/5.0 (compatible; DataForSeoBot/1.0; +https://dataforseo.com/dataforseo-bot)"
136.243.228.182 - - [01/Jul/2025:10:56:41 -0400] "GET /zwkqh14/8hncx-15833/ HTTP/1.1" 404 1251 "-" "Mozilla/5.0 (compatible; DataForSeoBot/1.0; +https://dataforseo.com/dataforseo-bot)"
136.243.228.182 - - [01/Jul/2025:10:56:45 -0400] "GET /cbksw230/ou5s1-7975/ HTTP/1.1" 404 1251 "-" "Mozilla/5.0 (compatible; DataForSeoBot/1.0; +https://dataforseo.com/dataforseo-bot)"
3.232.39.98 - - [01/Jul/2025:10:56:53 -0400] "GET /function/function.php?path=//opt/alt/alt-nodejs14/root/lib/node_modules/npm/node_modules/har-validator HTTP/1.1" 200 2838 "-" "Mozilla/5.0 AppleWebKit/537.36 (KHTML, like Gecko; compatible; Amazonbot/0.1; +https://developer.amazon.com/support/amazonbot) Chrome/119.0.6045.214 Safari/537.36"
136.243.228.182 - - [01/Jul/2025:10:57:06 -0400] "GET /cfojb268/jjsqn-30419/ HTTP/1.1" 404 1251 "-" "Mozilla/5.0 (compatible; DataForSeoBot/1.0; +https://dataforseo.com/dataforseo-bot)"
52.205.141.124 - - [01/Jul/2025:10:57:13 -0400] "GET /function/function.php?path=//opt/alt/alt-nodejs22/root/lib/node_modules/npm/node_modules/minipass HTTP/1.1" 200 2722 "-" "Mozilla/5.0 AppleWebKit/537.36 (KHTML, like Gecko; compatible; Amazonbot/0.1; +https://developer.amazon.com/support/amazonbot) Chrome/119.0.6045.214 Safari/537.36"
136.243.228.182 - - [01/Jul/2025:10:57:13 -0400] "GET /zpeyd135/ox7v3-679/ HTTP/1.1" 404 1251 "-" "Mozilla/5.0 (compatible; DataForSeoBot/1.0; +https://dataforseo.com/dataforseo-bot)"
114.119.129.128 - - [01/Jul/2025:10:56:14 -0400] "GET /wp-content/plugins/wp-file-manager/languages/wp-file-manager-it_IT.po HTTP/1.1" 200 4537 "http://www.evolveplace.com/wp-content/plugins/wp-file-manager/languages/?SA" "Mozilla/5.0 (Linux; Android 7.0;) AppleWebKit/537.36 (KHTML, like Gecko) Mobile Safari/537.36 (compatible; PetalBot;+https://webmaster.petalsearch.com/site/petalbot)"
136.243.228.182 - - [01/Jul/2025:10:56:17 -0400] "GET /mldyi113/ou0df-45477/ HTTP/1.1" 404 1251 "-" "Mozilla/5.0 (compatible; DataForSeoBot/1.0; +https://dataforseo.com/dataforseo-bot)"
57.141.2.11 - - [01/Jul/2025:10:56:30 -0400] "GET /lzme-besrk-670640/fwncf-jdhm-kqxcjwy/ HTTP/1.1" 404 1251 "-" "meta-externalagent/1.1 (+https://developers.facebook.com/docs/sharing/webmasters/crawler)"
52.204.81.148 - - [01/Jul/2025:10:56:33 -0400] "GET /function/function.php?filesrc=//opt/alt/python37/lib/python3.7/site-packages/babel/locale-data/mn.dat&path=//opt/alt/python37/lib/python3.7/site-packages/babel/locale-data HTTP/1.1" 200 1278 "-" "Mozilla/5.0 AppleWebKit/537.36 (KHTML, like Gecko; compatible; Amazonbot/0.1; +https://developer.amazon.com/support/amazonbot) Chrome/119.0.6045.214 Safari/537.36"
57.141.2.8 - - [01/Jul/2025:10:56:33 -0400] "GET /qdixsc-140951/ilwb-uiemmuaq-zkyodxsacn-xrawwuxv-zzvaffv/ HTTP/1.1" 404 1251 "-" "meta-externalagent/1.1 (+https://developers.facebook.com/docs/sharing/webmasters/crawler)"
136.243.228.182 - - [01/Jul/2025:10:56:33 -0400] "GET /esfhd47/ql06u-22738/ HTTP/1.1" 404 1251 "-" "Mozilla/5.0 (compatible; DataForSeoBot/1.0; +https://dataforseo.com/dataforseo-bot)"
18.205.91.101 - - [01/Jul/2025:10:56:41 -0400] "GET /function/function.php?path=//opt/alt/alt-nodejs12/root/lib/node_modules/npm/node_modules/es6-promise HTTP/1.1" 200 3036 "-" "Mozilla/5.0 AppleWebKit/537.36 (KHTML, like Gecko; compatible; Amazonbot/0.1; +https://developer.amazon.com/support/amazonbot) Chrome/119.0.6045.214 Safari/537.36"
52.203.68.145 - - [01/Jul/2025:10:56:49 -0400] "GET /function/function.php?filesrc=//opt/alt/python37/lib/python3.7/site-packages/babel/locale-data/en_NF.dat&path=//opt/alt/python37/lib/python3.7/site-packages/babel/locale-data HTTP/1.1" 200 1282 "-" "Mozilla/5.0 AppleWebKit/537.36 (KHTML, like Gecko; compatible; Amazonbot/0.1; +https://developer.amazon.com/support/amazonbot) Chrome/119.0.6045.214 Safari/537.36"
136.243.228.182 - - [01/Jul/2025:10:56:49 -0400] "GET /yrsov284/8bqis-9497/ HTTP/1.1" 404 1251 "-" "Mozilla/5.0 (compatible; DataForSeoBot/1.0; +https://dataforseo.com/dataforseo-bot)"
136.243.228.182 - - [01/Jul/2025:10:56:53 -0400] "GET /hmelz36/k2bll-47212/ HTTP/1.1" 404 1251 "-" "Mozilla/5.0 (compatible; DataForSeoBot/1.0; +https://dataforseo.com/dataforseo-bot)"
136.243.228.182 - - [01/Jul/2025:10:56:57 -0400] "GET /wkadu179/1dfhj-30440/ HTTP/1.1" 404 1251 "-" "Mozilla/5.0 (compatible; DataForSeoBot/1.0; +https://dataforseo.com/dataforseo-bot)"
34.193.2.57 - - [01/Jul/2025:10:57:01 -0400] "GET /function/function.php?path=//opt/hc_python/lib64/python3.12/site-packages/alembic/templates/generic/__pycache__ HTTP/1.1" 200 2438 "-" "Mozilla/5.0 AppleWebKit/537.36 (KHTML, like Gecko; compatible; Amazonbot/0.1; +https://developer.amazon.com/support/amazonbot) Chrome/119.0.6045.214 Safari/537.36"
136.243.228.182 - - [01/Jul/2025:10:57:01 -0400] "GET /szczo292/4ip89-42143/ HTTP/1.1" 404 1251 "-" "Mozilla/5.0 (compatible; DataForSeoBot/1.0; +https://dataforseo.com/dataforseo-bot)"
136.243.228.182 - - [01/Jul/2025:10:57:09 -0400] "GET /iajld273/11wws-38635/ HTTP/1.1" 404 1251 "-" "Mozilla/5.0 (compatible; DataForSeoBot/1.0; +https://dataforseo.com/dataforseo-bot)"
136.243.228.182 - - [01/Jul/2025:10:57:18 -0400] "GET /qccxy58/0yeax-46438/ HTTP/1.1" 404 1251 "-" "Mozilla/5.0 (compatible; DataForSeoBot/1.0; +https://dataforseo.com/dataforseo-bot)"
52.54.249.218 - - [01/Jul/2025:10:55:41 -0400] "GET /function/function.php?path=//opt/alt/alt-nodejs19/root/lib/node_modules/npm/node_modules.bundled/walk-up-path HTTP/1.1" 200 2546 "-" "Mozilla/5.0 AppleWebKit/537.36 (KHTML, like Gecko; compatible; Amazonbot/0.1; +https://developer.amazon.com/support/amazonbot) Chrome/119.0.6045.214 Safari/537.36"
50.19.221.48 - - [01/Jul/2025:10:55:45 -0400] "GET /function/function.php?path=//opt/alt/alt-nodejs11/root/lib/node_modules/npm/node_modules/process-nextick-args HTTP/1.1" 200 2592 "-" "Mozilla/5.0 AppleWebKit/537.36 (KHTML, like Gecko; compatible; Amazonbot/0.1; +https://developer.amazon.com/support/amazonbot) Chrome/119.0.6045.214 Safari/537.36"
136.243.228.182 - - [01/Jul/2025:10:55:49 -0400] "GET /uozah61/u0l39-33258/ HTTP/1.1" 404 1251 "-" "Mozilla/5.0 (compatible; DataForSeoBot/1.0; +https://dataforseo.com/dataforseo-bot)"
136.243.228.182 - - [01/Jul/2025:10:55:54 -0400] "GET /ktuvs35/behxo-20272/ HTTP/1.1" 404 1251 "-" "Mozilla/5.0 (compatible; DataForSeoBot/1.0; +https://dataforseo.com/dataforseo-bot)"
136.243.228.182 - - [01/Jul/2025:10:55:57 -0400] "GET /sgrdb66/90wbm-43448/ HTTP/1.1" 404 1251 "-" "Mozilla/5.0 (compatible; DataForSeoBot/1.0; +https://dataforseo.com/dataforseo-bot)"
136.243.228.182 - - [01/Jul/2025:10:56:01 -0400] "GET /jyfrm215/kt88d-35262/ HTTP/1.1" 404 1251 "-" "Mozilla/5.0 (compatible; DataForSeoBot/1.0; +https://dataforseo.com/dataforseo-bot)"
136.243.228.182 - - [01/Jul/2025:10:56:05 -0400] "GET /znxpd94/2gia3-25881/ HTTP/1.1" 404 1251 "-" "Mozilla/5.0 (compatible; DataForSeoBot/1.0; +https://dataforseo.com/dataforseo-bot)"
136.243.228.182 - - [01/Jul/2025:10:56:09 -0400] "GET /itiyx261/k3bs0-46192/ HTTP/1.1" 404 1251 "-" "Mozilla/5.0 (compatible; DataForSeoBot/1.0; +https://dataforseo.com/dataforseo-bot)"
50.17.193.48 - - [01/Jul/2025:10:56:13 -0400] "GET /function/function.php?path=//opt/alt/alt-nodejs11/root/lib/node_modules/npm/node_modules/pump HTTP/1.1" 200 2769 "-" "Mozilla/5.0 AppleWebKit/537.36 (KHTML, like Gecko; compatible; Amazonbot/0.1; +https://developer.amazon.com/support/amazonbot) Chrome/119.0.6045.214 Safari/537.36"
52.22.64.232 - - [01/Jul/2025:10:57:17 -0400] "GET /function/function.php?path=//opt/alt/alt-nodejs14/root/lib/node_modules/npm/node_modules/update-notifier HTTP/1.1" 200 2644 "-" "Mozilla/5.0 AppleWebKit/537.36 (KHTML, like Gecko; compatible; Amazonbot/0.1; +https://developer.amazon.com/support/amazonbot) Chrome/119.0.6045.214 Safari/537.36"
18.211.39.188 - - [01/Jul/2025:10:57:25 -0400] "GET /function/function.php?path=//opt/alt/alt-nodejs14/root/lib/node_modules/npm/node_modules/config-chain HTTP/1.1" 200 2635 "-" "Mozilla/5.0 AppleWebKit/537.36 (KHTML, like Gecko; compatible; Amazonbot/0.1; +https://developer.amazon.com/support/amazonbot) Chrome/119.0.6045.214 Safari/537.36"
136.243.228.182 - - [01/Jul/2025:10:57:29 -0400] "GET /yrghe52/u12k2-6768/ HTTP/1.1" 404 1251 "-" "Mozilla/5.0 (compatible; DataForSeoBot/1.0; +https://dataforseo.com/dataforseo-bot)"
136.243.228.182 - - [01/Jul/2025:10:57:34 -0400] "GET /qzzfl171/vuksl-17234/ HTTP/1.1" 404 1251 "-" "Mozilla/5.0 (compatible; DataForSeoBot/1.0; +https://dataforseo.com/dataforseo-bot)"
136.243.228.182 - - [01/Jul/2025:10:57:37 -0400] "GET /zgoxl1/vaaxb-23407/ HTTP/1.1" 404 1251 "-" "Mozilla/5.0 (compatible; DataForSeoBot/1.0; +https://dataforseo.com/dataforseo-bot)"
98.82.59.253 - - [01/Jul/2025:10:57:37 -0400] "GET /function/function.php?path=/home/evoljabq/public_html/wp-includes/fonts HTTP/1.1" 200 2608 "-" "Mozilla/5.0 AppleWebKit/537.36 (KHTML, like Gecko; compatible; Amazonbot/0.1; +https://developer.amazon.com/support/amazonbot) Chrome/119.0.6045.214 Safari/537.36"
52.71.203.206 - - [01/Jul/2025:10:57:41 -0400] "GET /function/function.php?filesrc=//proc/thread-self/root/lib/firmware/radeon/PALM_me.bin&path=//proc/thread-self/root/lib/firmware/radeon HTTP/1.1" 200 1249 "-" "Mozilla/5.0 AppleWebKit/537.36 (KHTML, like Gecko; compatible; Amazonbot/0.1; +https://developer.amazon.com/support/amazonbot) Chrome/119.0.6045.214 Safari/537.36"
114.119.146.29 - - [01/Jul/2025:10:57:48 -0400] "GET /wp-content/plugins/wp-file-manager/languages/wp-file-manager-gl_ES.mo HTTP/1.1" 200 3943 "http://www.evolveplace.com/wp-content/plugins/wp-file-manager/languages/?SA" "Mozilla/5.0 (Linux; Android 7.0;) AppleWebKit/537.36 (KHTML, like Gecko) Mobile Safari/537.36 (compatible; PetalBot;+https://webmaster.petalsearch.com/site/petalbot)"
136.243.228.182 - - [01/Jul/2025:10:57:53 -0400] "GET /odwbd62/xjzty-9854/ HTTP/1.1" 404 1251 "-" "Mozilla/5.0 (compatible; DataForSeoBot/1.0; +https://dataforseo.com/dataforseo-bot)"
3.216.227.216 - - [01/Jul/2025:10:57:57 -0400] "GET /function/function.php?filesrc=//var/softaculous/phplist/upgrade.php&path=//var/softaculous/phplist HTTP/1.1" 200 3763 "-" "Mozilla/5.0 AppleWebKit/537.36 (KHTML, like Gecko; compatible; Amazonbot/0.1; +https://developer.amazon.com/support/amazonbot) Chrome/119.0.6045.214 Safari/537.36"
136.243.228.182 - - [01/Jul/2025:10:57:58 -0400] "GET /nzlsj197/ivdia-27933/ HTTP/1.1" 404 1251 "-" "Mozilla/5.0 (compatible; DataForSeoBot/1.0; +https://dataforseo.com/dataforseo-bot)"
184.73.195.18 - - [01/Jul/2025:10:58:01 -0400] "GET /function/function.php?filesrc=//opt/alt/openssl/share/man/man3/CMS_get0_SignerInfos.3ssl&path=//opt/alt/openssl/share/man/man3 HTTP/1.1" 200 4347 "-" "Mozilla/5.0 AppleWebKit/537.36 (KHTML, like Gecko; compatible; Amazonbot/0.1; +https://developer.amazon.com/support/amazonbot) Chrome/119.0.6045.214 Safari/537.36"
136.243.228.182 - - [01/Jul/2025:10:58:09 -0400] "GET /sqhzq192/7u7ce-13120/ HTTP/1.1" 404 1251 "-" "Mozilla/5.0 (compatible; DataForSeoBot/1.0; +https://dataforseo.com/dataforseo-bot)"
44.221.227.90 - - [01/Jul/2025:10:58:09 -0400] "GET /function/function.php?filesrc=//var/softaculous/humogen/install.js&path=//var/softaculous/humogen HTTP/1.1" 200 1582 "-" "Mozilla/5.0 AppleWebKit/537.36 (KHTML, like Gecko; compatible; Amazonbot/0.1; +https://developer.amazon.com/support/amazonbot) Chrome/119.0.6045.214 Safari/537.36"
52.54.157.23 - - [01/Jul/2025:10:57:21 -0400] "GET /wp-content/themes/skeleton-reworked/stylesheets/?MD HTTP/1.1" 200 815 "-" "Mozilla/5.0 AppleWebKit/537.36 (KHTML, like Gecko; compatible; Amazonbot/0.1; +https://developer.amazon.com/support/amazonbot) Chrome/119.0.6045.214 Safari/537.36"
136.243.228.182 - - [01/Jul/2025:10:57:22 -0400] "GET /etcwq31/sjdwz-39516/ HTTP/1.1" 404 1251 "-" "Mozilla/5.0 (compatible; DataForSeoBot/1.0; +https://dataforseo.com/dataforseo-bot)"
136.243.228.182 - - [01/Jul/2025:10:57:25 -0400] "GET /zqmix115/7e2gp-19404/ HTTP/1.1" 404 1251 "-" "Mozilla/5.0 (compatible; DataForSeoBot/1.0; +https://dataforseo.com/dataforseo-bot)"
136.243.228.182 - - [01/Jul/2025:10:57:41 -0400] "GET /vmusy88/56dgm-39990/ HTTP/1.1" 404 1251 "-" "Mozilla/5.0 (compatible; DataForSeoBot/1.0; +https://dataforseo.com/dataforseo-bot)"
136.243.228.182 - - [01/Jul/2025:10:57:45 -0400] "GET /snhnz85/muwsu-27847/ HTTP/1.1" 404 1251 "-" "Mozilla/5.0 (compatible; DataForSeoBot/1.0; +https://dataforseo.com/dataforseo-bot)"
98.83.10.183 - - [01/Jul/2025:10:57:49 -0400] "GET /function/function.php?filesrc=//proc/thread-self/root/lib64/python3.8/multiprocessing/forkserver.py&path=//proc/thread-self/root/lib64/python3.8/multiprocessing HTTP/1.1" 200 5118 "-" "Mozilla/5.0 AppleWebKit/537.36 (KHTML, like Gecko; compatible; Amazonbot/0.1; +https://developer.amazon.com/support/amazonbot) Chrome/119.0.6045.214 Safari/537.36"
136.243.228.182 - - [01/Jul/2025:10:57:50 -0400] "GET /mxayf68/v21wt-33183/ HTTP/1.1" 404 1251 "-" "Mozilla/5.0 (compatible; DataForSeoBot/1.0; +https://dataforseo.com/dataforseo-bot)"
136.243.228.182 - - [01/Jul/2025:10:58:01 -0400] "GET /dkkmw127/4ndbl-25446/ HTTP/1.1" 404 1251 "-" "Mozilla/5.0 (compatible; DataForSeoBot/1.0; +https://dataforseo.com/dataforseo-bot)"
136.243.228.182 - - [01/Jul/2025:10:58:05 -0400] "GET /engqg148/6u5m8-39752/ HTTP/1.1" 404 1251 "-" "Mozilla/5.0 (compatible; DataForSeoBot/1.0; +https://dataforseo.com/dataforseo-bot)"
136.243.228.182 - - [01/Jul/2025:10:58:14 -0400] "GET /fedgn86/vmzih-29611/ HTTP/1.1" 404 1251 "-" "Mozilla/5.0 (compatible; DataForSeoBot/1.0; +https://dataforseo.com/dataforseo-bot)"
136.243.228.182 - - [01/Jul/2025:10:58:17 -0400] "GET /xshmg225/u3te4-1214/ HTTP/1.1" 404 1251 "-" "Mozilla/5.0 (compatible; DataForSeoBot/1.0; +https://dataforseo.com/dataforseo-bot)"
136.243.228.182 - - [01/Jul/2025:10:58:41 -0400] "GET /abtkz8/hdp8j-36444/ HTTP/1.1" 404 1251 "-" "Mozilla/5.0 (compatible; DataForSeoBot/1.0; +https://dataforseo.com/dataforseo-bot)"
136.243.228.182 - - [01/Jul/2025:10:58:45 -0400] "GET /iqjvl152/71u3h-40652/ HTTP/1.1" 404 1251 "-" "Mozilla/5.0 (compatible; DataForSeoBot/1.0; +https://dataforseo.com/dataforseo-bot)"
98.83.177.42 - - [01/Jul/2025:10:58:53 -0400] "GET /function/function.php?filesrc=//var/softaculous/omekas/notes.txt&path=//var/softaculous/omekas HTTP/1.1" 200 1351 "-" "Mozilla/5.0 AppleWebKit/537.36 (KHTML, like Gecko; compatible; Amazonbot/0.1; +https://developer.amazon.com/support/amazonbot) Chrome/119.0.6045.214 Safari/537.36"
136.243.228.182 - - [01/Jul/2025:10:58:54 -0400] "GET /ceqkj172/eik17-2489/ HTTP/1.1" 404 1251 "-" "Mozilla/5.0 (compatible; DataForSeoBot/1.0; +https://dataforseo.com/dataforseo-bot)"
3.217.171.106 - - [01/Jul/2025:10:58:57 -0400] "GET /function/function.php?filesrc=//usr/lib/firmware/radeon/CAYMAN_rlc.bin&path=//usr/lib/firmware/radeon HTTP/1.1" 200 1224 "-" "Mozilla/5.0 AppleWebKit/537.36 (KHTML, like Gecko; compatible; Amazonbot/0.1; +https://developer.amazon.com/support/amazonbot) Chrome/119.0.6045.214 Safari/537.36"
136.243.228.182 - - [01/Jul/2025:10:59:01 -0400] "GET /zfswv22/nuxp5-41217/ HTTP/1.1" 404 1251 "-" "Mozilla/5.0 (compatible; DataForSeoBot/1.0; +https://dataforseo.com/dataforseo-bot)"
136.243.228.182 - - [01/Jul/2025:10:59:06 -0400] "GET /ijjee245/nz8e4-13545/ HTTP/1.1" 404 1251 "-" "Mozilla/5.0 (compatible; DataForSeoBot/1.0; +https://dataforseo.com/dataforseo-bot)"
54.147.182.90 - - [01/Jul/2025:10:58:21 -0400] "GET /function/function.php?path=//proc/thread-self/root/var/lib/mysql/chiqsokr_wp HTTP/1.1" 200 1289 "-" "Mozilla/5.0 AppleWebKit/537.36 (KHTML, like Gecko; compatible; Amazonbot/0.1; +https://developer.amazon.com/support/amazonbot) Chrome/119.0.6045.214 Safari/537.36"
136.243.228.182 - - [01/Jul/2025:10:58:21 -0400] "GET /ohntc132/7m9b3-36119/ HTTP/1.1" 404 1251 "-" "Mozilla/5.0 (compatible; DataForSeoBot/1.0; +https://dataforseo.com/dataforseo-bot)"
136.243.228.182 - - [01/Jul/2025:10:58:25 -0400] "GET /wlwhm29/mfjcp-11893/ HTTP/1.1" 404 1251 "-" "Mozilla/5.0 (compatible; DataForSeoBot/1.0; +https://dataforseo.com/dataforseo-bot)"
136.243.228.182 - - [01/Jul/2025:10:58:29 -0400] "GET /fzamf76/2frrk-33871/ HTTP/1.1" 404 1251 "-" "Mozilla/5.0 (compatible; DataForSeoBot/1.0; +https://dataforseo.com/dataforseo-bot)"
136.243.228.182 - - [01/Jul/2025:10:58:33 -0400] "GET /keotf187/mews5-15259/ HTTP/1.1" 404 1251 "-" "Mozilla/5.0 (compatible; DataForSeoBot/1.0; +https://dataforseo.com/dataforseo-bot)"
136.243.228.182 - - [01/Jul/2025:10:58:37 -0400] "GET /ngqli42/6bejc-40294/ HTTP/1.1" 404 1251 "-" "Mozilla/5.0 (compatible; DataForSeoBot/1.0; +https://dataforseo.com/dataforseo-bot)"
52.203.152.231 - - [01/Jul/2025:10:58:45 -0400] "GET /function/function.php?filesrc=//lib/node_modules/npm/man/man1/dirs.1.gz&path=//lib/node_modules/npm/man/man1 HTTP/1.1" 200 1229 "-" "Mozilla/5.0 AppleWebKit/537.36 (KHTML, like Gecko; compatible; Amazonbot/0.1; +https://developer.amazon.com/support/amazonbot) Chrome/119.0.6045.214 Safari/537.36"
136.243.228.182 - - [01/Jul/2025:10:58:49 -0400] "GET /xdsdn166/90c9r-44758/ HTTP/1.1" 404 1251 "-" "Mozilla/5.0 (compatible; DataForSeoBot/1.0; +https://dataforseo.com/dataforseo-bot)"
114.119.146.29 - - [01/Jul/2025:10:58:51 -0400] "GET /wp-content/plugins/wp-file-manager/languages/wp-file-manager-et.po HTTP/1.1" 200 4292 "http://www.evolveplace.com/wp-content/plugins/wp-file-manager/languages/?SA" "Mozilla/5.0 (Linux; Android 7.0;) AppleWebKit/537.36 (KHTML, like Gecko) Mobile Safari/537.36 (compatible; PetalBot;+https://webmaster.petalsearch.com/site/petalbot)"
136.243.228.182 - - [01/Jul/2025:10:58:57 -0400] "GET /xvzbz30/02bxo-12871/ HTTP/1.1" 404 1251 "-" "Mozilla/5.0 (compatible; DataForSeoBot/1.0; +https://dataforseo.com/dataforseo-bot)"
23.21.179.120 - - [01/Jul/2025:10:59:01 -0400] "GET /function/function.php?filesrc=//opt/alt/tests/alt-php81-pecl-igbinary_3.2.15-1.el8/tests/igbinary_058b.phpt&path=//opt/alt/tests/alt-php81-pecl-igbinary_3.2.15-1.el8/tests HTTP/1.1" 200 1802 "-" "Mozilla/5.0 AppleWebKit/537.36 (KHTML, like Gecko; compatible; Amazonbot/0.1; +https://developer.amazon.com/support/amazonbot) Chrome/119.0.6045.214 Safari/537.36"
136.243.228.182 - - [01/Jul/2025:10:59:09 -0400] "GET /uzbcc260/l0vuc-16657/ HTTP/1.1" 404 1251 "-" "Mozilla/5.0 (compatible; DataForSeoBot/1.0; +https://dataforseo.com/dataforseo-bot)"
136.243.228.182 - - [01/Jul/2025:10:59:17 -0400] "GET /qrsjz239/js9wy-36909/ HTTP/1.1" 404 1251 "-" "Mozilla/5.0 (compatible; DataForSeoBot/1.0; +https://dataforseo.com/dataforseo-bot)"
52.207.47.227 - - [01/Jul/2025:10:59:29 -0400] "GET /function/function.php?path=//proc/thread-self/root/opt/cpanel/ea-openssl/bin HTTP/1.1" 200 2459 "-" "Mozilla/5.0 AppleWebKit/537.36 (KHTML, like Gecko; compatible; Amazonbot/0.1; +https://developer.amazon.com/support/amazonbot) Chrome/119.0.6045.214 Safari/537.36"
136.243.228.182 - - [01/Jul/2025:10:59:37 -0400] "GET /itggw76/pdwuw-47887/ HTTP/1.1" 404 1251 "-" "Mozilla/5.0 (compatible; DataForSeoBot/1.0; +https://dataforseo.com/dataforseo-bot)"
54.80.185.200 - - [01/Jul/2025:10:59:41 -0400] "GET /function/function.php?filesrc=//opt/alt/python27/lib64/python2.7/audiodev.pyo&path=//opt/alt/python27/lib64/python2.7 HTTP/1.1" 200 1236 "-" "Mozilla/5.0 AppleWebKit/537.36 (KHTML, like Gecko; compatible; Amazonbot/0.1; +https://developer.amazon.com/support/amazonbot) Chrome/119.0.6045.214 Safari/537.36"
3.216.86.144 - - [01/Jul/2025:10:59:13 -0400] "GET /function/function.php?filesrc=//opt/hc_python/lib/python3.12/site-packages/greenlet/TGreenlet.cpp&path=//opt/hc_python/lib/python3.12/site-packages/greenlet HTTP/1.1" 200 10236 "-" "Mozilla/5.0 AppleWebKit/537.36 (KHTML, like Gecko; compatible; Amazonbot/0.1; +https://developer.amazon.com/support/amazonbot) Chrome/119.0.6045.214 Safari/537.36"
136.243.228.182 - - [01/Jul/2025:10:59:13 -0400] "GET /ppjof223/6qx9g-9756/ HTTP/1.1" 404 1251 "-" "Mozilla/5.0 (compatible; DataForSeoBot/1.0; +https://dataforseo.com/dataforseo-bot)"
57.141.2.12 - - [01/Jul/2025:10:59:20 -0400] "GET /rxhtedew-tgkapjc-280378/wkndljnq-bucbmlubiyk-jygobhy/ HTTP/1.1" 404 1251 "-" "meta-externalagent/1.1 (+https://developers.facebook.com/docs/sharing/webmasters/crawler)"
136.243.228.182 - - [01/Jul/2025:10:59:21 -0400] "GET /ylmqe62/jnyau-21282/ HTTP/1.1" 404 1251 "-" "Mozilla/5.0 (compatible; DataForSeoBot/1.0; +https://dataforseo.com/dataforseo-bot)"
136.243.228.182 - - [01/Jul/2025:10:59:25 -0400] "GET /fixzr50/gms7w-15677/ HTTP/1.1" 404 1251 "-" "Mozilla/5.0 (compatible; DataForSeoBot/1.0; +https://dataforseo.com/dataforseo-bot)"
136.243.228.182 - - [01/Jul/2025:10:59:29 -0400] "GET /nspay26/q127j-41696/ HTTP/1.1" 404 1251 "-" "Mozilla/5.0 (compatible; DataForSeoBot/1.0; +https://dataforseo.com/dataforseo-bot)"
136.243.228.182 - - [01/Jul/2025:10:59:33 -0400] "GET /qmgsg59/ujy7m-21930/ HTTP/1.1" 404 1251 "-" "Mozilla/5.0 (compatible; DataForSeoBot/1.0; +https://dataforseo.com/dataforseo-bot)"
136.243.228.182 - - [01/Jul/2025:10:59:53 -0400] "GET /xucth112/c3t3y-36601/ HTTP/1.1" 404 1251 "-" "Mozilla/5.0 (compatible; DataForSeoBot/1.0; +https://dataforseo.com/dataforseo-bot)"
216.73.216.97 - - [01/Jul/2025:11:00:03 -0400] "GET /NEW/wp-admin/network HTTP/1.1" 301 795 "-" "Mozilla/5.0 AppleWebKit/537.36 (KHTML, like Gecko; compatible; ClaudeBot/1.0; +claudebot@anthropic.com)"
136.243.228.182 - - [01/Jul/2025:11:00:05 -0400] "GET /zgank198/dtrf3-46217/ HTTP/1.1" 404 1251 "-" "Mozilla/5.0 (compatible; DataForSeoBot/1.0; +https://dataforseo.com/dataforseo-bot)"
52.73.142.41 - - [01/Jul/2025:11:00:13 -0400] "GET /function/function.php?path=//opt/alt/ruby33/share/ruby/open3 HTTP/1.1" 200 2362 "-" "Mozilla/5.0 AppleWebKit/537.36 (KHTML, like Gecko; compatible; Amazonbot/0.1; +https://developer.amazon.com/support/amazonbot) Chrome/119.0.6045.214 Safari/537.36"
35.172.125.172 - - [01/Jul/2025:11:00:21 -0400] "GET /function/function.php?filesrc=//lib/node_modules/npm/man/man3p/conj.3p.gz&path=//lib/node_modules/npm/man/man3p HTTP/1.1" 200 1232 "-" "Mozilla/5.0 AppleWebKit/537.36 (KHTML, like Gecko; compatible; Amazonbot/0.1; +https://developer.amazon.com/support/amazonbot) Chrome/119.0.6045.214 Safari/537.36"
136.243.228.182 - - [01/Jul/2025:11:00:22 -0400] "GET /ewnfh61/1ep96-34758/ HTTP/1.1" 404 1251 "-" "Mozilla/5.0 (compatible; DataForSeoBot/1.0; +https://dataforseo.com/dataforseo-bot)"
98.83.72.38 - - [01/Jul/2025:11:00:29 -0400] "GET /function/function.php?filesrc=//opt/hc_python/lib64/python3.12/site-packages/markupsafe/_speedups.pyi&path=//opt/hc_python/lib64/python3.12/site-packages/markupsafe HTTP/1.1" 200 1293 "-" "Mozilla/5.0 AppleWebKit/537.36 (KHTML, like Gecko; compatible; Amazonbot/0.1; +https://developer.amazon.com/support/amazonbot) Chrome/119.0.6045.214 Safari/537.36"
114.119.140.122 - - [01/Jul/2025:11:00:32 -0400] "GET /wp-content/plugins/elementor/core/logger/loggers/ HTTP/1.1" 200 699 "http://www.evolveplace.com/wp-content/plugins/elementor/core/logger/" "Mozilla/5.0 (Linux; Android 7.0;) AppleWebKit/537.36 (KHTML, like Gecko) Mobile Safari/537.36 (compatible; PetalBot;+https://webmaster.petalsearch.com/site/petalbot)"
136.243.228.182 - - [01/Jul/2025:11:00:33 -0400] "GET /odyca104/3um35-14614/ HTTP/1.1" 404 1251 "-" "Mozilla/5.0 (compatible; DataForSeoBot/1.0; +https://dataforseo.com/dataforseo-bot)"
136.243.228.182 - - [01/Jul/2025:10:59:41 -0400] "GET /zyclx81/8t58l-37716/ HTTP/1.1" 404 1251 "-" "Mozilla/5.0 (compatible; DataForSeoBot/1.0; +https://dataforseo.com/dataforseo-bot)"
136.243.228.182 - - [01/Jul/2025:10:59:45 -0400] "GET /nrikz160/v64cy-42390/ HTTP/1.1" 404 1251 "-" "Mozilla/5.0 (compatible; DataForSeoBot/1.0; +https://dataforseo.com/dataforseo-bot)"
34.192.67.98 - - [01/Jul/2025:10:59:49 -0400] "GET /function/function.php?path=//home/evoljabq/public_html/wp-includes/sodium_compat/src/Core HTTP/1.1" 200 1922 "-" "Mozilla/5.0 AppleWebKit/537.36 (KHTML, like Gecko; compatible; Amazonbot/0.1; +https://developer.amazon.com/support/amazonbot) Chrome/119.0.6045.214 Safari/537.36"
136.243.228.182 - - [01/Jul/2025:10:59:49 -0400] "GET /pfuly229/u90oz-6494/ HTTP/1.1" 404 1251 "-" "Mozilla/5.0 (compatible; DataForSeoBot/1.0; +https://dataforseo.com/dataforseo-bot)"
136.243.228.182 - - [01/Jul/2025:10:59:57 -0400] "GET /tsdju7/9dxn2-42944/ HTTP/1.1" 404 1251 "-" "Mozilla/5.0 (compatible; DataForSeoBot/1.0; +https://dataforseo.com/dataforseo-bot)"
52.205.113.104 - - [01/Jul/2025:11:00:01 -0400] "GET /function/function.php?filesrc=//opt/alt/tests/alt-php82-pecl-memcached_3.2.0-1.el8/tests/session_regenerate.phpt&path=//opt/alt/tests/alt-php82-pecl-memcached_3.2.0-1.el8/tests HTTP/1.1" 200 1521 "-" "Mozilla/5.0 AppleWebKit/537.36 (KHTML, like Gecko; compatible; Amazonbot/0.1; +https://developer.amazon.com/support/amazonbot) Chrome/119.0.6045.214 Safari/537.36"
136.243.228.182 - - [01/Jul/2025:11:00:02 -0400] "GET /gfmtu16/l1jtu-21345/ HTTP/1.1" 404 1251 "-" "Mozilla/5.0 (compatible; DataForSeoBot/1.0; +https://dataforseo.com/dataforseo-bot)"
216.73.216.97 - - [01/Jul/2025:11:00:03 -0400] "GET /robots.txt HTTP/1.1" 200 116 "-" "Mozilla/5.0 AppleWebKit/537.36 (KHTML, like Gecko; compatible; ClaudeBot/1.0; +claudebot@anthropic.com)"
216.73.216.97 - - [01/Jul/2025:11:00:04 -0400] "GET /NEW/wp-admin/network/ HTTP/1.1" 200 547 "http://evolveplace.com/NEW/wp-admin/network" "Mozilla/5.0 AppleWebKit/537.36 (KHTML, like Gecko; compatible; ClaudeBot/1.0; +claudebot@anthropic.com)"
136.243.228.182 - - [01/Jul/2025:11:00:09 -0400] "GET /cqwux137/hgkk4-28994/ HTTP/1.1" 404 1251 "-" "Mozilla/5.0 (compatible; DataForSeoBot/1.0; +https://dataforseo.com/dataforseo-bot)"
136.243.228.182 - - [01/Jul/2025:11:00:13 -0400] "GET /ajram293/n7ib6-10319/ HTTP/1.1" 404 1251 "-" "Mozilla/5.0 (compatible; DataForSeoBot/1.0; +https://dataforseo.com/dataforseo-bot)"
136.243.228.182 - - [01/Jul/2025:11:00:17 -0400] "GET /omool71/88nyn-41605/ HTTP/1.1" 404 1251 "-" "Mozilla/5.0 (compatible; DataForSeoBot/1.0; +https://dataforseo.com/dataforseo-bot)"
57.141.2.16 - - [01/Jul/2025:11:00:24 -0400] "GET /NEW/wp-includes/customize/ HTTP/1.1" 200 1380 "-" "meta-externalagent/1.1 (+https://developers.facebook.com/docs/sharing/webmasters/crawler)"
136.243.228.182 - - [01/Jul/2025:11:00:25 -0400] "GET /yzxve283/laja6-13052/ HTTP/1.1" 404 1251 "-" "Mozilla/5.0 (compatible; DataForSeoBot/1.0; +https://dataforseo.com/dataforseo-bot)"
136.243.228.182 - - [01/Jul/2025:11:00:29 -0400] "GET /emccu180/0a5v1-13032/ HTTP/1.1" 404 1251 "-" "Mozilla/5.0 (compatible; DataForSeoBot/1.0; +https://dataforseo.com/dataforseo-bot)"
98.82.38.120 - - [01/Jul/2025:11:00:37 -0400] "GET /function/function.php?filesrc=//proc/thread-self/root/lib64/python2.7/mutex.pyc&path=//proc/thread-self/root/lib64/python2.7 HTTP/1.1" 200 1236 "-" "Mozilla/5.0 AppleWebKit/537.36 (KHTML, like Gecko; compatible; Amazonbot/0.1; +https://developer.amazon.com/support/amazonbot) Chrome/119.0.6045.214 Safari/537.36"
136.243.228.182 - - [01/Jul/2025:11:00:45 -0400] "GET /iycvh8/bfx8z-48276/ HTTP/1.1" 404 1251 "-" "Mozilla/5.0 (compatible; DataForSeoBot/1.0; +https://dataforseo.com/dataforseo-bot)"
44.197.76.210 - - [01/Jul/2025:11:00:45 -0400] "GET /function/function.php?path=//var/softaculous/owa/php53 HTTP/1.1" 200 2563 "-" "Mozilla/5.0 AppleWebKit/537.36 (KHTML, like Gecko; compatible; Amazonbot/0.1; +https://developer.amazon.com/support/amazonbot) Chrome/119.0.6045.214 Safari/537.36"
136.243.228.182 - - [01/Jul/2025:11:00:49 -0400] "GET /qmphn68/1wukl-18378/ HTTP/1.1" 404 1251 "-" "Mozilla/5.0 (compatible; DataForSeoBot/1.0; +https://dataforseo.com/dataforseo-bot)"
136.243.228.182 - - [01/Jul/2025:11:00:53 -0400] "GET /qgkpw173/i0jmo-33478/ HTTP/1.1" 404 1251 "-" "Mozilla/5.0 (compatible; DataForSeoBot/1.0; +https://dataforseo.com/dataforseo-bot)"
136.243.228.182 - - [01/Jul/2025:11:00:57 -0400] "GET /xwscn54/ycjml-2918/ HTTP/1.1" 404 1251 "-" "Mozilla/5.0 (compatible; DataForSeoBot/1.0; +https://dataforseo.com/dataforseo-bot)"
52.4.238.8 - - [01/Jul/2025:11:00:57 -0400] "GET /function/function.php?filesrc=//lib64/python3.6/site-packages/gpg/__init__.py&path=//lib64/python3.6/site-packages/gpg HTTP/1.1" 200 3622 "-" "Mozilla/5.0 AppleWebKit/537.36 (KHTML, like Gecko; compatible; Amazonbot/0.1; +https://developer.amazon.com/support/amazonbot) Chrome/119.0.6045.214 Safari/537.36"
136.243.228.182 - - [01/Jul/2025:11:01:01 -0400] "GET /oiyoa266/2i9qt-185/ HTTP/1.1" 404 1251 "-" "Mozilla/5.0 (compatible; DataForSeoBot/1.0; +https://dataforseo.com/dataforseo-bot)"
216.73.216.97 - - [01/Jul/2025:11:00:36 -0400] "GET /NEW/wp-includes/pomo HTTP/1.1" 301 795 "-" "Mozilla/5.0 AppleWebKit/537.36 (KHTML, like Gecko; compatible; ClaudeBot/1.0; +claudebot@anthropic.com)"
216.73.216.97 - - [01/Jul/2025:11:00:37 -0400] "GET /NEW/wp-includes/pomo/ HTTP/1.1" 200 546 "http://evolveplace.com/NEW/wp-includes/pomo" "Mozilla/5.0 AppleWebKit/537.36 (KHTML, like Gecko; compatible; ClaudeBot/1.0; +claudebot@anthropic.com)"
136.243.228.182 - - [01/Jul/2025:11:00:37 -0400] "GET /xnjcq61/huugg-35068/ HTTP/1.1" 404 1251 "-" "Mozilla/5.0 (compatible; DataForSeoBot/1.0; +https://dataforseo.com/dataforseo-bot)"
136.243.228.182 - - [01/Jul/2025:11:00:41 -0400] "GET /zjoce192/lts3b-15351/ HTTP/1.1" 404 1251 "-" "Mozilla/5.0 (compatible; DataForSeoBot/1.0; +https://dataforseo.com/dataforseo-bot)"
57.141.2.3 - - [01/Jul/2025:11:00:43 -0400] "GET /jfghixya-rwnfkpt-371938/qxehnsdg-vtshgctrqzl-zrtnoid/ HTTP/1.1" 404 1251 "-" "meta-externalagent/1.1 (+https://developers.facebook.com/docs/sharing/webmasters/crawler)"
52.4.238.8 - - [01/Jul/2025:11:00:49 -0400] "GET /function/function.php?path=//opt/cloudlinux/venv/lib/python3.11/site-packages/contextlib2 HTTP/1.1" 200 2767 "-" "Mozilla/5.0 AppleWebKit/537.36 (KHTML, like Gecko; compatible; Amazonbot/0.1; +https://developer.amazon.com/support/amazonbot) Chrome/119.0.6045.214 Safari/537.36"
100.28.49.152 - - [01/Jul/2025:11:01:01 -0400] "GET /function/function.php?path=/home/evoljabq/.cagefs/tmp HTTP/1.1" 200 1253 "-" "Mozilla/5.0 AppleWebKit/537.36 (KHTML, like Gecko; compatible; Amazonbot/0.1; +https://developer.amazon.com/support/amazonbot) Chrome/119.0.6045.214 Safari/537.36"
136.243.228.182 - - [01/Jul/2025:11:01:05 -0400] "GET /clyhg89/fgt05-5497/ HTTP/1.1" 404 1251 "-" "Mozilla/5.0 (compatible; DataForSeoBot/1.0; +https://dataforseo.com/dataforseo-bot)"
216.73.216.97 - - [01/Jul/2025:11:01:05 -0400] "GET /wp-includes/images/smilies HTTP/1.1" 301 795 "-" "Mozilla/5.0 AppleWebKit/537.36 (KHTML, like Gecko; compatible; ClaudeBot/1.0; +claudebot@anthropic.com)"
216.73.216.97 - - [01/Jul/2025:11:01:07 -0400] "GET /wp-includes/images/smilies/ HTTP/1.1" 200 1501 "http://evolveplace.com/wp-includes/images/smilies" "Mozilla/5.0 AppleWebKit/537.36 (KHTML, like Gecko; compatible; ClaudeBot/1.0; +claudebot@anthropic.com)"
136.243.228.182 - - [01/Jul/2025:11:01:09 -0400] "GET /oblvo263/q89in-28711/ HTTP/1.1" 404 1251 "-" "Mozilla/5.0 (compatible; DataForSeoBot/1.0; +https://dataforseo.com/dataforseo-bot)"
136.243.228.182 - - [01/Jul/2025:11:01:13 -0400] "GET /xeeui123/b7mit-41779/ HTTP/1.1" 404 1251 "-" "Mozilla/5.0 (compatible; DataForSeoBot/1.0; +https://dataforseo.com/dataforseo-bot)"
23.23.214.190 - - [01/Jul/2025:11:01:21 -0400] "GET /function/function.php?filesrc=//opt/alt/alt-nodejs19/root/lib/node_modules/corepack/dist/npx.js&path=//opt/alt/alt-nodejs19/root/lib/node_modules/corepack/dist HTTP/1.1" 200 1330 "-" "Mozilla/5.0 AppleWebKit/537.36 (KHTML, like Gecko; compatible; Amazonbot/0.1; +https://developer.amazon.com/support/amazonbot) Chrome/119.0.6045.214 Safari/537.36"
136.243.228.182 - - [01/Jul/2025:11:01:22 -0400] "GET /kqwgd64/5lkys-36972/ HTTP/1.1" 404 1251 "-" "Mozilla/5.0 (compatible; DataForSeoBot/1.0; +https://dataforseo.com/dataforseo-bot)"
34.224.132.215 - - [01/Jul/2025:11:01:25 -0400] "GET /function/function.php?filesrc=//opt/alt/python310/lib64/python3.10/lib2to3/fixes/fix_itertools_imports.py&path=//opt/alt/python310/lib64/python3.10/lib2to3/fixes HTTP/1.1" 200 2051 "-" "Mozilla/5.0 AppleWebKit/537.36 (KHTML, like Gecko; compatible; Amazonbot/0.1; +https://developer.amazon.com/support/amazonbot) Chrome/119.0.6045.214 Safari/537.36"
100.29.155.89 - - [01/Jul/2025:11:01:33 -0400] "GET /function/function.php?filesrc=//proc/thread-self/root/home/evoljabq/mail/new/1599564015.M463522P670741.server232.web-hosting.com,S%3D4152,W%3D4233&path=//proc/thread-self/root/home/evoljabq/mail/new HTTP/1.1" 200 2822 "-" "Mozilla/5.0 AppleWebKit/537.36 (KHTML, like Gecko; compatible; Amazonbot/0.1; +https://developer.amazon.com/support/amazonbot) Chrome/119.0.6045.214 Safari/537.36"
136.243.228.182 - - [01/Jul/2025:11:01:33 -0400] "GET /lmfha76/il13h-11286/ HTTP/1.1" 404 1251 "-" "Mozilla/5.0 (compatible; DataForSeoBot/1.0; +https://dataforseo.com/dataforseo-bot)"
136.243.228.182 - - [01/Jul/2025:11:01:37 -0400] "GET /zwkwr58/dp2h0-24331/ HTTP/1.1" 404 1251 "-" "Mozilla/5.0 (compatible; DataForSeoBot/1.0; +https://dataforseo.com/dataforseo-bot)"
136.243.228.182 - - [01/Jul/2025:11:01:45 -0400] "GET /fldwz294/o2aue-35674/ HTTP/1.1" 404 1251 "-" "Mozilla/5.0 (compatible; DataForSeoBot/1.0; +https://dataforseo.com/dataforseo-bot)"
216.73.216.97 - - [01/Jul/2025:11:01:47 -0400] "GET /NEW/wp-includes/sodium_compat/ HTTP/1.1" 200 757 "http://evolveplace.com/NEW/wp-includes/sodium_compat" "Mozilla/5.0 AppleWebKit/537.36 (KHTML, like Gecko; compatible; ClaudeBot/1.0; +claudebot@anthropic.com)"
136.243.228.182 - - [01/Jul/2025:11:01:49 -0400] "GET /sbmwp180/yh7q5-6884/ HTTP/1.1" 404 1251 "-" "Mozilla/5.0 (compatible; DataForSeoBot/1.0; +https://dataforseo.com/dataforseo-bot)"
98.83.10.183 - - [01/Jul/2025:11:01:53 -0400] "GET /function/function.php?filesrc=//lib/node_modules/npm/man/man8/ip6tables.8.gz&path=//lib/node_modules/npm/man/man8 HTTP/1.1" 200 1233 "-" "Mozilla/5.0 AppleWebKit/537.36 (KHTML, like Gecko; compatible; Amazonbot/0.1; +https://developer.amazon.com/support/amazonbot) Chrome/119.0.6045.214 Safari/537.36"
136.243.228.182 - - [01/Jul/2025:11:01:57 -0400] "GET /kyxfh241/efgzp-20459/ HTTP/1.1" 404 1251 "-" "Mozilla/5.0 (compatible; DataForSeoBot/1.0; +https://dataforseo.com/dataforseo-bot)"
57.141.2.10 - - [01/Jul/2025:11:02:04 -0400] "GET /eivuzyasvcp-817732/oiihvbsp-fihu-tgyoutkns/ HTTP/1.1" 404 1251 "-" "meta-externalagent/1.1 (+https://developers.facebook.com/docs/sharing/webmasters/crawler)"
136.243.228.182 - - [01/Jul/2025:11:02:05 -0400] "GET /oppqs272/dtzht-8912/ HTTP/1.1" 404 1251 "-" "Mozilla/5.0 (compatible; DataForSeoBot/1.0; +https://dataforseo.com/dataforseo-bot)"
136.243.228.182 - - [01/Jul/2025:11:02:09 -0400] "GET /uixax78/hgh2y-43717/ HTTP/1.1" 404 1251 "-" "Mozilla/5.0 (compatible; DataForSeoBot/1.0; +https://dataforseo.com/dataforseo-bot)"
44.197.76.210 - - [01/Jul/2025:11:01:09 -0400] "GET /function/function.php?filesrc=//proc/thread-self/root/lib64/python2.7/io.py&path=//proc/thread-self/root/lib64/python2.7 HTTP/1.1" 200 2679 "-" "Mozilla/5.0 AppleWebKit/537.36 (KHTML, like Gecko; compatible; Amazonbot/0.1; +https://developer.amazon.com/support/amazonbot) Chrome/119.0.6045.214 Safari/537.36"
136.243.228.182 - - [01/Jul/2025:11:01:17 -0400] "GET /zxioh173/020ii-5713/ HTTP/1.1" 404 1251 "-" "Mozilla/5.0 (compatible; DataForSeoBot/1.0; +https://dataforseo.com/dataforseo-bot)"
136.243.228.182 - - [01/Jul/2025:11:01:25 -0400] "GET /dtezg74/jyzoc-4245/ HTTP/1.1" 404 1251 "-" "Mozilla/5.0 (compatible; DataForSeoBot/1.0; +https://dataforseo.com/dataforseo-bot)"
136.243.228.182 - - [01/Jul/2025:11:01:29 -0400] "GET /yjzna186/7nmtq-29254/ HTTP/1.1" 404 1251 "-" "Mozilla/5.0 (compatible; DataForSeoBot/1.0; +https://dataforseo.com/dataforseo-bot)"
114.119.146.29 - - [01/Jul/2025:11:01:36 -0400] "GET /wp-admin/css/colors/ectoplasm/colors-rtl.css HTTP/1.1" 200 3349 "http://www.evolveplace.com/wp-admin/css/colors/ectoplasm/" "Mozilla/5.0 (Linux; Android 7.0;) AppleWebKit/537.36 (KHTML, like Gecko) Mobile Safari/537.36 (compatible; PetalBot;+https://webmaster.petalsearch.com/site/petalbot)"
35.171.141.42 - - [01/Jul/2025:11:01:41 -0400] "GET /function/function.php?filesrc=//proc/thread-self/root/lib64/python3.6/concurrent/futures/thread.py&path=//proc/thread-self/root/lib64/python3.6/concurrent/futures HTTP/1.1" 200 3374 "-" "Mozilla/5.0 AppleWebKit/537.36 (KHTML, like Gecko; compatible; Amazonbot/0.1; +https://developer.amazon.com/support/amazonbot) Chrome/119.0.6045.214 Safari/537.36"
136.243.228.182 - - [01/Jul/2025:11:01:41 -0400] "GET /rvwnd216/i21ip-39165/ HTTP/1.1" 404 1251 "-" "Mozilla/5.0 (compatible; DataForSeoBot/1.0; +https://dataforseo.com/dataforseo-bot)"
216.73.216.97 - - [01/Jul/2025:11:01:47 -0400] "GET /NEW/wp-includes/sodium_compat HTTP/1.1" 301 795 "-" "Mozilla/5.0 AppleWebKit/537.36 (KHTML, like Gecko; compatible; ClaudeBot/1.0; +claudebot@anthropic.com)"
136.243.228.182 - - [01/Jul/2025:11:01:53 -0400] "GET /jqemk236/l41m7-10362/ HTTP/1.1" 404 1251 "-" "Mozilla/5.0 (compatible; DataForSeoBot/1.0; +https://dataforseo.com/dataforseo-bot)"
136.243.228.182 - - [01/Jul/2025:11:02:01 -0400] "GET /useev87/gb2at-43017/ HTTP/1.1" 404 1251 "-" "Mozilla/5.0 (compatible; DataForSeoBot/1.0; +https://dataforseo.com/dataforseo-bot)"
3.220.148.166 - - [01/Jul/2025:11:02:05 -0400] "GET /function/function.php?filesrc=//lib/node_modules/npm/man/man8/ipmimonitoring.8.gz&path=//lib/node_modules/npm/man/man8 HTTP/1.1" 200 1237 "-" "Mozilla/5.0 AppleWebKit/537.36 (KHTML, like Gecko; compatible; Amazonbot/0.1; +https://developer.amazon.com/support/amazonbot) Chrome/119.0.6045.214 Safari/537.36"
52.0.41.164 - - [01/Jul/2025:11:02:17 -0400] "GET /function/function.php?filesrc=//proc/thread-self/root/lib/firmware/cirrus/cs35l41-dsp1-spk-prot-10431da2.wmfw&path=//proc/thread-self/root/lib/firmware/cirrus HTTP/1.1" 200 1264 "-" "Mozilla/5.0 AppleWebKit/537.36 (KHTML, like Gecko; compatible; Amazonbot/0.1; +https://developer.amazon.com/support/amazonbot) Chrome/119.0.6045.214 Safari/537.36"
136.243.228.182 - - [01/Jul/2025:11:02:22 -0400] "GET /opzcc229/mu41r-15455/ HTTP/1.1" 404 1251 "-" "Mozilla/5.0 (compatible; DataForSeoBot/1.0; +https://dataforseo.com/dataforseo-bot)"
52.0.41.164 - - [01/Jul/2025:11:02:25 -0400] "GET /function/function.php?filesrc=//home/evoljabq/www/wp-admin/css/media-rtl.css&path=//home/evoljabq/www/wp-admin/css HTTP/1.1" 200 7421 "-" "Mozilla/5.0 AppleWebKit/537.36 (KHTML, like Gecko; compatible; Amazonbot/0.1; +https://developer.amazon.com/support/amazonbot) Chrome/119.0.6045.214 Safari/537.36"
136.243.228.182 - - [01/Jul/2025:11:02:25 -0400] "GET /kupay288/z7ww6-23432/ HTTP/1.1" 404 1251 "-" "Mozilla/5.0 (compatible; DataForSeoBot/1.0; +https://dataforseo.com/dataforseo-bot)"
57.141.2.13 - - [01/Jul/2025:11:02:13 -0400] "GET /hcudfippx-512953/dvesro-etcnuf-zpqp-dpcrh-ifxoo/ HTTP/1.1" 404 1251 "-" "meta-externalagent/1.1 (+https://developers.facebook.com/docs/sharing/webmasters/crawler)"
136.243.228.182 - - [01/Jul/2025:11:02:13 -0400] "GET /djogl289/4xzrx-47387/ HTTP/1.1" 404 1251 "-" "Mozilla/5.0 (compatible; DataForSeoBot/1.0; +https://dataforseo.com/dataforseo-bot)"
136.243.228.182 - - [01/Jul/2025:11:02:17 -0400] "GET /cunsb265/ek0hh-17113/ HTTP/1.1" 404 1251 "-" "Mozilla/5.0 (compatible; DataForSeoBot/1.0; +https://dataforseo.com/dataforseo-bot)"
23.21.175.228 - - [01/Jul/2025:11:02:33 -0400] "GET /function/function.php?filesrc=//opt/alt/ruby30/include/ruby/config.h&path=//opt/alt/ruby30/include/ruby HTTP/1.1" 200 1757 "-" "Mozilla/5.0 AppleWebKit/537.36 (KHTML, like Gecko; compatible; Amazonbot/0.1; +https://developer.amazon.com/support/amazonbot) Chrome/119.0.6045.214 Safari/537.36"
136.243.228.182 - - [01/Jul/2025:11:02:37 -0400] "GET /lkbmc51/swmu3-47452/ HTTP/1.1" 404 1251 "-" "Mozilla/5.0 (compatible; DataForSeoBot/1.0; +https://dataforseo.com/dataforseo-bot)"
136.243.228.182 - - [01/Jul/2025:11:02:41 -0400] "GET /xygmi124/h52o3-45824/ HTTP/1.1" 404 1251 "-" "Mozilla/5.0 (compatible; DataForSeoBot/1.0; +https://dataforseo.com/dataforseo-bot)"
216.73.216.97 - - [01/Jul/2025:11:02:44 -0400] "GET /wp-includes/css/media-views.min.css HTTP/1.1" 200 7882 "-" "Mozilla/5.0 AppleWebKit/537.36 (KHTML, like Gecko; compatible; ClaudeBot/1.0; +claudebot@anthropic.com)"
136.243.228.182 - - [01/Jul/2025:11:02:49 -0400] "GET /jkhfw35/u0ji2-29763/ HTTP/1.1" 404 1251 "-" "Mozilla/5.0 (compatible; DataForSeoBot/1.0; +https://dataforseo.com/dataforseo-bot)"
