136.243.228.182 - - [01/Jul/2025:08:28:15 -0400] "GET /vqizv19/ujlxd-48860/ HTTP/1.1" 404 1251 "-" "Mozilla/5.0 (compatible; DataForSeoBot/1.0; +https://dataforseo.com/dataforseo-bot)"
216.73.216.97 - - [01/Jul/2025:08:28:16 -0400] "GET /wp-admin/images/media-button.png HTTP/1.1" 200 323 "-" "Mozilla/5.0 AppleWebKit/537.36 (KHTML, like Gecko; compatible; ClaudeBot/1.0; +claudebot@anthropic.com)"
34.194.233.48 - - [01/Jul/2025:08:28:21 -0400] "GET /function/function.php?path=//opt/alt/alt-nodejs12/root/lib/node_modules/npm/man/man9 HTTP/1.1" 200 1309 "-" "Mozilla/5.0 AppleWebKit/537.36 (KHTML, like Gecko; compatible; Amazonbot/0.1; +https://developer.amazon.com/support/amazonbot) Chrome/119.0.6045.214 Safari/537.36"
136.243.228.182 - - [01/Jul/2025:08:28:24 -0400] "GET /zggeu93/4c84k-19474/ HTTP/1.1" 404 1251 "-" "Mozilla/5.0 (compatible; DataForSeoBot/1.0; +https://dataforseo.com/dataforseo-bot)"
51.68.111.212 - - [01/Jul/2025:08:28:25 -0400] "GET /robots.txt HTTP/1.1" 200 116 "-" "Mozilla/5.0 (compatible; MJ12bot/v2.0.2; http://mj12bot.com/)"
51.68.111.212 - - [01/Jul/2025:08:28:26 -0400] "GET / HTTP/1.1" 200 1495 "-" "Mozilla/5.0 (compatible; MJ12bot/v2.0.2; http://mj12bot.com/)"
136.243.228.182 - - [01/Jul/2025:08:28:27 -0400] "GET /gzgcm153/gsdzr-25905/ HTTP/1.1" 404 1251 "-" "Mozilla/5.0 (compatible; DataForSeoBot/1.0; +https://dataforseo.com/dataforseo-bot)"
57.141.2.4 - - [01/Jul/2025:08:28:28 -0400] "GET /hcudf-ippxdvesro-344057/etcnuf-zpqpdp-crhif-xooi-iacwavssy/ HTTP/1.1" 404 1251 "-" "meta-externalagent/1.1 (+https://developers.facebook.com/docs/sharing/webmasters/crawler)"
54.156.55.147 - - [01/Jul/2025:08:28:42 -0400] "GET /function/function.php?filesrc=//proc/thread-self/root/lib/firmware/ath11k/IPQ6018/hw1.0/q6_fw.b07&path=//proc/thread-self/root/lib/firmware/ath11k/IPQ6018/hw1.0 HTTP/1.1" 200 1276 "-" "Mozilla/5.0 AppleWebKit/537.36 (KHTML, like Gecko; compatible; Amazonbot/0.1; +https://developer.amazon.com/support/amazonbot) Chrome/119.0.6045.214 Safari/537.36"
18.214.186.220 - - [01/Jul/2025:08:28:45 -0400] "GET /function/function.php?filesrc=//opt/alt/python37/lib/python3.7/site-packages/babel/locale-data/mr.dat&path=//opt/alt/python37/lib/python3.7/site-packages/babel/locale-data HTTP/1.1" 200 1275 "-" "Mozilla/5.0 AppleWebKit/537.36 (KHTML, like Gecko; compatible; Amazonbot/0.1; +https://developer.amazon.com/support/amazonbot) Chrome/119.0.6045.214 Safari/537.36"
136.243.228.182 - - [01/Jul/2025:08:28:47 -0400] "GET /iexze35/5qfuw-4502/ HTTP/1.1" 404 1251 "-" "Mozilla/5.0 (compatible; DataForSeoBot/1.0; +https://dataforseo.com/dataforseo-bot)"
51.68.111.212 - - [01/Jul/2025:08:28:26 -0400] "GET / HTTP/1.1" 200 1497 "-" "Mozilla/5.0 (compatible; MJ12bot/v2.0.2; http://mj12bot.com/)"
52.3.102.51 - - [01/Jul/2025:08:28:30 -0400] "GET /function/function.php?path=//opt/alt/alt-nodejs18/root/lib/node_modules/npm/node_modules.bundled/libnpmpack HTTP/1.1" 200 2788 "-" "Mozilla/5.0 AppleWebKit/537.36 (KHTML, like Gecko; compatible; Amazonbot/0.1; +https://developer.amazon.com/support/amazonbot) Chrome/119.0.6045.214 Safari/537.36"
136.243.228.182 - - [01/Jul/2025:08:28:31 -0400] "GET /kajex149/23tn1-44612/ HTTP/1.1" 404 1251 "-" "Mozilla/5.0 (compatible; DataForSeoBot/1.0; +https://dataforseo.com/dataforseo-bot)"
100.29.164.178 - - [01/Jul/2025:08:28:33 -0400] "GET /function/function.php?path=//opt/alt/alt-nodejs11/root/lib/node_modules/npm/node_modules.bundled/duplexer3 HTTP/1.1" 200 2598 "-" "Mozilla/5.0 AppleWebKit/537.36 (KHTML, like Gecko; compatible; Amazonbot/0.1; +https://developer.amazon.com/support/amazonbot) Chrome/119.0.6045.214 Safari/537.36"
136.243.228.182 - - [01/Jul/2025:08:28:35 -0400] "GET /ramkb17/g2dmw-9907/ HTTP/1.1" 404 1251 "-" "Mozilla/5.0 (compatible; DataForSeoBot/1.0; +https://dataforseo.com/dataforseo-bot)"
54.152.163.42 - - [01/Jul/2025:08:28:38 -0400] "GET /function/function.php?filesrc=//opt/alt/ruby33/share/ruby/uri/rfc3986_parser.rb&path=//opt/alt/ruby33/share/ruby/uri HTTP/1.1" 200 2975 "-" "Mozilla/5.0 AppleWebKit/537.36 (KHTML, like Gecko; compatible; Amazonbot/0.1; +https://developer.amazon.com/support/amazonbot) Chrome/119.0.6045.214 Safari/537.36"
136.243.228.182 - - [01/Jul/2025:08:28:40 -0400] "GET /axnqy26/mbegs-16370/ HTTP/1.1" 404 1251 "-" "Mozilla/5.0 (compatible; DataForSeoBot/1.0; +https://dataforseo.com/dataforseo-bot)"
114.119.140.122 - - [01/Jul/2025:08:28:40 -0400] "GET /function/function.php?path=/home/evoljabq/lscache/6/9/2 HTTP/1.1" 200 2376 "http://www.evolveplace.com/function/function.php?path=/home/evoljabq/lscache/6/9" "Mozilla/5.0 (Linux; Android 7.0;) AppleWebKit/537.36 (KHTML, like Gecko) Mobile Safari/537.36 (compatible; PetalBot;+https://webmaster.petalsearch.com/site/petalbot)"
136.243.228.182 - - [01/Jul/2025:08:28:43 -0400] "GET /aaznr10/2fjpy-42171/ HTTP/1.1" 404 1251 "-" "Mozilla/5.0 (compatible; DataForSeoBot/1.0; +https://dataforseo.com/dataforseo-bot)"
18.215.112.101 - - [01/Jul/2025:08:28:53 -0400] "GET /function/function.php?path=//opt/alt/alt-nodejs11/root/lib/node_modules/npm/node_modules.bundled/imurmurhash HTTP/1.1" 200 2604 "-" "Mozilla/5.0 AppleWebKit/537.36 (KHTML, like Gecko; compatible; Amazonbot/0.1; +https://developer.amazon.com/support/amazonbot) Chrome/119.0.6045.214 Safari/537.36"
136.243.228.182 - - [01/Jul/2025:08:28:55 -0400] "GET /kpybe189/ty2rn-45615/ HTTP/1.1" 404 1251 "-" "Mozilla/5.0 (compatible; DataForSeoBot/1.0; +https://dataforseo.com/dataforseo-bot)"
136.243.228.182 - - [01/Jul/2025:08:29:04 -0400] "GET /bmklm146/y2yup-1259/ HTTP/1.1" 404 1251 "-" "Mozilla/5.0 (compatible; DataForSeoBot/1.0; +https://dataforseo.com/dataforseo-bot)"
3.231.193.38 - - [01/Jul/2025:08:29:05 -0400] "GET /function/function.php?filesrc=//proc/thread-self/root/lib64/python2.7/Demo/tkinter/guido/ManPage.py&path=//proc/thread-self/root/lib64/python2.7/Demo/tkinter/guido HTTP/1.1" 200 3777 "-" "Mozilla/5.0 AppleWebKit/537.36 (KHTML, like Gecko; compatible; Amazonbot/0.1; +https://developer.amazon.com/support/amazonbot) Chrome/119.0.6045.214 Safari/537.36"
136.243.228.182 - - [01/Jul/2025:08:29:07 -0400] "GET /pmuxs211/qpdbg-36293/ HTTP/1.1" 404 1251 "-" "Mozilla/5.0 (compatible; DataForSeoBot/1.0; +https://dataforseo.com/dataforseo-bot)"
57.141.2.20 - - [01/Jul/2025:08:29:09 -0400] "GET /hcudfip-222949/pxdvesroe-tcnufzpqpdp-crhifx-ooiiac-wavssyapuke/ HTTP/1.1" 404 1251 "-" "meta-externalagent/1.1 (+https://developers.facebook.com/docs/sharing/webmasters/crawler)"
52.45.194.165 - - [01/Jul/2025:08:28:49 -0400] "GET /function/function.php?filesrc=//proc/thread-self/root/lib64/python2.7/lib-tk/test/test_tkinter/test_images.py&path=//proc/thread-self/root/lib64/python2.7/lib-tk/test/test_tkinter HTTP/1.1" 200 3585 "-" "Mozilla/5.0 AppleWebKit/537.36 (KHTML, like Gecko; compatible; Amazonbot/0.1; +https://developer.amazon.com/support/amazonbot) Chrome/119.0.6045.214 Safari/537.36"
136.243.228.182 - - [01/Jul/2025:08:28:51 -0400] "GET /dpwzh291/9rreq-45181/ HTTP/1.1" 404 1251 "-" "Mozilla/5.0 (compatible; DataForSeoBot/1.0; +https://dataforseo.com/dataforseo-bot)"
57.141.2.14 - - [01/Jul/2025:08:28:52 -0400] "GET /pslbg-pkvfxskxhp-121287/cqpodn-tkzhrk-fujoy/ HTTP/1.1" 404 1251 "-" "meta-externalagent/1.1 (+https://developers.facebook.com/docs/sharing/webmasters/crawler)"
136.243.228.182 - - [01/Jul/2025:08:29:00 -0400] "GET /zzqbz102/mr6hk-39689/ HTTP/1.1" 404 1251 "-" "Mozilla/5.0 (compatible; DataForSeoBot/1.0; +https://dataforseo.com/dataforseo-bot)"
136.243.228.182 - - [01/Jul/2025:08:29:11 -0400] "GET /wthca13/zfcqz-32871/ HTTP/1.1" 404 1251 "-" "Mozilla/5.0 (compatible; DataForSeoBot/1.0; +https://dataforseo.com/dataforseo-bot)"
170.205.30.123 - - [01/Jul/2025:08:29:11 -0400] "GET /admin.php?520 HTTP/1.1" 404 1251 "-" "Mozlila/5.0 (Linux; Android 7.0; SM-G892A Bulid/NRD90M; wv) AppleWebKit/537.36 (KHTML, like Gecko) Version/4.0 Chrome/60.0.3112.107 Moblie Safari/537.36"
136.243.228.182 - - [01/Jul/2025:08:29:15 -0400] "GET /sfvin84/denpc-34787/ HTTP/1.1" 404 1251 "-" "Mozilla/5.0 (compatible; DataForSeoBot/1.0; +https://dataforseo.com/dataforseo-bot)"
170.205.30.123 - - [01/Jul/2025:08:29:16 -0400] "GET /about.php?520 HTTP/1.1" 404 1251 "-" "Mozlila/5.0 (Linux; Android 7.0; SM-G892A Bulid/NRD90M; wv) AppleWebKit/537.36 (KHTML, like Gecko) Version/4.0 Chrome/60.0.3112.107 Moblie Safari/537.36"
170.205.30.123 - - [01/Jul/2025:08:29:19 -0400] "GET /ss.php?f_c=1 HTTP/1.1" 404 1251 "-" "Mozlila/5.0 (Linux; Android 7.0; SM-G892A Bulid/NRD90M; wv) AppleWebKit/537.36 (KHTML, like Gecko) Version/4.0 Chrome/60.0.3112.107 Moblie Safari/537.36"
136.243.228.182 - - [01/Jul/2025:08:29:24 -0400] "GET /iximt39/htqut-1921/ HTTP/1.1" 404 1251 "-" "Mozilla/5.0 (compatible; DataForSeoBot/1.0; +https://dataforseo.com/dataforseo-bot)"
170.205.30.123 - - [01/Jul/2025:08:29:24 -0400] "GET /style.php HTTP/1.1" 404 1251 "-" "Mozlila/5.0 (Linux; Android 7.0; SM-G892A Bulid/NRD90M; wv) AppleWebKit/537.36 (KHTML, like Gecko) Version/4.0 Chrome/60.0.3112.107 Moblie Safari/537.36"
170.205.30.123 - - [01/Jul/2025:08:29:26 -0400] "GET /gdftps.php HTTP/1.1" 404 1251 "-" "Mozlila/5.0 (Linux; Android 7.0; SM-G892A Bulid/NRD90M; wv) AppleWebKit/537.36 (KHTML, like Gecko) Version/4.0 Chrome/60.0.3112.107 Moblie Safari/537.36"
136.243.228.182 - - [01/Jul/2025:08:29:27 -0400] "GET /yycbw48/rx85d-11233/ HTTP/1.1" 404 1251 "-" "Mozilla/5.0 (compatible; DataForSeoBot/1.0; +https://dataforseo.com/dataforseo-bot)"
23.21.228.180 - - [01/Jul/2025:08:29:30 -0400] "GET /function/function.php?path=//opt/alt/alt-nodejs19/root/lib/node_modules/npm/man/man9 HTTP/1.1" 200 1309 "-" "Mozilla/5.0 AppleWebKit/537.36 (KHTML, like Gecko; compatible; Amazonbot/0.1; +https://developer.amazon.com/support/amazonbot) Chrome/119.0.6045.214 Safari/537.36"
136.243.228.182 - - [01/Jul/2025:08:29:35 -0400] "GET /ckrqx185/4cl5i-24551/ HTTP/1.1" 404 1251 "-" "Mozilla/5.0 (compatible; DataForSeoBot/1.0; +https://dataforseo.com/dataforseo-bot)"
136.243.228.182 - - [01/Jul/2025:08:29:43 -0400] "GET /gglvb86/vssib-27338/ HTTP/1.1" 404 1251 "-" "Mozilla/5.0 (compatible; DataForSeoBot/1.0; +https://dataforseo.com/dataforseo-bot)"
136.243.228.182 - - [01/Jul/2025:08:29:48 -0400] "GET /peknx76/w7nzk-30933/ HTTP/1.1" 404 1251 "-" "Mozilla/5.0 (compatible; DataForSeoBot/1.0; +https://dataforseo.com/dataforseo-bot)"
98.84.200.43 - - [01/Jul/2025:08:29:09 -0400] "GET /function/function.php?filesrc=//opt/alt/python37/lib/python3.7/site-packages/babel/locale-data/khq.dat&path=//opt/alt/python37/lib/python3.7/site-packages/babel/locale-data HTTP/1.1" 200 1278 "-" "Mozilla/5.0 AppleWebKit/537.36 (KHTML, like Gecko; compatible; Amazonbot/0.1; +https://developer.amazon.com/support/amazonbot) Chrome/119.0.6045.214 Safari/537.36"
34.231.156.59 - - [01/Jul/2025:08:29:14 -0400] "GET /function/function.php?filesrc=//opt/alt/python37/lib/python3.7/site-packages/babel/locale-data/ml_IN.dat&path=//opt/alt/python37/lib/python3.7/site-packages/babel/locale-data HTTP/1.1" 200 1282 "-" "Mozilla/5.0 AppleWebKit/537.36 (KHTML, like Gecko; compatible; Amazonbot/0.1; +https://developer.amazon.com/support/amazonbot) Chrome/119.0.6045.214 Safari/537.36"
136.243.228.182 - - [01/Jul/2025:08:29:19 -0400] "GET /ogqpv231/b187b-2369/ HTTP/1.1" 404 1251 "-" "Mozilla/5.0 (compatible; DataForSeoBot/1.0; +https://dataforseo.com/dataforseo-bot)"
52.4.229.9 - - [01/Jul/2025:08:29:21 -0400] "GET /function/function.php?path=//proc/thread-self/root/opt/alt/alt-nodejs6/root/var/adm HTTP/1.1" 200 1304 "-" "Mozilla/5.0 AppleWebKit/537.36 (KHTML, like Gecko; compatible; Amazonbot/0.1; +https://developer.amazon.com/support/amazonbot) Chrome/119.0.6045.214 Safari/537.36"
44.223.116.149 - - [01/Jul/2025:08:29:26 -0400] "GET /function/function.php?filesrc=//proc/thread-self/root/lib/firmware/nvidia/tegra210/xusb.bin&path=//proc/thread-self/root/lib/firmware/nvidia/tegra210 HTTP/1.1" 200 1262 "-" "Mozilla/5.0 AppleWebKit/537.36 (KHTML, like Gecko; compatible; Amazonbot/0.1; +https://developer.amazon.com/support/amazonbot) Chrome/119.0.6045.214 Safari/537.36"
136.243.228.182 - - [01/Jul/2025:08:29:31 -0400] "GET /akiig237/i9e5n-3088/ HTTP/1.1" 404 1251 "-" "Mozilla/5.0 (compatible; DataForSeoBot/1.0; +https://dataforseo.com/dataforseo-bot)"
136.243.228.182 - - [01/Jul/2025:08:29:40 -0400] "GET /dswok245/vkgmo-15567/ HTTP/1.1" 404 1251 "-" "Mozilla/5.0 (compatible; DataForSeoBot/1.0; +https://dataforseo.com/dataforseo-bot)"
52.2.83.227 - - [01/Jul/2025:08:29:45 -0400] "GET /function/function.php?path=//opt/alt/alt-nodejs12/root/lib/node_modules/npm/node_modules/isstream HTTP/1.1" 200 2779 "-" "Mozilla/5.0 AppleWebKit/537.36 (KHTML, like Gecko; compatible; Amazonbot/0.1; +https://developer.amazon.com/support/amazonbot) Chrome/119.0.6045.214 Safari/537.36"
57.141.2.19 - - [01/Jul/2025:08:29:48 -0400] "GET /eivuzyasvcp-oiihvbsp-353372/fihu-tgyoutkns-tnufvhydpi/ HTTP/1.1" 404 1251 "-" "meta-externalagent/1.1 (+https://developers.facebook.com/docs/sharing/webmasters/crawler)"
54.80.73.122 - - [01/Jul/2025:08:29:57 -0400] "GET /function/function.php?path=//proc/thread-self/root/opt/alt/alt-nodejs8/root/etc/pm HTTP/1.1" 403 1242 "-" "Mozilla/5.0 AppleWebKit/537.36 (KHTML, like Gecko; compatible; Amazonbot/0.1; +https://developer.amazon.com/support/amazonbot) Chrome/119.0.6045.214 Safari/537.36"
54.152.163.42 - - [01/Jul/2025:08:30:01 -0400] "GET /function/function.php?filesrc=//opt/alt/python37/lib/python3.7/site-packages/babel/locale-data/to.dat&path=//opt/alt/python37/lib/python3.7/site-packages/babel/locale-data HTTP/1.1" 200 1276 "-" "Mozilla/5.0 AppleWebKit/537.36 (KHTML, like Gecko; compatible; Amazonbot/0.1; +https://developer.amazon.com/support/amazonbot) Chrome/119.0.6045.214 Safari/537.36"
114.119.160.138 - - [01/Jul/2025:08:30:03 -0400] "GET /function/function.php?path=/home/evoljabq/lscache/6/8/8 HTTP/1.1" 200 1263 "http://www.evolveplace.com/function/function.php?path=/home/evoljabq/lscache/6/8" "Mozilla/5.0 (Linux; Android 7.0;) AppleWebKit/537.36 (KHTML, like Gecko) Mobile Safari/537.36 (compatible; PetalBot;+https://webmaster.petalsearch.com/site/petalbot)"
136.243.228.182 - - [01/Jul/2025:08:30:07 -0400] "GET /tdvft135/0ts0x-18769/ HTTP/1.1" 404 1251 "-" "Mozilla/5.0 (compatible; DataForSeoBot/1.0; +https://dataforseo.com/dataforseo-bot)"
34.196.237.236 - - [01/Jul/2025:08:29:49 -0400] "GET /function/function.php?filesrc=//opt/alt/python37/lib/python3.7/site-packages/babel/locale-data/jgo_CM.dat&path=//opt/alt/python37/lib/python3.7/site-packages/babel/locale-data HTTP/1.1" 200 1284 "-" "Mozilla/5.0 AppleWebKit/537.36 (KHTML, like Gecko; compatible; Amazonbot/0.1; +https://developer.amazon.com/support/amazonbot) Chrome/119.0.6045.214 Safari/537.36"
136.243.228.182 - - [01/Jul/2025:08:29:51 -0400] "GET /xoqrj37/u2fbr-9626/ HTTP/1.1" 404 1251 "-" "Mozilla/5.0 (compatible; DataForSeoBot/1.0; +https://dataforseo.com/dataforseo-bot)"
136.243.228.182 - - [01/Jul/2025:08:29:55 -0400] "GET /opabf293/e0kuz-15594/ HTTP/1.1" 404 1251 "-" "Mozilla/5.0 (compatible; DataForSeoBot/1.0; +https://dataforseo.com/dataforseo-bot)"
136.243.228.182 - - [01/Jul/2025:08:29:59 -0400] "GET /sawwe34/3ecuh-1493/ HTTP/1.1" 404 1251 "-" "Mozilla/5.0 (compatible; DataForSeoBot/1.0; +https://dataforseo.com/dataforseo-bot)"
136.243.228.182 - - [01/Jul/2025:08:30:03 -0400] "GET /qgmtf67/i484v-39854/ HTTP/1.1" 404 1251 "-" "Mozilla/5.0 (compatible; DataForSeoBot/1.0; +https://dataforseo.com/dataforseo-bot)"
136.243.228.182 - - [01/Jul/2025:08:30:11 -0400] "GET /aremp182/nbflh-22581/ HTTP/1.1" 404 1251 "-" "Mozilla/5.0 (compatible; DataForSeoBot/1.0; +https://dataforseo.com/dataforseo-bot)"
136.243.228.182 - - [01/Jul/2025:08:30:20 -0400] "GET /igpbu71/v02a2-481/ HTTP/1.1" 404 1251 "-" "Mozilla/5.0 (compatible; DataForSeoBot/1.0; +https://dataforseo.com/dataforseo-bot)"
18.211.148.239 - - [01/Jul/2025:08:30:22 -0400] "GET /function/function.php?filesrc=//proc/thread-self/root/lib/firmware/radeon/OLAND_me.bin&path=//proc/thread-self/root/lib/firmware/radeon HTTP/1.1" 200 1250 "-" "Mozilla/5.0 AppleWebKit/537.36 (KHTML, like Gecko; compatible; Amazonbot/0.1; +https://developer.amazon.com/support/amazonbot) Chrome/119.0.6045.214 Safari/537.36"
136.243.228.182 - - [01/Jul/2025:08:30:36 -0400] "GET /tkyxi96/j627f-4246/ HTTP/1.1" 404 1251 "-" "Mozilla/5.0 (compatible; DataForSeoBot/1.0; +https://dataforseo.com/dataforseo-bot)"
184.73.167.217 - - [01/Jul/2025:08:30:37 -0400] "GET /function/function.php?filesrc=//usr/lib/firmware/cirrus/cs35l41-dsp1-spk-prot-10431da2.wmfw&path=//usr/lib/firmware/cirrus HTTP/1.1" 200 1238 "-" "Mozilla/5.0 AppleWebKit/537.36 (KHTML, like Gecko; compatible; Amazonbot/0.1; +https://developer.amazon.com/support/amazonbot) Chrome/119.0.6045.214 Safari/537.36"
136.243.228.182 - - [01/Jul/2025:08:30:47 -0400] "GET /ppfkx214/ygl0t-18368/ HTTP/1.1" 404 1251 "-" "Mozilla/5.0 (compatible; DataForSeoBot/1.0; +https://dataforseo.com/dataforseo-bot)"
136.243.228.182 - - [01/Jul/2025:08:30:55 -0400] "GET /ztaok217/0vdd4-35405/ HTTP/1.1" 404 1251 "-" "Mozilla/5.0 (compatible; DataForSeoBot/1.0; +https://dataforseo.com/dataforseo-bot)"
57.141.2.26 - - [01/Jul/2025:08:30:56 -0400] "GET /tafzcanno-853513/hdhbgg-mektjc-amef-uzoqn-fnrav/ HTTP/1.1" 404 1251 "-" "meta-externalagent/1.1 (+https://developers.facebook.com/docs/sharing/webmasters/crawler)"
136.243.228.182 - - [01/Jul/2025:08:31:11 -0400] "GET /uwkbj66/vicht-21139/ HTTP/1.1" 404 1251 "-" "Mozilla/5.0 (compatible; DataForSeoBot/1.0; +https://dataforseo.com/dataforseo-bot)"
136.243.228.182 - - [01/Jul/2025:08:31:15 -0400] "GET /xamuf159/xwc6r-32467/ HTTP/1.1" 404 1251 "-" "Mozilla/5.0 (compatible; DataForSeoBot/1.0; +https://dataforseo.com/dataforseo-bot)"
136.243.228.182 - - [01/Jul/2025:08:31:20 -0400] "GET /axkhv42/lxt57-4377/ HTTP/1.1" 404 1251 "-" "Mozilla/5.0 (compatible; DataForSeoBot/1.0; +https://dataforseo.com/dataforseo-bot)"
18.205.213.231 - - [01/Jul/2025:08:31:21 -0400] "GET /function/function.php?filesrc=//proc/thread-self/root/home/evoljabq/mail/new/1605308549.M478681P503567.server232.web-hosting.com,S%3D3576,W%3D3662&path=//proc/thread-self/root/home/evoljabq/mail/new HTTP/1.1" 200 2645 "-" "Mozilla/5.0 AppleWebKit/537.36 (KHTML, like Gecko; compatible; Amazonbot/0.1; +https://developer.amazon.com/support/amazonbot) Chrome/119.0.6045.214 Safari/537.36"
136.243.228.182 - - [01/Jul/2025:08:30:15 -0400] "GET /vwrjs94/541d4-41065/ HTTP/1.1" 404 1251 "-" "Mozilla/5.0 (compatible; DataForSeoBot/1.0; +https://dataforseo.com/dataforseo-bot)"
35.172.125.172 - - [01/Jul/2025:08:30:18 -0400] "GET /function/function.php?filesrc=//usr/include/linux/netconf.h&path=//usr/include/linux HTTP/1.1" 200 1513 "-" "Mozilla/5.0 AppleWebKit/537.36 (KHTML, like Gecko; compatible; Amazonbot/0.1; +https://developer.amazon.com/support/amazonbot) Chrome/119.0.6045.214 Safari/537.36"
136.243.228.182 - - [01/Jul/2025:08:30:23 -0400] "GET /zonfg141/90sq4-28408/ HTTP/1.1" 404 1251 "-" "Mozilla/5.0 (compatible; DataForSeoBot/1.0; +https://dataforseo.com/dataforseo-bot)"
23.21.119.232 - - [01/Jul/2025:08:30:26 -0400] "GET /function/function.php?filesrc=//proc/thread-self/root/lib/firmware/radeon/oland_me.bin&path=//proc/thread-self/root/lib/firmware/radeon HTTP/1.1" 200 1248 "-" "Mozilla/5.0 AppleWebKit/537.36 (KHTML, like Gecko; compatible; Amazonbot/0.1; +https://developer.amazon.com/support/amazonbot) Chrome/119.0.6045.214 Safari/537.36"
136.243.228.182 - - [01/Jul/2025:08:30:27 -0400] "GET /plueq15/wd9l3-1604/ HTTP/1.1" 404 1251 "-" "Mozilla/5.0 (compatible; DataForSeoBot/1.0; +https://dataforseo.com/dataforseo-bot)"
136.243.228.182 - - [01/Jul/2025:08:30:31 -0400] "GET /epndj258/mwl0j-4346/ HTTP/1.1" 404 1251 "-" "Mozilla/5.0 (compatible; DataForSeoBot/1.0; +https://dataforseo.com/dataforseo-bot)"
136.243.228.182 - - [01/Jul/2025:08:30:39 -0400] "GET /xrnox61/rvqx5-28705/ HTTP/1.1" 404 1251 "-" "Mozilla/5.0 (compatible; DataForSeoBot/1.0; +https://dataforseo.com/dataforseo-bot)"
52.73.6.26 - - [01/Jul/2025:08:30:42 -0400] "GET /function/function.php?filesrc=//home/evoljabq/public_html/wp-includes/blocks/error_log&path=//home/evoljabq/public_html/wp-includes/blocks HTTP/1.1" 200 1359 "-" "Mozilla/5.0 AppleWebKit/537.36 (KHTML, like Gecko; compatible; Amazonbot/0.1; +https://developer.amazon.com/support/amazonbot) Chrome/119.0.6045.214 Safari/537.36"
136.243.228.182 - - [01/Jul/2025:08:30:43 -0400] "GET /lsssa121/cp9yl-40616/ HTTP/1.1" 404 1251 "-" "Mozilla/5.0 (compatible; DataForSeoBot/1.0; +https://dataforseo.com/dataforseo-bot)"
136.243.228.182 - - [01/Jul/2025:08:30:51 -0400] "GET /rxckx31/uu9hg-41363/ HTTP/1.1" 404 1251 "-" "Mozilla/5.0 (compatible; DataForSeoBot/1.0; +https://dataforseo.com/dataforseo-bot)"
44.207.207.36 - - [01/Jul/2025:08:30:57 -0400] "GET /function/function.php?filesrc=//proc/thread-self/root/lib64/python2.7/encodings/gb2312.py&path=//proc/thread-self/root/lib64/python2.7/encodings HTTP/1.1" 200 1594 "-" "Mozilla/5.0 AppleWebKit/537.36 (KHTML, like Gecko; compatible; Amazonbot/0.1; +https://developer.amazon.com/support/amazonbot) Chrome/119.0.6045.214 Safari/537.36"
136.243.228.182 - - [01/Jul/2025:08:30:59 -0400] "GET /ksvbx53/92ge3-49721/ HTTP/1.1" 404 1251 "-" "Mozilla/5.0 (compatible; DataForSeoBot/1.0; +https://dataforseo.com/dataforseo-bot)"
136.243.228.182 - - [01/Jul/2025:08:31:03 -0400] "GET /fgcxj235/955na-23982/ HTTP/1.1" 404 1251 "-" "Mozilla/5.0 (compatible; DataForSeoBot/1.0; +https://dataforseo.com/dataforseo-bot)"
136.243.228.182 - - [01/Jul/2025:08:31:07 -0400] "GET /dtslc241/804ii-42813/ HTTP/1.1" 404 1251 "-" "Mozilla/5.0 (compatible; DataForSeoBot/1.0; +https://dataforseo.com/dataforseo-bot)"
57.141.2.27 - - [01/Jul/2025:08:31:10 -0400] "GET /eivuzyasvcp-oiihvbsp-495332/fihu-tgyoutkns-tnufvhydpi/ HTTP/1.1" 404 1251 "-" "meta-externalagent/1.1 (+https://developers.facebook.com/docs/sharing/webmasters/crawler)"
136.243.228.182 - - [01/Jul/2025:08:31:27 -0400] "GET /vajqx125/hdwt5-12609/ HTTP/1.1" 404 1251 "-" "Mozilla/5.0 (compatible; DataForSeoBot/1.0; +https://dataforseo.com/dataforseo-bot)"
136.243.228.182 - - [01/Jul/2025:08:31:31 -0400] "GET /wajgo132/q9a43-7668/ HTTP/1.1" 404 1251 "-" "Mozilla/5.0 (compatible; DataForSeoBot/1.0; +https://dataforseo.com/dataforseo-bot)"
136.243.228.182 - - [01/Jul/2025:08:31:23 -0400] "GET /wffbo1/w1ahn-45642/ HTTP/1.1" 404 1251 "-" "Mozilla/5.0 (compatible; DataForSeoBot/1.0; +https://dataforseo.com/dataforseo-bot)"
100.24.149.244 - - [01/Jul/2025:08:31:29 -0400] "GET /function/function.php?filesrc=//proc/thread-self/root/lib64/python2.7/whichdb.pyc&path=//proc/thread-self/root/lib64/python2.7 HTTP/1.1" 200 1238 "-" "Mozilla/5.0 AppleWebKit/537.36 (KHTML, like Gecko; compatible; Amazonbot/0.1; +https://developer.amazon.com/support/amazonbot) Chrome/119.0.6045.214 Safari/537.36"
54.156.55.147 - - [01/Jul/2025:08:31:37 -0400] "GET /function/function.php?filesrc=//opt/alt/tests/alt-php83-pecl-mongodb_1.18.1-1.el8/tests/bson-javascript-jsonserialize-003.phpt&path=//opt/alt/tests/alt-php83-pecl-mongodb_1.18.1-1.el8/tests HTTP/1.1" 200 1642 "-" "Mozilla/5.0 AppleWebKit/537.36 (KHTML, like Gecko; compatible; Amazonbot/0.1; +https://developer.amazon.com/support/amazonbot) Chrome/119.0.6045.214 Safari/537.36"
136.243.228.182 - - [01/Jul/2025:08:31:39 -0400] "GET /iosrw88/rlwck-15594/ HTTP/1.1" 404 1251 "-" "Mozilla/5.0 (compatible; DataForSeoBot/1.0; +https://dataforseo.com/dataforseo-bot)"
136.243.228.182 - - [01/Jul/2025:08:31:43 -0400] "GET /lsceh32/44p0y-561/ HTTP/1.1" 404 1251 "-" "Mozilla/5.0 (compatible; DataForSeoBot/1.0; +https://dataforseo.com/dataforseo-bot)"
136.243.228.182 - - [01/Jul/2025:08:31:51 -0400] "GET /bwumx252/cx5pi-40126/ HTTP/1.1" 404 1251 "-" "Mozilla/5.0 (compatible; DataForSeoBot/1.0; +https://dataforseo.com/dataforseo-bot)"
23.22.105.143 - - [01/Jul/2025:08:31:53 -0400] "GET /function/function.php?filesrc=//proc/thread-self/root/lib64/gconv/IBM1156.so&path=//proc/thread-self/root/lib64/gconv HTTP/1.1" 200 1235 "-" "Mozilla/5.0 AppleWebKit/537.36 (KHTML, like Gecko; compatible; Amazonbot/0.1; +https://developer.amazon.com/support/amazonbot) Chrome/119.0.6045.214 Safari/537.36"
136.243.228.182 - - [01/Jul/2025:08:31:55 -0400] "GET /kfdja111/vy2ga-46355/ HTTP/1.1" 404 1251 "-" "Mozilla/5.0 (compatible; DataForSeoBot/1.0; +https://dataforseo.com/dataforseo-bot)"
136.243.228.182 - - [01/Jul/2025:08:31:59 -0400] "GET /ubwzp223/5utrc-32145/ HTTP/1.1" 404 1251 "-" "Mozilla/5.0 (compatible; DataForSeoBot/1.0; +https://dataforseo.com/dataforseo-bot)"
3.209.174.110 - - [01/Jul/2025:08:32:01 -0400] "GET /function/function.php?filesrc=//opt/alt/openssl/share/man/man3/BN_rshift1.3ssl&path=//opt/alt/openssl/share/man/man3 HTTP/1.1" 200 3925 "-" "Mozilla/5.0 AppleWebKit/537.36 (KHTML, like Gecko; compatible; Amazonbot/0.1; +https://developer.amazon.com/support/amazonbot) Chrome/119.0.6045.214 Safari/537.36"
18.208.11.93 - - [01/Jul/2025:08:32:09 -0400] "GET /function/function.php?path=//opt/cpanel/ea-ruby27/root/lib64/gems/ruby HTTP/1.1" 200 1889 "-" "Mozilla/5.0 AppleWebKit/537.36 (KHTML, like Gecko; compatible; Amazonbot/0.1; +https://developer.amazon.com/support/amazonbot) Chrome/119.0.6045.214 Safari/537.36"
57.141.2.27 - - [01/Jul/2025:08:32:13 -0400] "GET /eivuzyas-vcpoii-490964/hvbs-pfihutg-youtknstn/ HTTP/1.1" 404 1251 "-" "meta-externalagent/1.1 (+https://developers.facebook.com/docs/sharing/webmasters/crawler)"
136.243.228.182 - - [01/Jul/2025:08:32:19 -0400] "GET /orjss142/t6mxp-47786/ HTTP/1.1" 404 1251 "-" "Mozilla/5.0 (compatible; DataForSeoBot/1.0; +https://dataforseo.com/dataforseo-bot)"
3.212.86.97 - - [01/Jul/2025:08:32:21 -0400] "GET /function/function.php?path=//var/softaculous/whmcs83/php71 HTTP/1.1" 200 2556 "-" "Mozilla/5.0 AppleWebKit/537.36 (KHTML, like Gecko; compatible; Amazonbot/0.1; +https://developer.amazon.com/support/amazonbot) Chrome/119.0.6045.214 Safari/537.36"
136.243.228.182 - - [01/Jul/2025:08:32:23 -0400] "GET /zecbu149/u2983-35012/ HTTP/1.1" 404 1251 "-" "Mozilla/5.0 (compatible; DataForSeoBot/1.0; +https://dataforseo.com/dataforseo-bot)"
114.119.140.122 - - [01/Jul/2025:08:31:33 -0400] "GET /function/function.php?path=/home/evoljabq/lscache/6/7/2 HTTP/1.1" 200 2378 "http://www.evolveplace.com/function/function.php?path=/home/evoljabq/lscache/6/7" "Mozilla/5.0 (Linux; Android 7.0;) AppleWebKit/537.36 (KHTML, like Gecko) Mobile Safari/537.36 (compatible; PetalBot;+https://webmaster.petalsearch.com/site/petalbot)"
136.243.228.182 - - [01/Jul/2025:08:31:35 -0400] "GET /atken263/74mqa-32499/ HTTP/1.1" 404 1251 "-" "Mozilla/5.0 (compatible; DataForSeoBot/1.0; +https://dataforseo.com/dataforseo-bot)"
57.141.2.11 - - [01/Jul/2025:08:31:47 -0400] "GET /hcudf-ippxdvesro-486017/etcnuf-zpqpdp-crhif-xooi-iacwavssy/ HTTP/1.1" 404 1251 "-" "meta-externalagent/1.1 (+https://developers.facebook.com/docs/sharing/webmasters/crawler)"
136.243.228.182 - - [01/Jul/2025:08:31:48 -0400] "GET /zejym252/8yajs-33212/ HTTP/1.1" 404 1251 "-" "Mozilla/5.0 (compatible; DataForSeoBot/1.0; +https://dataforseo.com/dataforseo-bot)"
136.243.228.182 - - [01/Jul/2025:08:32:03 -0400] "GET /yvygg122/nm5ph-9829/ HTTP/1.1" 404 1251 "-" "Mozilla/5.0 (compatible; DataForSeoBot/1.0; +https://dataforseo.com/dataforseo-bot)"
136.243.228.182 - - [01/Jul/2025:08:32:08 -0400] "GET /sdhes147/7vrn8-32617/ HTTP/1.1" 404 1251 "-" "Mozilla/5.0 (compatible; DataForSeoBot/1.0; +https://dataforseo.com/dataforseo-bot)"
136.243.228.182 - - [01/Jul/2025:08:32:11 -0400] "GET /wduzw299/nunv0-35679/ HTTP/1.1" 404 1251 "-" "Mozilla/5.0 (compatible; DataForSeoBot/1.0; +https://dataforseo.com/dataforseo-bot)"
57.141.2.4 - - [01/Jul/2025:08:32:15 -0400] "GET /hcudf-ippxdvesro-333137/etcnuf-zpqpdp-crhif-xooi-iacwavssy/ HTTP/1.1" 404 1251 "-" "meta-externalagent/1.1 (+https://developers.facebook.com/docs/sharing/webmasters/crawler)"
136.243.228.182 - - [01/Jul/2025:08:32:15 -0400] "GET /uljwt77/vivf5-21477/ HTTP/1.1" 404 1251 "-" "Mozilla/5.0 (compatible; DataForSeoBot/1.0; +https://dataforseo.com/dataforseo-bot)"
57.141.2.20 - - [01/Jul/2025:08:32:22 -0400] "GET /pslbg-92167/pkvfxskxhp-cqpodn-tkzhrk-fujoy-urqw/ HTTP/1.1" 404 1251 "-" "meta-externalagent/1.1 (+https://developers.facebook.com/docs/sharing/webmasters/crawler)"
136.243.228.182 - - [01/Jul/2025:08:32:28 -0400] "GET /ftlfp2/204s3-28897/ HTTP/1.1" 404 1251 "-" "Mozilla/5.0 (compatible; DataForSeoBot/1.0; +https://dataforseo.com/dataforseo-bot)"
136.243.228.182 - - [01/Jul/2025:08:32:47 -0400] "GET /grgmc250/de9no-44254/ HTTP/1.1" 404 1251 "-" "Mozilla/5.0 (compatible; DataForSeoBot/1.0; +https://dataforseo.com/dataforseo-bot)"
216.73.216.97 - - [01/Jul/2025:08:32:48 -0400] "GET /wp-admin/images/menu.png HTTP/1.1" 200 5039 "-" "Mozilla/5.0 AppleWebKit/537.36 (KHTML, like Gecko; compatible; ClaudeBot/1.0; +claudebot@anthropic.com)"
34.227.156.153 - - [01/Jul/2025:08:32:49 -0400] "GET /function/function.php?path=//proc/thread-self/root/var/lib/mysql/aracqiiz_wp847 HTTP/1.1" 200 1294 "-" "Mozilla/5.0 AppleWebKit/537.36 (KHTML, like Gecko; compatible; Amazonbot/0.1; +https://developer.amazon.com/support/amazonbot) Chrome/119.0.6045.214 Safari/537.36"
114.119.129.128 - - [01/Jul/2025:08:32:49 -0400] "GET /function/function.php?path=/home/evoljabq/lscache/6/6/6 HTTP/1.1" 200 2367 "http://www.evolveplace.com/function/function.php?path=/home/evoljabq/lscache/6/6" "Mozilla/5.0 (Linux; Android 7.0;) AppleWebKit/537.36 (KHTML, like Gecko) Mobile Safari/537.36 (compatible; PetalBot;+https://webmaster.petalsearch.com/site/petalbot)"
136.243.228.182 - - [01/Jul/2025:08:32:55 -0400] "GET /zgvuh47/deomv-15846/ HTTP/1.1" 404 1251 "-" "Mozilla/5.0 (compatible; DataForSeoBot/1.0; +https://dataforseo.com/dataforseo-bot)"
136.243.228.182 - - [01/Jul/2025:08:32:59 -0400] "GET /ugwkb160/0oas6-20207/ HTTP/1.1" 404 1251 "-" "Mozilla/5.0 (compatible; DataForSeoBot/1.0; +https://dataforseo.com/dataforseo-bot)"
57.141.2.27 - - [01/Jul/2025:08:33:00 -0400] "GET /hcudfip-pxdvesroe-481649/tcnufzpqpdp-crhifx-ooiiac-wavssyapuke-mrasl/ HTTP/1.1" 404 1251 "-" "meta-externalagent/1.1 (+https://developers.facebook.com/docs/sharing/webmasters/crawler)"
52.204.89.12 - - [01/Jul/2025:08:32:25 -0400] "GET /function/function.php?filesrc=//home/evoljabq/mail/new/1627130799.M461584P971369.server232.web-hosting.com,S%3D3046,W%3D3120&path=//home/evoljabq/mail/new HTTP/1.1" 200 2410 "-" "Mozilla/5.0 AppleWebKit/537.36 (KHTML, like Gecko; compatible; Amazonbot/0.1; +https://developer.amazon.com/support/amazonbot) Chrome/119.0.6045.214 Safari/537.36"
136.243.228.182 - - [01/Jul/2025:08:32:31 -0400] "GET /zwdve232/7n47t-27375/ HTTP/1.1" 404 1251 "-" "Mozilla/5.0 (compatible; DataForSeoBot/1.0; +https://dataforseo.com/dataforseo-bot)"
54.147.182.90 - - [01/Jul/2025:08:32:33 -0400] "GET /function/function.php?path=//opt/alt/alt-nodejs14/root/lib/node_modules/npm/node_modules/isstream HTTP/1.1" 200 2763 "-" "Mozilla/5.0 AppleWebKit/537.36 (KHTML, like Gecko; compatible; Amazonbot/0.1; +https://developer.amazon.com/support/amazonbot) Chrome/119.0.6045.214 Safari/537.36"
136.243.228.182 - - [01/Jul/2025:08:32:35 -0400] "GET /azyoq28/2lvr3-11342/ HTTP/1.1" 404 1251 "-" "Mozilla/5.0 (compatible; DataForSeoBot/1.0; +https://dataforseo.com/dataforseo-bot)"
136.243.228.182 - - [01/Jul/2025:08:32:39 -0400] "GET /niyub74/3pv5y-30816/ HTTP/1.1" 404 1251 "-" "Mozilla/5.0 (compatible; DataForSeoBot/1.0; +https://dataforseo.com/dataforseo-bot)"
136.243.228.182 - - [01/Jul/2025:08:32:43 -0400] "GET /nluxw2/9ccdy-30780/ HTTP/1.1" 404 1251 "-" "Mozilla/5.0 (compatible; DataForSeoBot/1.0; +https://dataforseo.com/dataforseo-bot)"
100.28.118.16 - - [01/Jul/2025:08:32:45 -0400] "GET /wp-content/plugins/elementor/core/settings/editor-preferences/?NA HTTP/1.1" 200 707 "-" "Mozilla/5.0 AppleWebKit/537.36 (KHTML, like Gecko; compatible; Amazonbot/0.1; +https://developer.amazon.com/support/amazonbot) Chrome/119.0.6045.214 Safari/537.36"
216.73.216.97 - - [01/Jul/2025:08:32:48 -0400] "GET /wp-admin/images/marker.png HTTP/1.1" 200 360 "-" "Mozilla/5.0 AppleWebKit/537.36 (KHTML, like Gecko; compatible; ClaudeBot/1.0; +claudebot@anthropic.com)"
136.243.228.182 - - [01/Jul/2025:08:32:52 -0400] "GET /kyaqm263/we6x9-18331/ HTTP/1.1" 404 1251 "-" "Mozilla/5.0 (compatible; DataForSeoBot/1.0; +https://dataforseo.com/dataforseo-bot)"
18.214.238.178 - - [01/Jul/2025:08:32:58 -0400] "GET /function/function.php?path=//var/softaculous/bludit/php82 HTTP/1.1" 200 2524 "-" "Mozilla/5.0 AppleWebKit/537.36 (KHTML, like Gecko; compatible; Amazonbot/0.1; +https://developer.amazon.com/support/amazonbot) Chrome/119.0.6045.214 Safari/537.36"
57.141.2.27 - - [01/Jul/2025:08:32:59 -0400] "GET /eivuzyas-vcpoii-61054/hvbs-pfihutg-youtknstn/ HTTP/1.1" 404 1251 "-" "meta-externalagent/1.1 (+https://developers.facebook.com/docs/sharing/webmasters/crawler)"
34.194.165.45 - - [01/Jul/2025:08:33:01 -0400] "GET /function/function.php?filesrc=//opt/alt/tests/alt-php83-pecl-memcached_3.2.0-1.el8/tests/skipif.inc&path=//opt/alt/tests/alt-php83-pecl-memcached_3.2.0-1.el8/tests HTTP/1.1" 200 1463 "-" "Mozilla/5.0 AppleWebKit/537.36 (KHTML, like Gecko; compatible; Amazonbot/0.1; +https://developer.amazon.com/support/amazonbot) Chrome/119.0.6045.214 Safari/537.36"
136.243.228.182 - - [01/Jul/2025:08:33:08 -0400] "GET /kderr4/gkwyv-35077/ HTTP/1.1" 404 1251 "-" "Mozilla/5.0 (compatible; DataForSeoBot/1.0; +https://dataforseo.com/dataforseo-bot)"
52.7.13.143 - - [01/Jul/2025:08:33:09 -0400] "GET /function/function.php?path=//home/evoljabq/lscache/9/9 HTTP/1.1" 200 1928 "-" "Mozilla/5.0 AppleWebKit/537.36 (KHTML, like Gecko; compatible; Amazonbot/0.1; +https://developer.amazon.com/support/amazonbot) Chrome/119.0.6045.214 Safari/537.36"
136.243.228.182 - - [01/Jul/2025:08:33:11 -0400] "GET /amudv200/l94ya-48523/ HTTP/1.1" 404 1251 "-" "Mozilla/5.0 (compatible; DataForSeoBot/1.0; +https://dataforseo.com/dataforseo-bot)"
136.243.228.182 - - [01/Jul/2025:08:33:16 -0400] "GET /qcpuo108/s68hc-24334/ HTTP/1.1" 404 1251 "-" "Mozilla/5.0 (compatible; DataForSeoBot/1.0; +https://dataforseo.com/dataforseo-bot)"
136.243.228.182 - - [01/Jul/2025:08:33:03 -0400] "GET /uxzwd32/sabib-43182/ HTTP/1.1" 404 1251 "-" "Mozilla/5.0 (compatible; DataForSeoBot/1.0; +https://dataforseo.com/dataforseo-bot)"
136.243.228.182 - - [01/Jul/2025:08:33:19 -0400] "GET /fyyzf268/nrasv-49517/ HTTP/1.1" 404 1251 "-" "Mozilla/5.0 (compatible; DataForSeoBot/1.0; +https://dataforseo.com/dataforseo-bot)"
136.243.228.182 - - [01/Jul/2025:08:33:23 -0400] "GET /cocnh134/p9fci-15050/ HTTP/1.1" 404 1251 "-" "Mozilla/5.0 (compatible; DataForSeoBot/1.0; +https://dataforseo.com/dataforseo-bot)"
54.164.106.236 - - [01/Jul/2025:08:33:25 -0400] "GET /function/function.php?filesrc=//proc/thread-self/root/lib/locale/en_IE@euro/LC_NUMERIC&path=//proc/thread-self/root/lib/locale/en_IE@euro HTTP/1.1" 200 1315 "-" "Mozilla/5.0 AppleWebKit/537.36 (KHTML, like Gecko; compatible; Amazonbot/0.1; +https://developer.amazon.com/support/amazonbot) Chrome/119.0.6045.214 Safari/537.36"
216.73.216.97 - - [01/Jul/2025:08:33:36 -0400] "GET /wp-admin/images/arrows-2x.png HTTP/1.1" 200 863 "-" "Mozilla/5.0 AppleWebKit/537.36 (KHTML, like Gecko; compatible; ClaudeBot/1.0; +claudebot@anthropic.com)"
18.215.112.101 - - [01/Jul/2025:08:33:49 -0400] "GET /function/function.php?filesrc=//lib/node_modules/npm/man/man3p/setpwent.3p.gz&path=//lib/node_modules/npm/man/man3p HTTP/1.1" 200 1235 "-" "Mozilla/5.0 AppleWebKit/537.36 (KHTML, like Gecko; compatible; Amazonbot/0.1; +https://developer.amazon.com/support/amazonbot) Chrome/119.0.6045.214 Safari/537.36"
136.243.228.182 - - [01/Jul/2025:08:33:56 -0400] "GET /ffizh195/cy4eg-28179/ HTTP/1.1" 404 1251 "-" "Mozilla/5.0 (compatible; DataForSeoBot/1.0; +https://dataforseo.com/dataforseo-bot)"
44.217.255.167 - - [01/Jul/2025:08:33:57 -0400] "GET /function/function.php?filesrc=//opt/alt/tests/alt-php82-pecl-zmq_1.1.3-1.84f0720.el8/tests/054-curvekeypair.phpt&path=//opt/alt/tests/alt-php82-pecl-zmq_1.1.3-1.84f0720.el8/tests HTTP/1.1" 200 1603 "-" "Mozilla/5.0 AppleWebKit/537.36 (KHTML, like Gecko; compatible; Amazonbot/0.1; +https://developer.amazon.com/support/amazonbot) Chrome/119.0.6045.214 Safari/537.36"
136.243.228.182 - - [01/Jul/2025:08:33:59 -0400] "GET /zylfe239/wklae-14774/ HTTP/1.1" 404 1251 "-" "Mozilla/5.0 (compatible; DataForSeoBot/1.0; +https://dataforseo.com/dataforseo-bot)"
34.231.181.240 - - [01/Jul/2025:08:34:05 -0400] "GET /function/function.php?path=//var/softaculous/koken/php81 HTTP/1.1" 200 2470 "-" "Mozilla/5.0 AppleWebKit/537.36 (KHTML, like Gecko; compatible; Amazonbot/0.1; +https://developer.amazon.com/support/amazonbot) Chrome/119.0.6045.214 Safari/537.36"
136.243.228.182 - - [01/Jul/2025:08:34:07 -0400] "GET /giitd98/s5gur-9351/ HTTP/1.1" 404 1251 "-" "Mozilla/5.0 (compatible; DataForSeoBot/1.0; +https://dataforseo.com/dataforseo-bot)"
54.84.161.62 - - [01/Jul/2025:08:34:09 -0400] "GET /function/function.php?filesrc=//proc/thread-self/root/lib64/python3.6/pipes.py&path=//proc/thread-self/root/lib64/python3.6 HTTP/1.1" 200 4211 "-" "Mozilla/5.0 AppleWebKit/537.36 (KHTML, like Gecko; compatible; Amazonbot/0.1; +https://developer.amazon.com/support/amazonbot) Chrome/119.0.6045.214 Safari/537.36"
216.73.216.97 - - [01/Jul/2025:08:34:10 -0400] "GET /wp-admin/images/list.png HTTP/1.1" 200 1003 "-" "Mozilla/5.0 AppleWebKit/537.36 (KHTML, like Gecko; compatible; ClaudeBot/1.0; +claudebot@anthropic.com)"
216.73.216.97 - - [01/Jul/2025:08:34:12 -0400] "GET /wp-admin/images/icons32-vs-2x.png HTTP/1.1" 200 21396 "-" "Mozilla/5.0 AppleWebKit/537.36 (KHTML, like Gecko; compatible; ClaudeBot/1.0; +claudebot@anthropic.com)"
136.243.228.182 - - [01/Jul/2025:08:34:15 -0400] "GET /wjwmr70/ga6kf-14287/ HTTP/1.1" 404 1251 "-" "Mozilla/5.0 (compatible; DataForSeoBot/1.0; +https://dataforseo.com/dataforseo-bot)"
3.229.95.193 - - [01/Jul/2025:08:33:17 -0400] "GET /function/function.php?filesrc=//lib64/python3.6/xml/dom/domreg.py&path=//lib64/python3.6/xml/dom HTTP/1.1" 200 2575 "-" "Mozilla/5.0 AppleWebKit/537.36 (KHTML, like Gecko; compatible; Amazonbot/0.1; +https://developer.amazon.com/support/amazonbot) Chrome/119.0.6045.214 Safari/537.36"
136.243.228.182 - - [01/Jul/2025:08:33:28 -0400] "GET /ylkws144/msnow-6806/ HTTP/1.1" 404 1251 "-" "Mozilla/5.0 (compatible; DataForSeoBot/1.0; +https://dataforseo.com/dataforseo-bot)"
136.243.228.182 - - [01/Jul/2025:08:33:31 -0400] "GET /osqdk274/a2whn-22209/ HTTP/1.1" 404 1251 "-" "Mozilla/5.0 (compatible; DataForSeoBot/1.0; +https://dataforseo.com/dataforseo-bot)"
216.73.216.97 - - [01/Jul/2025:08:33:35 -0400] "GET /wp-admin/images/se.png HTTP/1.1" 200 120 "-" "Mozilla/5.0 AppleWebKit/537.36 (KHTML, like Gecko; compatible; ClaudeBot/1.0; +claudebot@anthropic.com)"
136.243.228.182 - - [01/Jul/2025:08:33:35 -0400] "GET /tzefq203/lcake-23559/ HTTP/1.1" 404 1251 "-" "Mozilla/5.0 (compatible; DataForSeoBot/1.0; +https://dataforseo.com/dataforseo-bot)"
136.243.228.182 - - [01/Jul/2025:08:33:39 -0400] "GET /pahet18/gripk-38167/ HTTP/1.1" 404 1251 "-" "Mozilla/5.0 (compatible; DataForSeoBot/1.0; +https://dataforseo.com/dataforseo-bot)"
136.243.228.182 - - [01/Jul/2025:08:33:43 -0400] "GET /mtmvv139/gcq2x-46497/ HTTP/1.1" 404 1251 "-" "Mozilla/5.0 (compatible; DataForSeoBot/1.0; +https://dataforseo.com/dataforseo-bot)"
136.243.228.182 - - [01/Jul/2025:08:33:47 -0400] "GET /cbqof62/oxbxk-46237/ HTTP/1.1" 404 1251 "-" "Mozilla/5.0 (compatible; DataForSeoBot/1.0; +https://dataforseo.com/dataforseo-bot)"
136.243.228.182 - - [01/Jul/2025:08:33:51 -0400] "GET /zzysd151/kyl84-16680/ HTTP/1.1" 404 1251 "-" "Mozilla/5.0 (compatible; DataForSeoBot/1.0; +https://dataforseo.com/dataforseo-bot)"
57.141.2.24 - - [01/Jul/2025:08:34:02 -0400] "GET /tafzcanno-601963/hdhbgg-mektjc-amef-uzoqn-fnrav/ HTTP/1.1" 404 1251 "-" "meta-externalagent/1.1 (+https://developers.facebook.com/docs/sharing/webmasters/crawler)"
136.243.228.182 - - [01/Jul/2025:08:34:03 -0400] "GET /drezi71/4w1lb-804/ HTTP/1.1" 404 1251 "-" "Mozilla/5.0 (compatible; DataForSeoBot/1.0; +https://dataforseo.com/dataforseo-bot)"
136.243.228.182 - - [01/Jul/2025:08:34:11 -0400] "GET /kabog97/1afcb-36670/ HTTP/1.1" 404 1251 "-" "Mozilla/5.0 (compatible; DataForSeoBot/1.0; +https://dataforseo.com/dataforseo-bot)"
18.232.11.247 - - [01/Jul/2025:08:34:17 -0400] "GET /function/function.php?filesrc=//proc/self/root/lib/firmware/rtl_nic/rtl8168d-1.fw&path=//proc/self/root/lib/firmware/rtl_nic HTTP/1.1" 200 1242 "-" "Mozilla/5.0 AppleWebKit/537.36 (KHTML, like Gecko; compatible; Amazonbot/0.1; +https://developer.amazon.com/support/amazonbot) Chrome/119.0.6045.214 Safari/537.36"
136.243.228.182 - - [01/Jul/2025:08:34:35 -0400] "GET /xbkgy170/9avub-26210/ HTTP/1.1" 404 1251 "-" "Mozilla/5.0 (compatible; DataForSeoBot/1.0; +https://dataforseo.com/dataforseo-bot)"
44.217.255.167 - - [01/Jul/2025:08:34:41 -0400] "GET /function/function.php?filesrc=//lib/node_modules/npm/man/man8/iconvconfig.8.gz&path=//lib/node_modules/npm/man/man8 HTTP/1.1" 200 1237 "-" "Mozilla/5.0 AppleWebKit/537.36 (KHTML, like Gecko; compatible; Amazonbot/0.1; +https://developer.amazon.com/support/amazonbot) Chrome/119.0.6045.214 Safari/537.36"
136.243.228.182 - - [01/Jul/2025:08:34:43 -0400] "GET /cabpk120/nq28d-15455/ HTTP/1.1" 404 1251 "-" "Mozilla/5.0 (compatible; DataForSeoBot/1.0; +https://dataforseo.com/dataforseo-bot)"
136.243.228.182 - - [01/Jul/2025:08:34:48 -0400] "GET /dueap151/sh0it-40368/ HTTP/1.1" 404 1251 "-" "Mozilla/5.0 (compatible; DataForSeoBot/1.0; +https://dataforseo.com/dataforseo-bot)"
136.243.228.182 - - [01/Jul/2025:08:34:51 -0400] "GET /sqgzs169/6pr24-12492/ HTTP/1.1" 404 1251 "-" "Mozilla/5.0 (compatible; DataForSeoBot/1.0; +https://dataforseo.com/dataforseo-bot)"
136.243.228.182 - - [01/Jul/2025:08:34:55 -0400] "GET /hrebn120/o9cwi-44079/ HTTP/1.1" 404 1251 "-" "Mozilla/5.0 (compatible; DataForSeoBot/1.0; +https://dataforseo.com/dataforseo-bot)"
136.243.228.182 - - [01/Jul/2025:08:34:59 -0400] "GET /zqtbf231/oiap0-9619/ HTTP/1.1" 404 1251 "-" "Mozilla/5.0 (compatible; DataForSeoBot/1.0; +https://dataforseo.com/dataforseo-bot)"
3.226.106.93 - - [01/Jul/2025:08:35:01 -0400] "GET /function/function.php?filesrc=//proc/thread-self/root/bin/xmllint&path=//proc/thread-self/root/bin HTTP/1.1" 200 1216 "-" "Mozilla/5.0 AppleWebKit/537.36 (KHTML, like Gecko; compatible; Amazonbot/0.1; +https://developer.amazon.com/support/amazonbot) Chrome/119.0.6045.214 Safari/537.36"
57.141.2.16 - - [01/Jul/2025:08:35:02 -0400] "GET /eivuzyas-vcpoii-425444/hvbs-pfihutg-youtknstn/ HTTP/1.1" 404 1251 "-" "meta-externalagent/1.1 (+https://developers.facebook.com/docs/sharing/webmasters/crawler)"
136.243.228.182 - - [01/Jul/2025:08:35:03 -0400] "GET /wyzfq237/9bown-4142/ HTTP/1.1" 404 1251 "-" "Mozilla/5.0 (compatible; DataForSeoBot/1.0; +https://dataforseo.com/dataforseo-bot)"
107.20.181.148 - - [01/Jul/2025:08:35:05 -0400] "GET /function/function.php?filesrc=//opt/alt/cyrus-sasl/share/man/man8/sasldblistusers2.8&path=//opt/alt/cyrus-sasl/share/man/man8 HTTP/1.1" 200 2555 "-" "Mozilla/5.0 AppleWebKit/537.36 (KHTML, like Gecko; compatible; Amazonbot/0.1; +https://developer.amazon.com/support/amazonbot) Chrome/119.0.6045.214 Safari/537.36"
136.243.228.182 - - [01/Jul/2025:08:35:07 -0400] "GET /ewygm232/xnlnr-15111/ HTTP/1.1" 404 1251 "-" "Mozilla/5.0 (compatible; DataForSeoBot/1.0; +https://dataforseo.com/dataforseo-bot)"
136.243.228.182 - - [01/Jul/2025:08:35:11 -0400] "GET /wmizq25/99571-31202/ HTTP/1.1" 404 1251 "-" "Mozilla/5.0 (compatible; DataForSeoBot/1.0; +https://dataforseo.com/dataforseo-bot)"
136.243.228.182 - - [01/Jul/2025:08:35:16 -0400] "GET /mylrg64/fsr25-3651/ HTTP/1.1" 404 1251 "-" "Mozilla/5.0 (compatible; DataForSeoBot/1.0; +https://dataforseo.com/dataforseo-bot)"
136.243.228.182 - - [01/Jul/2025:08:35:19 -0400] "GET /pfkdh23/hzpys-17183/ HTTP/1.1" 404 1251 "-" "Mozilla/5.0 (compatible; DataForSeoBot/1.0; +https://dataforseo.com/dataforseo-bot)"
34.231.45.47 - - [01/Jul/2025:08:35:25 -0400] "GET /function/function.php?filesrc=//opt/alt/python27/lib64/python2.7/_pyio.pyc&path=//opt/alt/python27/lib64/python2.7 HTTP/1.1" 200 1233 "-" "Mozilla/5.0 AppleWebKit/537.36 (KHTML, like Gecko; compatible; Amazonbot/0.1; +https://developer.amazon.com/support/amazonbot) Chrome/119.0.6045.214 Safari/537.36"
136.243.228.182 - - [01/Jul/2025:08:35:28 -0400] "GET /ojwyn129/td7dm-17744/ HTTP/1.1" 404 1251 "-" "Mozilla/5.0 (compatible; DataForSeoBot/1.0; +https://dataforseo.com/dataforseo-bot)"
136.243.228.182 - - [01/Jul/2025:08:35:31 -0400] "GET /ccsry117/w0o0b-47002/ HTTP/1.1" 404 1251 "-" "Mozilla/5.0 (compatible; DataForSeoBot/1.0; +https://dataforseo.com/dataforseo-bot)"
23.21.228.180 - - [01/Jul/2025:08:35:33 -0400] "GET /function/function.php?filesrc=//opt/hc_python/lib64/python3.12/site-packages/MySQLdb/connections.py&path=//opt/hc_python/lib64/python3.12/site-packages/MySQLdb HTTP/1.1" 200 5957 "-" "Mozilla/5.0 AppleWebKit/537.36 (KHTML, like Gecko; compatible; Amazonbot/0.1; +https://developer.amazon.com/support/amazonbot) Chrome/119.0.6045.214 Safari/537.36"
216.73.216.97 - - [01/Jul/2025:08:35:35 -0400] "GET /wp-admin/images/stars-2x.png HTTP/1.1" 200 1257 "-" "Mozilla/5.0 AppleWebKit/537.36 (KHTML, like Gecko; compatible; ClaudeBot/1.0; +claudebot@anthropic.com)"
136.243.228.182 - - [01/Jul/2025:08:35:35 -0400] "GET /wvdrx252/29cce-16127/ HTTP/1.1" 404 1251 "-" "Mozilla/5.0 (compatible; DataForSeoBot/1.0; +https://dataforseo.com/dataforseo-bot)"
136.243.228.182 - - [01/Jul/2025:08:35:39 -0400] "GET /nwurx291/uh3vc-33942/ HTTP/1.1" 404 1251 "-" "Mozilla/5.0 (compatible; DataForSeoBot/1.0; +https://dataforseo.com/dataforseo-bot)"
114.119.160.138 - - [01/Jul/2025:08:34:18 -0400] "GET /function/function.php?path=/home/evoljabq/lscache/6/6/1 HTTP/1.1" 200 2375 "http://www.evolveplace.com/function/function.php?path=/home/evoljabq/lscache/6/6" "Mozilla/5.0 (Linux; Android 7.0;) AppleWebKit/537.36 (KHTML, like Gecko) Mobile Safari/537.36 (compatible; PetalBot;+https://webmaster.petalsearch.com/site/petalbot)"
136.243.228.182 - - [01/Jul/2025:08:34:19 -0400] "GET /icyfe109/yf5t3-43369/ HTTP/1.1" 404 1251 "-" "Mozilla/5.0 (compatible; DataForSeoBot/1.0; +https://dataforseo.com/dataforseo-bot)"
136.243.228.182 - - [01/Jul/2025:08:34:24 -0400] "GET /lyogq199/zqbrg-44283/ HTTP/1.1" 404 1251 "-" "Mozilla/5.0 (compatible; DataForSeoBot/1.0; +https://dataforseo.com/dataforseo-bot)"
136.243.228.182 - - [01/Jul/2025:08:34:27 -0400] "GET /ncbul175/3ulp7-24351/ HTTP/1.1" 404 1251 "-" "Mozilla/5.0 (compatible; DataForSeoBot/1.0; +https://dataforseo.com/dataforseo-bot)"
136.243.228.182 - - [01/Jul/2025:08:34:31 -0400] "GET /wmkaj224/rke8u-5169/ HTTP/1.1" 404 1251 "-" "Mozilla/5.0 (compatible; DataForSeoBot/1.0; +https://dataforseo.com/dataforseo-bot)"
52.203.68.145 - - [01/Jul/2025:08:34:33 -0400] "GET /function/function.php?filesrc=//lib/node_modules/npm/node_modules/encoding/.npmignore&path=//lib/node_modules/npm/node_modules/encoding HTTP/1.1" 200 1233 "-" "Mozilla/5.0 AppleWebKit/537.36 (KHTML, like Gecko; compatible; Amazonbot/0.1; +https://developer.amazon.com/support/amazonbot) Chrome/119.0.6045.214 Safari/537.36"
136.243.228.182 - - [01/Jul/2025:08:34:39 -0400] "GET /emzlh228/4pqj7-43705/ HTTP/1.1" 404 1251 "-" "Mozilla/5.0 (compatible; DataForSeoBot/1.0; +https://dataforseo.com/dataforseo-bot)"
3.208.156.9 - - [01/Jul/2025:08:34:49 -0400] "GET /function/function.php?path=//home/evoljabq/lscache/8/e/e HTTP/1.1" 200 2374 "-" "Mozilla/5.0 AppleWebKit/537.36 (KHTML, like Gecko; compatible; Amazonbot/0.1; +https://developer.amazon.com/support/amazonbot) Chrome/119.0.6045.214 Safari/537.36"
216.73.216.97 - - [01/Jul/2025:08:34:50 -0400] "GET /wp-admin/images/w-logo-white.png HTTP/1.1" 200 5395 "-" "Mozilla/5.0 AppleWebKit/537.36 (KHTML, like Gecko; compatible; ClaudeBot/1.0; +claudebot@anthropic.com)"
216.73.216.97 - - [01/Jul/2025:08:34:52 -0400] "GET /wp-admin/images/w-logo-blue.png HTTP/1.1" 200 3113 "-" "Mozilla/5.0 AppleWebKit/537.36 (KHTML, like Gecko; compatible; ClaudeBot/1.0; +claudebot@anthropic.com)"
57.141.2.7 - - [01/Jul/2025:08:34:55 -0400] "GET /hcudfippx-dvesro-494753/etcnuf-zpqp-dpcrh-ifxoo-iiacwa/ HTTP/1.1" 404 1251 "-" "meta-externalagent/1.1 (+https://developers.facebook.com/docs/sharing/webmasters/crawler)"
57.141.2.20 - - [01/Jul/2025:08:35:10 -0400] "GET /lzmebesr-kfwncfj-96768/dhmkqxcj-wyoyzdxqust-tnwvujn-dadb-vwhf/ HTTP/1.1" 404 1251 "-" "meta-externalagent/1.1 (+https://developers.facebook.com/docs/sharing/webmasters/crawler)"
107.20.181.148 - - [01/Jul/2025:08:35:13 -0400] "GET /function/function.php?path=//opt/cpanel/ea-ruby27/root/tmp HTTP/1.1" 200 1265 "-" "Mozilla/5.0 AppleWebKit/537.36 (KHTML, like Gecko; compatible; Amazonbot/0.1; +https://developer.amazon.com/support/amazonbot) Chrome/119.0.6045.214 Safari/537.36"
52.73.142.41 - - [01/Jul/2025:08:35:17 -0400] "GET /function/function.php?filesrc=//opt/alt/python36/lib64/python3.6/wsgiref/__init__.py&path=//opt/alt/python36/lib64/python3.6/wsgiref HTTP/1.1" 200 1579 "-" "Mozilla/5.0 AppleWebKit/537.36 (KHTML, like Gecko; compatible; Amazonbot/0.1; +https://developer.amazon.com/support/amazonbot) Chrome/119.0.6045.214 Safari/537.36"
136.243.228.182 - - [01/Jul/2025:08:35:23 -0400] "GET /ltdeq259/f3yi4-11171/ HTTP/1.1" 404 1251 "-" "Mozilla/5.0 (compatible; DataForSeoBot/1.0; +https://dataforseo.com/dataforseo-bot)"
216.73.216.97 - - [01/Jul/2025:08:35:36 -0400] "GET /wp-admin/images/mask.png HTTP/1.1" 200 2001 "-" "Mozilla/5.0 AppleWebKit/537.36 (KHTML, like Gecko; compatible; ClaudeBot/1.0; +claudebot@anthropic.com)"
3.232.39.98 - - [01/Jul/2025:08:35:41 -0400] "GET /function/function.php?filesrc=//opt/alt/tests/alt-php80-pecl-mongodb_1.18.1-1.el8/tests/decimal128-2-valid-002.phpt&path=//opt/alt/tests/alt-php80-pecl-mongodb_1.18.1-1.el8/tests HTTP/1.1" 200 1756 "-" "Mozilla/5.0 AppleWebKit/537.36 (KHTML, like Gecko; compatible; Amazonbot/0.1; +https://developer.amazon.com/support/amazonbot) Chrome/119.0.6045.214 Safari/537.36"
