3.229.95.193 - - [01/Jul/2025:11:55:01 -0400] "GET /function/function.php?filesrc=//proc/thread-self/root/lib64/python3.6/multiprocessing/forkserver.py&path=//proc/thread-self/root/lib64/python3.6/multiprocessing HTTP/1.1" 200 4183 "-" "Mozilla/5.0 AppleWebKit/537.36 (KHTML, like Gecko; compatible; Amazonbot/0.1; +https://developer.amazon.com/support/amazonbot) Chrome/119.0.6045.214 Safari/537.36"
136.243.228.182 - - [01/Jul/2025:11:55:07 -0400] "GET /lbslb62/xigx5-3815/ HTTP/1.1" 404 1251 "-" "Mozilla/5.0 (compatible; DataForSeoBot/1.0; +https://dataforseo.com/dataforseo-bot)"
18.233.24.238 - - [01/Jul/2025:11:55:09 -0400] "GET /function/function.php?path=//opt/hc_python/lib/python3.12/site-packages/typing_extensions-4.13.1.dist-info/licenses HTTP/1.1" 200 2418 "-" "Mozilla/5.0 AppleWebKit/537.36 (KHTML, like Gecko; compatible; Amazonbot/0.1; +https://developer.amazon.com/support/amazonbot) Chrome/119.0.6045.214 Safari/537.36"
136.243.228.182 - - [01/Jul/2025:11:55:11 -0400] "GET /pbugh172/wvr2l-43980/ HTTP/1.1" 404 1251 "-" "Mozilla/5.0 (compatible; DataForSeoBot/1.0; +https://dataforseo.com/dataforseo-bot)"
136.243.228.182 - - [01/Jul/2025:11:55:19 -0400] "GET /uzlww297/hzvd8-36063/ HTTP/1.1" 404 1251 "-" "Mozilla/5.0 (compatible; DataForSeoBot/1.0; +https://dataforseo.com/dataforseo-bot)"
136.243.228.182 - - [01/Jul/2025:11:55:24 -0400] "GET /vyjzl282/t9onj-49549/ HTTP/1.1" 404 1251 "-" "Mozilla/5.0 (compatible; DataForSeoBot/1.0; +https://dataforseo.com/dataforseo-bot)"
23.23.180.225 - - [01/Jul/2025:11:55:25 -0400] "GET /function/function.php?filesrc=//proc/self/root/lib/locale/en_DK/LC_PAPER&path=//proc/self/root/lib/locale/en_DK HTTP/1.1" 200 1241 "-" "Mozilla/5.0 AppleWebKit/537.36 (KHTML, like Gecko; compatible; Amazonbot/0.1; +https://developer.amazon.com/support/amazonbot) Chrome/119.0.6045.214 Safari/537.36"
136.243.228.182 - - [01/Jul/2025:11:55:27 -0400] "GET /aldtp118/0w2oh-23352/ HTTP/1.1" 404 1251 "-" "Mozilla/5.0 (compatible; DataForSeoBot/1.0; +https://dataforseo.com/dataforseo-bot)"
136.243.228.182 - - [01/Jul/2025:11:55:35 -0400] "GET /hhkmn253/7y3fm-21760/ HTTP/1.1" 404 1251 "-" "Mozilla/5.0 (compatible; DataForSeoBot/1.0; +https://dataforseo.com/dataforseo-bot)"
136.243.228.182 - - [01/Jul/2025:11:55:39 -0400] "GET /kxvgx115/0wlc5-49606/ HTTP/1.1" 404 1251 "-" "Mozilla/5.0 (compatible; DataForSeoBot/1.0; +https://dataforseo.com/dataforseo-bot)"
136.243.228.182 - - [01/Jul/2025:11:55:47 -0400] "GET /tmnks183/7gwcr-16469/ HTTP/1.1" 404 1251 "-" "Mozilla/5.0 (compatible; DataForSeoBot/1.0; +https://dataforseo.com/dataforseo-bot)"
136.243.228.182 - - [01/Jul/2025:11:55:56 -0400] "GET /hunbf225/w1had-20210/ HTTP/1.1" 404 1251 "-" "Mozilla/5.0 (compatible; DataForSeoBot/1.0; +https://dataforseo.com/dataforseo-bot)"
18.213.102.186 - - [01/Jul/2025:11:55:33 -0400] "GET /function/function.php?filesrc=//lib/node_modules/npm/man/man5/password-auth.5.gz&path=//lib/node_modules/npm/man/man5 HTTP/1.1" 200 1237 "-" "Mozilla/5.0 AppleWebKit/537.36 (KHTML, like Gecko; compatible; Amazonbot/0.1; +https://developer.amazon.com/support/amazonbot) Chrome/119.0.6045.214 Safari/537.36"
54.83.180.239 - - [01/Jul/2025:11:55:42 -0400] "GET /function/function.php?filesrc=//opt/alt/tests/alt-php84-pecl-mongodb_1.20.0-2.el8/tests/decimal128-1-valid-025.phpt&path=//opt/alt/tests/alt-php84-pecl-mongodb_1.20.0-2.el8/tests HTTP/1.1" 200 1673 "-" "Mozilla/5.0 AppleWebKit/537.36 (KHTML, like Gecko; compatible; Amazonbot/0.1; +https://developer.amazon.com/support/amazonbot) Chrome/119.0.6045.214 Safari/537.36"
136.243.228.182 - - [01/Jul/2025:11:55:43 -0400] "GET /wgumc189/01j40-22707/ HTTP/1.1" 404 1251 "-" "Mozilla/5.0 (compatible; DataForSeoBot/1.0; +https://dataforseo.com/dataforseo-bot)"
35.171.117.160 - - [01/Jul/2025:11:55:49 -0400] "GET /function/function.php?path=//opt/alt/python37/lib/python3.7/site-packages/virtualenv/seed/__pycache__ HTTP/1.1" 200 2504 "-" "Mozilla/5.0 AppleWebKit/537.36 (KHTML, like Gecko; compatible; Amazonbot/0.1; +https://developer.amazon.com/support/amazonbot) Chrome/119.0.6045.214 Safari/537.36"
136.243.228.182 - - [01/Jul/2025:11:55:52 -0400] "GET /iqxdp263/2qoxu-41126/ HTTP/1.1" 404 1251 "-" "Mozilla/5.0 (compatible; DataForSeoBot/1.0; +https://dataforseo.com/dataforseo-bot)"
107.20.255.194 - - [01/Jul/2025:11:55:57 -0400] "GET /function/function.php?filesrc=//usr/lib/firmware/tigon/tg3.bin&path=//usr/lib/firmware/tigon HTTP/1.1" 200 1216 "-" "Mozilla/5.0 AppleWebKit/537.36 (KHTML, like Gecko; compatible; Amazonbot/0.1; +https://developer.amazon.com/support/amazonbot) Chrome/119.0.6045.214 Safari/537.36"
136.243.228.182 - - [01/Jul/2025:11:55:59 -0400] "GET /vcmpt212/8qdt2-24866/ HTTP/1.1" 404 1251 "-" "Mozilla/5.0 (compatible; DataForSeoBot/1.0; +https://dataforseo.com/dataforseo-bot)"
98.84.200.43 - - [01/Jul/2025:11:56:01 -0400] "GET /function/function.php?filesrc=//proc/self/root/lib/firmware/radeon/CYPRESS_rlc.bin&path=//proc/self/root/lib/firmware/radeon HTTP/1.1" 200 1248 "-" "Mozilla/5.0 AppleWebKit/537.36 (KHTML, like Gecko; compatible; Amazonbot/0.1; +https://developer.amazon.com/support/amazonbot) Chrome/119.0.6045.214 Safari/537.36"
34.239.85.139 - - [01/Jul/2025:11:56:22 -0400] "GET /function/function.php?filesrc=//opt/alt/tests/alt-php83-pecl-rar_4.2.0-1.el8/tests/039.phpt&path=//opt/alt/tests/alt-php83-pecl-rar_4.2.0-1.el8/tests HTTP/1.1" 200 1520 "-" "Mozilla/5.0 AppleWebKit/537.36 (KHTML, like Gecko; compatible; Amazonbot/0.1; +https://developer.amazon.com/support/amazonbot) Chrome/119.0.6045.214 Safari/537.36"
136.243.228.182 - - [01/Jul/2025:11:56:23 -0400] "GET /hqfec87/ixbuo-38680/ HTTP/1.1" 404 1251 "-" "Mozilla/5.0 (compatible; DataForSeoBot/1.0; +https://dataforseo.com/dataforseo-bot)"
136.243.228.182 - - [01/Jul/2025:11:56:27 -0400] "GET /duzyz178/jrpyc-21611/ HTTP/1.1" 404 1251 "-" "Mozilla/5.0 (compatible; DataForSeoBot/1.0; +https://dataforseo.com/dataforseo-bot)"
136.243.228.182 - - [01/Jul/2025:11:56:35 -0400] "GET /qawvl210/0c4mo-3556/ HTTP/1.1" 404 1251 "-" "Mozilla/5.0 (compatible; DataForSeoBot/1.0; +https://dataforseo.com/dataforseo-bot)"
18.214.186.220 - - [01/Jul/2025:11:56:38 -0400] "GET /function/function.php?filesrc=//proc/self/root/lib64/aspell-0.60/iso-8859-11.cset&path=//proc/self/root/lib64/aspell-0.60 HTTP/1.1" 200 5095 "-" "Mozilla/5.0 AppleWebKit/537.36 (KHTML, like Gecko; compatible; Amazonbot/0.1; +https://developer.amazon.com/support/amazonbot) Chrome/119.0.6045.214 Safari/537.36"
136.243.228.182 - - [01/Jul/2025:11:56:39 -0400] "GET /xwyhx159/hbwgb-24582/ HTTP/1.1" 404 1251 "-" "Mozilla/5.0 (compatible; DataForSeoBot/1.0; +https://dataforseo.com/dataforseo-bot)"
114.119.147.152 - - [01/Jul/2025:11:56:00 -0400] "GET /function/function.php?path=/home/evoljabq/lscache/b/1/0 HTTP/1.1" 200 2375 "http://www.evolveplace.com/function/function.php?path=/home/evoljabq/lscache/b/1" "Mozilla/5.0 (Linux; Android 7.0;) AppleWebKit/537.36 (KHTML, like Gecko) Mobile Safari/537.36 (compatible; PetalBot;+https://webmaster.petalsearch.com/site/petalbot)"
136.243.228.182 - - [01/Jul/2025:11:56:03 -0400] "GET /axfky71/yrd7t-21699/ HTTP/1.1" 404 1251 "-" "Mozilla/5.0 (compatible; DataForSeoBot/1.0; +https://dataforseo.com/dataforseo-bot)"
136.243.228.182 - - [01/Jul/2025:11:56:07 -0400] "GET /roesx264/qx1i6-49492/ HTTP/1.1" 404 1251 "-" "Mozilla/5.0 (compatible; DataForSeoBot/1.0; +https://dataforseo.com/dataforseo-bot)"
136.243.228.182 - - [01/Jul/2025:11:56:11 -0400] "GET /eooxb129/vzugu-46359/ HTTP/1.1" 404 1251 "-" "Mozilla/5.0 (compatible; DataForSeoBot/1.0; +https://dataforseo.com/dataforseo-bot)"
52.71.216.196 - - [01/Jul/2025:11:56:14 -0400] "GET /function/function.php?filesrc=//lib64/python3.6/encodings/__pycache__/utf_32.cpython-36.opt-2.pyc&path=//lib64/python3.6/encodings/__pycache__ HTTP/1.1" 200 1244 "-" "Mozilla/5.0 AppleWebKit/537.36 (KHTML, like Gecko; compatible; Amazonbot/0.1; +https://developer.amazon.com/support/amazonbot) Chrome/119.0.6045.214 Safari/537.36"
136.243.228.182 - - [01/Jul/2025:11:56:15 -0400] "GET /wrakb119/h0j7t-36334/ HTTP/1.1" 404 1251 "-" "Mozilla/5.0 (compatible; DataForSeoBot/1.0; +https://dataforseo.com/dataforseo-bot)"
136.243.228.182 - - [01/Jul/2025:11:56:19 -0400] "GET /fuqgh299/r738a-24057/ HTTP/1.1" 404 1251 "-" "Mozilla/5.0 (compatible; DataForSeoBot/1.0; +https://dataforseo.com/dataforseo-bot)"
98.83.178.66 - - [01/Jul/2025:11:56:30 -0400] "GET /function/function.php?filesrc=//opt/alt/ruby32/include/ruby/internal/fl_type.h&path=//opt/alt/ruby32/include/ruby/internal HTTP/1.1" 200 9519 "-" "Mozilla/5.0 AppleWebKit/537.36 (KHTML, like Gecko; compatible; Amazonbot/0.1; +https://developer.amazon.com/support/amazonbot) Chrome/119.0.6045.214 Safari/537.36"
136.243.228.182 - - [01/Jul/2025:11:56:31 -0400] "GET /znboj75/6uqmc-35515/ HTTP/1.1" 404 1251 "-" "Mozilla/5.0 (compatible; DataForSeoBot/1.0; +https://dataforseo.com/dataforseo-bot)"
136.243.228.182 - - [01/Jul/2025:11:56:43 -0400] "GET /gjqlu224/saapf-39167/ HTTP/1.1" 404 1251 "-" "Mozilla/5.0 (compatible; DataForSeoBot/1.0; +https://dataforseo.com/dataforseo-bot)"
136.243.228.182 - - [01/Jul/2025:11:56:47 -0400] "GET /icudb6/zgspu-35763/ HTTP/1.1" 404 1251 "-" "Mozilla/5.0 (compatible; DataForSeoBot/1.0; +https://dataforseo.com/dataforseo-bot)"
57.141.2.22 - - [01/Jul/2025:11:56:48 -0400] "GET /ytrlou-qggz-509691/cmhxktva-wpakxdchad-sgccadwl/ HTTP/1.1" 404 1251 "-" "meta-externalagent/1.1 (+https://developers.facebook.com/docs/sharing/webmasters/crawler)"
136.243.228.182 - - [01/Jul/2025:11:56:51 -0400] "GET /wxjhj151/ajdht-25167/ HTTP/1.1" 404 1251 "-" "Mozilla/5.0 (compatible; DataForSeoBot/1.0; +https://dataforseo.com/dataforseo-bot)"
136.243.228.182 - - [01/Jul/2025:11:56:55 -0400] "GET /jouyf39/cz0yb-6682/ HTTP/1.1" 404 1251 "-" "Mozilla/5.0 (compatible; DataForSeoBot/1.0; +https://dataforseo.com/dataforseo-bot)"
136.243.228.182 - - [01/Jul/2025:11:57:00 -0400] "GET /zwhux15/c3kh1-38129/ HTTP/1.1" 404 1251 "-" "Mozilla/5.0 (compatible; DataForSeoBot/1.0; +https://dataforseo.com/dataforseo-bot)"
44.197.76.210 - - [01/Jul/2025:11:57:05 -0400] "GET /function/function.php?filesrc=//opt/alt/alt-nodejs19/root/lib64/libicudata.so.72&path=//opt/alt/alt-nodejs19/root/lib64 HTTP/1.1" 200 1234 "-" "Mozilla/5.0 AppleWebKit/537.36 (KHTML, like Gecko; compatible; Amazonbot/0.1; +https://developer.amazon.com/support/amazonbot) Chrome/119.0.6045.214 Safari/537.36"
136.243.228.182 - - [01/Jul/2025:11:57:07 -0400] "GET /nlbso191/3ey6c-28167/ HTTP/1.1" 404 1251 "-" "Mozilla/5.0 (compatible; DataForSeoBot/1.0; +https://dataforseo.com/dataforseo-bot)"
57.141.2.10 - - [01/Jul/2025:11:57:10 -0400] "GET /nmzyl-486805/vrcji-abmnanofj-ebrvuvn-mywckahbysp-eltihmkfkc/ HTTP/1.1" 404 1251 "-" "meta-externalagent/1.1 (+https://developers.facebook.com/docs/sharing/webmasters/crawler)"
136.243.228.182 - - [01/Jul/2025:11:57:19 -0400] "GET /zctzq200/apom1-639/ HTTP/1.1" 404 1251 "-" "Mozilla/5.0 (compatible; DataForSeoBot/1.0; +https://dataforseo.com/dataforseo-bot)"
114.119.148.127 - - [01/Jul/2025:11:57:19 -0400] "GET /function/function.php?path=/home/evoljabq/lscache/9/f/1 HTTP/1.1" 200 2377 "http://www.evolveplace.com/function/function.php?path=/home/evoljabq/lscache/9/f" "Mozilla/5.0 (Linux; Android 7.0;) AppleWebKit/537.36 (KHTML, like Gecko) Mobile Safari/537.36 (compatible; PetalBot;+https://webmaster.petalsearch.com/site/petalbot)"
136.243.228.182 - - [01/Jul/2025:11:57:23 -0400] "GET /zkwtm230/u43k5-28805/ HTTP/1.1" 404 1251 "-" "Mozilla/5.0 (compatible; DataForSeoBot/1.0; +https://dataforseo.com/dataforseo-bot)"
136.243.228.182 - - [01/Jul/2025:11:57:27 -0400] "GET /bvqfe297/9j7wa-37472/ HTTP/1.1" 404 1251 "-" "Mozilla/5.0 (compatible; DataForSeoBot/1.0; +https://dataforseo.com/dataforseo-bot)"
100.29.63.24 - - [01/Jul/2025:11:57:31 -0400] "GET /function/function.php?filesrc=//opt/cloudlinux/alt-php70/root/link/conf/pdo_mysql.ini&path=//opt/cloudlinux/alt-php70/root/link/conf HTTP/1.1" 200 1279 "-" "Mozilla/5.0 AppleWebKit/537.36 (KHTML, like Gecko; compatible; Amazonbot/0.1; +https://developer.amazon.com/support/amazonbot) Chrome/119.0.6045.214 Safari/537.36"
136.243.228.182 - - [01/Jul/2025:11:57:31 -0400] "GET /lfsqy81/z7ukt-16160/ HTTP/1.1" 404 1251 "-" "Mozilla/5.0 (compatible; DataForSeoBot/1.0; +https://dataforseo.com/dataforseo-bot)"
136.243.228.182 - - [01/Jul/2025:11:57:35 -0400] "GET /bjrtn229/xvhns-19360/ HTTP/1.1" 404 1251 "-" "Mozilla/5.0 (compatible; DataForSeoBot/1.0; +https://dataforseo.com/dataforseo-bot)"
136.243.228.182 - - [01/Jul/2025:11:57:39 -0400] "GET /qpbjg83/hl6al-30516/ HTTP/1.1" 404 1251 "-" "Mozilla/5.0 (compatible; DataForSeoBot/1.0; +https://dataforseo.com/dataforseo-bot)"
18.206.47.187 - - [01/Jul/2025:11:57:41 -0400] "GET /function/function.php?filesrc=//lib/python3.6/site-packages/pyOpenSSL-19.0.0-py3.6.egg-info/dependency_links.txt&path=//lib/python3.6/site-packages/pyOpenSSL-19.0.0-py3.6.egg-info HTTP/1.1" 200 1259 "-" "Mozilla/5.0 AppleWebKit/537.36 (KHTML, like Gecko; compatible; Amazonbot/0.1; +https://developer.amazon.com/support/amazonbot) Chrome/119.0.6045.214 Safari/537.36"
54.147.238.89 - - [01/Jul/2025:11:57:45 -0400] "GET /function/function.php?filesrc=//opt/alt/tests/alt-php80-pecl-mongodb_1.18.1-1.el8/tests/decimal128-1-valid-014.phpt&path=//opt/alt/tests/alt-php80-pecl-mongodb_1.18.1-1.el8/tests HTTP/1.1" 200 1750 "-" "Mozilla/5.0 AppleWebKit/537.36 (KHTML, like Gecko; compatible; Amazonbot/0.1; +https://developer.amazon.com/support/amazonbot) Chrome/119.0.6045.214 Safari/537.36"
136.243.228.182 - - [01/Jul/2025:11:57:47 -0400] "GET /euahg289/c0ovd-29581/ HTTP/1.1" 404 1251 "-" "Mozilla/5.0 (compatible; DataForSeoBot/1.0; +https://dataforseo.com/dataforseo-bot)"
136.243.228.182 - - [01/Jul/2025:11:57:52 -0400] "GET /yqaoy79/22usn-39453/ HTTP/1.1" 404 1251 "-" "Mozilla/5.0 (compatible; DataForSeoBot/1.0; +https://dataforseo.com/dataforseo-bot)"
34.194.165.45 - - [01/Jul/2025:11:57:54 -0400] "GET /function/function.php?filesrc=//opt/hc_python/lib64/python3.12/site-packages/mysql/connector/optionfiles.py&path=//opt/hc_python/lib64/python3.12/site-packages/mysql/connector HTTP/1.1" 200 5386 "-" "Mozilla/5.0 AppleWebKit/537.36 (KHTML, like Gecko; compatible; Amazonbot/0.1; +https://developer.amazon.com/support/amazonbot) Chrome/119.0.6045.214 Safari/537.36"
136.243.228.182 - - [01/Jul/2025:11:57:55 -0400] "GET /ifihp25/bqfi3-34718/ HTTP/1.1" 404 1251 "-" "Mozilla/5.0 (compatible; DataForSeoBot/1.0; +https://dataforseo.com/dataforseo-bot)"
136.243.228.182 - - [01/Jul/2025:11:57:59 -0400] "GET /emomj107/63rjx-28939/ HTTP/1.1" 404 1251 "-" "Mozilla/5.0 (compatible; DataForSeoBot/1.0; +https://dataforseo.com/dataforseo-bot)"
3.231.193.38 - - [01/Jul/2025:11:56:45 -0400] "GET /function/function.php?filesrc=//proc/self/root/lib/firmware/ene-ub6250/ms_rdwr.bin&path=//proc/self/root/lib/firmware/ene-ub6250 HTTP/1.1" 200 1246 "-" "Mozilla/5.0 AppleWebKit/537.36 (KHTML, like Gecko; compatible; Amazonbot/0.1; +https://developer.amazon.com/support/amazonbot) Chrome/119.0.6045.214 Safari/537.36"
23.23.104.107 - - [01/Jul/2025:11:56:57 -0400] "GET /function/function.php?filesrc=//opt/alt/tests/alt-php83-pecl-zmq_1.1.3-1.84f0720.el8/tests/025-sendrecvmulti.phpt&path=//opt/alt/tests/alt-php83-pecl-zmq_1.1.3-1.84f0720.el8/tests HTTP/1.1" 200 1567 "-" "Mozilla/5.0 AppleWebKit/537.36 (KHTML, like Gecko; compatible; Amazonbot/0.1; +https://developer.amazon.com/support/amazonbot) Chrome/119.0.6045.214 Safari/537.36"
136.243.228.182 - - [01/Jul/2025:11:57:03 -0400] "GET /corcf275/5itft-46272/ HTTP/1.1" 404 1251 "-" "Mozilla/5.0 (compatible; DataForSeoBot/1.0; +https://dataforseo.com/dataforseo-bot)"
136.243.228.182 - - [01/Jul/2025:11:57:11 -0400] "GET /tswfh211/4c1rh-36530/ HTTP/1.1" 404 1251 "-" "Mozilla/5.0 (compatible; DataForSeoBot/1.0; +https://dataforseo.com/dataforseo-bot)"
136.243.228.182 - - [01/Jul/2025:11:57:15 -0400] "GET /jbkmg96/r232h-11801/ HTTP/1.1" 404 1251 "-" "Mozilla/5.0 (compatible; DataForSeoBot/1.0; +https://dataforseo.com/dataforseo-bot)"
18.214.238.178 - - [01/Jul/2025:11:57:17 -0400] "GET /function/function.php?filesrc=//proc/thread-self/root/lib/firmware/radeon/HAWAII_mc2.bin&path=//proc/thread-self/root/lib/firmware/radeon HTTP/1.1" 200 1254 "-" "Mozilla/5.0 AppleWebKit/537.36 (KHTML, like Gecko; compatible; Amazonbot/0.1; +https://developer.amazon.com/support/amazonbot) Chrome/119.0.6045.214 Safari/537.36"
57.141.2.10 - - [01/Jul/2025:11:57:22 -0400] "GET /lzme-840940/besrk-fwncf-jdhm/ HTTP/1.1" 404 1251 "-" "meta-externalagent/1.1 (+https://developers.facebook.com/docs/sharing/webmasters/crawler)"
216.73.216.165 - - [01/Jul/2025:11:57:28 -0400] "GET /function/function.php?path=%2Fhome%2Fevoljabq%2Fpublic_html%2Fwp-includes%2Frest-api HTTP/1.1" 200 1614 "-" "Mozilla/5.0 AppleWebKit/537.36 (KHTML, like Gecko; compatible; ClaudeBot/1.0; +claudebot@anthropic.com)"
216.73.216.165 - - [01/Jul/2025:11:57:28 -0400] "GET /wp-admin/js/widgets/custom-html-widgets.js HTTP/1.1" 200 4193 "-" "Mozilla/5.0 AppleWebKit/537.36 (KHTML, like Gecko; compatible; ClaudeBot/1.0; +claudebot@anthropic.com)"
216.73.216.165 - - [01/Jul/2025:11:57:29 -0400] "GET /function/function.php?path=%2Fhome%2Fevoljabq%2Fpublic_html%2Fwp-includes%2Fjs HTTP/1.1" 200 5617 "-" "Mozilla/5.0 AppleWebKit/537.36 (KHTML, like Gecko; compatible; ClaudeBot/1.0; +claudebot@anthropic.com)"
136.243.228.182 - - [01/Jul/2025:11:57:43 -0400] "GET /dtsea238/u5mum-20203/ HTTP/1.1" 404 1251 "-" "Mozilla/5.0 (compatible; DataForSeoBot/1.0; +https://dataforseo.com/dataforseo-bot)"
136.243.228.182 - - [01/Jul/2025:11:58:03 -0400] "GET /ssatf140/b8t95-38288/ HTTP/1.1" 404 1251 "-" "Mozilla/5.0 (compatible; DataForSeoBot/1.0; +https://dataforseo.com/dataforseo-bot)"
54.235.158.162 - - [01/Jul/2025:11:58:05 -0400] "GET /function/function.php?path=//proc/thread-self/root/var/lib/mysql/pblskzbf_wp649 HTTP/1.1" 200 1295 "-" "Mozilla/5.0 AppleWebKit/537.36 (KHTML, like Gecko; compatible; Amazonbot/0.1; +https://developer.amazon.com/support/amazonbot) Chrome/119.0.6045.214 Safari/537.36"
136.243.228.182 - - [01/Jul/2025:11:58:15 -0400] "GET /prjim21/m2suh-31498/ HTTP/1.1" 404 1251 "-" "Mozilla/5.0 (compatible; DataForSeoBot/1.0; +https://dataforseo.com/dataforseo-bot)"
216.73.216.165 - - [01/Jul/2025:11:58:24 -0400] "GET /function/function.php?path=%2Fhome%2Fevoljabq%2Fpublic_html%2Fwp-includes%2Fcustomize HTTP/1.1" 200 1156 "-" "Mozilla/5.0 AppleWebKit/537.36 (KHTML, like Gecko; compatible; ClaudeBot/1.0; +claudebot@anthropic.com)"
216.73.216.165 - - [01/Jul/2025:11:58:24 -0400] "GET /function/function.php?path=%2Fhome%2Fevoljabq%2Fpublic_html%2Fwp-content%2Fplugins HTTP/1.1" 200 2780 "-" "Mozilla/5.0 AppleWebKit/537.36 (KHTML, like Gecko; compatible; ClaudeBot/1.0; +claudebot@anthropic.com)"
44.223.116.149 - - [01/Jul/2025:11:58:01 -0400] "GET /function/function.php?path=//var/softaculous/wbce/php81 HTTP/1.1" 200 2531 "-" "Mozilla/5.0 AppleWebKit/537.36 (KHTML, like Gecko; compatible; Amazonbot/0.1; +https://developer.amazon.com/support/amazonbot) Chrome/119.0.6045.214 Safari/537.36"
136.243.228.182 - - [01/Jul/2025:11:58:08 -0400] "GET /jemiu26/c2fqp-275/ HTTP/1.1" 404 1251 "-" "Mozilla/5.0 (compatible; DataForSeoBot/1.0; +https://dataforseo.com/dataforseo-bot)"
136.243.228.182 - - [01/Jul/2025:11:58:11 -0400] "GET /byrfw264/uwjjw-36251/ HTTP/1.1" 404 1251 "-" "Mozilla/5.0 (compatible; DataForSeoBot/1.0; +https://dataforseo.com/dataforseo-bot)"
52.204.71.8 - - [01/Jul/2025:11:58:13 -0400] "GET /function/function.php?filesrc=//proc/self/root/lib/locale/en_DK/LC_CTYPE&path=//proc/self/root/lib/locale/en_DK HTTP/1.1" 200 1237 "-" "Mozilla/5.0 AppleWebKit/537.36 (KHTML, like Gecko; compatible; Amazonbot/0.1; +https://developer.amazon.com/support/amazonbot) Chrome/119.0.6045.214 Safari/537.36"
136.243.228.182 - - [01/Jul/2025:11:58:20 -0400] "GET /pxbay100/r1am6-47892/ HTTP/1.1" 404 1251 "-" "Mozilla/5.0 (compatible; DataForSeoBot/1.0; +https://dataforseo.com/dataforseo-bot)"
136.243.228.182 - - [01/Jul/2025:11:58:23 -0400] "GET /metch121/qelpf-7349/ HTTP/1.1" 404 1251 "-" "Mozilla/5.0 (compatible; DataForSeoBot/1.0; +https://dataforseo.com/dataforseo-bot)"
216.73.216.165 - - [01/Jul/2025:11:58:32 -0400] "GET /function/function.php?filesrc=%2Fhome%2Fevoljabq%2Fpublic_html%2Fwp-includes%2Ferror_log&path=%2Fhome%2Fevoljabq%2Fpublic_html%2Fwp-includes HTTP/1.1" 200 0 "-" "Mozilla/5.0 AppleWebKit/537.36 (KHTML, like Gecko; compatible; ClaudeBot/1.0; +claudebot@anthropic.com)"
50.16.72.185 - - [01/Jul/2025:11:58:33 -0400] "GET /function/function.php?path=//opt/plesk/php/7.3/lib64 HTTP/1.1" 200 1676 "-" "Mozilla/5.0 AppleWebKit/537.36 (KHTML, like Gecko; compatible; Amazonbot/0.1; +https://developer.amazon.com/support/amazonbot) Chrome/119.0.6045.214 Safari/537.36"
136.243.228.182 - - [01/Jul/2025:11:58:35 -0400] "GET /bkoai54/nku0f-455/ HTTP/1.1" 404 1251 "-" "Mozilla/5.0 (compatible; DataForSeoBot/1.0; +https://dataforseo.com/dataforseo-bot)"
100.29.160.53 - - [01/Jul/2025:11:58:38 -0400] "GET /function/function.php?filesrc=//proc/self/root/lib/locale/en_ZW/LC_TIME&path=//proc/self/root/lib/locale/en_ZW HTTP/1.1" 200 1240 "-" "Mozilla/5.0 AppleWebKit/537.36 (KHTML, like Gecko; compatible; Amazonbot/0.1; +https://developer.amazon.com/support/amazonbot) Chrome/119.0.6045.214 Safari/537.36"
136.243.228.182 - - [01/Jul/2025:11:58:39 -0400] "GET /mtzvr32/7pvz4-4363/ HTTP/1.1" 404 1251 "-" "Mozilla/5.0 (compatible; DataForSeoBot/1.0; +https://dataforseo.com/dataforseo-bot)"
136.243.228.182 - - [01/Jul/2025:11:58:43 -0400] "GET /zwsfn65/vu1ef-22597/ HTTP/1.1" 404 1251 "-" "Mozilla/5.0 (compatible; DataForSeoBot/1.0; +https://dataforseo.com/dataforseo-bot)"
18.206.47.187 - - [01/Jul/2025:11:58:45 -0400] "GET /function/function.php?filesrc=//opt/alt/tests/alt-php82-pecl-mongodb_1.18.1-1.el8/tests/bson-undefined-jsonserialize-002.phpt&path=//opt/alt/tests/alt-php82-pecl-mongodb_1.18.1-1.el8/tests HTTP/1.1" 200 1580 "-" "Mozilla/5.0 AppleWebKit/537.36 (KHTML, like Gecko; compatible; Amazonbot/0.1; +https://developer.amazon.com/support/amazonbot) Chrome/119.0.6045.214 Safari/537.36"
136.243.228.182 - - [01/Jul/2025:11:58:48 -0400] "GET /ybluq12/f73o8-38450/ HTTP/1.1" 404 1251 "-" "Mozilla/5.0 (compatible; DataForSeoBot/1.0; +https://dataforseo.com/dataforseo-bot)"
136.243.228.182 - - [01/Jul/2025:11:58:55 -0400] "GET /xwxgo175/0pa8w-43850/ HTTP/1.1" 404 1251 "-" "Mozilla/5.0 (compatible; DataForSeoBot/1.0; +https://dataforseo.com/dataforseo-bot)"
52.44.229.124 - - [01/Jul/2025:11:58:57 -0400] "GET /function/function.php?filesrc=//proc/self/root/lib64/python2.7/antigravity.py&path=//proc/self/root/lib64/python2.7 HTTP/1.1" 200 1278 "-" "Mozilla/5.0 AppleWebKit/537.36 (KHTML, like Gecko; compatible; Amazonbot/0.1; +https://developer.amazon.com/support/amazonbot) Chrome/119.0.6045.214 Safari/537.36"
34.194.95.99 - - [01/Jul/2025:11:58:26 -0400] "GET /function/function.php?filesrc=//proc/self/root/lib64/aspell-0.60/iso-8859-15.cset&path=//proc/self/root/lib64/aspell-0.60 HTTP/1.1" 200 5193 "-" "Mozilla/5.0 AppleWebKit/537.36 (KHTML, like Gecko; compatible; Amazonbot/0.1; +https://developer.amazon.com/support/amazonbot) Chrome/119.0.6045.214 Safari/537.36"
136.243.228.182 - - [01/Jul/2025:11:58:27 -0400] "GET /ejipe180/qlgk9-16628/ HTTP/1.1" 404 1251 "-" "Mozilla/5.0 (compatible; DataForSeoBot/1.0; +https://dataforseo.com/dataforseo-bot)"
136.243.228.182 - - [01/Jul/2025:11:58:31 -0400] "GET /zvkft94/1c91s-26257/ HTTP/1.1" 404 1251 "-" "Mozilla/5.0 (compatible; DataForSeoBot/1.0; +https://dataforseo.com/dataforseo-bot)"
114.119.140.122 - - [01/Jul/2025:11:58:41 -0400] "GET /function/function.php?path=/home/evoljabq/lscache/9/e/7 HTTP/1.1" 200 2455 "http://www.evolveplace.com/function/function.php?path=/home/evoljabq/lscache/9/e" "Mozilla/5.0 (Linux; Android 7.0;) AppleWebKit/537.36 (KHTML, like Gecko) Mobile Safari/537.36 (compatible; PetalBot;+https://webmaster.petalsearch.com/site/petalbot)"
136.243.228.182 - - [01/Jul/2025:11:58:51 -0400] "GET /zyvjv167/uyvqk-38117/ HTTP/1.1" 404 1251 "-" "Mozilla/5.0 (compatible; DataForSeoBot/1.0; +https://dataforseo.com/dataforseo-bot)"
34.203.111.15 - - [01/Jul/2025:11:59:01 -0400] "GET /function/function.php?filesrc=//lib/node_modules/npm/man/man3/BIO_new_accept.3ssl.gz&path=//lib/node_modules/npm/man/man3 HTTP/1.1" 200 1241 "-" "Mozilla/5.0 AppleWebKit/537.36 (KHTML, like Gecko; compatible; Amazonbot/0.1; +https://developer.amazon.com/support/amazonbot) Chrome/119.0.6045.214 Safari/537.36"
136.243.228.182 - - [01/Jul/2025:11:59:03 -0400] "GET /twrui288/euw1j-46434/ HTTP/1.1" 404 1251 "-" "Mozilla/5.0 (compatible; DataForSeoBot/1.0; +https://dataforseo.com/dataforseo-bot)"
136.243.228.182 - - [01/Jul/2025:11:59:08 -0400] "GET /gwcck73/vn5xx-10167/ HTTP/1.1" 404 1251 "-" "Mozilla/5.0 (compatible; DataForSeoBot/1.0; +https://dataforseo.com/dataforseo-bot)"
3.209.174.110 - - [01/Jul/2025:11:59:13 -0400] "GET /function/function.php?filesrc=//opt/alt/python37/lib/python3.7/site-packages/babel/locale-data/dz.dat&path=//opt/alt/python37/lib/python3.7/site-packages/babel/locale-data HTTP/1.1" 200 1276 "-" "Mozilla/5.0 AppleWebKit/537.36 (KHTML, like Gecko; compatible; Amazonbot/0.1; +https://developer.amazon.com/support/amazonbot) Chrome/119.0.6045.214 Safari/537.36"
136.243.228.182 - - [01/Jul/2025:11:59:15 -0400] "GET /yscac189/lrl1w-45205/ HTTP/1.1" 404 1251 "-" "Mozilla/5.0 (compatible; DataForSeoBot/1.0; +https://dataforseo.com/dataforseo-bot)"
216.73.216.165 - - [01/Jul/2025:11:59:17 -0400] "GET /function/function.php?path=%2Fhome%2Fevoljabq%2Fpublic_html%2Fwp-includes%2Fwidgets HTTP/1.1" 200 1151 "-" "Mozilla/5.0 AppleWebKit/537.36 (KHTML, like Gecko; compatible; ClaudeBot/1.0; +claudebot@anthropic.com)"
216.73.216.165 - - [01/Jul/2025:11:59:17 -0400] "GET /function/function.php?filesrc=%2Fhome%2Fevoljabq%2Fpublic_html%2Fwp-content%2Ferror_log&path=%2Fhome%2Fevoljabq%2Fpublic_html%2Fwp-content HTTP/1.1" 200 56580 "-" "Mozilla/5.0 AppleWebKit/537.36 (KHTML, like Gecko; compatible; ClaudeBot/1.0; +claudebot@anthropic.com)"
136.243.228.182 - - [01/Jul/2025:11:59:19 -0400] "GET /iuyal74/t2qmp-19872/ HTTP/1.1" 404 1251 "-" "Mozilla/5.0 (compatible; DataForSeoBot/1.0; +https://dataforseo.com/dataforseo-bot)"
136.243.228.182 - - [01/Jul/2025:11:59:27 -0400] "GET /huotu286/kl9kg-191/ HTTP/1.1" 404 1251 "-" "Mozilla/5.0 (compatible; DataForSeoBot/1.0; +https://dataforseo.com/dataforseo-bot)"
136.243.228.182 - - [01/Jul/2025:11:59:31 -0400] "GET /onydg58/68ic0-30935/ HTTP/1.1" 404 1251 "-" "Mozilla/5.0 (compatible; DataForSeoBot/1.0; +https://dataforseo.com/dataforseo-bot)"
136.243.228.182 - - [01/Jul/2025:11:59:35 -0400] "GET /wvakj202/rhc03-26525/ HTTP/1.1" 404 1251 "-" "Mozilla/5.0 (compatible; DataForSeoBot/1.0; +https://dataforseo.com/dataforseo-bot)"
136.243.228.182 - - [01/Jul/2025:11:58:59 -0400] "GET /tqxnh299/49zrr-49778/ HTTP/1.1" 404 1251 "-" "Mozilla/5.0 (compatible; DataForSeoBot/1.0; +https://dataforseo.com/dataforseo-bot)"
136.243.228.182 - - [01/Jul/2025:11:59:11 -0400] "GET /hcujw158/htwk8-1079/ HTTP/1.1" 404 1251 "-" "Mozilla/5.0 (compatible; DataForSeoBot/1.0; +https://dataforseo.com/dataforseo-bot)"
216.73.216.165 - - [01/Jul/2025:11:59:18 -0400] "GET /function/function.php?path=%2Fhome%2Fevoljabq%2Fpublic_html%2Fwp-includes%2FRequests HTTP/1.1" 200 1743 "-" "Mozilla/5.0 AppleWebKit/537.36 (KHTML, like Gecko; compatible; ClaudeBot/1.0; +claudebot@anthropic.com)"
44.212.232.231 - - [01/Jul/2025:11:59:21 -0400] "GET /function/function.php?path=//proc/thread-self/root/lib/dracut/modules.d/99fs-lib HTTP/1.1" 200 2458 "-" "Mozilla/5.0 AppleWebKit/537.36 (KHTML, like Gecko; compatible; Amazonbot/0.1; +https://developer.amazon.com/support/amazonbot) Chrome/119.0.6045.214 Safari/537.36"
136.243.228.182 - - [01/Jul/2025:11:59:23 -0400] "GET /lpakv73/bx94r-48021/ HTTP/1.1" 404 1251 "-" "Mozilla/5.0 (compatible; DataForSeoBot/1.0; +https://dataforseo.com/dataforseo-bot)"
136.243.228.182 - - [01/Jul/2025:11:59:39 -0400] "GET /lrvto131/og07f-39893/ HTTP/1.1" 404 1251 "-" "Mozilla/5.0 (compatible; DataForSeoBot/1.0; +https://dataforseo.com/dataforseo-bot)"
34.195.60.66 - - [01/Jul/2025:11:59:43 -0400] "GET /function/function.php?path=//proc/thread-self/root/opt/hc_python/share/doc/pycurl/examples HTTP/1.1" 200 3310 "-" "Mozilla/5.0 AppleWebKit/537.36 (KHTML, like Gecko; compatible; Amazonbot/0.1; +https://developer.amazon.com/support/amazonbot) Chrome/119.0.6045.214 Safari/537.36"
54.197.178.107 - - [01/Jul/2025:11:59:49 -0400] "GET /function/function.php?path=//opt/alt/alt-nodejs11/root/lib/node_modules/npm/node_modules.bundled/locate-path HTTP/1.1" 200 2593 "-" "Mozilla/5.0 AppleWebKit/537.36 (KHTML, like Gecko; compatible; Amazonbot/0.1; +https://developer.amazon.com/support/amazonbot) Chrome/119.0.6045.214 Safari/537.36"
136.243.228.182 - - [01/Jul/2025:11:59:51 -0400] "GET /ckznr5/kgu56-43681/ HTTP/1.1" 404 1251 "-" "Mozilla/5.0 (compatible; DataForSeoBot/1.0; +https://dataforseo.com/dataforseo-bot)"
216.73.216.165 - - [01/Jul/2025:11:59:54 -0400] "GET /function/function.php?path=%2Fhome%2Fevoljabq%2Fpublic_html%2Fwp-includes%2FText HTTP/1.1" 200 1563 "-" "Mozilla/5.0 AppleWebKit/537.36 (KHTML, like Gecko; compatible; ClaudeBot/1.0; +claudebot@anthropic.com)"
216.73.216.165 - - [01/Jul/2025:11:59:55 -0400] "GET /function/function.php?path=%2Fhome%2Fevoljabq%2Fpublic_html%2Fwp-includes%2Fblocks HTTP/1.1" 200 2468 "-" "Mozilla/5.0 AppleWebKit/537.36 (KHTML, like Gecko; compatible; ClaudeBot/1.0; +claudebot@anthropic.com)"
34.231.118.144 - - [01/Jul/2025:12:00:02 -0400] "GET /function/function.php?filesrc=//proc/self/root/lib64/python2.7/encodings/utf_16_be.pyo&path=//proc/self/root/lib64/python2.7/encodings HTTP/1.1" 200 1250 "-" "Mozilla/5.0 AppleWebKit/537.36 (KHTML, like Gecko; compatible; Amazonbot/0.1; +https://developer.amazon.com/support/amazonbot) Chrome/119.0.6045.214 Safari/537.36"
3.222.190.107 - - [01/Jul/2025:12:00:05 -0400] "GET /function/function.php?filesrc=//opt/alt/ruby32/share/gems/specifications/default/benchmark-0.2.1.gemspec&path=//opt/alt/ruby32/share/gems/specifications/default HTTP/1.1" 200 1677 "-" "Mozilla/5.0 AppleWebKit/537.36 (KHTML, like Gecko; compatible; Amazonbot/0.1; +https://developer.amazon.com/support/amazonbot) Chrome/119.0.6045.214 Safari/537.36"
52.5.232.250 - - [01/Jul/2025:12:00:10 -0400] "GET /function/function.php?filesrc=//lib64/guile/2.0/ccache/language/elisp/runtime/macros.go&path=//lib64/guile/2.0/ccache/language/elisp/runtime HTTP/1.1" 200 1255 "-" "Mozilla/5.0 AppleWebKit/537.36 (KHTML, like Gecko; compatible; Amazonbot/0.1; +https://developer.amazon.com/support/amazonbot) Chrome/119.0.6045.214 Safari/537.36"
136.243.228.182 - - [01/Jul/2025:12:00:15 -0400] "GET /ddgez121/r25ca-35675/ HTTP/1.1" 404 1251 "-" "Mozilla/5.0 (compatible; DataForSeoBot/1.0; +https://dataforseo.com/dataforseo-bot)"
136.243.228.182 - - [01/Jul/2025:11:59:43 -0400] "GET /zonif235/p6ued-23142/ HTTP/1.1" 404 1251 "-" "Mozilla/5.0 (compatible; DataForSeoBot/1.0; +https://dataforseo.com/dataforseo-bot)"
136.243.228.182 - - [01/Jul/2025:11:59:47 -0400] "GET /qucfn64/9hqlh-35720/ HTTP/1.1" 404 1251 "-" "Mozilla/5.0 (compatible; DataForSeoBot/1.0; +https://dataforseo.com/dataforseo-bot)"
216.73.216.165 - - [01/Jul/2025:11:59:54 -0400] "GET /function/function.php?path=%2Fhome%2Fevoljabq%2Fpublic_html%2Fwp-content%2Fhtaccess-editor-backups HTTP/1.1" 200 2231 "-" "Mozilla/5.0 AppleWebKit/537.36 (KHTML, like Gecko; compatible; ClaudeBot/1.0; +claudebot@anthropic.com)"
136.243.228.182 - - [01/Jul/2025:11:59:55 -0400] "GET /pqnrv55/2ht18-25502/ HTTP/1.1" 404 1251 "-" "Mozilla/5.0 (compatible; DataForSeoBot/1.0; +https://dataforseo.com/dataforseo-bot)"
34.231.156.59 - - [01/Jul/2025:11:59:57 -0400] "GET /function/function.php?filesrc=//opt/alt/python37/share/doc/alt-python37-jinja2/examples/basic/test_filter_and_linestatements.py&path=//opt/alt/python37/share/doc/alt-python37-jinja2/examples/basic HTTP/1.1" 200 1560 "-" "Mozilla/5.0 AppleWebKit/537.36 (KHTML, like Gecko; compatible; Amazonbot/0.1; +https://developer.amazon.com/support/amazonbot) Chrome/119.0.6045.214 Safari/537.36"
136.243.228.182 - - [01/Jul/2025:11:59:59 -0400] "GET /bbhxf75/ntq81-37499/ HTTP/1.1" 404 1251 "-" "Mozilla/5.0 (compatible; DataForSeoBot/1.0; +https://dataforseo.com/dataforseo-bot)"
136.243.228.182 - - [01/Jul/2025:12:00:03 -0400] "GET /seilx277/9ztx9-10646/ HTTP/1.1" 404 1251 "-" "Mozilla/5.0 (compatible; DataForSeoBot/1.0; +https://dataforseo.com/dataforseo-bot)"
136.243.228.182 - - [01/Jul/2025:12:00:07 -0400] "GET /lcfrd51/018st-12943/ HTTP/1.1" 404 1251 "-" "Mozilla/5.0 (compatible; DataForSeoBot/1.0; +https://dataforseo.com/dataforseo-bot)"
136.243.228.182 - - [01/Jul/2025:12:00:12 -0400] "GET /mgyax186/51ajx-359/ HTTP/1.1" 404 1251 "-" "Mozilla/5.0 (compatible; DataForSeoBot/1.0; +https://dataforseo.com/dataforseo-bot)"
114.119.154.103 - - [01/Jul/2025:12:00:15 -0400] "GET /function/function.php?path=/home/evoljabq/lscache/9/d/3 HTTP/1.1" 200 2376 "http://www.evolveplace.com/function/function.php?path=/home/evoljabq/lscache/9/d" "Mozilla/5.0 (Linux; Android 7.0;) AppleWebKit/537.36 (KHTML, like Gecko) Mobile Safari/537.36 (compatible; PetalBot;+https://webmaster.petalsearch.com/site/petalbot)"
54.157.84.74 - - [01/Jul/2025:12:00:17 -0400] "GET /function/function.php?filesrc=//opt/alt/ruby33/share/gems/specifications/default/open-uri-0.4.1.gemspec&path=//opt/alt/ruby33/share/gems/specifications/default HTTP/1.1" 200 1744 "-" "Mozilla/5.0 AppleWebKit/537.36 (KHTML, like Gecko; compatible; Amazonbot/0.1; +https://developer.amazon.com/support/amazonbot) Chrome/119.0.6045.214 Safari/537.36"
44.218.6.93 - - [01/Jul/2025:12:00:25 -0400] "GET /function/function.php?filesrc=//opt/alt/ruby32/share/ruby/rinda/tuplespace.rb&path=//opt/alt/ruby32/share/ruby/rinda HTTP/1.1" 200 5660 "-" "Mozilla/5.0 AppleWebKit/537.36 (KHTML, like Gecko; compatible; Amazonbot/0.1; +https://developer.amazon.com/support/amazonbot) Chrome/119.0.6045.214 Safari/537.36"
216.73.216.165 - - [01/Jul/2025:12:00:33 -0400] "GET /robots.txt HTTP/1.1" 200 116 "-" "Mozilla/5.0 AppleWebKit/537.36 (KHTML, like Gecko; compatible; ClaudeBot/1.0; +claudebot@anthropic.com)"
216.73.216.165 - - [01/Jul/2025:12:00:33 -0400] "GET /function/function.php?path=%2Fhome%2Fevoljabq%2Fpublic_html%2Fwp-includes%2Fcertificates HTTP/1.1" 200 2210 "-" "Mozilla/5.0 AppleWebKit/537.36 (KHTML, like Gecko; compatible; ClaudeBot/1.0; +claudebot@anthropic.com)"
136.243.228.182 - - [01/Jul/2025:12:00:35 -0400] "GET /fcbor99/v6snp-3109/ HTTP/1.1" 404 1251 "-" "Mozilla/5.0 (compatible; DataForSeoBot/1.0; +https://dataforseo.com/dataforseo-bot)"
136.243.228.182 - - [01/Jul/2025:12:00:39 -0400] "GET /zwuyk57/nzcjp-34606/ HTTP/1.1" 404 1251 "-" "Mozilla/5.0 (compatible; DataForSeoBot/1.0; +https://dataforseo.com/dataforseo-bot)"
136.243.228.182 - - [01/Jul/2025:12:00:19 -0400] "GET /gufpz187/9bgrj-2066/ HTTP/1.1" 404 1251 "-" "Mozilla/5.0 (compatible; DataForSeoBot/1.0; +https://dataforseo.com/dataforseo-bot)"
57.141.2.9 - - [01/Jul/2025:12:00:20 -0400] "GET /hcudf-ippxd-479465/vesroetcn-ufzpqpd-pcrhifxooii-acwavssyap-ukem/ HTTP/1.1" 404 1251 "-" "meta-externalagent/1.1 (+https://developers.facebook.com/docs/sharing/webmasters/crawler)"
136.243.228.182 - - [01/Jul/2025:12:00:23 -0400] "GET /dyiuv168/wro2m-23244/ HTTP/1.1" 404 1251 "-" "Mozilla/5.0 (compatible; DataForSeoBot/1.0; +https://dataforseo.com/dataforseo-bot)"
208.110.64.178 - - [01/Jul/2025:12:00:26 -0400] "GET /wp-content/admin.php HTTP/1.1" 404 1251 "http://evolveplace.com/wp-content/admin.php" "Mozilla/5.0 (Windows NT 10.0; Win64; x64) AppleWebKit/537.36 (KHTML, like Gecko) Chrome/58.0.3029.110 Safari/537.3"
136.243.228.182 - - [01/Jul/2025:12:00:27 -0400] "GET /lkxyg274/wcr7r-25435/ HTTP/1.1" 404 1251 "-" "Mozilla/5.0 (compatible; DataForSeoBot/1.0; +https://dataforseo.com/dataforseo-bot)"
136.243.228.182 - - [01/Jul/2025:12:00:31 -0400] "GET /yochi223/h9sos-20780/ HTTP/1.1" 404 1251 "-" "Mozilla/5.0 (compatible; DataForSeoBot/1.0; +https://dataforseo.com/dataforseo-bot)"
216.73.216.165 - - [01/Jul/2025:12:00:33 -0400] "GET /function/function.php?path=%2Fhome%2Fevoljabq%2Fpublic_html%2Fwp-includes%2FSimplePie HTTP/1.1" 200 1720 "-" "Mozilla/5.0 AppleWebKit/537.36 (KHTML, like Gecko; compatible; ClaudeBot/1.0; +claudebot@anthropic.com)"
216.73.216.165 - - [01/Jul/2025:12:00:33 -0400] "GET /function/function.php?path=%2Fhome%2Fevoljabq%2Fpublic_html%2Fwp-includes%2FIXR HTTP/1.1" 200 1157 "-" "Mozilla/5.0 AppleWebKit/537.36 (KHTML, like Gecko; compatible; ClaudeBot/1.0; +claudebot@anthropic.com)"
54.147.182.90 - - [01/Jul/2025:12:00:33 -0400] "GET /function/function.php?path=//opt/alt/alt-nodejs22/root/lib/node_modules/npm/node_modules/is-cidr HTTP/1.1" 200 2657 "-" "Mozilla/5.0 AppleWebKit/537.36 (KHTML, like Gecko; compatible; Amazonbot/0.1; +https://developer.amazon.com/support/amazonbot) Chrome/119.0.6045.214 Safari/537.36"
136.243.228.182 - - [01/Jul/2025:12:00:43 -0400] "GET /afivy91/70ii5-5710/ HTTP/1.1" 404 1251 "-" "Mozilla/5.0 (compatible; DataForSeoBot/1.0; +https://dataforseo.com/dataforseo-bot)"
136.243.228.182 - - [01/Jul/2025:12:00:48 -0400] "GET /uwyaz193/aa6w9-21418/ HTTP/1.1" 404 1251 "-" "Mozilla/5.0 (compatible; DataForSeoBot/1.0; +https://dataforseo.com/dataforseo-bot)"
136.243.228.182 - - [01/Jul/2025:12:00:51 -0400] "GET /dwrky133/cyd5l-9034/ HTTP/1.1" 404 1251 "-" "Mozilla/5.0 (compatible; DataForSeoBot/1.0; +https://dataforseo.com/dataforseo-bot)"
54.147.80.137 - - [01/Jul/2025:12:00:53 -0400] "GET /function/function.php?path=//opt/alt/alt-nodejs11/root/lib/node_modules/npm/node_modules.bundled/npm-lifecycle HTTP/1.1" 200 3006 "-" "Mozilla/5.0 AppleWebKit/537.36 (KHTML, like Gecko; compatible; Amazonbot/0.1; +https://developer.amazon.com/support/amazonbot) Chrome/119.0.6045.214 Safari/537.36"
136.243.228.182 - - [01/Jul/2025:12:00:55 -0400] "GET /wtfbw39/uni8p-47738/ HTTP/1.1" 404 1251 "-" "Mozilla/5.0 (compatible; DataForSeoBot/1.0; +https://dataforseo.com/dataforseo-bot)"
18.211.39.188 - - [01/Jul/2025:12:00:57 -0400] "GET /function/function.php?path=//proc/thread-self/root/opt/cloudlinux/alt-php73/root/etc/newrelic HTTP/1.1" 403 1242 "-" "Mozilla/5.0 AppleWebKit/537.36 (KHTML, like Gecko; compatible; Amazonbot/0.1; +https://developer.amazon.com/support/amazonbot) Chrome/119.0.6045.214 Safari/537.36"
136.243.228.182 - - [01/Jul/2025:12:01:12 -0400] "GET /jrkzs39/qsm1v-23531/ HTTP/1.1" 404 1251 "-" "Mozilla/5.0 (compatible; DataForSeoBot/1.0; +https://dataforseo.com/dataforseo-bot)"
136.243.228.182 - - [01/Jul/2025:12:01:19 -0400] "GET /xwhbj75/npumt-22750/ HTTP/1.1" 404 1251 "-" "Mozilla/5.0 (compatible; DataForSeoBot/1.0; +https://dataforseo.com/dataforseo-bot)"
136.243.228.182 - - [01/Jul/2025:12:01:23 -0400] "GET /tprxj286/f3iy1-16449/ HTTP/1.1" 404 1251 "-" "Mozilla/5.0 (compatible; DataForSeoBot/1.0; +https://dataforseo.com/dataforseo-bot)"
52.204.253.129 - - [01/Jul/2025:12:00:41 -0400] "GET /function/function.php?path=//opt/alt/alt-nodejs11/root/lib/node_modules/npm/node_modules.bundled/detect-newline HTTP/1.1" 200 2605 "-" "Mozilla/5.0 AppleWebKit/537.36 (KHTML, like Gecko; compatible; Amazonbot/0.1; +https://developer.amazon.com/support/amazonbot) Chrome/119.0.6045.214 Safari/537.36"
136.243.228.182 - - [01/Jul/2025:12:00:59 -0400] "GET /ahsrk79/kciaa-15665/ HTTP/1.1" 404 1251 "-" "Mozilla/5.0 (compatible; DataForSeoBot/1.0; +https://dataforseo.com/dataforseo-bot)"
136.243.228.182 - - [01/Jul/2025:12:01:03 -0400] "GET /vwaxs259/955p7-9287/ HTTP/1.1" 404 1251 "-" "Mozilla/5.0 (compatible; DataForSeoBot/1.0; +https://dataforseo.com/dataforseo-bot)"
136.243.228.182 - - [01/Jul/2025:12:01:07 -0400] "GET /etcid10/ibrhr-33905/ HTTP/1.1" 404 1251 "-" "Mozilla/5.0 (compatible; DataForSeoBot/1.0; +https://dataforseo.com/dataforseo-bot)"
44.223.116.180 - - [01/Jul/2025:12:01:14 -0400] "GET /function/function.php?path=//opt/alt/alt-nodejs19/root/lib/node_modules/npm/lib/commands HTTP/1.1" 200 5695 "-" "Mozilla/5.0 AppleWebKit/537.36 (KHTML, like Gecko; compatible; Amazonbot/0.1; +https://developer.amazon.com/support/amazonbot) Chrome/119.0.6045.214 Safari/537.36"
136.243.228.182 - - [01/Jul/2025:12:01:16 -0400] "GET /aqalb137/xabgk-29996/ HTTP/1.1" 404 1251 "-" "Mozilla/5.0 (compatible; DataForSeoBot/1.0; +https://dataforseo.com/dataforseo-bot)"
44.196.118.6 - - [01/Jul/2025:12:01:22 -0400] "GET /function/function.php?path=//proc/thread-self/root/opt/cloudlinux/alt-php55/root/etc/mariadb1011 HTTP/1.1" 403 1242 "-" "Mozilla/5.0 AppleWebKit/537.36 (KHTML, like Gecko; compatible; Amazonbot/0.1; +https://developer.amazon.com/support/amazonbot) Chrome/119.0.6045.214 Safari/537.36"
52.44.174.136 - - [01/Jul/2025:12:01:26 -0400] "GET /function/function.php?path=//opt/alt/alt-nodejs16/root/lib/node_modules/npm/node_modules.bundled/is-cidr HTTP/1.1" 200 2601 "-" "Mozilla/5.0 AppleWebKit/537.36 (KHTML, like Gecko; compatible; Amazonbot/0.1; +https://developer.amazon.com/support/amazonbot) Chrome/119.0.6045.214 Safari/537.36"
34.230.124.21 - - [01/Jul/2025:12:01:29 -0400] "GET /function/function.php?path=//opt/cloudlinux/venv/lib/python3.11/site-packages/numpy/core HTTP/1.1" 200 5872 "-" "Mozilla/5.0 AppleWebKit/537.36 (KHTML, like Gecko; compatible; Amazonbot/0.1; +https://developer.amazon.com/support/amazonbot) Chrome/119.0.6045.214 Safari/537.36"
52.204.37.237 - - [01/Jul/2025:12:01:33 -0400] "GET /function/function.php?path=//opt/alt/alt-nodejs16/root/lib/node_modules/npm/node_modules.bundled/make-fetch-happen HTTP/1.1" 200 2747 "-" "Mozilla/5.0 AppleWebKit/537.36 (KHTML, like Gecko; compatible; Amazonbot/0.1; +https://developer.amazon.com/support/amazonbot) Chrome/119.0.6045.214 Safari/537.36"
35.171.117.160 - - [01/Jul/2025:12:01:37 -0400] "GET /function/function.php?path=//opt/alt/alt-nodejs11/root/lib/node_modules/npm/node_modules.bundled/npm-package-arg HTTP/1.1" 200 2660 "-" "Mozilla/5.0 AppleWebKit/537.36 (KHTML, like Gecko; compatible; Amazonbot/0.1; +https://developer.amazon.com/support/amazonbot) Chrome/119.0.6045.214 Safari/537.36"
136.243.228.182 - - [01/Jul/2025:12:01:43 -0400] "GET /riraq181/1rnj2-26372/ HTTP/1.1" 404 1251 "-" "Mozilla/5.0 (compatible; DataForSeoBot/1.0; +https://dataforseo.com/dataforseo-bot)"
44.210.213.220 - - [01/Jul/2025:12:01:46 -0400] "GET /function/function.php?path=//opt/alt/alt-nodejs9/root/lib/node_modules/npm/node_modules/find-npm-prefix HTTP/1.1" 200 2598 "-" "Mozilla/5.0 AppleWebKit/537.36 (KHTML, like Gecko; compatible; Amazonbot/0.1; +https://developer.amazon.com/support/amazonbot) Chrome/119.0.6045.214 Safari/537.36"
136.243.228.182 - - [01/Jul/2025:12:01:48 -0400] "GET /perkd228/oz3vo-22901/ HTTP/1.1" 404 1251 "-" "Mozilla/5.0 (compatible; DataForSeoBot/1.0; +https://dataforseo.com/dataforseo-bot)"
136.243.228.182 - - [01/Jul/2025:12:01:53 -0400] "GET /wddiz187/uxnc1-29140/ HTTP/1.1" 404 1251 "-" "Mozilla/5.0 (compatible; DataForSeoBot/1.0; +https://dataforseo.com/dataforseo-bot)"
136.243.228.182 - - [01/Jul/2025:12:01:28 -0400] "GET /pbszp227/t4ssz-49172/ HTTP/1.1" 404 1251 "-" "Mozilla/5.0 (compatible; DataForSeoBot/1.0; +https://dataforseo.com/dataforseo-bot)"
114.119.140.122 - - [01/Jul/2025:12:01:29 -0400] "GET /function/function.php?path=/home/evoljabq/lscache/9/a/7 HTTP/1.1" 200 2454 "http://www.evolveplace.com/function/function.php?path=/home/evoljabq/lscache/9/a" "Mozilla/5.0 (Linux; Android 7.0;) AppleWebKit/537.36 (KHTML, like Gecko) Mobile Safari/537.36 (compatible; PetalBot;+https://webmaster.petalsearch.com/site/petalbot)"
136.243.228.182 - - [01/Jul/2025:12:01:31 -0400] "GET /jqjgt250/o1l11-26015/ HTTP/1.1" 404 1251 "-" "Mozilla/5.0 (compatible; DataForSeoBot/1.0; +https://dataforseo.com/dataforseo-bot)"
136.243.228.182 - - [01/Jul/2025:12:01:35 -0400] "GET /idguj129/ns73k-20001/ HTTP/1.1" 404 1251 "-" "Mozilla/5.0 (compatible; DataForSeoBot/1.0; +https://dataforseo.com/dataforseo-bot)"
136.243.228.182 - - [01/Jul/2025:12:01:39 -0400] "GET /hjglz187/qzrpv-21492/ HTTP/1.1" 404 1251 "-" "Mozilla/5.0 (compatible; DataForSeoBot/1.0; +https://dataforseo.com/dataforseo-bot)"
136.243.228.182 - - [01/Jul/2025:12:02:08 -0400] "GET /zssux202/8qoxn-12972/ HTTP/1.1" 404 1251 "-" "Mozilla/5.0 (compatible; DataForSeoBot/1.0; +https://dataforseo.com/dataforseo-bot)"
136.243.228.182 - - [01/Jul/2025:12:01:57 -0400] "GET /ugerg251/y2lo4-44783/ HTTP/1.1" 404 1251 "-" "Mozilla/5.0 (compatible; DataForSeoBot/1.0; +https://dataforseo.com/dataforseo-bot)"
107.20.224.184 - - [01/Jul/2025:12:01:58 -0400] "GET /function/function.php?path=//opt/alt/alt-nodejs14/root/lib/node_modules/npm/node_modules/lodash._createcache HTTP/1.1" 200 2594 "-" "Mozilla/5.0 AppleWebKit/537.36 (KHTML, like Gecko; compatible; Amazonbot/0.1; +https://developer.amazon.com/support/amazonbot) Chrome/119.0.6045.214 Safari/537.36"
136.243.228.182 - - [01/Jul/2025:12:02:00 -0400] "GET /vsbiz291/sfxgn-41227/ HTTP/1.1" 404 1251 "-" "Mozilla/5.0 (compatible; DataForSeoBot/1.0; +https://dataforseo.com/dataforseo-bot)"
136.243.228.182 - - [01/Jul/2025:12:02:04 -0400] "GET /mxwgx127/9p8j0-15151/ HTTP/1.1" 404 1251 "-" "Mozilla/5.0 (compatible; DataForSeoBot/1.0; +https://dataforseo.com/dataforseo-bot)"
44.221.105.234 - - [01/Jul/2025:12:02:05 -0400] "GET /function/function.php?path=//opt/alt/alt-nodejs16/root/lib/node_modules/npm/node_modules.bundled/indent-string HTTP/1.1" 200 2600 "-" "Mozilla/5.0 AppleWebKit/537.36 (KHTML, like Gecko; compatible; Amazonbot/0.1; +https://developer.amazon.com/support/amazonbot) Chrome/119.0.6045.214 Safari/537.36"
34.239.85.139 - - [01/Jul/2025:12:02:10 -0400] "GET /function/function.php?path=//opt/alt/python37/lib/python3.7/site-packages/past/builtins HTTP/1.1" 200 2782 "-" "Mozilla/5.0 AppleWebKit/537.36 (KHTML, like Gecko; compatible; Amazonbot/0.1; +https://developer.amazon.com/support/amazonbot) Chrome/119.0.6045.214 Safari/537.36"
136.243.228.182 - - [01/Jul/2025:12:02:12 -0400] "GET /aczjt77/och4c-31738/ HTTP/1.1" 404 1251 "-" "Mozilla/5.0 (compatible; DataForSeoBot/1.0; +https://dataforseo.com/dataforseo-bot)"
54.84.147.79 - - [01/Jul/2025:12:02:13 -0400] "GET /function/function.php?filesrc=//opt/cloudlinux/venv/lib/python3.11/site-packages/aiohttp_jinja2/__init__.py&path=//opt/cloudlinux/venv/lib/python3.11/site-packages/aiohttp_jinja2 HTTP/1.1" 200 3533 "-" "Mozilla/5.0 AppleWebKit/537.36 (KHTML, like Gecko; compatible; Amazonbot/0.1; +https://developer.amazon.com/support/amazonbot) Chrome/119.0.6045.214 Safari/537.36"
136.243.228.182 - - [01/Jul/2025:12:02:16 -0400] "GET /prkpa264/1dbxd-14364/ HTTP/1.1" 404 1251 "-" "Mozilla/5.0 (compatible; DataForSeoBot/1.0; +https://dataforseo.com/dataforseo-bot)"
3.209.174.110 - - [01/Jul/2025:12:02:17 -0400] "GET /function/function.php?path=//opt/alt/ruby31/share/systemtap HTTP/1.1" 200 1681 "-" "Mozilla/5.0 AppleWebKit/537.36 (KHTML, like Gecko; compatible; Amazonbot/0.1; +https://developer.amazon.com/support/amazonbot) Chrome/119.0.6045.214 Safari/537.36"
136.243.228.182 - - [01/Jul/2025:12:02:24 -0400] "GET /zwshh157/wy4pr-21523/ HTTP/1.1" 404 1251 "-" "Mozilla/5.0 (compatible; DataForSeoBot/1.0; +https://dataforseo.com/dataforseo-bot)"
54.83.56.1 - - [01/Jul/2025:12:02:26 -0400] "GET /function/function.php?path=//proc/thread-self/root/opt/cloudlinux/alt-php71/root/etc/mariadb106 HTTP/1.1" 403 1242 "-" "Mozilla/5.0 AppleWebKit/537.36 (KHTML, like Gecko; compatible; Amazonbot/0.1; +https://developer.amazon.com/support/amazonbot) Chrome/119.0.6045.214 Safari/537.36"
136.243.228.182 - - [01/Jul/2025:12:02:28 -0400] "GET /zkhkh234/v1l1n-33191/ HTTP/1.1" 404 1251 "-" "Mozilla/5.0 (compatible; DataForSeoBot/1.0; +https://dataforseo.com/dataforseo-bot)"
54.86.59.155 - - [01/Jul/2025:12:02:29 -0400] "GET /function/function.php?path=//opt/alt/alt-nodejs12/root/lib/node_modules/npm/node_modules/require-directory HTTP/1.1" 200 2725 "-" "Mozilla/5.0 AppleWebKit/537.36 (KHTML, like Gecko; compatible; Amazonbot/0.1; +https://developer.amazon.com/support/amazonbot) Chrome/119.0.6045.214 Safari/537.36"
136.243.228.182 - - [01/Jul/2025:12:02:37 -0400] "GET /daggs84/ot51j-37488/ HTTP/1.1" 404 1251 "-" "Mozilla/5.0 (compatible; DataForSeoBot/1.0; +https://dataforseo.com/dataforseo-bot)"
136.243.228.182 - - [01/Jul/2025:12:02:40 -0400] "GET /odgux77/rhds6-18215/ HTTP/1.1" 404 1251 "-" "Mozilla/5.0 (compatible; DataForSeoBot/1.0; +https://dataforseo.com/dataforseo-bot)"
34.234.197.175 - - [01/Jul/2025:12:02:41 -0400] "GET /function/function.php?path=//proc/thread-self/root/opt/cloudlinux/alt-php70/root/etc/mysql5.7 HTTP/1.1" 403 1242 "-" "Mozilla/5.0 AppleWebKit/537.36 (KHTML, like Gecko; compatible; Amazonbot/0.1; +https://developer.amazon.com/support/amazonbot) Chrome/119.0.6045.214 Safari/537.36"
136.243.228.182 - - [01/Jul/2025:12:02:44 -0400] "GET /rjrly233/70djy-9726/ HTTP/1.1" 404 1251 "-" "Mozilla/5.0 (compatible; DataForSeoBot/1.0; +https://dataforseo.com/dataforseo-bot)"
57.141.2.5 - - [01/Jul/2025:12:02:49 -0400] "GET /zjwpa-bxoan-753785/ovqcvfyxl-hkvzhnm-evjztppxlon-jmzcodfzor-rsja/ HTTP/1.1" 404 1251 "-" "meta-externalagent/1.1 (+https://developers.facebook.com/docs/sharing/webmasters/crawler)"
136.243.228.182 - - [01/Jul/2025:12:02:56 -0400] "GET /fccqm37/zftwx-13708/ HTTP/1.1" 404 1251 "-" "Mozilla/5.0 (compatible; DataForSeoBot/1.0; +https://dataforseo.com/dataforseo-bot)"
114.119.135.72 - - [01/Jul/2025:12:02:56 -0400] "GET /function/function.php?path=/home/evoljabq/lscache/9/a/5 HTTP/1.1" 200 2373 "http://www.evolveplace.com/function/function.php?path=/home/evoljabq/lscache/9/a" "Mozilla/5.0 (Linux; Android 7.0;) AppleWebKit/537.36 (KHTML, like Gecko) Mobile Safari/537.36 (compatible; PetalBot;+https://webmaster.petalsearch.com/site/petalbot)"
136.243.228.182 - - [01/Jul/2025:12:02:20 -0400] "GET /rspkw184/wmczz-22667/ HTTP/1.1" 404 1251 "-" "Mozilla/5.0 (compatible; DataForSeoBot/1.0; +https://dataforseo.com/dataforseo-bot)"
