136.243.228.182 - - [01/Jul/2025:09:51:02 -0400] "GET /xdsoa77/hhmqu-40535/ HTTP/1.1" 404 1251 "-" "Mozilla/5.0 (compatible; DataForSeoBot/1.0; +https://dataforseo.com/dataforseo-bot)"
136.243.228.182 - - [01/Jul/2025:09:51:10 -0400] "GET /iipym74/vh4rf-23296/ HTTP/1.1" 404 1251 "-" "Mozilla/5.0 (compatible; DataForSeoBot/1.0; +https://dataforseo.com/dataforseo-bot)"
54.225.98.148 - - [01/Jul/2025:09:51:13 -0400] "GET /function/function.php?path=/home/evoljabq/lscache/7/0 HTTP/1.1" 200 1944 "-" "Mozilla/5.0 AppleWebKit/537.36 (KHTML, like Gecko; compatible; Amazonbot/0.1; +https://developer.amazon.com/support/amazonbot) Chrome/119.0.6045.214 Safari/537.36"
52.3.127.170 - - [01/Jul/2025:09:51:17 -0400] "GET /function/function.php?filesrc=//proc/self/root/lib64/libasprintf.so.0.0.0&path=//proc/self/root/lib64 HTTP/1.1" 200 1218 "-" "Mozilla/5.0 AppleWebKit/537.36 (KHTML, like Gecko; compatible; Amazonbot/0.1; +https://developer.amazon.com/support/amazonbot) Chrome/119.0.6045.214 Safari/537.36"
136.243.228.182 - - [01/Jul/2025:09:51:18 -0400] "GET /knlir163/r506j-41937/ HTTP/1.1" 404 1251 "-" "Mozilla/5.0 (compatible; DataForSeoBot/1.0; +https://dataforseo.com/dataforseo-bot)"
136.243.228.182 - - [01/Jul/2025:09:51:22 -0400] "GET /ftyno292/79wwy-19158/ HTTP/1.1" 404 1251 "-" "Mozilla/5.0 (compatible; DataForSeoBot/1.0; +https://dataforseo.com/dataforseo-bot)"
208.110.64.178 - - [01/Jul/2025:09:51:22 -0400] "GET /wp-content/admin.php HTTP/1.1" 404 1251 "http://evolveplace.com/wp-content/admin.php" "Mozilla/5.0 (Windows NT 10.0; Win64; x64) AppleWebKit/537.36 (KHTML, like Gecko) Chrome/58.0.3029.110 Safari/537.3"
136.243.228.182 - - [01/Jul/2025:09:51:46 -0400] "GET /aitdc274/kuo13-21570/ HTTP/1.1" 404 1251 "-" "Mozilla/5.0 (compatible; DataForSeoBot/1.0; +https://dataforseo.com/dataforseo-bot)"
52.6.232.201 - - [01/Jul/2025:09:51:57 -0400] "GET /function/function.php?filesrc=//lib/node_modules/npm/man/man3/ASN1_TIME_set_string_X509.3ssl.gz&path=//lib/node_modules/npm/man/man3 HTTP/1.1" 200 1249 "-" "Mozilla/5.0 AppleWebKit/537.36 (KHTML, like Gecko; compatible; Amazonbot/0.1; +https://developer.amazon.com/support/amazonbot) Chrome/119.0.6045.214 Safari/537.36"
100.28.133.214 - - [01/Jul/2025:09:51:33 -0400] "GET /function/function.php?filesrc=//proc/self/root/lib/firmware/cirrus/cs35l41-dsp1-spk-prot-10431c43.wmfw&path=//proc/self/root/lib/firmware/cirrus HTTP/1.1" 200 1261 "-" "Mozilla/5.0 AppleWebKit/537.36 (KHTML, like Gecko; compatible; Amazonbot/0.1; +https://developer.amazon.com/support/amazonbot) Chrome/119.0.6045.214 Safari/537.36"
136.243.228.182 - - [01/Jul/2025:09:51:34 -0400] "GET /xecry224/uti51-46828/ HTTP/1.1" 404 1251 "-" "Mozilla/5.0 (compatible; DataForSeoBot/1.0; +https://dataforseo.com/dataforseo-bot)"
57.141.2.26 - - [01/Jul/2025:09:51:35 -0400] "GET /mapnaviga/mapnavigan.xml HTTP/1.1" 200 1819194 "-" "meta-externalagent/1.1 (+https://developers.facebook.com/docs/sharing/webmasters/crawler)"
136.243.228.182 - - [01/Jul/2025:09:51:38 -0400] "GET /tdqzn294/5d2r9-43195/ HTTP/1.1" 404 1251 "-" "Mozilla/5.0 (compatible; DataForSeoBot/1.0; +https://dataforseo.com/dataforseo-bot)"
3.213.85.234 - - [01/Jul/2025:09:51:41 -0400] "GET /function/function.php?filesrc=//proc/thread-self/root/lib/rpm/platform/ppcpseries-linux/macros&path=//proc/thread-self/root/lib/rpm/platform/ppcpseries-linux HTTP/1.1" 200 2424 "-" "Mozilla/5.0 AppleWebKit/537.36 (KHTML, like Gecko; compatible; Amazonbot/0.1; +https://developer.amazon.com/support/amazonbot) Chrome/119.0.6045.214 Safari/537.36"
136.243.228.182 - - [01/Jul/2025:09:51:42 -0400] "GET /bnwsy269/9zzo4-44461/ HTTP/1.1" 404 1251 "-" "Mozilla/5.0 (compatible; DataForSeoBot/1.0; +https://dataforseo.com/dataforseo-bot)"
136.243.228.182 - - [01/Jul/2025:09:51:50 -0400] "GET /hslji51/lmxax-46970/ HTTP/1.1" 404 1251 "-" "Mozilla/5.0 (compatible; DataForSeoBot/1.0; +https://dataforseo.com/dataforseo-bot)"
136.243.228.182 - - [01/Jul/2025:09:51:54 -0400] "GET /rrcsk276/9be0e-48040/ HTTP/1.1" 404 1251 "-" "Mozilla/5.0 (compatible; DataForSeoBot/1.0; +https://dataforseo.com/dataforseo-bot)"
136.243.228.182 - - [01/Jul/2025:09:51:58 -0400] "GET /nyash29/tgpfi-6086/ HTTP/1.1" 404 1251 "-" "Mozilla/5.0 (compatible; DataForSeoBot/1.0; +https://dataforseo.com/dataforseo-bot)"
136.243.228.182 - - [01/Jul/2025:09:52:02 -0400] "GET /etoci69/1mxw8-26172/ HTTP/1.1" 404 1251 "-" "Mozilla/5.0 (compatible; DataForSeoBot/1.0; +https://dataforseo.com/dataforseo-bot)"
136.243.228.182 - - [01/Jul/2025:09:52:06 -0400] "GET /deupj142/zzxc6-17702/ HTTP/1.1" 404 1251 "-" "Mozilla/5.0 (compatible; DataForSeoBot/1.0; +https://dataforseo.com/dataforseo-bot)"
216.73.216.97 - - [01/Jul/2025:09:52:07 -0400] "GET /wp-includes/SimplePie/XML HTTP/1.1" 301 795 "-" "Mozilla/5.0 AppleWebKit/537.36 (KHTML, like Gecko; compatible; ClaudeBot/1.0; +claudebot@anthropic.com)"
216.73.216.97 - - [01/Jul/2025:09:52:07 -0400] "GET /wp-includes/SimplePie/XML/ HTTP/1.1" 200 625 "http://evolveplace.com/wp-includes/SimplePie/XML" "Mozilla/5.0 AppleWebKit/537.36 (KHTML, like Gecko; compatible; ClaudeBot/1.0; +claudebot@anthropic.com)"
3.212.86.97 - - [01/Jul/2025:09:52:09 -0400] "GET /function/function.php?filesrc=//lib64/python2.7/Tools/scripts/mailerdaemon.pyo&path=//lib64/python2.7/Tools/scripts HTTP/1.1" 200 1226 "-" "Mozilla/5.0 AppleWebKit/537.36 (KHTML, like Gecko; compatible; Amazonbot/0.1; +https://developer.amazon.com/support/amazonbot) Chrome/119.0.6045.214 Safari/537.36"
136.243.228.182 - - [01/Jul/2025:09:52:10 -0400] "GET /ywcdm229/pyntl-15181/ HTTP/1.1" 404 1251 "-" "Mozilla/5.0 (compatible; DataForSeoBot/1.0; +https://dataforseo.com/dataforseo-bot)"
52.203.68.145 - - [01/Jul/2025:09:52:13 -0400] "GET /function/function.php?filesrc=//opt/alt/python37/lib/python3.7/site-packages/jwt/api_jwt.py&path=//opt/alt/python37/lib/python3.7/site-packages/jwt HTTP/1.1" 200 3446 "-" "Mozilla/5.0 AppleWebKit/537.36 (KHTML, like Gecko; compatible; Amazonbot/0.1; +https://developer.amazon.com/support/amazonbot) Chrome/119.0.6045.214 Safari/537.36"
136.243.228.182 - - [01/Jul/2025:09:52:14 -0400] "GET /rdfjm203/vf86l-15829/ HTTP/1.1" 404 1251 "-" "Mozilla/5.0 (compatible; DataForSeoBot/1.0; +https://dataforseo.com/dataforseo-bot)"
114.119.129.128 - - [01/Jul/2025:09:52:15 -0400] "GET /function/function.php?path=/home/evoljabq/lscache/d/d/d HTTP/1.1" 200 2363 "http://www.evolveplace.com/function/function.php?path=/home/evoljabq/lscache/d/d" "Mozilla/5.0 (Linux; Android 7.0;) AppleWebKit/537.36 (KHTML, like Gecko) Mobile Safari/537.36 (compatible; PetalBot;+https://webmaster.petalsearch.com/site/petalbot)"
57.141.2.12 - - [01/Jul/2025:09:52:20 -0400] "GET /vhqcrnu-139036/qsyizgvdsfl-qwrss-llewh/ HTTP/1.1" 404 1251 "-" "meta-externalagent/1.1 (+https://developers.facebook.com/docs/sharing/webmasters/crawler)"
52.203.68.145 - - [01/Jul/2025:09:52:21 -0400] "GET /function/function.php?filesrc=//lib/node_modules/npm/node_modules/lodash._baseuniq/package.json&path=//lib/node_modules/npm/node_modules/lodash._baseuniq HTTP/1.1" 200 2043 "-" "Mozilla/5.0 AppleWebKit/537.36 (KHTML, like Gecko; compatible; Amazonbot/0.1; +https://developer.amazon.com/support/amazonbot) Chrome/119.0.6045.214 Safari/537.36"
136.243.228.182 - - [01/Jul/2025:09:52:22 -0400] "GET /lirth91/jc696-42396/ HTTP/1.1" 404 1251 "-" "Mozilla/5.0 (compatible; DataForSeoBot/1.0; +https://dataforseo.com/dataforseo-bot)"
57.141.2.28 - - [01/Jul/2025:09:52:30 -0400] "GET /gwyoxwo-711726/ddabytbilsw-rihmb-kxkrt-zlwg-igrgjiq/ HTTP/1.1" 404 1251 "-" "meta-externalagent/1.1 (+https://developers.facebook.com/docs/sharing/webmasters/crawler)"
136.243.228.182 - - [01/Jul/2025:09:52:31 -0400] "GET /kavrv197/90g2m-25031/ HTTP/1.1" 404 1251 "-" "Mozilla/5.0 (compatible; DataForSeoBot/1.0; +https://dataforseo.com/dataforseo-bot)"
136.243.228.182 - - [01/Jul/2025:09:52:39 -0400] "GET /ealep99/nfw36-37908/ HTTP/1.1" 404 1251 "-" "Mozilla/5.0 (compatible; DataForSeoBot/1.0; +https://dataforseo.com/dataforseo-bot)"
136.243.228.182 - - [01/Jul/2025:09:52:46 -0400] "GET /svudt275/ubrho-35738/ HTTP/1.1" 404 1251 "-" "Mozilla/5.0 (compatible; DataForSeoBot/1.0; +https://dataforseo.com/dataforseo-bot)"
136.243.228.182 - - [01/Jul/2025:09:52:50 -0400] "GET /hmnvw169/7032h-33297/ HTTP/1.1" 404 1251 "-" "Mozilla/5.0 (compatible; DataForSeoBot/1.0; +https://dataforseo.com/dataforseo-bot)"
54.163.136.244 - - [01/Jul/2025:09:52:53 -0400] "GET /function/function.php?filesrc=//opt/alt/php53/link/conf/pdo_mysql.ini&path=//opt/alt/php53/link/conf HTTP/1.1" 200 1261 "-" "Mozilla/5.0 AppleWebKit/537.36 (KHTML, like Gecko; compatible; Amazonbot/0.1; +https://developer.amazon.com/support/amazonbot) Chrome/119.0.6045.214 Safari/537.36"
54.156.248.117 - - [01/Jul/2025:09:53:01 -0400] "GET /function/function.php?filesrc=//opt/alt/tests/alt-php80-pecl-mongodb_1.18.1-1.el8/tests/decimal128-2-valid-006.phpt&path=//opt/alt/tests/alt-php80-pecl-mongodb_1.18.1-1.el8/tests HTTP/1.1" 200 1736 "-" "Mozilla/5.0 AppleWebKit/537.36 (KHTML, like Gecko; compatible; Amazonbot/0.1; +https://developer.amazon.com/support/amazonbot) Chrome/119.0.6045.214 Safari/537.36"
216.73.216.97 - - [01/Jul/2025:09:53:05 -0400] "GET /wp-includes/SimplePie/Cache HTTP/1.1" 301 795 "-" "Mozilla/5.0 AppleWebKit/537.36 (KHTML, like Gecko; compatible; ClaudeBot/1.0; +claudebot@anthropic.com)"
216.73.216.97 - - [01/Jul/2025:09:53:06 -0400] "GET /wp-includes/js/codemirror HTTP/1.1" 301 795 "-" "Mozilla/5.0 AppleWebKit/537.36 (KHTML, like Gecko; compatible; ClaudeBot/1.0; +claudebot@anthropic.com)"
216.73.216.97 - - [01/Jul/2025:09:53:07 -0400] "GET /wp-includes/SimplePie/Cache/ HTTP/1.1" 200 553 "http://evolveplace.com/wp-includes/SimplePie/Cache" "Mozilla/5.0 AppleWebKit/537.36 (KHTML, like Gecko; compatible; ClaudeBot/1.0; +claudebot@anthropic.com)"
23.21.175.228 - - [01/Jul/2025:09:53:09 -0400] "GET /function/function.php?filesrc=//home/evoljabq/mail/new/1599908322.M339395P441027.server232.web-hosting.com,S%3D3424,W%3D3505&path=//home/evoljabq/mail/new HTTP/1.1" 200 2560 "-" "Mozilla/5.0 AppleWebKit/537.36 (KHTML, like Gecko; compatible; Amazonbot/0.1; +https://developer.amazon.com/support/amazonbot) Chrome/119.0.6045.214 Safari/537.36"
216.73.216.97 - - [01/Jul/2025:09:52:02 -0400] "GET /wp-includes/css/wp-pointer-rtl.min.css HTTP/1.1" 200 819 "-" "Mozilla/5.0 AppleWebKit/537.36 (KHTML, like Gecko; compatible; ClaudeBot/1.0; +claudebot@anthropic.com)"
136.243.228.182 - - [01/Jul/2025:09:52:18 -0400] "GET /licyv110/8b4gx-17048/ HTTP/1.1" 404 1251 "-" "Mozilla/5.0 (compatible; DataForSeoBot/1.0; +https://dataforseo.com/dataforseo-bot)"
136.243.228.182 - - [01/Jul/2025:09:52:26 -0400] "GET /vxsyv273/w0f5n-47302/ HTTP/1.1" 404 1251 "-" "Mozilla/5.0 (compatible; DataForSeoBot/1.0; +https://dataforseo.com/dataforseo-bot)"
34.225.243.131 - - [01/Jul/2025:09:52:33 -0400] "GET /function/function.php?filesrc=//opt/alt/tests/alt-php82-pecl-igbinary_3.2.15-1.el8/tests/igbinary_009b.phpt&path=//opt/alt/tests/alt-php82-pecl-igbinary_3.2.15-1.el8/tests HTTP/1.1" 200 2383 "-" "Mozilla/5.0 AppleWebKit/537.36 (KHTML, like Gecko; compatible; Amazonbot/0.1; +https://developer.amazon.com/support/amazonbot) Chrome/119.0.6045.214 Safari/537.36"
136.243.228.182 - - [01/Jul/2025:09:52:34 -0400] "GET /kymuq209/9u8mv-36710/ HTTP/1.1" 404 1251 "-" "Mozilla/5.0 (compatible; DataForSeoBot/1.0; +https://dataforseo.com/dataforseo-bot)"
34.194.233.48 - - [01/Jul/2025:09:52:41 -0400] "GET /function/function.php?filesrc=//opt/alt/python37/lib/python3.7/site-packages/jwt/utils.py&path=//opt/alt/python37/lib/python3.7/site-packages/jwt HTTP/1.1" 200 2185 "-" "Mozilla/5.0 AppleWebKit/537.36 (KHTML, like Gecko; compatible; Amazonbot/0.1; +https://developer.amazon.com/support/amazonbot) Chrome/119.0.6045.214 Safari/537.36"
136.243.228.182 - - [01/Jul/2025:09:52:43 -0400] "GET /iikkq6/dcla6-11009/ HTTP/1.1" 404 1251 "-" "Mozilla/5.0 (compatible; DataForSeoBot/1.0; +https://dataforseo.com/dataforseo-bot)"
54.84.169.196 - - [01/Jul/2025:09:52:49 -0400] "GET /function/function.php?filesrc=//lib64/ruby/digest/md5.so&path=//lib64/ruby/digest HTTP/1.1" 200 1204 "-" "Mozilla/5.0 AppleWebKit/537.36 (KHTML, like Gecko; compatible; Amazonbot/0.1; +https://developer.amazon.com/support/amazonbot) Chrome/119.0.6045.214 Safari/537.36"
136.243.228.182 - - [01/Jul/2025:09:52:54 -0400] "GET /ileou233/iuwfx-4554/ HTTP/1.1" 404 1251 "-" "Mozilla/5.0 (compatible; DataForSeoBot/1.0; +https://dataforseo.com/dataforseo-bot)"
136.243.228.182 - - [01/Jul/2025:09:52:58 -0400] "GET /khzop171/m6hmz-12952/ HTTP/1.1" 404 1251 "-" "Mozilla/5.0 (compatible; DataForSeoBot/1.0; +https://dataforseo.com/dataforseo-bot)"
136.243.228.182 - - [01/Jul/2025:09:53:02 -0400] "GET /ypnho232/ye2yn-28933/ HTTP/1.1" 404 1251 "-" "Mozilla/5.0 (compatible; DataForSeoBot/1.0; +https://dataforseo.com/dataforseo-bot)"
136.243.228.182 - - [01/Jul/2025:09:53:06 -0400] "GET /clfnq275/3i4fh-21369/ HTTP/1.1" 404 1251 "-" "Mozilla/5.0 (compatible; DataForSeoBot/1.0; +https://dataforseo.com/dataforseo-bot)"
216.73.216.97 - - [01/Jul/2025:09:53:07 -0400] "GET /wp-includes/js/codemirror/ HTTP/1.1" 200 1085 "http://evolveplace.com/wp-includes/js/codemirror" "Mozilla/5.0 AppleWebKit/537.36 (KHTML, like Gecko; compatible; ClaudeBot/1.0; +claudebot@anthropic.com)"
3.94.156.104 - - [01/Jul/2025:09:53:17 -0400] "GET /function/function.php?filesrc=//opt/alt/tests/alt-php80-pecl-mongodb_1.18.1-1.el8/tests/decimal128-1-valid-009.phpt&path=//opt/alt/tests/alt-php80-pecl-mongodb_1.18.1-1.el8/tests HTTP/1.1" 200 1693 "-" "Mozilla/5.0 AppleWebKit/537.36 (KHTML, like Gecko; compatible; Amazonbot/0.1; +https://developer.amazon.com/support/amazonbot) Chrome/119.0.6045.214 Safari/537.36"
136.243.228.182 - - [01/Jul/2025:09:53:18 -0400] "GET /tdlbk231/0xi4c-7432/ HTTP/1.1" 404 1251 "-" "Mozilla/5.0 (compatible; DataForSeoBot/1.0; +https://dataforseo.com/dataforseo-bot)"
136.243.228.182 - - [01/Jul/2025:09:53:22 -0400] "GET /gvlxk224/fq714-25033/ HTTP/1.1" 404 1251 "-" "Mozilla/5.0 (compatible; DataForSeoBot/1.0; +https://dataforseo.com/dataforseo-bot)"
136.243.228.182 - - [01/Jul/2025:09:53:26 -0400] "GET /klfid217/v2p2v-31066/ HTTP/1.1" 404 1251 "-" "Mozilla/5.0 (compatible; DataForSeoBot/1.0; +https://dataforseo.com/dataforseo-bot)"
136.243.228.182 - - [01/Jul/2025:09:53:10 -0400] "GET /ffhck75/dxxov-7448/ HTTP/1.1" 404 1251 "-" "Mozilla/5.0 (compatible; DataForSeoBot/1.0; +https://dataforseo.com/dataforseo-bot)"
136.243.228.182 - - [01/Jul/2025:09:53:15 -0400] "GET /mayvm164/5a8jb-13299/ HTTP/1.1" 404 1251 "-" "Mozilla/5.0 (compatible; DataForSeoBot/1.0; +https://dataforseo.com/dataforseo-bot)"
114.119.129.128 - - [01/Jul/2025:09:53:41 -0400] "GET /function/function.php?path=/home/evoljabq/lscache/d/d/a HTTP/1.1" 200 2368 "http://www.evolveplace.com/function/function.php?path=/home/evoljabq/lscache/d/d" "Mozilla/5.0 (Linux; Android 7.0;) AppleWebKit/537.36 (KHTML, like Gecko) Mobile Safari/537.36 (compatible; PetalBot;+https://webmaster.petalsearch.com/site/petalbot)"
57.141.2.2 - - [01/Jul/2025:09:53:41 -0400] "GET /lzmebes-rkfwncfjdhm-646226/kqxcj-wyoyz-dxqu-sttnwvu-jndadbvwhf/ HTTP/1.1" 404 1251 "-" "meta-externalagent/1.1 (+https://developers.facebook.com/docs/sharing/webmasters/crawler)"
136.243.228.182 - - [01/Jul/2025:09:53:43 -0400] "GET /efcep208/j8sah-14281/ HTTP/1.1" 404 1251 "-" "Mozilla/5.0 (compatible; DataForSeoBot/1.0; +https://dataforseo.com/dataforseo-bot)"
57.141.2.24 - - [01/Jul/2025:09:53:49 -0400] "GET /sqswujm-zmsqqvoyxmb-761186/xzzwh-mkvti-msum-dqijofg-mobgipqekd/ HTTP/1.1" 404 1251 "-" "meta-externalagent/1.1 (+https://developers.facebook.com/docs/sharing/webmasters/crawler)"
3.217.171.106 - - [01/Jul/2025:09:53:54 -0400] "GET /function/function.php?path=//var/softaculous/wp56 HTTP/1.1" 200 4374 "-" "Mozilla/5.0 AppleWebKit/537.36 (KHTML, like Gecko; compatible; Amazonbot/0.1; +https://developer.amazon.com/support/amazonbot) Chrome/119.0.6045.214 Safari/537.36"
52.54.249.218 - - [01/Jul/2025:09:54:01 -0400] "GET /function/function.php?filesrc=//opt/alt/tests/alt-php83-pecl-mongodb_1.18.1-1.el8/tests/bson-timestamp-set_state_error-001.phpt&path=//opt/alt/tests/alt-php83-pecl-mongodb_1.18.1-1.el8/tests HTTP/1.1" 200 1593 "-" "Mozilla/5.0 AppleWebKit/537.36 (KHTML, like Gecko; compatible; Amazonbot/0.1; +https://developer.amazon.com/support/amazonbot) Chrome/119.0.6045.214 Safari/537.36"
136.243.228.182 - - [01/Jul/2025:09:54:04 -0400] "GET /ihubi14/yzuen-44134/ HTTP/1.1" 404 1251 "-" "Mozilla/5.0 (compatible; DataForSeoBot/1.0; +https://dataforseo.com/dataforseo-bot)"
136.243.228.182 - - [01/Jul/2025:09:54:11 -0400] "GET /ploia247/pr96l-9744/ HTTP/1.1" 404 1251 "-" "Mozilla/5.0 (compatible; DataForSeoBot/1.0; +https://dataforseo.com/dataforseo-bot)"
136.243.228.182 - - [01/Jul/2025:09:54:19 -0400] "GET /usytx245/mjui8-46795/ HTTP/1.1" 404 1251 "-" "Mozilla/5.0 (compatible; DataForSeoBot/1.0; +https://dataforseo.com/dataforseo-bot)"
136.243.228.182 - - [01/Jul/2025:09:54:23 -0400] "GET /krtpb92/uol9w-37935/ HTTP/1.1" 404 1251 "-" "Mozilla/5.0 (compatible; DataForSeoBot/1.0; +https://dataforseo.com/dataforseo-bot)"
3.94.157.25 - - [01/Jul/2025:09:54:25 -0400] "GET /function/function.php?filesrc=//opt/alt/alt-nodejs12/root/lib64/libicui18n.so.64.2&path=//opt/alt/alt-nodejs12/root/lib64 HTTP/1.1" 200 1236 "-" "Mozilla/5.0 AppleWebKit/537.36 (KHTML, like Gecko; compatible; Amazonbot/0.1; +https://developer.amazon.com/support/amazonbot) Chrome/119.0.6045.214 Safari/537.36"
136.243.228.182 - - [01/Jul/2025:09:54:31 -0400] "GET /gsqkx10/gzmlj-48094/ HTTP/1.1" 404 1251 "-" "Mozilla/5.0 (compatible; DataForSeoBot/1.0; +https://dataforseo.com/dataforseo-bot)"
23.23.137.202 - - [01/Jul/2025:09:54:33 -0400] "GET /function/function.php?filesrc=//proc/thread-self/root/lib/firmware/cirrus/cs35l41-dsp1-spk-prot-103c8b63-r1.bin&path=//proc/thread-self/root/lib/firmware/cirrus HTTP/1.1" 200 1268 "-" "Mozilla/5.0 AppleWebKit/537.36 (KHTML, like Gecko; compatible; Amazonbot/0.1; +https://developer.amazon.com/support/amazonbot) Chrome/119.0.6045.214 Safari/537.36"
136.243.228.182 - - [01/Jul/2025:09:54:39 -0400] "GET /njelj178/082ii-7368/ HTTP/1.1" 404 1251 "-" "Mozilla/5.0 (compatible; DataForSeoBot/1.0; +https://dataforseo.com/dataforseo-bot)"
54.159.98.248 - - [01/Jul/2025:09:53:30 -0400] "GET /function/function.php?path=//home/evoljabq/lscache/7/c/e HTTP/1.1" 200 2455 "-" "Mozilla/5.0 AppleWebKit/537.36 (KHTML, like Gecko; compatible; Amazonbot/0.1; +https://developer.amazon.com/support/amazonbot) Chrome/119.0.6045.214 Safari/537.36"
136.243.228.182 - - [01/Jul/2025:09:53:30 -0400] "GET /ipifv297/x7ky2-47669/ HTTP/1.1" 404 1251 "-" "Mozilla/5.0 (compatible; DataForSeoBot/1.0; +https://dataforseo.com/dataforseo-bot)"
136.243.228.182 - - [01/Jul/2025:09:53:34 -0400] "GET /sijhs285/e55h1-29541/ HTTP/1.1" 404 1251 "-" "Mozilla/5.0 (compatible; DataForSeoBot/1.0; +https://dataforseo.com/dataforseo-bot)"
184.73.239.35 - - [01/Jul/2025:09:53:37 -0400] "GET /function/function.php?filesrc=//proc/thread-self/root/lib64/python3.8/concurrent/futures/thread.py&path=//proc/thread-self/root/lib64/python3.8/concurrent/futures HTTP/1.1" 200 4299 "-" "Mozilla/5.0 AppleWebKit/537.36 (KHTML, like Gecko; compatible; Amazonbot/0.1; +https://developer.amazon.com/support/amazonbot) Chrome/119.0.6045.214 Safari/537.36"
136.243.228.182 - - [01/Jul/2025:09:53:39 -0400] "GET /czgxh282/q3mw3-44181/ HTTP/1.1" 404 1251 "-" "Mozilla/5.0 (compatible; DataForSeoBot/1.0; +https://dataforseo.com/dataforseo-bot)"
57.141.2.20 - - [01/Jul/2025:09:53:44 -0400] "GET /jfghixy-arwnfkptqxe-90176/hnsdg-vtshg-ctrq/ HTTP/1.1" 404 1251 "-" "meta-externalagent/1.1 (+https://developers.facebook.com/docs/sharing/webmasters/crawler)"
136.243.228.182 - - [01/Jul/2025:09:53:47 -0400] "GET /obbrh271/6fbi4-26959/ HTTP/1.1" 404 1251 "-" "Mozilla/5.0 (compatible; DataForSeoBot/1.0; +https://dataforseo.com/dataforseo-bot)"
136.243.228.182 - - [01/Jul/2025:09:53:52 -0400] "GET /gskfl245/9rt7u-43608/ HTTP/1.1" 404 1251 "-" "Mozilla/5.0 (compatible; DataForSeoBot/1.0; +https://dataforseo.com/dataforseo-bot)"
136.243.228.182 - - [01/Jul/2025:09:53:55 -0400] "GET /efnri272/j8jeu-26756/ HTTP/1.1" 404 1251 "-" "Mozilla/5.0 (compatible; DataForSeoBot/1.0; +https://dataforseo.com/dataforseo-bot)"
136.243.228.182 - - [01/Jul/2025:09:53:59 -0400] "GET /rabtq188/4dnob-30215/ HTTP/1.1" 404 1251 "-" "Mozilla/5.0 (compatible; DataForSeoBot/1.0; +https://dataforseo.com/dataforseo-bot)"
136.243.228.182 - - [01/Jul/2025:09:54:08 -0400] "GET /otgcg79/8015b-2668/ HTTP/1.1" 404 1251 "-" "Mozilla/5.0 (compatible; DataForSeoBot/1.0; +https://dataforseo.com/dataforseo-bot)"
136.243.228.182 - - [01/Jul/2025:09:54:15 -0400] "GET /snqap100/6uek7-3337/ HTTP/1.1" 404 1251 "-" "Mozilla/5.0 (compatible; DataForSeoBot/1.0; +https://dataforseo.com/dataforseo-bot)"
136.243.228.182 - - [01/Jul/2025:09:54:27 -0400] "GET /jewhz226/rjna3-16382/ HTTP/1.1" 404 1251 "-" "Mozilla/5.0 (compatible; DataForSeoBot/1.0; +https://dataforseo.com/dataforseo-bot)"
136.243.228.182 - - [01/Jul/2025:09:54:35 -0400] "GET /xcjrw290/4db9o-11200/ HTTP/1.1" 404 1251 "-" "Mozilla/5.0 (compatible; DataForSeoBot/1.0; +https://dataforseo.com/dataforseo-bot)"
184.72.95.195 - - [01/Jul/2025:09:54:41 -0400] "GET /function/function.php?filesrc=//proc/thread-self/root/lib64/libatomic_ops.so.1.1.1&path=//proc/thread-self/root/lib64 HTTP/1.1" 200 1225 "-" "Mozilla/5.0 AppleWebKit/537.36 (KHTML, like Gecko; compatible; Amazonbot/0.1; +https://developer.amazon.com/support/amazonbot) Chrome/119.0.6045.214 Safari/537.36"
136.243.228.182 - - [01/Jul/2025:09:54:43 -0400] "GET /pzjrm265/b4700-45480/ HTTP/1.1" 404 1251 "-" "Mozilla/5.0 (compatible; DataForSeoBot/1.0; +https://dataforseo.com/dataforseo-bot)"
54.89.90.224 - - [01/Jul/2025:09:54:45 -0400] "GET /function/function.php?path=//proc/thread-self/root/var/lib/mysql/burgxlgp_wp38 HTTP/1.1" 200 1292 "-" "Mozilla/5.0 AppleWebKit/537.36 (KHTML, like Gecko; compatible; Amazonbot/0.1; +https://developer.amazon.com/support/amazonbot) Chrome/119.0.6045.214 Safari/537.36"
35.173.18.61 - - [01/Jul/2025:09:54:58 -0400] "GET /function/function.php?filesrc=//opt/alt/python35/lib64/python3.5/lib2to3/fixes/fix_renames.py&path=//opt/alt/python35/lib64/python3.5/lib2to3/fixes HTTP/1.1" 200 2182 "-" "Mozilla/5.0 AppleWebKit/537.36 (KHTML, like Gecko; compatible; Amazonbot/0.1; +https://developer.amazon.com/support/amazonbot) Chrome/119.0.6045.214 Safari/537.36"
136.243.228.182 - - [01/Jul/2025:09:54:59 -0400] "GET /fuqgh167/r738a-24189/ HTTP/1.1" 404 1251 "-" "Mozilla/5.0 (compatible; DataForSeoBot/1.0; +https://dataforseo.com/dataforseo-bot)"
57.141.2.25 - - [01/Jul/2025:09:55:01 -0400] "GET /rxhtedew-tgkapjc-316778/wkndljnq-bucbmlubiyk-jygobhy-nbgl-tbfy/ HTTP/1.1" 404 1251 "-" "meta-externalagent/1.1 (+https://developers.facebook.com/docs/sharing/webmasters/crawler)"
18.207.79.144 - - [01/Jul/2025:09:55:06 -0400] "GET /function/function.php?filesrc=//home/evoljabq/www/wp-admin/css/install.min.css&path=//home/evoljabq/www/wp-admin/css HTTP/1.1" 200 3099 "-" "Mozilla/5.0 AppleWebKit/537.36 (KHTML, like Gecko; compatible; Amazonbot/0.1; +https://developer.amazon.com/support/amazonbot) Chrome/119.0.6045.214 Safari/537.36"
114.119.146.29 - - [01/Jul/2025:09:55:08 -0400] "GET /function/function.php?path=/home/evoljabq/lscache/d/d/5 HTTP/1.1" 200 2372 "http://www.evolveplace.com/function/function.php?path=/home/evoljabq/lscache/d/d" "Mozilla/5.0 (Linux; Android 7.0;) AppleWebKit/537.36 (KHTML, like Gecko) Mobile Safari/537.36 (compatible; PetalBot;+https://webmaster.petalsearch.com/site/petalbot)"
136.243.228.182 - - [01/Jul/2025:09:55:15 -0400] "GET /rxsye245/ukfnu-33854/ HTTP/1.1" 404 1251 "-" "Mozilla/5.0 (compatible; DataForSeoBot/1.0; +https://dataforseo.com/dataforseo-bot)"
136.243.228.182 - - [01/Jul/2025:09:55:23 -0400] "GET /kancf250/zvdij-21720/ HTTP/1.1" 404 1251 "-" "Mozilla/5.0 (compatible; DataForSeoBot/1.0; +https://dataforseo.com/dataforseo-bot)"
136.243.228.182 - - [01/Jul/2025:09:55:31 -0400] "GET /mgxnx133/51oag-26942/ HTTP/1.1" 404 1251 "-" "Mozilla/5.0 (compatible; DataForSeoBot/1.0; +https://dataforseo.com/dataforseo-bot)"
136.243.228.182 - - [01/Jul/2025:09:55:35 -0400] "GET /inhxy40/xxtgb-43563/ HTTP/1.1" 404 1251 "-" "Mozilla/5.0 (compatible; DataForSeoBot/1.0; +https://dataforseo.com/dataforseo-bot)"
34.196.237.236 - - [01/Jul/2025:09:55:41 -0400] "GET /function/function.php?filesrc=//lib/node_modules/npm/man/man8/systemd-hibernate-resume-generator.8.gz&path=//lib/node_modules/npm/man/man8 HTTP/1.1" 200 1253 "-" "Mozilla/5.0 AppleWebKit/537.36 (KHTML, like Gecko; compatible; Amazonbot/0.1; +https://developer.amazon.com/support/amazonbot) Chrome/119.0.6045.214 Safari/537.36"
136.243.228.182 - - [01/Jul/2025:09:55:44 -0400] "GET /yxdsr38/ygq1b-32430/ HTTP/1.1" 404 1251 "-" "Mozilla/5.0 (compatible; DataForSeoBot/1.0; +https://dataforseo.com/dataforseo-bot)"
136.243.228.182 - - [01/Jul/2025:09:55:51 -0400] "GET /qlnlb196/yzi2f-19246/ HTTP/1.1" 404 1251 "-" "Mozilla/5.0 (compatible; DataForSeoBot/1.0; +https://dataforseo.com/dataforseo-bot)"
136.243.228.182 - - [01/Jul/2025:09:55:55 -0400] "GET /zfavz292/64euw-12347/ HTTP/1.1" 404 1251 "-" "Mozilla/5.0 (compatible; DataForSeoBot/1.0; +https://dataforseo.com/dataforseo-bot)"
44.212.232.231 - - [01/Jul/2025:09:55:57 -0400] "GET /function/function.php?filesrc=//lib/node_modules/npm/man/man2/msgget.2.gz&path=//lib/node_modules/npm/man/man2 HTTP/1.1" 200 1229 "-" "Mozilla/5.0 AppleWebKit/537.36 (KHTML, like Gecko; compatible; Amazonbot/0.1; +https://developer.amazon.com/support/amazonbot) Chrome/119.0.6045.214 Safari/537.36"
136.243.228.182 - - [01/Jul/2025:09:55:59 -0400] "GET /ylrth190/iwa4g-3119/ HTTP/1.1" 404 1251 "-" "Mozilla/5.0 (compatible; DataForSeoBot/1.0; +https://dataforseo.com/dataforseo-bot)"
216.73.216.97 - - [01/Jul/2025:09:56:00 -0400] "GET /wp-includes/js/twemoji.js HTTP/1.1" 200 7383 "-" "Mozilla/5.0 AppleWebKit/537.36 (KHTML, like Gecko; compatible; ClaudeBot/1.0; +claudebot@anthropic.com)"
136.243.228.182 - - [01/Jul/2025:09:54:47 -0400] "GET /myidx76/haz1t-26560/ HTTP/1.1" 404 1251 "-" "Mozilla/5.0 (compatible; DataForSeoBot/1.0; +https://dataforseo.com/dataforseo-bot)"
136.243.228.182 - - [01/Jul/2025:09:54:51 -0400] "GET /fwyxx231/xjfl5-5129/ HTTP/1.1" 404 1251 "-" "Mozilla/5.0 (compatible; DataForSeoBot/1.0; +https://dataforseo.com/dataforseo-bot)"
136.243.228.182 - - [01/Jul/2025:09:54:55 -0400] "GET /uljwv210/dll3p-9884/ HTTP/1.1" 404 1251 "-" "Mozilla/5.0 (compatible; DataForSeoBot/1.0; +https://dataforseo.com/dataforseo-bot)"
136.243.228.182 - - [01/Jul/2025:09:55:04 -0400] "GET /yogwg187/kilx5-45843/ HTTP/1.1" 404 1251 "-" "Mozilla/5.0 (compatible; DataForSeoBot/1.0; +https://dataforseo.com/dataforseo-bot)"
136.243.228.182 - - [01/Jul/2025:09:55:07 -0400] "GET /azqyy235/ys19a-28209/ HTTP/1.1" 404 1251 "-" "Mozilla/5.0 (compatible; DataForSeoBot/1.0; +https://dataforseo.com/dataforseo-bot)"
136.243.228.182 - - [01/Jul/2025:09:55:11 -0400] "GET /gdvei45/v6ox7-42873/ HTTP/1.1" 404 1251 "-" "Mozilla/5.0 (compatible; DataForSeoBot/1.0; +https://dataforseo.com/dataforseo-bot)"
3.212.86.97 - - [01/Jul/2025:09:55:13 -0400] "GET /function/function.php?filesrc=//opt/alt/tests/alt-php81-pecl-mongodb_1.18.1-1.el8/tests/decimal128-1-valid-039.phpt&path=//opt/alt/tests/alt-php81-pecl-mongodb_1.18.1-1.el8/tests HTTP/1.1" 200 1824 "-" "Mozilla/5.0 AppleWebKit/537.36 (KHTML, like Gecko; compatible; Amazonbot/0.1; +https://developer.amazon.com/support/amazonbot) Chrome/119.0.6045.214 Safari/537.36"
136.243.228.182 - - [01/Jul/2025:09:55:20 -0400] "GET /cpbro300/jicyj-33950/ HTTP/1.1" 404 1251 "-" "Mozilla/5.0 (compatible; DataForSeoBot/1.0; +https://dataforseo.com/dataforseo-bot)"
34.193.2.57 - - [01/Jul/2025:09:55:21 -0400] "GET /function/function.php?path=//proc/thread-self/root/opt/alt/alt-nodejs19/root/sbin HTTP/1.1" 200 1296 "-" "Mozilla/5.0 AppleWebKit/537.36 (KHTML, like Gecko; compatible; Amazonbot/0.1; +https://developer.amazon.com/support/amazonbot) Chrome/119.0.6045.214 Safari/537.36"
136.243.228.182 - - [01/Jul/2025:09:55:27 -0400] "GET /vcdpm195/7spqn-16671/ HTTP/1.1" 404 1251 "-" "Mozilla/5.0 (compatible; DataForSeoBot/1.0; +https://dataforseo.com/dataforseo-bot)"
184.73.167.217 - - [01/Jul/2025:09:55:29 -0400] "GET /function/function.php?filesrc=//opt/alt/python27/lib64/python2.7/lib2to3/fixes/fix_unicode.py&path=//opt/alt/python27/lib64/python2.7/lib2to3/fixes HTTP/1.1" 200 1809 "-" "Mozilla/5.0 AppleWebKit/537.36 (KHTML, like Gecko; compatible; Amazonbot/0.1; +https://developer.amazon.com/support/amazonbot) Chrome/119.0.6045.214 Safari/537.36"
136.243.228.182 - - [01/Jul/2025:09:55:40 -0400] "GET /kbwqa290/zp4aa-33442/ HTTP/1.1" 404 1251 "-" "Mozilla/5.0 (compatible; DataForSeoBot/1.0; +https://dataforseo.com/dataforseo-bot)"
136.243.228.182 - - [01/Jul/2025:09:55:47 -0400] "GET /eobdu125/e6bdx-26118/ HTTP/1.1" 404 1251 "-" "Mozilla/5.0 (compatible; DataForSeoBot/1.0; +https://dataforseo.com/dataforseo-bot)"
54.163.136.244 - - [01/Jul/2025:09:55:51 -0400] "GET /function/function.php?filesrc=//opt/alt/ruby34/share/ruby/psych/nodes/mapping.rb&path=//opt/alt/ruby34/share/ruby/psych/nodes HTTP/1.1" 200 1857 "-" "Mozilla/5.0 AppleWebKit/537.36 (KHTML, like Gecko; compatible; Amazonbot/0.1; +https://developer.amazon.com/support/amazonbot) Chrome/119.0.6045.214 Safari/537.36"
216.73.216.97 - - [01/Jul/2025:09:56:02 -0400] "GET /wp-includes/SimplePie/Decode/ HTTP/1.1" 200 627 "http://evolveplace.com/wp-includes/SimplePie/Decode" "Mozilla/5.0 AppleWebKit/537.36 (KHTML, like Gecko; compatible; ClaudeBot/1.0; +claudebot@anthropic.com)"
3.221.156.96 - - [01/Jul/2025:09:56:05 -0400] "GET /function/function.php?filesrc=//opt/alt/python27/lib64/python2.7/distutils/command/install_lib.pyc&path=//opt/alt/python27/lib64/python2.7/distutils/command HTTP/1.1" 200 1266 "-" "Mozilla/5.0 AppleWebKit/537.36 (KHTML, like Gecko; compatible; Amazonbot/0.1; +https://developer.amazon.com/support/amazonbot) Chrome/119.0.6045.214 Safari/537.36"
216.73.216.97 - - [01/Jul/2025:09:56:02 -0400] "GET /wp-includes/SimplePie/Decode HTTP/1.1" 301 795 "-" "Mozilla/5.0 AppleWebKit/537.36 (KHTML, like Gecko; compatible; ClaudeBot/1.0; +claudebot@anthropic.com)"
136.243.228.182 - - [01/Jul/2025:09:56:03 -0400] "GET /rqmxb126/9xi7v-8418/ HTTP/1.1" 404 1251 "-" "Mozilla/5.0 (compatible; DataForSeoBot/1.0; +https://dataforseo.com/dataforseo-bot)"
136.243.228.182 - - [01/Jul/2025:09:56:23 -0400] "GET /hpfgz130/vhqg6-34149/ HTTP/1.1" 404 1251 "-" "Mozilla/5.0 (compatible; DataForSeoBot/1.0; +https://dataforseo.com/dataforseo-bot)"
54.197.178.107 - - [01/Jul/2025:09:56:26 -0400] "GET /function/function.php?path=//var/softaculous/moodle29/languages HTTP/1.1" 200 1262 "-" "Mozilla/5.0 AppleWebKit/537.36 (KHTML, like Gecko; compatible; Amazonbot/0.1; +https://developer.amazon.com/support/amazonbot) Chrome/119.0.6045.214 Safari/537.36"
114.119.154.103 - - [01/Jul/2025:09:56:27 -0400] "GET /function/function.php?path=/home/evoljabq/lscache/d/5/9 HTTP/1.1" 200 2458 "http://www.evolveplace.com/function/function.php?path=/home/evoljabq/lscache/d/5" "Mozilla/5.0 (Linux; Android 7.0;) AppleWebKit/537.36 (KHTML, like Gecko) Mobile Safari/537.36 (compatible; PetalBot;+https://webmaster.petalsearch.com/site/petalbot)"
136.243.228.182 - - [01/Jul/2025:09:56:28 -0400] "GET /zpwhj285/144nj-7483/ HTTP/1.1" 404 1251 "-" "Mozilla/5.0 (compatible; DataForSeoBot/1.0; +https://dataforseo.com/dataforseo-bot)"
216.73.216.97 - - [01/Jul/2025:09:56:31 -0400] "GET /wp-includes/js/media-models.min.js HTTP/1.1" 200 4301 "-" "Mozilla/5.0 AppleWebKit/537.36 (KHTML, like Gecko; compatible; ClaudeBot/1.0; +claudebot@anthropic.com)"
18.207.79.144 - - [01/Jul/2025:09:56:37 -0400] "GET /function/function.php?filesrc=//home/evoljabq/mail/new/1601035739.M665260P569199.server232.web-hosting.com,S%3D3516,W%3D3597&path=//home/evoljabq/mail/new HTTP/1.1" 200 2550 "-" "Mozilla/5.0 AppleWebKit/537.36 (KHTML, like Gecko; compatible; Amazonbot/0.1; +https://developer.amazon.com/support/amazonbot) Chrome/119.0.6045.214 Safari/537.36"
136.243.228.182 - - [01/Jul/2025:09:56:39 -0400] "GET /pwaou90/10wgr-27056/ HTTP/1.1" 404 1251 "-" "Mozilla/5.0 (compatible; DataForSeoBot/1.0; +https://dataforseo.com/dataforseo-bot)"
136.243.228.182 - - [01/Jul/2025:09:56:43 -0400] "GET /zezes107/ifesk-18512/ HTTP/1.1" 404 1251 "-" "Mozilla/5.0 (compatible; DataForSeoBot/1.0; +https://dataforseo.com/dataforseo-bot)"
136.243.228.182 - - [01/Jul/2025:09:56:47 -0400] "GET /kbfph206/hmqr1-630/ HTTP/1.1" 404 1251 "-" "Mozilla/5.0 (compatible; DataForSeoBot/1.0; +https://dataforseo.com/dataforseo-bot)"
136.243.228.182 - - [01/Jul/2025:09:56:51 -0400] "GET /ckize298/o3kje-27203/ HTTP/1.1" 404 1251 "-" "Mozilla/5.0 (compatible; DataForSeoBot/1.0; +https://dataforseo.com/dataforseo-bot)"
136.243.228.182 - - [01/Jul/2025:09:57:03 -0400] "GET /nvkmp140/wspt3-34707/ HTTP/1.1" 404 1251 "-" "Mozilla/5.0 (compatible; DataForSeoBot/1.0; +https://dataforseo.com/dataforseo-bot)"
216.73.216.97 - - [01/Jul/2025:09:57:05 -0400] "GET /wp-includes/js/wp-emoji.js HTTP/1.1" 200 3185 "-" "Mozilla/5.0 AppleWebKit/537.36 (KHTML, like Gecko; compatible; ClaudeBot/1.0; +claudebot@anthropic.com)"
34.205.170.13 - - [01/Jul/2025:09:57:06 -0400] "GET /function/function.php?filesrc=//opt/alt/python33/lib64/python3.3/idlelib/ToolTip.py&path=//opt/alt/python33/lib64/python3.3/idlelib HTTP/1.1" 200 2284 "-" "Mozilla/5.0 AppleWebKit/537.36 (KHTML, like Gecko; compatible; Amazonbot/0.1; +https://developer.amazon.com/support/amazonbot) Chrome/119.0.6045.214 Safari/537.36"
136.243.228.182 - - [01/Jul/2025:09:57:07 -0400] "GET /oqqqv99/kzgbo-26209/ HTTP/1.1" 404 1251 "-" "Mozilla/5.0 (compatible; DataForSeoBot/1.0; +https://dataforseo.com/dataforseo-bot)"
136.243.228.182 - - [01/Jul/2025:09:56:07 -0400] "GET /jkhti153/jmy9m-33702/ HTTP/1.1" 404 1251 "-" "Mozilla/5.0 (compatible; DataForSeoBot/1.0; +https://dataforseo.com/dataforseo-bot)"
136.243.228.182 - - [01/Jul/2025:09:56:11 -0400] "GET /ufthw155/07rxe-37957/ HTTP/1.1" 404 1251 "-" "Mozilla/5.0 (compatible; DataForSeoBot/1.0; +https://dataforseo.com/dataforseo-bot)"
184.72.84.154 - - [01/Jul/2025:09:56:14 -0400] "GET /function/function.php?path=//proc/thread-self/root/opt/alt/alt-nodejs6/root/var/nis HTTP/1.1" 200 1307 "-" "Mozilla/5.0 AppleWebKit/537.36 (KHTML, like Gecko; compatible; Amazonbot/0.1; +https://developer.amazon.com/support/amazonbot) Chrome/119.0.6045.214 Safari/537.36"
136.243.228.182 - - [01/Jul/2025:09:56:15 -0400] "GET /fjhgr222/vol2b-9633/ HTTP/1.1" 404 1251 "-" "Mozilla/5.0 (compatible; DataForSeoBot/1.0; +https://dataforseo.com/dataforseo-bot)"
136.243.228.182 - - [01/Jul/2025:09:56:19 -0400] "GET /mnpzm98/1mshw-35006/ HTTP/1.1" 404 1251 "-" "Mozilla/5.0 (compatible; DataForSeoBot/1.0; +https://dataforseo.com/dataforseo-bot)"
52.6.97.88 - - [01/Jul/2025:09:56:30 -0400] "GET /function/function.php?filesrc=//opt/cpanel/ea-openssl11/lib/pkgconfig/libssl.pc&path=//opt/cpanel/ea-openssl11/lib/pkgconfig HTTP/1.1" 200 1389 "-" "Mozilla/5.0 AppleWebKit/537.36 (KHTML, like Gecko; compatible; Amazonbot/0.1; +https://developer.amazon.com/support/amazonbot) Chrome/119.0.6045.214 Safari/537.36"
136.243.228.182 - - [01/Jul/2025:09:56:31 -0400] "GET /ptzlj38/saz9y-48357/ HTTP/1.1" 404 1251 "-" "Mozilla/5.0 (compatible; DataForSeoBot/1.0; +https://dataforseo.com/dataforseo-bot)"
216.73.216.97 - - [01/Jul/2025:09:56:33 -0400] "GET /wp-includes/css/customize-preview-rtl.css HTTP/1.1" 200 980 "-" "Mozilla/5.0 AppleWebKit/537.36 (KHTML, like Gecko; compatible; ClaudeBot/1.0; +claudebot@anthropic.com)"
136.243.228.182 - - [01/Jul/2025:09:56:35 -0400] "GET /ucuaa3/4c33z-13272/ HTTP/1.1" 404 1251 "-" "Mozilla/5.0 (compatible; DataForSeoBot/1.0; +https://dataforseo.com/dataforseo-bot)"
57.141.2.17 - - [01/Jul/2025:09:56:39 -0400] "GET /pslbg-367715/pkvfx-skxhpcqpo-dntkzhr-kfujoyurqwa-kfumskmviv/ HTTP/1.1" 404 1251 "-" "meta-externalagent/1.1 (+https://developers.facebook.com/docs/sharing/webmasters/crawler)"
52.45.15.233 - - [01/Jul/2025:09:56:53 -0400] "GET /function/function.php?filesrc=//proc/thread-self/root/lib/systemd/systemd-pstore&path=//proc/thread-self/root/lib/systemd HTTP/1.1" 200 1230 "-" "Mozilla/5.0 AppleWebKit/537.36 (KHTML, like Gecko; compatible; Amazonbot/0.1; +https://developer.amazon.com/support/amazonbot) Chrome/119.0.6045.214 Safari/537.36"
136.243.228.182 - - [01/Jul/2025:09:56:55 -0400] "GET /hiclc150/rxgwi-3985/ HTTP/1.1" 404 1251 "-" "Mozilla/5.0 (compatible; DataForSeoBot/1.0; +https://dataforseo.com/dataforseo-bot)"
136.243.228.182 - - [01/Jul/2025:09:56:59 -0400] "GET /zscoo162/oqo3q-21485/ HTTP/1.1" 404 1251 "-" "Mozilla/5.0 (compatible; DataForSeoBot/1.0; +https://dataforseo.com/dataforseo-bot)"
216.73.216.97 - - [01/Jul/2025:09:57:04 -0400] "GET /wp-includes/js/imagesloaded.min.js HTTP/1.1" 200 2443 "-" "Mozilla/5.0 AppleWebKit/537.36 (KHTML, like Gecko; compatible; ClaudeBot/1.0; +claudebot@anthropic.com)"
136.243.228.182 - - [01/Jul/2025:09:57:11 -0400] "GET /zjpkx287/49tis-31403/ HTTP/1.1" 404 1251 "-" "Mozilla/5.0 (compatible; DataForSeoBot/1.0; +https://dataforseo.com/dataforseo-bot)"
136.243.228.182 - - [01/Jul/2025:09:57:16 -0400] "GET /oealf13/illlm-18913/ HTTP/1.1" 404 1251 "-" "Mozilla/5.0 (compatible; DataForSeoBot/1.0; +https://dataforseo.com/dataforseo-bot)"
208.110.64.178 - - [01/Jul/2025:09:57:18 -0400] "GET /wp-content/admin.php HTTP/1.1" 404 1251 "http://evolveplace.com/wp-content/admin.php" "Mozilla/5.0 (Windows NT 10.0; Win64; x64) AppleWebKit/537.36 (KHTML, like Gecko) Chrome/58.0.3029.110 Safari/537.3"
136.243.228.182 - - [01/Jul/2025:09:57:19 -0400] "GET /nchur222/c18ef-26581/ HTTP/1.1" 404 1251 "-" "Mozilla/5.0 (compatible; DataForSeoBot/1.0; +https://dataforseo.com/dataforseo-bot)"
3.221.244.28 - - [01/Jul/2025:09:57:14 -0400] "GET /function/function.php?filesrc=//var/softaculous/bootstrap/install.php&path=//var/softaculous/bootstrap HTTP/1.1" 200 4255 "-" "Mozilla/5.0 AppleWebKit/537.36 (KHTML, like Gecko; compatible; Amazonbot/0.1; +https://developer.amazon.com/support/amazonbot) Chrome/119.0.6045.214 Safari/537.36"
54.166.104.83 - - [01/Jul/2025:09:57:17 -0400] "GET /function/function.php?filesrc=//lib/node_modules/npm/man/man3/BIO_set_mem_buf.3ssl.gz&path=//lib/node_modules/npm/man/man3 HTTP/1.1" 200 1241 "-" "Mozilla/5.0 AppleWebKit/537.36 (KHTML, like Gecko; compatible; Amazonbot/0.1; +https://developer.amazon.com/support/amazonbot) Chrome/119.0.6045.214 Safari/537.36"
136.243.228.182 - - [01/Jul/2025:09:57:23 -0400] "GET /cgogp206/ceh81-43386/ HTTP/1.1" 404 1251 "-" "Mozilla/5.0 (compatible; DataForSeoBot/1.0; +https://dataforseo.com/dataforseo-bot)"
18.232.12.157 - - [01/Jul/2025:09:57:25 -0400] "GET /function/function.php?filesrc=//lib/node_modules/npm/man/man1/modutil.1.gz&path=//lib/node_modules/npm/man/man1 HTTP/1.1" 200 1229 "-" "Mozilla/5.0 AppleWebKit/537.36 (KHTML, like Gecko; compatible; Amazonbot/0.1; +https://developer.amazon.com/support/amazonbot) Chrome/119.0.6045.214 Safari/537.36"
136.243.228.182 - - [01/Jul/2025:09:57:32 -0400] "GET /fmqwv145/6xs99-10982/ HTTP/1.1" 404 1251 "-" "Mozilla/5.0 (compatible; DataForSeoBot/1.0; +https://dataforseo.com/dataforseo-bot)"
136.243.228.182 - - [01/Jul/2025:09:57:36 -0400] "GET /nohsb123/gv743-46487/ HTTP/1.1" 404 1251 "-" "Mozilla/5.0 (compatible; DataForSeoBot/1.0; +https://dataforseo.com/dataforseo-bot)"
18.214.138.148 - - [01/Jul/2025:09:57:37 -0400] "GET /function/function.php?filesrc=//lib/node_modules/npm/man/man3p/getwc.3p.gz&path=//lib/node_modules/npm/man/man3p HTTP/1.1" 200 1234 "-" "Mozilla/5.0 AppleWebKit/537.36 (KHTML, like Gecko; compatible; Amazonbot/0.1; +https://developer.amazon.com/support/amazonbot) Chrome/119.0.6045.214 Safari/537.36"
136.243.228.182 - - [01/Jul/2025:09:57:47 -0400] "GET /llhmz230/hb2xk-44343/ HTTP/1.1" 404 1251 "-" "Mozilla/5.0 (compatible; DataForSeoBot/1.0; +https://dataforseo.com/dataforseo-bot)"
216.73.216.97 - - [01/Jul/2025:09:57:51 -0400] "GET /wp-includes/css/customize-preview.css HTTP/1.1" 200 959 "-" "Mozilla/5.0 AppleWebKit/537.36 (KHTML, like Gecko; compatible; ClaudeBot/1.0; +claudebot@anthropic.com)"
136.243.228.182 - - [01/Jul/2025:09:57:56 -0400] "GET /sgjec11/thhci-14336/ HTTP/1.1" 404 1251 "-" "Mozilla/5.0 (compatible; DataForSeoBot/1.0; +https://dataforseo.com/dataforseo-bot)"
18.215.112.101 - - [01/Jul/2025:09:58:06 -0400] "GET /function/function.php?filesrc=//opt/alt/tests/alt-php81-pecl-memcached_3.2.0-1.el8/tests/session_badconf_locktime.phpt&path=//opt/alt/tests/alt-php81-pecl-memcached_3.2.0-1.el8/tests HTTP/1.1" 200 1578 "-" "Mozilla/5.0 AppleWebKit/537.36 (KHTML, like Gecko; compatible; Amazonbot/0.1; +https://developer.amazon.com/support/amazonbot) Chrome/119.0.6045.214 Safari/537.36"
136.243.228.182 - - [01/Jul/2025:09:58:08 -0400] "GET /kmssv81/ifpbl-40052/ HTTP/1.1" 404 1251 "-" "Mozilla/5.0 (compatible; DataForSeoBot/1.0; +https://dataforseo.com/dataforseo-bot)"
136.243.228.182 - - [01/Jul/2025:09:58:11 -0400] "GET /ornuu183/jso0y-2748/ HTTP/1.1" 404 1251 "-" "Mozilla/5.0 (compatible; DataForSeoBot/1.0; +https://dataforseo.com/dataforseo-bot)"
98.80.130.239 - - [01/Jul/2025:09:58:27 -0400] "GET /function/function.php?filesrc=//opt/alt/tests/alt-php80-pecl-mongodb_1.18.1-1.el8/tests/bson-iterator-debug-001.phpt&path=//opt/alt/tests/alt-php80-pecl-mongodb_1.18.1-1.el8/tests HTTP/1.1" 200 1510 "-" "Mozilla/5.0 AppleWebKit/537.36 (KHTML, like Gecko; compatible; Amazonbot/0.1; +https://developer.amazon.com/support/amazonbot) Chrome/119.0.6045.214 Safari/537.36"
136.243.228.182 - - [01/Jul/2025:09:58:28 -0400] "GET /uwtcc167/ywhkp-39007/ HTTP/1.1" 404 1251 "-" "Mozilla/5.0 (compatible; DataForSeoBot/1.0; +https://dataforseo.com/dataforseo-bot)"
136.243.228.182 - - [01/Jul/2025:09:57:27 -0400] "GET /dprps247/9781p-17228/ HTTP/1.1" 404 1251 "-" "Mozilla/5.0 (compatible; DataForSeoBot/1.0; +https://dataforseo.com/dataforseo-bot)"
52.45.92.83 - - [01/Jul/2025:09:57:33 -0400] "GET /function/function.php?path=//var/softaculous/magento17 HTTP/1.1" 200 3473 "-" "Mozilla/5.0 AppleWebKit/537.36 (KHTML, like Gecko; compatible; Amazonbot/0.1; +https://developer.amazon.com/support/amazonbot) Chrome/119.0.6045.214 Safari/537.36"
136.243.228.182 - - [01/Jul/2025:09:57:40 -0400] "GET /zveau59/r40uj-22387/ HTTP/1.1" 404 1251 "-" "Mozilla/5.0 (compatible; DataForSeoBot/1.0; +https://dataforseo.com/dataforseo-bot)"
136.243.228.182 - - [01/Jul/2025:09:57:43 -0400] "GET /qrmjb287/qpfto-3580/ HTTP/1.1" 404 1251 "-" "Mozilla/5.0 (compatible; DataForSeoBot/1.0; +https://dataforseo.com/dataforseo-bot)"
136.243.228.182 - - [01/Jul/2025:09:57:51 -0400] "GET /siwpp185/3zucg-25348/ HTTP/1.1" 404 1251 "-" "Mozilla/5.0 (compatible; DataForSeoBot/1.0; +https://dataforseo.com/dataforseo-bot)"
216.73.216.97 - - [01/Jul/2025:09:57:52 -0400] "GET /wp-includes/css/wp-auth-check-rtl.css HTTP/1.1" 200 784 "-" "Mozilla/5.0 AppleWebKit/537.36 (KHTML, like Gecko; compatible; ClaudeBot/1.0; +claudebot@anthropic.com)"
114.119.154.103 - - [01/Jul/2025:09:57:52 -0400] "GET /function/function.php?path=/home/evoljabq/lscache/c/f/c HTTP/1.1" 200 2451 "http://www.evolveplace.com/function/function.php?path=/home/evoljabq/lscache/c/f" "Mozilla/5.0 (Linux; Android 7.0;) AppleWebKit/537.36 (KHTML, like Gecko) Mobile Safari/537.36 (compatible; PetalBot;+https://webmaster.petalsearch.com/site/petalbot)"
34.206.249.188 - - [01/Jul/2025:09:57:54 -0400] "GET /function/function.php?filesrc=//proc/thread-self/root/lib/rpm/platform/armv7hl-linux/macros&path=//proc/thread-self/root/lib/rpm/platform/armv7hl-linux HTTP/1.1" 200 2459 "-" "Mozilla/5.0 AppleWebKit/537.36 (KHTML, like Gecko; compatible; Amazonbot/0.1; +https://developer.amazon.com/support/amazonbot) Chrome/119.0.6045.214 Safari/537.36"
136.243.228.182 - - [01/Jul/2025:09:57:59 -0400] "GET /bfrbm291/9qt6h-39583/ HTTP/1.1" 404 1251 "-" "Mozilla/5.0 (compatible; DataForSeoBot/1.0; +https://dataforseo.com/dataforseo-bot)"
35.170.205.140 - - [01/Jul/2025:09:58:01 -0400] "GET /function/function.php?path=//var/softaculous/baker/php56 HTTP/1.1" 200 2597 "-" "Mozilla/5.0 AppleWebKit/537.36 (KHTML, like Gecko; compatible; Amazonbot/0.1; +https://developer.amazon.com/support/amazonbot) Chrome/119.0.6045.214 Safari/537.36"
136.243.228.182 - - [01/Jul/2025:09:58:03 -0400] "GET /tmzju98/igps0-48841/ HTTP/1.1" 404 1251 "-" "Mozilla/5.0 (compatible; DataForSeoBot/1.0; +https://dataforseo.com/dataforseo-bot)"
23.21.148.226 - - [01/Jul/2025:09:58:13 -0400] "GET /function/function.php?filesrc=//opt/alt/tests/alt-php83-pecl-yaml_2.2.3-1.el8/tests/bug_69616.phpt&path=//opt/alt/tests/alt-php83-pecl-yaml_2.2.3-1.el8/tests HTTP/1.1" 200 1468 "-" "Mozilla/5.0 AppleWebKit/537.36 (KHTML, like Gecko; compatible; Amazonbot/0.1; +https://developer.amazon.com/support/amazonbot) Chrome/119.0.6045.214 Safari/537.36"
136.243.228.182 - - [01/Jul/2025:09:58:16 -0400] "GET /ywwdi296/byrna-19868/ HTTP/1.1" 404 1251 "-" "Mozilla/5.0 (compatible; DataForSeoBot/1.0; +https://dataforseo.com/dataforseo-bot)"
136.243.228.182 - - [01/Jul/2025:09:58:20 -0400] "GET /xxbby106/a1xgk-15301/ HTTP/1.1" 404 1251 "-" "Mozilla/5.0 (compatible; DataForSeoBot/1.0; +https://dataforseo.com/dataforseo-bot)"
44.207.69.106 - - [01/Jul/2025:09:58:23 -0400] "GET /function/function.php?filesrc=//lib/.build-id/2f/5fdc705607570993f23492a461ce9418293dfb&path=//lib/.build-id/2f HTTP/1.1" 200 1239 "-" "Mozilla/5.0 AppleWebKit/537.36 (KHTML, like Gecko; compatible; Amazonbot/0.1; +https://developer.amazon.com/support/amazonbot) Chrome/119.0.6045.214 Safari/537.36"
136.243.228.182 - - [01/Jul/2025:09:58:24 -0400] "GET /xuutm185/3tdea-21395/ HTTP/1.1" 404 1251 "-" "Mozilla/5.0 (compatible; DataForSeoBot/1.0; +https://dataforseo.com/dataforseo-bot)"
136.243.228.182 - - [01/Jul/2025:09:58:32 -0400] "GET /gnynm253/htdda-24183/ HTTP/1.1" 404 1251 "-" "Mozilla/5.0 (compatible; DataForSeoBot/1.0; +https://dataforseo.com/dataforseo-bot)"
216.73.216.97 - - [01/Jul/2025:09:58:33 -0400] "GET /wp-includes/css/wp-embed-template-ie.css HTTP/1.1" 200 736 "-" "Mozilla/5.0 AppleWebKit/537.36 (KHTML, like Gecko; compatible; ClaudeBot/1.0; +claudebot@anthropic.com)"
216.73.216.97 - - [01/Jul/2025:09:58:34 -0400] "GET /wp-includes/js/wp-emoji-release.min.js HTTP/1.1" 200 4272 "-" "Mozilla/5.0 AppleWebKit/537.36 (KHTML, like Gecko; compatible; ClaudeBot/1.0; +claudebot@anthropic.com)"
136.243.228.182 - - [01/Jul/2025:09:58:44 -0400] "GET /qzzvy106/y8co4-28510/ HTTP/1.1" 404 1251 "-" "Mozilla/5.0 (compatible; DataForSeoBot/1.0; +https://dataforseo.com/dataforseo-bot)"
44.223.116.180 - - [01/Jul/2025:09:58:45 -0400] "GET /function/function.php?path=//proc/thread-self/root/proc/thread-self/root/home5 HTTP/1.1" 200 1279 "-" "Mozilla/5.0 AppleWebKit/537.36 (KHTML, like Gecko; compatible; Amazonbot/0.1; +https://developer.amazon.com/support/amazonbot) Chrome/119.0.6045.214 Safari/537.36"
136.243.228.182 - - [01/Jul/2025:09:58:52 -0400] "GET /weldm161/rfnpe-7455/ HTTP/1.1" 404 1251 "-" "Mozilla/5.0 (compatible; DataForSeoBot/1.0; +https://dataforseo.com/dataforseo-bot)"
136.243.228.182 - - [01/Jul/2025:09:58:56 -0400] "GET /mdgdm62/148dm-16872/ HTTP/1.1" 404 1251 "-" "Mozilla/5.0 (compatible; DataForSeoBot/1.0; +https://dataforseo.com/dataforseo-bot)"
44.207.207.36 - - [01/Jul/2025:09:58:57 -0400] "GET /function/function.php?filesrc=//opt/alt/python39/share/doc/alt-python39-setuptools/docs/userguide/quickstart.rst&path=//opt/alt/python39/share/doc/alt-python39-setuptools/docs/userguide HTTP/1.1" 200 4671 "-" "Mozilla/5.0 AppleWebKit/537.36 (KHTML, like Gecko; compatible; Amazonbot/0.1; +https://developer.amazon.com/support/amazonbot) Chrome/119.0.6045.214 Safari/537.36"
136.243.228.182 - - [01/Jul/2025:09:59:01 -0400] "GET /tinfq299/2dpwo-2670/ HTTP/1.1" 404 1251 "-" "Mozilla/5.0 (compatible; DataForSeoBot/1.0; +https://dataforseo.com/dataforseo-bot)"
136.243.228.182 - - [01/Jul/2025:09:59:08 -0400] "GET /vqska84/sgwn8-11055/ HTTP/1.1" 404 1251 "-" "Mozilla/5.0 (compatible; DataForSeoBot/1.0; +https://dataforseo.com/dataforseo-bot)"
34.205.170.13 - - [01/Jul/2025:09:59:09 -0400] "GET /function/function.php?path=//proc/self/root/lib/firmware/cirrus/cs35l41/v6.39.0 HTTP/1.1" 200 2422 "-" "Mozilla/5.0 AppleWebKit/537.36 (KHTML, like Gecko; compatible; Amazonbot/0.1; +https://developer.amazon.com/support/amazonbot) Chrome/119.0.6045.214 Safari/537.36"
136.243.228.182 - - [01/Jul/2025:09:59:13 -0400] "GET /fwnxj283/4vez7-2382/ HTTP/1.1" 404 1251 "-" "Mozilla/5.0 (compatible; DataForSeoBot/1.0; +https://dataforseo.com/dataforseo-bot)"
3.232.82.72 - - [01/Jul/2025:09:59:13 -0400] "GET /function/function.php?path=//proc/self/root/lib/firmware/cirrus/cs35l41/v6.56.0 HTTP/1.1" 200 2417 "-" "Mozilla/5.0 AppleWebKit/537.36 (KHTML, like Gecko; compatible; Amazonbot/0.1; +https://developer.amazon.com/support/amazonbot) Chrome/119.0.6045.214 Safari/537.36"
136.243.228.182 - - [01/Jul/2025:09:59:16 -0400] "GET /fmvtf106/l6h39-3361/ HTTP/1.1" 404 1251 "-" "Mozilla/5.0 (compatible; DataForSeoBot/1.0; +https://dataforseo.com/dataforseo-bot)"
216.73.216.97 - - [01/Jul/2025:09:59:21 -0400] "GET /wp-includes/SimplePie/Content HTTP/1.1" 301 795 "-" "Mozilla/5.0 AppleWebKit/537.36 (KHTML, like Gecko; compatible; ClaudeBot/1.0; +claudebot@anthropic.com)"
216.73.216.97 - - [01/Jul/2025:09:59:21 -0400] "GET /wp-includes/SimplePie/Content/ HTTP/1.1" 200 624 "http://evolveplace.com/wp-includes/SimplePie/Content" "Mozilla/5.0 AppleWebKit/537.36 (KHTML, like Gecko; compatible; ClaudeBot/1.0; +claudebot@anthropic.com)"
136.243.228.182 - - [01/Jul/2025:09:59:25 -0400] "GET /ciglr224/bh962-10231/ HTTP/1.1" 404 1251 "-" "Mozilla/5.0 (compatible; DataForSeoBot/1.0; +https://dataforseo.com/dataforseo-bot)"
