57.141.2.22 - - [01/Jul/2025:12:09:21 -0400] "GET /dnxnnzjth-557253/ufgukq-ydumrd-gicd/ HTTP/1.1" 404 1251 "-" "meta-externalagent/1.1 (+https://developers.facebook.com/docs/sharing/webmasters/crawler)"
50.16.72.185 - - [01/Jul/2025:12:09:25 -0400] "GET /function/function.php?path=//opt/alt/python37/lib64/python3.7/lib2to3/fixes/__pycache__ HTTP/1.1" 200 11206 "-" "Mozilla/5.0 AppleWebKit/537.36 (KHTML, like Gecko; compatible; Amazonbot/0.1; +https://developer.amazon.com/support/amazonbot) Chrome/119.0.6045.214 Safari/537.36"
100.29.128.75 - - [01/Jul/2025:12:09:33 -0400] "GET /function/function.php?filesrc=//proc/thread-self/root/lib/firmware/ath11k/QCN9074/hw1.0/m3.bin&path=//proc/thread-self/root/lib/firmware/ath11k/QCN9074/hw1.0 HTTP/1.1" 200 1274 "-" "Mozilla/5.0 AppleWebKit/537.36 (KHTML, like Gecko; compatible; Amazonbot/0.1; +https://developer.amazon.com/support/amazonbot) Chrome/119.0.6045.214 Safari/537.36"
136.243.228.182 - - [01/Jul/2025:12:08:28 -0400] "GET /exheq291/38c2k-33824/ HTTP/1.1" 404 1251 "-" "Mozilla/5.0 (compatible; DataForSeoBot/1.0; +https://dataforseo.com/dataforseo-bot)"
136.243.228.182 - - [01/Jul/2025:12:08:33 -0400] "GET /rxjpr199/sku72-27603/ HTTP/1.1" 404 1251 "-" "Mozilla/5.0 (compatible; DataForSeoBot/1.0; +https://dataforseo.com/dataforseo-bot)"
3.221.244.28 - - [01/Jul/2025:12:08:33 -0400] "GET /function/function.php?path=//opt/cloudlinux/venv/lib/python3.11/site-packages/pydantic/plugin HTTP/1.1" 200 2798 "-" "Mozilla/5.0 AppleWebKit/537.36 (KHTML, like Gecko; compatible; Amazonbot/0.1; +https://developer.amazon.com/support/amazonbot) Chrome/119.0.6045.214 Safari/537.36"
136.243.228.182 - - [01/Jul/2025:12:08:49 -0400] "GET /cawtl151/ar4so-26958/ HTTP/1.1" 404 1251 "-" "Mozilla/5.0 (compatible; DataForSeoBot/1.0; +https://dataforseo.com/dataforseo-bot)"
52.0.41.164 - - [01/Jul/2025:12:08:49 -0400] "GET /function/function.php?filesrc=//opt/hc_python/lib64/python3.12/site-packages/mysql/connector/django/client.py&path=//opt/hc_python/lib64/python3.12/site-packages/mysql/connector/django HTTP/1.1" 200 1923 "-" "Mozilla/5.0 AppleWebKit/537.36 (KHTML, like Gecko; compatible; Amazonbot/0.1; +https://developer.amazon.com/support/amazonbot) Chrome/119.0.6045.214 Safari/537.36"
136.243.228.182 - - [01/Jul/2025:12:08:52 -0400] "GET /lulyu8/36wqc-28208/ HTTP/1.1" 404 1251 "-" "Mozilla/5.0 (compatible; DataForSeoBot/1.0; +https://dataforseo.com/dataforseo-bot)"
136.243.228.182 - - [01/Jul/2025:12:09:08 -0400] "GET /lgwxj199/mx9zs-36481/ HTTP/1.1" 404 1251 "-" "Mozilla/5.0 (compatible; DataForSeoBot/1.0; +https://dataforseo.com/dataforseo-bot)"
3.221.156.96 - - [01/Jul/2025:12:09:09 -0400] "GET /function/function.php?path=//home/evoljabq/public_html/NEW/wp-includes/SimplePie/HTTP HTTP/1.1" 200 1303 "-" "Mozilla/5.0 AppleWebKit/537.36 (KHTML, like Gecko; compatible; Amazonbot/0.1; +https://developer.amazon.com/support/amazonbot) Chrome/119.0.6045.214 Safari/537.36"
216.73.216.165 - - [01/Jul/2025:12:09:13 -0400] "GET /function/function.php?path=%2Fhome%2Fevoljabq%2Fpublic_html%2Fwp-includes%2Ffonts HTTP/1.1" 200 2309 "-" "Mozilla/5.0 AppleWebKit/537.36 (KHTML, like Gecko; compatible; ClaudeBot/1.0; +claudebot@anthropic.com)"
136.243.228.182 - - [01/Jul/2025:12:09:16 -0400] "GET /ozrwl226/6h7e8-7278/ HTTP/1.1" 404 1251 "-" "Mozilla/5.0 (compatible; DataForSeoBot/1.0; +https://dataforseo.com/dataforseo-bot)"
136.243.228.182 - - [01/Jul/2025:12:09:20 -0400] "GET /zfybg92/lx4t6-40626/ HTTP/1.1" 404 1251 "-" "Mozilla/5.0 (compatible; DataForSeoBot/1.0; +https://dataforseo.com/dataforseo-bot)"
35.169.119.108 - - [01/Jul/2025:12:09:21 -0400] "GET /function/function.php?filesrc=//opt/alt/python37/lib/python3.7/site-packages/future/moves/subprocess.py&path=//opt/alt/python37/lib/python3.7/site-packages/future/moves HTTP/1.1" 200 1398 "-" "Mozilla/5.0 AppleWebKit/537.36 (KHTML, like Gecko; compatible; Amazonbot/0.1; +https://developer.amazon.com/support/amazonbot) Chrome/119.0.6045.214 Safari/537.36"
136.243.228.182 - - [01/Jul/2025:12:09:24 -0400] "GET /sujvk40/gjhdl-39778/ HTTP/1.1" 404 1251 "-" "Mozilla/5.0 (compatible; DataForSeoBot/1.0; +https://dataforseo.com/dataforseo-bot)"
136.243.228.182 - - [01/Jul/2025:12:09:28 -0400] "GET /iztrk239/c1lua-22855/ HTTP/1.1" 404 1251 "-" "Mozilla/5.0 (compatible; DataForSeoBot/1.0; +https://dataforseo.com/dataforseo-bot)"
54.156.248.117 - - [01/Jul/2025:12:09:29 -0400] "GET /function/function.php?path=//opt/alt/ruby34/share/ruby/reline/unicode HTTP/1.1" 200 2383 "-" "Mozilla/5.0 AppleWebKit/537.36 (KHTML, like Gecko; compatible; Amazonbot/0.1; +https://developer.amazon.com/support/amazonbot) Chrome/119.0.6045.214 Safari/537.36"
136.243.228.182 - - [01/Jul/2025:12:09:32 -0400] "GET /mbpuf190/s4vdb-8807/ HTTP/1.1" 404 1251 "-" "Mozilla/5.0 (compatible; DataForSeoBot/1.0; +https://dataforseo.com/dataforseo-bot)"
57.141.2.10 - - [01/Jul/2025:12:09:35 -0400] "GET /lzmebes-rkfwncfjdhm-755816/kqxcj-wyoyz-dxqu/ HTTP/1.1" 404 1251 "-" "meta-externalagent/1.1 (+https://developers.facebook.com/docs/sharing/webmasters/crawler)"
136.243.228.182 - - [01/Jul/2025:12:09:37 -0400] "GET /zybwv260/mnawp-9660/ HTTP/1.1" 404 1251 "-" "Mozilla/5.0 (compatible; DataForSeoBot/1.0; +https://dataforseo.com/dataforseo-bot)"
34.205.170.13 - - [01/Jul/2025:12:09:37 -0400] "GET /function/function.php?path=//opt/alt/alt-nodejs14/root/lib/node_modules/npm/node_modules/ssri HTTP/1.1" 200 2669 "-" "Mozilla/5.0 AppleWebKit/537.36 (KHTML, like Gecko; compatible; Amazonbot/0.1; +https://developer.amazon.com/support/amazonbot) Chrome/119.0.6045.214 Safari/537.36"
44.193.115.232 - - [01/Jul/2025:12:09:41 -0400] "GET /function/function.php?path=//proc/thread-self/root/opt/cloudlinux/alt-php55/root/link/conf HTTP/1.1" 200 3234 "-" "Mozilla/5.0 AppleWebKit/537.36 (KHTML, like Gecko; compatible; Amazonbot/0.1; +https://developer.amazon.com/support/amazonbot) Chrome/119.0.6045.214 Safari/537.36"
136.243.228.182 - - [01/Jul/2025:12:09:44 -0400] "GET /ecqwj285/2ygtz-9291/ HTTP/1.1" 404 1251 "-" "Mozilla/5.0 (compatible; DataForSeoBot/1.0; +https://dataforseo.com/dataforseo-bot)"
34.196.237.236 - - [01/Jul/2025:12:09:45 -0400] "GET /function/function.php?filesrc=//proc/self/root/sbin/dnssec-importkey&path=//proc/self/root/sbin HTTP/1.1" 200 1219 "-" "Mozilla/5.0 AppleWebKit/537.36 (KHTML, like Gecko; compatible; Amazonbot/0.1; +https://developer.amazon.com/support/amazonbot) Chrome/119.0.6045.214 Safari/537.36"
216.73.216.165 - - [01/Jul/2025:12:09:51 -0400] "GET /function/function.php?path=%2Fhome%2Fevoljabq%2Fpublic_html%2Fnc_assets%2Ffonts HTTP/1.1" 200 2819 "-" "Mozilla/5.0 AppleWebKit/537.36 (KHTML, like Gecko; compatible; ClaudeBot/1.0; +claudebot@anthropic.com)"
216.73.216.165 - - [01/Jul/2025:12:09:52 -0400] "GET /wp-admin/js/widgets/text-widgets.min.js HTTP/1.1" 200 1889 "-" "Mozilla/5.0 AppleWebKit/537.36 (KHTML, like Gecko; compatible; ClaudeBot/1.0; +claudebot@anthropic.com)"
136.243.228.182 - - [01/Jul/2025:12:09:52 -0400] "GET /bqgnc275/77z2w-40525/ HTTP/1.1" 404 1251 "-" "Mozilla/5.0 (compatible; DataForSeoBot/1.0; +https://dataforseo.com/dataforseo-bot)"
3.212.205.90 - - [01/Jul/2025:12:09:53 -0400] "GET /function/function.php?path=//opt/cloudlinux/venv/lib64/python3.11/site-packages/libfuturize/fixes HTTP/1.1" 200 4129 "-" "Mozilla/5.0 AppleWebKit/537.36 (KHTML, like Gecko; compatible; Amazonbot/0.1; +https://developer.amazon.com/support/amazonbot) Chrome/119.0.6045.214 Safari/537.36"
3.93.211.16 - - [01/Jul/2025:12:09:57 -0400] "GET /function/function.php?filesrc=//opt/alt/python37/lib/python3.7/site-packages/babel/locale-data/uz_Cyrl.dat&path=//opt/alt/python37/lib/python3.7/site-packages/babel/locale-data HTTP/1.1" 200 1280 "-" "Mozilla/5.0 AppleWebKit/537.36 (KHTML, like Gecko; compatible; Amazonbot/0.1; +https://developer.amazon.com/support/amazonbot) Chrome/119.0.6045.214 Safari/537.36"
136.243.228.182 - - [01/Jul/2025:12:10:04 -0400] "GET /zzfic124/9rr7h-24588/ HTTP/1.1" 404 1251 "-" "Mozilla/5.0 (compatible; DataForSeoBot/1.0; +https://dataforseo.com/dataforseo-bot)"
114.119.160.138 - - [01/Jul/2025:12:10:05 -0400] "GET /function/function.php?path=/home/evoljabq/lscache/9/4/2 HTTP/1.1" 200 2460 "http://www.evolveplace.com/function/function.php?path=/home/evoljabq/lscache/9/4" "Mozilla/5.0 (Linux; Android 7.0;) AppleWebKit/537.36 (KHTML, like Gecko) Mobile Safari/537.36 (compatible; PetalBot;+https://webmaster.petalsearch.com/site/petalbot)"
136.243.228.182 - - [01/Jul/2025:12:10:08 -0400] "GET /vpmnc132/gm4m4-42880/ HTTP/1.1" 404 1251 "-" "Mozilla/5.0 (compatible; DataForSeoBot/1.0; +https://dataforseo.com/dataforseo-bot)"
57.141.2.10 - - [01/Jul/2025:12:10:09 -0400] "GET /eivuzya-svcpoiihvbs-615686/pfihu-tgyou-tkns-tnufvhy-dpijbqhltb/ HTTP/1.1" 404 1251 "-" "meta-externalagent/1.1 (+https://developers.facebook.com/docs/sharing/webmasters/crawler)"
136.243.228.182 - - [01/Jul/2025:12:09:41 -0400] "GET /eifyh95/lirlk-34930/ HTTP/1.1" 404 1251 "-" "Mozilla/5.0 (compatible; DataForSeoBot/1.0; +https://dataforseo.com/dataforseo-bot)"
136.243.228.182 - - [01/Jul/2025:12:09:49 -0400] "GET /ircvf238/kktpp-19605/ HTTP/1.1" 404 1251 "-" "Mozilla/5.0 (compatible; DataForSeoBot/1.0; +https://dataforseo.com/dataforseo-bot)"
216.73.216.165 - - [01/Jul/2025:12:09:51 -0400] "GET /function/function.php?path=%2Fhome%2Fevoljabq%2F.nc_plugin HTTP/1.1" 200 1130 "-" "Mozilla/5.0 AppleWebKit/537.36 (KHTML, like Gecko; compatible; ClaudeBot/1.0; +claudebot@anthropic.com)"
136.243.228.182 - - [01/Jul/2025:12:09:57 -0400] "GET /bxkdu11/tmiac-30345/ HTTP/1.1" 404 1251 "-" "Mozilla/5.0 (compatible; DataForSeoBot/1.0; +https://dataforseo.com/dataforseo-bot)"
136.243.228.182 - - [01/Jul/2025:12:10:01 -0400] "GET /xztqd156/g8s79-24344/ HTTP/1.1" 404 1251 "-" "Mozilla/5.0 (compatible; DataForSeoBot/1.0; +https://dataforseo.com/dataforseo-bot)"
57.141.2.9 - - [01/Jul/2025:12:10:01 -0400] "GET /lzme-besrk-619680/fwncf-jdhm-kqxcjwy-oyzdxq-usttn/ HTTP/1.1" 404 1251 "-" "meta-externalagent/1.1 (+https://developers.facebook.com/docs/sharing/webmasters/crawler)"
34.205.170.13 - - [01/Jul/2025:12:10:01 -0400] "GET /function/function.php?filesrc=//opt/alt/ruby32/share/gems/specifications/default/error_highlight-0.5.1.gemspec&path=//opt/alt/ruby32/share/gems/specifications/default HTTP/1.1" 200 1719 "-" "Mozilla/5.0 AppleWebKit/537.36 (KHTML, like Gecko; compatible; Amazonbot/0.1; +https://developer.amazon.com/support/amazonbot) Chrome/119.0.6045.214 Safari/537.36"
57.141.2.22 - - [01/Jul/2025:12:10:06 -0400] "GET /lzme-besrk-640740/fwncf-jdhm-kqxcjwy-oyzdxq-usttn/ HTTP/1.1" 404 1251 "-" "meta-externalagent/1.1 (+https://developers.facebook.com/docs/sharing/webmasters/crawler)"
107.22.208.39 - - [01/Jul/2025:12:10:09 -0400] "GET /function/function.php?path=//proc/thread-self/root/opt/alt/php54/etc/mysql5.7 HTTP/1.1" 403 1242 "-" "Mozilla/5.0 AppleWebKit/537.36 (KHTML, like Gecko; compatible; Amazonbot/0.1; +https://developer.amazon.com/support/amazonbot) Chrome/119.0.6045.214 Safari/537.36"
136.243.228.182 - - [01/Jul/2025:12:10:13 -0400] "GET /witzz53/2dkpw-39554/ HTTP/1.1" 404 1251 "-" "Mozilla/5.0 (compatible; DataForSeoBot/1.0; +https://dataforseo.com/dataforseo-bot)"
54.83.56.1 - - [01/Jul/2025:12:10:17 -0400] "GET /function/function.php?path=//opt/alt/alt-nodejs8/root/lib/node_modules/npm/node_modules.bundled HTTP/1.1" 200 16353 "-" "Mozilla/5.0 AppleWebKit/537.36 (KHTML, like Gecko; compatible; Amazonbot/0.1; +https://developer.amazon.com/support/amazonbot) Chrome/119.0.6045.214 Safari/537.36"
136.243.228.182 - - [01/Jul/2025:12:10:24 -0400] "GET /earkw16/4plt0-28374/ HTTP/1.1" 404 1251 "-" "Mozilla/5.0 (compatible; DataForSeoBot/1.0; +https://dataforseo.com/dataforseo-bot)"
18.214.124.6 - - [01/Jul/2025:12:10:25 -0400] "GET /function/function.php?filesrc=//opt/alt/python37/lib/python3.7/site-packages/babel/locale-data/jv_ID.dat&path=//opt/alt/python37/lib/python3.7/site-packages/babel/locale-data HTTP/1.1" 200 1280 "-" "Mozilla/5.0 AppleWebKit/537.36 (KHTML, like Gecko; compatible; Amazonbot/0.1; +https://developer.amazon.com/support/amazonbot) Chrome/119.0.6045.214 Safari/537.36"
34.194.226.74 - - [01/Jul/2025:12:10:29 -0400] "GET /function/function.php?path=//opt/alt/alt-nodejs12/root/lib/node_modules/npm/node_modules.bundled/is-redirect HTTP/1.1" 200 2597 "-" "Mozilla/5.0 AppleWebKit/537.36 (KHTML, like Gecko; compatible; Amazonbot/0.1; +https://developer.amazon.com/support/amazonbot) Chrome/119.0.6045.214 Safari/537.36"
136.243.228.182 - - [01/Jul/2025:12:10:32 -0400] "GET /ntpdz282/dvfj6-35184/ HTTP/1.1" 404 1251 "-" "Mozilla/5.0 (compatible; DataForSeoBot/1.0; +https://dataforseo.com/dataforseo-bot)"
204.12.252.98 - - [01/Jul/2025:12:10:37 -0400] "GET /wp-content/admin.php HTTP/1.1" 404 1251 "http://evolveplace.com/wp-content/admin.php" "Mozilla/5.0 (Windows NT 10.0; Win64; x64) AppleWebKit/537.36 (KHTML, like Gecko) Chrome/58.0.3029.110 Safari/537.3"
136.243.228.182 - - [01/Jul/2025:12:10:17 -0400] "GET /zfhwv181/tqh44-18743/ HTTP/1.1" 404 1251 "-" "Mozilla/5.0 (compatible; DataForSeoBot/1.0; +https://dataforseo.com/dataforseo-bot)"
136.243.228.182 - - [01/Jul/2025:12:10:21 -0400] "GET /mrerk238/27p25-45954/ HTTP/1.1" 404 1251 "-" "Mozilla/5.0 (compatible; DataForSeoBot/1.0; +https://dataforseo.com/dataforseo-bot)"
136.243.228.182 - - [01/Jul/2025:12:10:28 -0400] "GET /bgehf244/7pd1c-11486/ HTTP/1.1" 404 1251 "-" "Mozilla/5.0 (compatible; DataForSeoBot/1.0; +https://dataforseo.com/dataforseo-bot)"
216.73.216.165 - - [01/Jul/2025:12:10:32 -0400] "GET /function/function.php?filesrc=%2Fhome%2Fevoljabq%2F.bashrc&path=%2Fhome%2Fevoljabq HTTP/1.1" 200 1166 "-" "Mozilla/5.0 AppleWebKit/537.36 (KHTML, like Gecko; compatible; ClaudeBot/1.0; +claudebot@anthropic.com)"
18.204.89.56 - - [01/Jul/2025:12:10:33 -0400] "GET /function/function.php?path=//opt/alt/python37/lib/python3.7/site-packages/future/backports/urllib HTTP/1.1" 200 2932 "-" "Mozilla/5.0 AppleWebKit/537.36 (KHTML, like Gecko; compatible; Amazonbot/0.1; +https://developer.amazon.com/support/amazonbot) Chrome/119.0.6045.214 Safari/537.36"
216.73.216.165 - - [01/Jul/2025:12:10:33 -0400] "GET /function/function.php?filesrc=%2Fhome%2Fevoljabq%2F.bash_profile&path=%2Fhome%2Fevoljabq HTTP/1.1" 200 1208 "-" "Mozilla/5.0 AppleWebKit/537.36 (KHTML, like Gecko; compatible; ClaudeBot/1.0; +claudebot@anthropic.com)"
216.73.216.165 - - [01/Jul/2025:12:10:36 -0400] "GET /function/function.php?path=%2Fhome%2Fevoljabq%2Ftmp HTTP/1.1" 200 2521 "-" "Mozilla/5.0 AppleWebKit/537.36 (KHTML, like Gecko; compatible; ClaudeBot/1.0; +claudebot@anthropic.com)"
136.243.228.182 - - [01/Jul/2025:12:10:36 -0400] "GET /fvjbd293/z0l6s-14583/ HTTP/1.1" 404 1251 "-" "Mozilla/5.0 (compatible; DataForSeoBot/1.0; +https://dataforseo.com/dataforseo-bot)"
136.243.228.182 - - [01/Jul/2025:12:10:40 -0400] "GET /etteo46/9xeap-6246/ HTTP/1.1" 404 1251 "-" "Mozilla/5.0 (compatible; DataForSeoBot/1.0; +https://dataforseo.com/dataforseo-bot)"
136.243.228.182 - - [01/Jul/2025:12:10:44 -0400] "GET /jcorr188/rs581-21261/ HTTP/1.1" 404 1251 "-" "Mozilla/5.0 (compatible; DataForSeoBot/1.0; +https://dataforseo.com/dataforseo-bot)"
136.243.228.182 - - [01/Jul/2025:12:10:52 -0400] "GET /kwwoy146/bq5mx-12982/ HTTP/1.1" 404 1251 "-" "Mozilla/5.0 (compatible; DataForSeoBot/1.0; +https://dataforseo.com/dataforseo-bot)"
136.243.228.182 - - [01/Jul/2025:12:10:56 -0400] "GET /sexno47/1rmpb-11841/ HTTP/1.1" 404 1251 "-" "Mozilla/5.0 (compatible; DataForSeoBot/1.0; +https://dataforseo.com/dataforseo-bot)"
136.243.228.182 - - [01/Jul/2025:12:11:01 -0400] "GET /aqvbv141/l7d38-10109/ HTTP/1.1" 404 1251 "-" "Mozilla/5.0 (compatible; DataForSeoBot/1.0; +https://dataforseo.com/dataforseo-bot)"
136.243.228.182 - - [01/Jul/2025:12:11:04 -0400] "GET /hoyxw182/e9j0u-30960/ HTTP/1.1" 404 1251 "-" "Mozilla/5.0 (compatible; DataForSeoBot/1.0; +https://dataforseo.com/dataforseo-bot)"
136.243.228.182 - - [01/Jul/2025:12:11:12 -0400] "GET /evbyn248/32wu9-3132/ HTTP/1.1" 404 1251 "-" "Mozilla/5.0 (compatible; DataForSeoBot/1.0; +https://dataforseo.com/dataforseo-bot)"
57.141.2.14 - - [01/Jul/2025:12:11:16 -0400] "GET /lzme-besrk-673500/fwncf-jdhm-kqxcjwy-oyzdxq-usttn/ HTTP/1.1" 404 1251 "-" "meta-externalagent/1.1 (+https://developers.facebook.com/docs/sharing/webmasters/crawler)"
136.243.228.182 - - [01/Jul/2025:12:11:20 -0400] "GET /insmi14/3ixwv-5864/ HTTP/1.1" 404 1251 "-" "Mozilla/5.0 (compatible; DataForSeoBot/1.0; +https://dataforseo.com/dataforseo-bot)"
136.243.228.182 - - [01/Jul/2025:12:11:24 -0400] "GET /cvxuw298/2s23w-7291/ HTTP/1.1" 404 1251 "-" "Mozilla/5.0 (compatible; DataForSeoBot/1.0; +https://dataforseo.com/dataforseo-bot)"
18.235.158.19 - - [01/Jul/2025:12:10:45 -0400] "GET /function/function.php?filesrc=//opt/alt/python37/lib/python3.7/site-packages/babel/locale-data/fr_ML.dat&path=//opt/alt/python37/lib/python3.7/site-packages/babel/locale-data HTTP/1.1" 200 1280 "-" "Mozilla/5.0 AppleWebKit/537.36 (KHTML, like Gecko; compatible; Amazonbot/0.1; +https://developer.amazon.com/support/amazonbot) Chrome/119.0.6045.214 Safari/537.36"
136.243.228.182 - - [01/Jul/2025:12:10:48 -0400] "GET /mayvm272/5a8jb-13191/ HTTP/1.1" 404 1251 "-" "Mozilla/5.0 (compatible; DataForSeoBot/1.0; +https://dataforseo.com/dataforseo-bot)"
136.243.228.182 - - [01/Jul/2025:12:11:09 -0400] "GET /curzt101/vn8pe-9/ HTTP/1.1" 404 1251 "-" "Mozilla/5.0 (compatible; DataForSeoBot/1.0; +https://dataforseo.com/dataforseo-bot)"
114.119.129.128 - - [01/Jul/2025:12:11:15 -0400] "GET /function/function.php?path=/home/evoljabq/lscache/9/3/f HTTP/1.1" 200 2375 "http://www.evolveplace.com/function/function.php?path=/home/evoljabq/lscache/9/3" "Mozilla/5.0 (Linux; Android 7.0;) AppleWebKit/537.36 (KHTML, like Gecko) Mobile Safari/537.36 (compatible; PetalBot;+https://webmaster.petalsearch.com/site/petalbot)"
136.243.228.182 - - [01/Jul/2025:12:11:17 -0400] "GET /jcyyh247/196ia-4335/ HTTP/1.1" 404 1251 "-" "Mozilla/5.0 (compatible; DataForSeoBot/1.0; +https://dataforseo.com/dataforseo-bot)"
136.243.228.182 - - [01/Jul/2025:12:11:28 -0400] "GET /aqppo192/rr3vw-1788/ HTTP/1.1" 404 1251 "-" "Mozilla/5.0 (compatible; DataForSeoBot/1.0; +https://dataforseo.com/dataforseo-bot)"
136.243.228.182 - - [01/Jul/2025:12:11:32 -0400] "GET /xeyfq75/gpjlk-19195/ HTTP/1.1" 404 1251 "-" "Mozilla/5.0 (compatible; DataForSeoBot/1.0; +https://dataforseo.com/dataforseo-bot)"
136.243.228.182 - - [01/Jul/2025:12:11:37 -0400] "GET /urwcb110/h6b2g-15384/ HTTP/1.1" 404 1251 "-" "Mozilla/5.0 (compatible; DataForSeoBot/1.0; +https://dataforseo.com/dataforseo-bot)"
136.243.228.182 - - [01/Jul/2025:12:11:44 -0400] "GET /kolwn230/ucobd-11232/ HTTP/1.1" 404 1251 "-" "Mozilla/5.0 (compatible; DataForSeoBot/1.0; +https://dataforseo.com/dataforseo-bot)"
18.213.240.226 - - [01/Jul/2025:12:11:53 -0400] "GET /function/function.php?path=//opt/alt/alt-nodejs16/root/lib/node_modules/npm/man/man5 HTTP/1.1" 200 3009 "-" "Mozilla/5.0 AppleWebKit/537.36 (KHTML, like Gecko; compatible; Amazonbot/0.1; +https://developer.amazon.com/support/amazonbot) Chrome/119.0.6045.214 Safari/537.36"
136.243.228.182 - - [01/Jul/2025:12:12:00 -0400] "GET /kjjxw260/904w5-14488/ HTTP/1.1" 404 1251 "-" "Mozilla/5.0 (compatible; DataForSeoBot/1.0; +https://dataforseo.com/dataforseo-bot)"
136.243.228.182 - - [01/Jul/2025:12:12:16 -0400] "GET /kqipt258/y0jh3-6265/ HTTP/1.1" 404 1251 "-" "Mozilla/5.0 (compatible; DataForSeoBot/1.0; +https://dataforseo.com/dataforseo-bot)"
52.202.233.37 - - [01/Jul/2025:12:12:17 -0400] "GET /function/function.php?path=//opt/alt/alt-nodejs14/root/lib/node_modules/npm/man/man7 HTTP/1.1" 200 4147 "-" "Mozilla/5.0 AppleWebKit/537.36 (KHTML, like Gecko; compatible; Amazonbot/0.1; +https://developer.amazon.com/support/amazonbot) Chrome/119.0.6045.214 Safari/537.36"
136.243.228.182 - - [01/Jul/2025:12:12:24 -0400] "GET /puadg247/9uvlf-27943/ HTTP/1.1" 404 1251 "-" "Mozilla/5.0 (compatible; DataForSeoBot/1.0; +https://dataforseo.com/dataforseo-bot)"
44.216.172.204 - - [01/Jul/2025:12:12:25 -0400] "GET /function/function.php?path=//proc/thread-self/root/opt/alt/alt-nodejs16/root/lib64 HTTP/1.1" 200 4270 "-" "Mozilla/5.0 AppleWebKit/537.36 (KHTML, like Gecko; compatible; Amazonbot/0.1; +https://developer.amazon.com/support/amazonbot) Chrome/119.0.6045.214 Safari/537.36"
136.243.228.182 - - [01/Jul/2025:12:12:32 -0400] "GET /exudk166/9qeqy-36474/ HTTP/1.1" 404 1251 "-" "Mozilla/5.0 (compatible; DataForSeoBot/1.0; +https://dataforseo.com/dataforseo-bot)"
44.210.204.255 - - [01/Jul/2025:12:11:36 -0400] "GET /function/function.php?filesrc=//opt/alt/python37/lib/python3.7/site-packages/babel/locale-data/shi_Tfng_MA.dat&path=//opt/alt/python37/lib/python3.7/site-packages/babel/locale-data HTTP/1.1" 200 1287 "-" "Mozilla/5.0 AppleWebKit/537.36 (KHTML, like Gecko; compatible; Amazonbot/0.1; +https://developer.amazon.com/support/amazonbot) Chrome/119.0.6045.214 Safari/537.36"
136.243.228.182 - - [01/Jul/2025:12:11:40 -0400] "GET /eicul116/ncn80-17735/ HTTP/1.1" 404 1251 "-" "Mozilla/5.0 (compatible; DataForSeoBot/1.0; +https://dataforseo.com/dataforseo-bot)"
3.93.98.99 - - [01/Jul/2025:12:11:41 -0400] "GET /function/function.php?path=//opt/alt/alt-nodejs10/root/lib/node_modules/npm/lib HTTP/1.1" 200 6144 "-" "Mozilla/5.0 AppleWebKit/537.36 (KHTML, like Gecko; compatible; Amazonbot/0.1; +https://developer.amazon.com/support/amazonbot) Chrome/119.0.6045.214 Safari/537.36"
3.213.46.222 - - [01/Jul/2025:12:11:45 -0400] "GET /function/function.php?path=//opt/alt/alt-nodejs11/root/lib/node_modules/npm/node_modules.bundled/spdx-license-ids HTTP/1.1" 200 2607 "-" "Mozilla/5.0 AppleWebKit/537.36 (KHTML, like Gecko; compatible; Amazonbot/0.1; +https://developer.amazon.com/support/amazonbot) Chrome/119.0.6045.214 Safari/537.36"
136.243.228.182 - - [01/Jul/2025:12:11:48 -0400] "GET /zhhvl10/y6eb8-19783/ HTTP/1.1" 404 1251 "-" "Mozilla/5.0 (compatible; DataForSeoBot/1.0; +https://dataforseo.com/dataforseo-bot)"
136.243.228.182 - - [01/Jul/2025:12:11:52 -0400] "GET /jutdz149/u2xoi-40733/ HTTP/1.1" 404 1251 "-" "Mozilla/5.0 (compatible; DataForSeoBot/1.0; +https://dataforseo.com/dataforseo-bot)"
136.243.228.182 - - [01/Jul/2025:12:11:57 -0400] "GET /rqtav200/jpd0c-13637/ HTTP/1.1" 404 1251 "-" "Mozilla/5.0 (compatible; DataForSeoBot/1.0; +https://dataforseo.com/dataforseo-bot)"
34.233.219.155 - - [01/Jul/2025:12:11:57 -0400] "GET /function/function.php?path=//opt/alt/alt-nodejs18/root/lib/node_modules/npm/node_modules.bundled/smart-buffer HTTP/1.1" 200 2805 "-" "Mozilla/5.0 AppleWebKit/537.36 (KHTML, like Gecko; compatible; Amazonbot/0.1; +https://developer.amazon.com/support/amazonbot) Chrome/119.0.6045.214 Safari/537.36"
52.202.233.37 - - [01/Jul/2025:12:12:01 -0400] "GET /function/function.php?path=//proc/self/root/opt/cloudlinux/alt-php84/root/link/conf HTTP/1.1" 200 2476 "-" "Mozilla/5.0 AppleWebKit/537.36 (KHTML, like Gecko; compatible; Amazonbot/0.1; +https://developer.amazon.com/support/amazonbot) Chrome/119.0.6045.214 Safari/537.36"
136.243.228.182 - - [01/Jul/2025:12:12:04 -0400] "GET /yotmg164/xz24m-4026/ HTTP/1.1" 404 1251 "-" "Mozilla/5.0 (compatible; DataForSeoBot/1.0; +https://dataforseo.com/dataforseo-bot)"
136.243.228.182 - - [01/Jul/2025:12:12:08 -0400] "GET /bvajl46/qkq1q-25876/ HTTP/1.1" 404 1251 "-" "Mozilla/5.0 (compatible; DataForSeoBot/1.0; +https://dataforseo.com/dataforseo-bot)"
136.243.228.182 - - [01/Jul/2025:12:12:13 -0400] "GET /lgwvm157/587zd-33520/ HTTP/1.1" 404 1251 "-" "Mozilla/5.0 (compatible; DataForSeoBot/1.0; +https://dataforseo.com/dataforseo-bot)"
136.243.228.182 - - [01/Jul/2025:12:12:20 -0400] "GET /ziakg162/t6rwx-16679/ HTTP/1.1" 404 1251 "-" "Mozilla/5.0 (compatible; DataForSeoBot/1.0; +https://dataforseo.com/dataforseo-bot)"
136.243.228.182 - - [01/Jul/2025:12:12:28 -0400] "GET /mvipw41/b6ypb-5315/ HTTP/1.1" 404 1251 "-" "Mozilla/5.0 (compatible; DataForSeoBot/1.0; +https://dataforseo.com/dataforseo-bot)"
34.195.248.30 - - [01/Jul/2025:12:12:29 -0400] "GET /function/function.php?filesrc=//opt/alt/python37/lib/python3.7/site-packages/babel/locale-data/teo.dat&path=//opt/alt/python37/lib/python3.7/site-packages/babel/locale-data HTTP/1.1" 200 1278 "-" "Mozilla/5.0 AppleWebKit/537.36 (KHTML, like Gecko; compatible; Amazonbot/0.1; +https://developer.amazon.com/support/amazonbot) Chrome/119.0.6045.214 Safari/537.36"
136.243.228.182 - - [01/Jul/2025:12:12:36 -0400] "GET /ehous224/by8a7-35276/ HTTP/1.1" 404 1251 "-" "Mozilla/5.0 (compatible; DataForSeoBot/1.0; +https://dataforseo.com/dataforseo-bot)"
44.210.213.220 - - [01/Jul/2025:12:12:33 -0400] "GET /function/function.php?filesrc=//opt/alt/python37/lib/python3.7/site-packages/babel/locale-data/ebu.dat&path=//opt/alt/python37/lib/python3.7/site-packages/babel/locale-data HTTP/1.1" 200 1279 "-" "Mozilla/5.0 AppleWebKit/537.36 (KHTML, like Gecko; compatible; Amazonbot/0.1; +https://developer.amazon.com/support/amazonbot) Chrome/119.0.6045.214 Safari/537.36"
136.243.228.182 - - [01/Jul/2025:12:12:41 -0400] "GET /cuaga171/dua17-32640/ HTTP/1.1" 404 1251 "-" "Mozilla/5.0 (compatible; DataForSeoBot/1.0; +https://dataforseo.com/dataforseo-bot)"
52.3.102.51 - - [01/Jul/2025:12:12:41 -0400] "GET /function/function.php?filesrc=//opt/alt/ruby32/share/ruby/fiddle/value.rb&path=//opt/alt/ruby32/share/ruby/fiddle HTTP/1.1" 200 2171 "-" "Mozilla/5.0 AppleWebKit/537.36 (KHTML, like Gecko; compatible; Amazonbot/0.1; +https://developer.amazon.com/support/amazonbot) Chrome/119.0.6045.214 Safari/537.36"
136.243.228.182 - - [01/Jul/2025:12:12:44 -0400] "GET /geskt147/s2pi8-32974/ HTTP/1.1" 404 1251 "-" "Mozilla/5.0 (compatible; DataForSeoBot/1.0; +https://dataforseo.com/dataforseo-bot)"
98.83.72.38 - - [01/Jul/2025:12:12:45 -0400] "GET /function/function.php?filesrc=//opt/hc_python/lib64/python3.12/site-packages/virtualenv/activation/python/__init__.py&path=//opt/hc_python/lib64/python3.12/site-packages/virtualenv/activation/python HTTP/1.1" 200 1655 "-" "Mozilla/5.0 AppleWebKit/537.36 (KHTML, like Gecko; compatible; Amazonbot/0.1; +https://developer.amazon.com/support/amazonbot) Chrome/119.0.6045.214 Safari/537.36"
136.243.228.182 - - [01/Jul/2025:12:12:48 -0400] "GET /bpopk72/1sfvf-25684/ HTTP/1.1" 404 1251 "-" "Mozilla/5.0 (compatible; DataForSeoBot/1.0; +https://dataforseo.com/dataforseo-bot)"
52.204.71.8 - - [01/Jul/2025:12:12:57 -0400] "GET /function/function.php?path=//opt/alt/ruby32/share/gems/gems/bundler-2.4.19/lib HTTP/1.1" 200 2631 "-" "Mozilla/5.0 AppleWebKit/537.36 (KHTML, like Gecko; compatible; Amazonbot/0.1; +https://developer.amazon.com/support/amazonbot) Chrome/119.0.6045.214 Safari/537.36"
136.243.228.182 - - [01/Jul/2025:12:13:00 -0400] "GET /nflmz254/cyr8e-18706/ HTTP/1.1" 404 1251 "-" "Mozilla/5.0 (compatible; DataForSeoBot/1.0; +https://dataforseo.com/dataforseo-bot)"
44.223.115.10 - - [01/Jul/2025:12:13:01 -0400] "GET /function/function.php?path=//opt/alt/alt-nodejs19/root/lib/node_modules/npm/node_modules/@npmcli HTTP/1.1" 200 2317 "-" "Mozilla/5.0 AppleWebKit/537.36 (KHTML, like Gecko; compatible; Amazonbot/0.1; +https://developer.amazon.com/support/amazonbot) Chrome/119.0.6045.214 Safari/537.36"
136.243.228.182 - - [01/Jul/2025:12:13:05 -0400] "GET /jxpeo189/9y2y4-28873/ HTTP/1.1" 404 1251 "-" "Mozilla/5.0 (compatible; DataForSeoBot/1.0; +https://dataforseo.com/dataforseo-bot)"
34.194.165.45 - - [01/Jul/2025:12:13:05 -0400] "GET /function/function.php?filesrc=//opt/alt/python37/lib/python3.7/site-packages/babel/locale-data/zgh.dat&path=//opt/alt/python37/lib/python3.7/site-packages/babel/locale-data HTTP/1.1" 200 1279 "-" "Mozilla/5.0 AppleWebKit/537.36 (KHTML, like Gecko; compatible; Amazonbot/0.1; +https://developer.amazon.com/support/amazonbot) Chrome/119.0.6045.214 Safari/537.36"
107.20.255.194 - - [01/Jul/2025:12:13:17 -0400] "GET /function/function.php?path=//proc/thread-self/root/opt/alt/alt-nodejs8/root/var/preserve HTTP/1.1" 200 1309 "-" "Mozilla/5.0 AppleWebKit/537.36 (KHTML, like Gecko; compatible; Amazonbot/0.1; +https://developer.amazon.com/support/amazonbot) Chrome/119.0.6045.214 Safari/537.36"
54.197.114.76 - - [01/Jul/2025:12:13:25 -0400] "GET /function/function.php?filesrc=//opt/alt/alt-nodejs16/root/lib/node_modules/corepack/dist/npx.js&path=//opt/alt/alt-nodejs16/root/lib/node_modules/corepack/dist HTTP/1.1" 200 1330 "-" "Mozilla/5.0 AppleWebKit/537.36 (KHTML, like Gecko; compatible; Amazonbot/0.1; +https://developer.amazon.com/support/amazonbot) Chrome/119.0.6045.214 Safari/537.36"
18.204.89.56 - - [01/Jul/2025:12:12:37 -0400] "GET /function/function.php?filesrc=//proc/thread-self/root/lib/firmware/ath11k/IPQ6018/hw1.0/m3_fw.mdt&path=//proc/thread-self/root/lib/firmware/ath11k/IPQ6018/hw1.0 HTTP/1.1" 200 1275 "-" "Mozilla/5.0 AppleWebKit/537.36 (KHTML, like Gecko; compatible; Amazonbot/0.1; +https://developer.amazon.com/support/amazonbot) Chrome/119.0.6045.214 Safari/537.36"
114.119.154.103 - - [01/Jul/2025:12:12:41 -0400] "GET /function/function.php?path=/home/evoljabq/lscache/8 HTTP/1.1" 200 2105 "http://www.evolveplace.com/function/function.php?path=/home/evoljabq/lscache" "Mozilla/5.0 (Linux; Android 7.0;) AppleWebKit/537.36 (KHTML, like Gecko) Mobile Safari/537.36 (compatible; PetalBot;+https://webmaster.petalsearch.com/site/petalbot)"
136.243.228.182 - - [01/Jul/2025:12:12:53 -0400] "GET /djfoy221/c4sc7-37180/ HTTP/1.1" 404 1251 "-" "Mozilla/5.0 (compatible; DataForSeoBot/1.0; +https://dataforseo.com/dataforseo-bot)"
3.94.157.25 - - [01/Jul/2025:12:12:53 -0400] "GET /function/function.php?path=//proc/thread-self/root/opt/alt/alt-nodejs12/root/mnt HTTP/1.1" 200 1295 "-" "Mozilla/5.0 AppleWebKit/537.36 (KHTML, like Gecko; compatible; Amazonbot/0.1; +https://developer.amazon.com/support/amazonbot) Chrome/119.0.6045.214 Safari/537.36"
136.243.228.182 - - [01/Jul/2025:12:12:56 -0400] "GET /zgjum45/maw3a-39256/ HTTP/1.1" 404 1251 "-" "Mozilla/5.0 (compatible; DataForSeoBot/1.0; +https://dataforseo.com/dataforseo-bot)"
136.243.228.182 - - [01/Jul/2025:12:13:08 -0400] "GET /blygi121/j38nk-38041/ HTTP/1.1" 404 1251 "-" "Mozilla/5.0 (compatible; DataForSeoBot/1.0; +https://dataforseo.com/dataforseo-bot)"
98.84.184.80 - - [01/Jul/2025:12:13:09 -0400] "GET /function/function.php?path=//proc/thread-self/root/opt/alt/alt-nodejs14/root/etc/opt HTTP/1.1" 403 1242 "-" "Mozilla/5.0 AppleWebKit/537.36 (KHTML, like Gecko; compatible; Amazonbot/0.1; +https://developer.amazon.com/support/amazonbot) Chrome/119.0.6045.214 Safari/537.36"
136.243.228.182 - - [01/Jul/2025:12:13:12 -0400] "GET /jqrmr21/1mjfh-18110/ HTTP/1.1" 404 1251 "-" "Mozilla/5.0 (compatible; DataForSeoBot/1.0; +https://dataforseo.com/dataforseo-bot)"
54.156.248.117 - - [01/Jul/2025:12:13:13 -0400] "GET /function/function.php?path=//opt/alt/alt-nodejs12/root/lib/node_modules/npm/node_modules.bundled/abbrev HTTP/1.1" 200 2601 "-" "Mozilla/5.0 AppleWebKit/537.36 (KHTML, like Gecko; compatible; Amazonbot/0.1; +https://developer.amazon.com/support/amazonbot) Chrome/119.0.6045.214 Safari/537.36"
136.243.228.182 - - [01/Jul/2025:12:13:17 -0400] "GET /ixkun104/g8yu6-35985/ HTTP/1.1" 404 1251 "-" "Mozilla/5.0 (compatible; DataForSeoBot/1.0; +https://dataforseo.com/dataforseo-bot)"
136.243.228.182 - - [01/Jul/2025:12:13:20 -0400] "GET /ydfzl89/5dygd-30209/ HTTP/1.1" 404 1251 "-" "Mozilla/5.0 (compatible; DataForSeoBot/1.0; +https://dataforseo.com/dataforseo-bot)"
136.243.228.182 - - [01/Jul/2025:12:13:24 -0400] "GET /onfdp218/cjkmd-44836/ HTTP/1.1" 404 1251 "-" "Mozilla/5.0 (compatible; DataForSeoBot/1.0; +https://dataforseo.com/dataforseo-bot)"
216.73.216.165 - - [01/Jul/2025:12:13:27 -0400] "GET /function/function.php?path=%2Fhome%2Fevoljabq%2Flscache HTTP/1.1" 200 2596 "-" "Mozilla/5.0 AppleWebKit/537.36 (KHTML, like Gecko; compatible; ClaudeBot/1.0; +claudebot@anthropic.com)"
136.243.228.182 - - [01/Jul/2025:12:13:28 -0400] "GET /cikjm210/l513w-3487/ HTTP/1.1" 404 1251 "-" "Mozilla/5.0 (compatible; DataForSeoBot/1.0; +https://dataforseo.com/dataforseo-bot)"
54.80.185.200 - - [01/Jul/2025:12:13:29 -0400] "GET /function/function.php?path=//opt/cpanel/ea-php73/root/etc/pm/power.d HTTP/1.1" 200 1284 "-" "Mozilla/5.0 AppleWebKit/537.36 (KHTML, like Gecko; compatible; Amazonbot/0.1; +https://developer.amazon.com/support/amazonbot) Chrome/119.0.6045.214 Safari/537.36"
136.243.228.182 - - [01/Jul/2025:12:13:32 -0400] "GET /zxzpm295/zru2q-36562/ HTTP/1.1" 404 1251 "-" "Mozilla/5.0 (compatible; DataForSeoBot/1.0; +https://dataforseo.com/dataforseo-bot)"
52.203.68.145 - - [01/Jul/2025:12:13:37 -0400] "GET /function/function.php?path=//proc/thread-self/root/lib/kbd/keymaps/legacy/i386/bepo HTTP/1.1" 200 2486 "-" "Mozilla/5.0 AppleWebKit/537.36 (KHTML, like Gecko; compatible; Amazonbot/0.1; +https://developer.amazon.com/support/amazonbot) Chrome/119.0.6045.214 Safari/537.36"
136.243.228.182 - - [01/Jul/2025:12:13:48 -0400] "GET /qlpzv291/c9yyz-5596/ HTTP/1.1" 404 1251 "-" "Mozilla/5.0 (compatible; DataForSeoBot/1.0; +https://dataforseo.com/dataforseo-bot)"
54.84.169.196 - - [01/Jul/2025:12:13:49 -0400] "GET /function/function.php?path=//opt/alt/python37/lib/python3.7/site-packages/virtualenv/run/__pycache__ HTTP/1.1" 200 2507 "-" "Mozilla/5.0 AppleWebKit/537.36 (KHTML, like Gecko; compatible; Amazonbot/0.1; +https://developer.amazon.com/support/amazonbot) Chrome/119.0.6045.214 Safari/537.36"
136.243.228.182 - - [01/Jul/2025:12:13:53 -0400] "GET /vakzr68/d1l6l-37943/ HTTP/1.1" 404 1251 "-" "Mozilla/5.0 (compatible; DataForSeoBot/1.0; +https://dataforseo.com/dataforseo-bot)"
107.22.208.39 - - [01/Jul/2025:12:13:57 -0400] "GET /function/function.php?path=//opt/alt/alt-nodejs9/root/lib/node_modules/npm/node_modules/gentle-fs HTTP/1.1" 200 2880 "-" "Mozilla/5.0 AppleWebKit/537.36 (KHTML, like Gecko; compatible; Amazonbot/0.1; +https://developer.amazon.com/support/amazonbot) Chrome/119.0.6045.214 Safari/537.36"
136.243.228.182 - - [01/Jul/2025:12:14:00 -0400] "GET /vkkwk11/cquyi-20022/ HTTP/1.1" 404 1251 "-" "Mozilla/5.0 (compatible; DataForSeoBot/1.0; +https://dataforseo.com/dataforseo-bot)"
100.29.128.75 - - [01/Jul/2025:12:14:01 -0400] "GET /function/function.php?filesrc=//opt/alt/python37/lib/python3.7/site-packages/babel/locale-data/kok.dat&path=//opt/alt/python37/lib/python3.7/site-packages/babel/locale-data HTTP/1.1" 200 1278 "-" "Mozilla/5.0 AppleWebKit/537.36 (KHTML, like Gecko; compatible; Amazonbot/0.1; +https://developer.amazon.com/support/amazonbot) Chrome/119.0.6045.214 Safari/537.36"
136.243.228.182 - - [01/Jul/2025:12:14:08 -0400] "GET /xyndg176/wfzx6-32712/ HTTP/1.1" 404 1251 "-" "Mozilla/5.0 (compatible; DataForSeoBot/1.0; +https://dataforseo.com/dataforseo-bot)"
34.194.14.255 - - [01/Jul/2025:12:14:09 -0400] "GET /wp-content/themes/astra/inc/addons/transparent-header/?MD HTTP/1.1" 200 828 "-" "Mozilla/5.0 AppleWebKit/537.36 (KHTML, like Gecko; compatible; Amazonbot/0.1; +https://developer.amazon.com/support/amazonbot) Chrome/119.0.6045.214 Safari/537.36"
3.225.45.252 - - [01/Jul/2025:12:14:13 -0400] "GET /function/function.php?filesrc=//opt/alt/python37/lib/python3.7/site-packages/babel/locale-data/fr_CD.dat&path=//opt/alt/python37/lib/python3.7/site-packages/babel/locale-data HTTP/1.1" 200 1280 "-" "Mozilla/5.0 AppleWebKit/537.36 (KHTML, like Gecko; compatible; Amazonbot/0.1; +https://developer.amazon.com/support/amazonbot) Chrome/119.0.6045.214 Safari/537.36"
136.243.228.182 - - [01/Jul/2025:12:14:16 -0400] "GET /maeee108/y7k4e-25115/ HTTP/1.1" 404 1251 "-" "Mozilla/5.0 (compatible; DataForSeoBot/1.0; +https://dataforseo.com/dataforseo-bot)"
114.119.135.72 - - [01/Jul/2025:12:14:18 -0400] "GET /function/function.php?path=/home/evoljabq/lscache/6/e/6 HTTP/1.1" 200 2583 "http://www.evolveplace.com/function/function.php?path=/home/evoljabq/lscache/6/e" "Mozilla/5.0 (Linux; Android 7.0;) AppleWebKit/537.36 (KHTML, like Gecko) Mobile Safari/537.36 (compatible; PetalBot;+https://webmaster.petalsearch.com/site/petalbot)"
136.243.228.182 - - [01/Jul/2025:12:14:21 -0400] "GET /xaavu78/pgiz8-17010/ HTTP/1.1" 404 1251 "-" "Mozilla/5.0 (compatible; DataForSeoBot/1.0; +https://dataforseo.com/dataforseo-bot)"
44.218.6.93 - - [01/Jul/2025:12:14:25 -0400] "GET /function/function.php?filesrc=//proc/sys/kernel/ngroups_max&path=//proc/sys/kernel HTTP/1.1" 200 1209 "-" "Mozilla/5.0 AppleWebKit/537.36 (KHTML, like Gecko; compatible; Amazonbot/0.1; +https://developer.amazon.com/support/amazonbot) Chrome/119.0.6045.214 Safari/537.36"
216.73.216.165 - - [01/Jul/2025:12:13:27 -0400] "GET /wp-admin/js/widgets/media-image-widget.js HTTP/1.1" 200 1692 "-" "Mozilla/5.0 AppleWebKit/537.36 (KHTML, like Gecko; compatible; ClaudeBot/1.0; +claudebot@anthropic.com)"
100.29.160.53 - - [01/Jul/2025:12:13:33 -0400] "GET /wp-content/plugins/elementor/core/base/?MA HTTP/1.1" 200 696 "-" "Mozilla/5.0 AppleWebKit/537.36 (KHTML, like Gecko; compatible; Amazonbot/0.1; +https://developer.amazon.com/support/amazonbot) Chrome/119.0.6045.214 Safari/537.36"
136.243.228.182 - - [01/Jul/2025:12:13:36 -0400] "GET /rkwaa295/x55u5-10569/ HTTP/1.1" 404 1251 "-" "Mozilla/5.0 (compatible; DataForSeoBot/1.0; +https://dataforseo.com/dataforseo-bot)"
136.243.228.182 - - [01/Jul/2025:12:13:40 -0400] "GET /rrpxd45/r2794-636/ HTTP/1.1" 404 1251 "-" "Mozilla/5.0 (compatible; DataForSeoBot/1.0; +https://dataforseo.com/dataforseo-bot)"
136.243.228.182 - - [01/Jul/2025:12:13:45 -0400] "GET /fcnxr103/dl07r-27005/ HTTP/1.1" 404 1251 "-" "Mozilla/5.0 (compatible; DataForSeoBot/1.0; +https://dataforseo.com/dataforseo-bot)"
34.225.138.57 - - [01/Jul/2025:12:13:45 -0400] "GET /function/function.php?path=//opt/alt/alt-nodejs16/root/lib/node_modules/npm/node_modules/negotiator HTTP/1.1" 200 2834 "-" "Mozilla/5.0 AppleWebKit/537.36 (KHTML, like Gecko; compatible; Amazonbot/0.1; +https://developer.amazon.com/support/amazonbot) Chrome/119.0.6045.214 Safari/537.36"
136.243.228.182 - - [01/Jul/2025:12:13:56 -0400] "GET /zmmdt194/3w5tq-47750/ HTTP/1.1" 404 1251 "-" "Mozilla/5.0 (compatible; DataForSeoBot/1.0; +https://dataforseo.com/dataforseo-bot)"
136.243.228.182 - - [01/Jul/2025:12:14:05 -0400] "GET /kppxn18/0q651-14864/ HTTP/1.1" 404 1251 "-" "Mozilla/5.0 (compatible; DataForSeoBot/1.0; +https://dataforseo.com/dataforseo-bot)"
216.73.216.165 - - [01/Jul/2025:12:14:08 -0400] "GET /function/function.php?filesrc=%2Fhome%2Fevoljabq%2F.bash_logout&path=%2Fhome%2Fevoljabq HTTP/1.1" 200 1110 "-" "Mozilla/5.0 AppleWebKit/537.36 (KHTML, like Gecko; compatible; ClaudeBot/1.0; +claudebot@anthropic.com)"
136.243.228.182 - - [01/Jul/2025:12:14:12 -0400] "GET /fcmih20/cztmy-45519/ HTTP/1.1" 404 1251 "-" "Mozilla/5.0 (compatible; DataForSeoBot/1.0; +https://dataforseo.com/dataforseo-bot)"
107.20.25.33 - - [01/Jul/2025:12:14:17 -0400] "GET /wp-content/plugins/woocommerce/src/?MA HTTP/1.1" 200 695 "-" "Mozilla/5.0 AppleWebKit/537.36 (KHTML, like Gecko; compatible; Amazonbot/0.1; +https://developer.amazon.com/support/amazonbot) Chrome/119.0.6045.214 Safari/537.36"
136.243.228.182 - - [01/Jul/2025:12:14:25 -0400] "GET /daiel126/9er3b-45602/ HTTP/1.1" 404 1251 "-" "Mozilla/5.0 (compatible; DataForSeoBot/1.0; +https://dataforseo.com/dataforseo-bot)"
57.141.2.28 - - [01/Jul/2025:12:14:26 -0400] "GET /jfgh-ixyar-201560/wnfkp-tqxe-hnsdgvt/ HTTP/1.1" 404 1251 "-" "meta-externalagent/1.1 (+https://developers.facebook.com/docs/sharing/webmasters/crawler)"
136.243.228.182 - - [01/Jul/2025:12:14:33 -0400] "GET /bkbcq100/q21lf-6432/ HTTP/1.1" 404 1251 "-" "Mozilla/5.0 (compatible; DataForSeoBot/1.0; +https://dataforseo.com/dataforseo-bot)"
3.94.40.182 - - [01/Jul/2025:12:14:37 -0400] "GET /function/function.php?path=//var/softaculous/wonder/php81 HTTP/1.1" 200 2473 "-" "Mozilla/5.0 AppleWebKit/537.36 (KHTML, like Gecko; compatible; Amazonbot/0.1; +https://developer.amazon.com/support/amazonbot) Chrome/119.0.6045.214 Safari/537.36"
57.141.2.13 - - [01/Jul/2025:12:14:39 -0400] "GET /rxhtedew-tgkapjc-262178/wkndljnq-bucbmlubiyk-jygobhy-nbgl-tbfy/ HTTP/1.1" 404 1251 "-" "meta-externalagent/1.1 (+https://developers.facebook.com/docs/sharing/webmasters/crawler)"
136.243.228.182 - - [01/Jul/2025:12:14:45 -0400] "GET /qzsor93/sjkpb-13553/ HTTP/1.1" 404 1251 "-" "Mozilla/5.0 (compatible; DataForSeoBot/1.0; +https://dataforseo.com/dataforseo-bot)"
216.73.216.165 - - [01/Jul/2025:12:14:48 -0400] "GET /function/function.php?path=%2Fhome%2Fevoljabq%2F.cpanel HTTP/1.1" 200 2603 "-" "Mozilla/5.0 AppleWebKit/537.36 (KHTML, like Gecko; compatible; ClaudeBot/1.0; +claudebot@anthropic.com)"
136.243.228.182 - - [01/Jul/2025:12:14:28 -0400] "GET /gyrqo134/gcagn-14673/ HTTP/1.1" 404 1251 "-" "Mozilla/5.0 (compatible; DataForSeoBot/1.0; +https://dataforseo.com/dataforseo-bot)"
98.83.10.183 - - [01/Jul/2025:12:14:33 -0400] "GET /function/function.php?path=//var/softaculous/xoops/images HTTP/1.1" 200 2413 "-" "Mozilla/5.0 AppleWebKit/537.36 (KHTML, like Gecko; compatible; Amazonbot/0.1; +https://developer.amazon.com/support/amazonbot) Chrome/119.0.6045.214 Safari/537.36"
136.243.228.182 - - [01/Jul/2025:12:14:37 -0400] "GET /olrep188/sa18w-19682/ HTTP/1.1" 404 1251 "-" "Mozilla/5.0 (compatible; DataForSeoBot/1.0; +https://dataforseo.com/dataforseo-bot)"
136.243.228.182 - - [01/Jul/2025:12:14:41 -0400] "GET /tmcrz261/zvzce-39741/ HTTP/1.1" 404 1251 "-" "Mozilla/5.0 (compatible; DataForSeoBot/1.0; +https://dataforseo.com/dataforseo-bot)"
216.73.216.165 - - [01/Jul/2025:12:14:47 -0400] "GET /function/function.php?path=%2Fhome%2Fevoljabq%2Fpublic_ftp HTTP/1.1" 200 1529 "-" "Mozilla/5.0 AppleWebKit/537.36 (KHTML, like Gecko; compatible; ClaudeBot/1.0; +claudebot@anthropic.com)"
136.243.228.182 - - [01/Jul/2025:12:14:49 -0400] "GET /fiuxb288/6orxl-11242/ HTTP/1.1" 404 1251 "-" "Mozilla/5.0 (compatible; DataForSeoBot/1.0; +https://dataforseo.com/dataforseo-bot)"
136.243.228.182 - - [01/Jul/2025:12:14:53 -0400] "GET /tbicc104/ztwwx-25578/ HTTP/1.1" 404 1251 "-" "Mozilla/5.0 (compatible; DataForSeoBot/1.0; +https://dataforseo.com/dataforseo-bot)"
136.243.228.182 - - [01/Jul/2025:12:14:56 -0400] "GET /xnljz234/dwmqw-20038/ HTTP/1.1" 404 1251 "-" "Mozilla/5.0 (compatible; DataForSeoBot/1.0; +https://dataforseo.com/dataforseo-bot)"
204.12.252.98 - - [01/Jul/2025:12:15:00 -0400] "GET /wp-content/admin.php HTTP/1.1" 404 1251 "http://evolveplace.com/wp-content/admin.php" "Mozilla/5.0 (Windows NT 10.0; Win64; x64) AppleWebKit/537.36 (KHTML, like Gecko) Chrome/58.0.3029.110 Safari/537.3"
50.19.79.213 - - [01/Jul/2025:12:15:01 -0400] "GET /function/function.php?filesrc=//usr/libexec/git-core/git-read-tree&path=//usr/libexec/git-core HTTP/1.1" 200 1206 "-" "Mozilla/5.0 AppleWebKit/537.36 (KHTML, like Gecko; compatible; Amazonbot/0.1; +https://developer.amazon.com/support/amazonbot) Chrome/119.0.6045.214 Safari/537.36"
136.243.228.182 - - [01/Jul/2025:12:15:08 -0400] "GET /bfpcy113/t62k6-23733/ HTTP/1.1" 404 1251 "-" "Mozilla/5.0 (compatible; DataForSeoBot/1.0; +https://dataforseo.com/dataforseo-bot)"
136.243.228.182 - - [01/Jul/2025:12:15:13 -0400] "GET /vjteu42/g9fl6-36514/ HTTP/1.1" 404 1251 "-" "Mozilla/5.0 (compatible; DataForSeoBot/1.0; +https://dataforseo.com/dataforseo-bot)"
100.29.34.97 - - [01/Jul/2025:12:15:13 -0400] "GET /function/function.php?filesrc=//usr/lib/locale/en_US.iso885915/LC_COLLATE&path=//usr/lib/locale/en_US.iso885915 HTTP/1.1" 200 1227 "-" "Mozilla/5.0 AppleWebKit/537.36 (KHTML, like Gecko; compatible; Amazonbot/0.1; +https://developer.amazon.com/support/amazonbot) Chrome/119.0.6045.214 Safari/537.36"
136.243.228.182 - - [01/Jul/2025:12:15:24 -0400] "GET /rexql62/cz64m-30524/ HTTP/1.1" 404 1251 "-" "Mozilla/5.0 (compatible; DataForSeoBot/1.0; +https://dataforseo.com/dataforseo-bot)"
216.73.216.165 - - [01/Jul/2025:12:15:25 -0400] "GET /wp-content/plugins/wp-file-manager/js HTTP/1.1" 301 795 "-" "Mozilla/5.0 AppleWebKit/537.36 (KHTML, like Gecko; compatible; ClaudeBot/1.0; +claudebot@anthropic.com)"
216.73.216.165 - - [01/Jul/2025:12:15:26 -0400] "GET /function/function.php?filesrc=%2Fhome%2Fevoljabq%2F.zshrc&path=%2Fhome%2Fevoljabq HTTP/1.1" 200 1462 "-" "Mozilla/5.0 AppleWebKit/537.36 (KHTML, like Gecko; compatible; ClaudeBot/1.0; +claudebot@anthropic.com)"
136.243.228.182 - - [01/Jul/2025:12:15:32 -0400] "GET /yubrv250/8kuvd-38290/ HTTP/1.1" 404 1251 "-" "Mozilla/5.0 (compatible; DataForSeoBot/1.0; +https://dataforseo.com/dataforseo-bot)"
136.243.228.182 - - [01/Jul/2025:12:15:49 -0400] "GET /dzhnm1/0nk19-26860/ HTTP/1.1" 404 1251 "-" "Mozilla/5.0 (compatible; DataForSeoBot/1.0; +https://dataforseo.com/dataforseo-bot)"
136.243.228.182 - - [01/Jul/2025:12:15:00 -0400] "GET /hugas75/vwz73-24190/ HTTP/1.1" 404 1251 "-" "Mozilla/5.0 (compatible; DataForSeoBot/1.0; +https://dataforseo.com/dataforseo-bot)"
136.243.228.182 - - [01/Jul/2025:12:15:04 -0400] "GET /ucxxm84/zrx0v-39197/ HTTP/1.1" 404 1251 "-" "Mozilla/5.0 (compatible; DataForSeoBot/1.0; +https://dataforseo.com/dataforseo-bot)"
136.243.228.182 - - [01/Jul/2025:12:15:16 -0400] "GET /ryffe192/geen5-21968/ HTTP/1.1" 404 1251 "-" "Mozilla/5.0 (compatible; DataForSeoBot/1.0; +https://dataforseo.com/dataforseo-bot)"
57.141.2.18 - - [01/Jul/2025:12:15:19 -0400] "GET /hcudf-402297/ippxdvesro-etcnuf-zpqpdp/ HTTP/1.1" 404 1251 "-" "meta-externalagent/1.1 (+https://developers.facebook.com/docs/sharing/webmasters/crawler)"
136.243.228.182 - - [01/Jul/2025:12:15:20 -0400] "GET /ozdpv191/sdj0x-16076/ HTTP/1.1" 404 1251 "-" "Mozilla/5.0 (compatible; DataForSeoBot/1.0; +https://dataforseo.com/dataforseo-bot)"
18.204.152.114 - - [01/Jul/2025:12:15:21 -0400] "GET /function/function.php?filesrc=//opt/hc_python/lib/python3.12/site-packages/sentry_sdk/serializer.py&path=//opt/hc_python/lib/python3.12/site-packages/sentry_sdk HTTP/1.1" 200 5480 "-" "Mozilla/5.0 AppleWebKit/537.36 (KHTML, like Gecko; compatible; Amazonbot/0.1; +https://developer.amazon.com/support/amazonbot) Chrome/119.0.6045.214 Safari/537.36"
216.73.216.165 - - [01/Jul/2025:12:15:26 -0400] "GET /wp-content/plugins/wp-file-manager/js/ HTTP/1.1" 200 701 "http://evolveplace.com/wp-content/plugins/wp-file-manager/js" "Mozilla/5.0 AppleWebKit/537.36 (KHTML, like Gecko; compatible; ClaudeBot/1.0; +claudebot@anthropic.com)"
136.243.228.182 - - [01/Jul/2025:12:15:28 -0400] "GET /gjwbu205/o0geo-43638/ HTTP/1.1" 404 1251 "-" "Mozilla/5.0 (compatible; DataForSeoBot/1.0; +https://dataforseo.com/dataforseo-bot)"
114.119.154.103 - - [01/Jul/2025:12:15:29 -0400] "GET /function/function.php?path=/home/evoljabq/lscache/6/e/5 HTTP/1.1" 200 2461 "http://www.evolveplace.com/function/function.php?path=/home/evoljabq/lscache/6/e" "Mozilla/5.0 (Linux; Android 7.0;) AppleWebKit/537.36 (KHTML, like Gecko) Mobile Safari/537.36 (compatible; PetalBot;+https://webmaster.petalsearch.com/site/petalbot)"
54.225.148.123 - - [01/Jul/2025:12:15:29 -0400] "GET /function/function.php?filesrc=//home/evoljabq/mail/new/1621291357.M853366P130617.server232.web-hosting.com,S%3D4018,W%3D4112&path=//home/evoljabq/mail/new HTTP/1.1" 200 3008 "-" "Mozilla/5.0 AppleWebKit/537.36 (KHTML, like Gecko; compatible; Amazonbot/0.1; +https://developer.amazon.com/support/amazonbot) Chrome/119.0.6045.214 Safari/537.36"
136.243.228.182 - - [01/Jul/2025:12:15:37 -0400] "GET /nkwcw89/l6szq-46714/ HTTP/1.1" 404 1251 "-" "Mozilla/5.0 (compatible; DataForSeoBot/1.0; +https://dataforseo.com/dataforseo-bot)"
44.220.2.97 - - [01/Jul/2025:12:15:37 -0400] "GET /function/function.php?filesrc=//proc/self/root/lib/locale/en_PH/LC_TELEPHONE&path=//proc/self/root/lib/locale/en_PH HTTP/1.1" 200 1305 "-" "Mozilla/5.0 AppleWebKit/537.36 (KHTML, like Gecko; compatible; Amazonbot/0.1; +https://developer.amazon.com/support/amazonbot) Chrome/119.0.6045.214 Safari/537.36"
136.243.228.182 - - [01/Jul/2025:12:15:41 -0400] "GET /yrych118/3qfpr-40353/ HTTP/1.1" 404 1251 "-" "Mozilla/5.0 (compatible; DataForSeoBot/1.0; +https://dataforseo.com/dataforseo-bot)"
136.243.228.182 - - [01/Jul/2025:12:15:44 -0400] "GET /npcdn168/z6xlc-41216/ HTTP/1.1" 404 1251 "-" "Mozilla/5.0 (compatible; DataForSeoBot/1.0; +https://dataforseo.com/dataforseo-bot)"
34.233.114.237 - - [01/Jul/2025:12:15:45 -0400] "GET /function/function.php?filesrc=//opt/cpanel/ea-php55/root/etc/php-fpm.conf.save&path=//opt/cpanel/ea-php55/root/etc HTTP/1.1" 200 1234 "-" "Mozilla/5.0 AppleWebKit/537.36 (KHTML, like Gecko; compatible; Amazonbot/0.1; +https://developer.amazon.com/support/amazonbot) Chrome/119.0.6045.214 Safari/537.36"
136.243.228.182 - - [01/Jul/2025:12:15:52 -0400] "GET /pmdza201/13kk7-32404/ HTTP/1.1" 404 1251 "-" "Mozilla/5.0 (compatible; DataForSeoBot/1.0; +https://dataforseo.com/dataforseo-bot)"
136.243.228.182 - - [01/Jul/2025:12:15:56 -0400] "GET /znsgj4/qmr0o-22993/ HTTP/1.1" 404 1251 "-" "Mozilla/5.0 (compatible; DataForSeoBot/1.0; +https://dataforseo.com/dataforseo-bot)"
136.243.228.182 - - [01/Jul/2025:12:16:00 -0400] "GET /mpowb201/x20f2-14802/ HTTP/1.1" 404 1251 "-" "Mozilla/5.0 (compatible; DataForSeoBot/1.0; +https://dataforseo.com/dataforseo-bot)"
136.243.228.182 - - [01/Jul/2025:12:16:04 -0400] "GET /mazdw264/lz5ok-34844/ HTTP/1.1" 404 1251 "-" "Mozilla/5.0 (compatible; DataForSeoBot/1.0; +https://dataforseo.com/dataforseo-bot)"
136.243.228.182 - - [01/Jul/2025:12:16:12 -0400] "GET /wlxly146/vtv2e-1725/ HTTP/1.1" 404 1251 "-" "Mozilla/5.0 (compatible; DataForSeoBot/1.0; +https://dataforseo.com/dataforseo-bot)"
98.83.72.38 - - [01/Jul/2025:12:16:13 -0400] "GET /function/function.php?filesrc=//opt/cpanel/ea-openssl11/include/openssl/asn1.h&path=//opt/cpanel/ea-openssl11/include/openssl HTTP/1.1" 200 10840 "-" "Mozilla/5.0 AppleWebKit/537.36 (KHTML, like Gecko; compatible; Amazonbot/0.1; +https://developer.amazon.com/support/amazonbot) Chrome/119.0.6045.214 Safari/537.36"
136.243.228.182 - - [01/Jul/2025:12:16:21 -0400] "GET /rpljf138/wtjdg-16483/ HTTP/1.1" 404 1251 "-" "Mozilla/5.0 (compatible; DataForSeoBot/1.0; +https://dataforseo.com/dataforseo-bot)"
136.243.228.182 - - [01/Jul/2025:12:16:25 -0400] "GET /iwhaj273/bfp9a-5507/ HTTP/1.1" 404 1251 "-" "Mozilla/5.0 (compatible; DataForSeoBot/1.0; +https://dataforseo.com/dataforseo-bot)"
