136.243.228.182 - - [01/Jul/2025:10:18:57 -0400] "GET /opllq165/amqfa-9018/ HTTP/1.1" 404 1251 "-" "Mozilla/5.0 (compatible; DataForSeoBot/1.0; +https://dataforseo.com/dataforseo-bot)"
136.243.228.182 - - [01/Jul/2025:10:19:01 -0400] "GET /nhesr122/90xcw-15696/ HTTP/1.1" 404 1251 "-" "Mozilla/5.0 (compatible; DataForSeoBot/1.0; +https://dataforseo.com/dataforseo-bot)"
44.221.37.41 - - [01/Jul/2025:10:19:05 -0400] "GET /function/function.php?filesrc=//opt/alt/python313/share/doc/alt-python313-setuptools/docs/deprecated/commands.rst&path=//opt/alt/python313/share/doc/alt-python313-setuptools/docs/deprecated HTTP/1.1" 200 12590 "-" "Mozilla/5.0 AppleWebKit/537.36 (KHTML, like Gecko; compatible; Amazonbot/0.1; +https://developer.amazon.com/support/amazonbot) Chrome/119.0.6045.214 Safari/537.36"
136.243.228.182 - - [01/Jul/2025:10:19:05 -0400] "GET /zkywn3/65eif-46105/ HTTP/1.1" 404 1251 "-" "Mozilla/5.0 (compatible; DataForSeoBot/1.0; +https://dataforseo.com/dataforseo-bot)"
216.73.216.97 - - [01/Jul/2025:10:19:06 -0400] "GET /wp-includes/css/editor-rtl.css HTTP/1.1" 200 6521 "-" "Mozilla/5.0 AppleWebKit/537.36 (KHTML, like Gecko; compatible; ClaudeBot/1.0; +claudebot@anthropic.com)"
34.239.85.139 - - [01/Jul/2025:10:19:09 -0400] "GET /function/function.php?path=//opt/alt/ruby32/share/gems/gems/rdoc-6.5.1.1/lib HTTP/1.1" 200 2629 "-" "Mozilla/5.0 AppleWebKit/537.36 (KHTML, like Gecko; compatible; Amazonbot/0.1; +https://developer.amazon.com/support/amazonbot) Chrome/119.0.6045.214 Safari/537.36"
136.243.228.182 - - [01/Jul/2025:10:19:10 -0400] "GET /zgyxz164/02kgd-38957/ HTTP/1.1" 404 1251 "-" "Mozilla/5.0 (compatible; DataForSeoBot/1.0; +https://dataforseo.com/dataforseo-bot)"
136.243.228.182 - - [01/Jul/2025:10:19:13 -0400] "GET /wjzet289/o6mr9-4751/ HTTP/1.1" 404 1251 "-" "Mozilla/5.0 (compatible; DataForSeoBot/1.0; +https://dataforseo.com/dataforseo-bot)"
136.243.228.182 - - [01/Jul/2025:10:19:18 -0400] "GET /llmrb276/s0700-22526/ HTTP/1.1" 404 1251 "-" "Mozilla/5.0 (compatible; DataForSeoBot/1.0; +https://dataforseo.com/dataforseo-bot)"
52.4.213.199 - - [01/Jul/2025:10:19:21 -0400] "GET /function/function.php?filesrc=//opt/alt/python312/share/doc/alt-python312-setuptools/docs/deprecated/zip_safe.rst&path=//opt/alt/python312/share/doc/alt-python312-setuptools/docs/deprecated HTTP/1.1" 200 2909 "-" "Mozilla/5.0 AppleWebKit/537.36 (KHTML, like Gecko; compatible; Amazonbot/0.1; +https://developer.amazon.com/support/amazonbot) Chrome/119.0.6045.214 Safari/537.36"
136.243.228.182 - - [01/Jul/2025:10:19:21 -0400] "GET /dwksa90/5co21-7359/ HTTP/1.1" 404 1251 "-" "Mozilla/5.0 (compatible; DataForSeoBot/1.0; +https://dataforseo.com/dataforseo-bot)"
136.243.228.182 - - [01/Jul/2025:10:19:33 -0400] "GET /zrtle184/r8oj9-15248/ HTTP/1.1" 404 1251 "-" "Mozilla/5.0 (compatible; DataForSeoBot/1.0; +https://dataforseo.com/dataforseo-bot)"
57.141.2.6 - - [01/Jul/2025:10:19:34 -0400] "GET /zjwpabxoa-776353/novqcv-fyxlhk-vzhn-mevjz-tppxl/ HTTP/1.1" 404 1251 "-" "meta-externalagent/1.1 (+https://developers.facebook.com/docs/sharing/webmasters/crawler)"
52.200.54.136 - - [01/Jul/2025:10:19:37 -0400] "GET /function/function.php?path=//opt/alt/ruby32/share/ruby/psych/nodes HTTP/1.1" 200 2706 "-" "Mozilla/5.0 AppleWebKit/537.36 (KHTML, like Gecko; compatible; Amazonbot/0.1; +https://developer.amazon.com/support/amazonbot) Chrome/119.0.6045.214 Safari/537.36"
136.243.228.182 - - [01/Jul/2025:10:19:38 -0400] "GET /ysgnf286/yi8yu-18960/ HTTP/1.1" 404 1251 "-" "Mozilla/5.0 (compatible; DataForSeoBot/1.0; +https://dataforseo.com/dataforseo-bot)"
136.243.228.182 - - [01/Jul/2025:10:19:41 -0400] "GET /ijjoz157/lhw7i-40811/ HTTP/1.1" 404 1251 "-" "Mozilla/5.0 (compatible; DataForSeoBot/1.0; +https://dataforseo.com/dataforseo-bot)"
98.84.70.201 - - [01/Jul/2025:10:18:57 -0400] "GET /function/function.php?filesrc=//opt/alt/ruby34/lib64/ruby/enc/utf_32le.so&path=//opt/alt/ruby34/lib64/ruby/enc HTTP/1.1" 200 1235 "-" "Mozilla/5.0 AppleWebKit/537.36 (KHTML, like Gecko; compatible; Amazonbot/0.1; +https://developer.amazon.com/support/amazonbot) Chrome/119.0.6045.214 Safari/537.36"
44.221.105.234 - - [01/Jul/2025:10:19:01 -0400] "GET /function/function.php?path=//opt/alt/alt-nodejs22/root/lib/node_modules/npm/node_modules.bundled/promise-all-reject-late HTTP/1.1" 200 2563 "-" "Mozilla/5.0 AppleWebKit/537.36 (KHTML, like Gecko; compatible; Amazonbot/0.1; +https://developer.amazon.com/support/amazonbot) Chrome/119.0.6045.214 Safari/537.36"
216.73.216.97 - - [01/Jul/2025:10:19:04 -0400] "GET /wp-includes/css/media-views-rtl.css HTTP/1.1" 200 9500 "-" "Mozilla/5.0 AppleWebKit/537.36 (KHTML, like Gecko; compatible; ClaudeBot/1.0; +claudebot@anthropic.com)"
54.209.100.30 - - [01/Jul/2025:10:19:13 -0400] "GET /function/function.php?filesrc=//opt/alt/python27/lib64/python2.7/xml/etree/ElementTree.py&path=//opt/alt/python27/lib64/python2.7/xml/etree HTTP/1.1" 200 17152 "-" "Mozilla/5.0 AppleWebKit/537.36 (KHTML, like Gecko; compatible; Amazonbot/0.1; +https://developer.amazon.com/support/amazonbot) Chrome/119.0.6045.214 Safari/537.36"
52.2.191.202 - - [01/Jul/2025:10:19:25 -0400] "GET /function/function.php?path=//opt/alt/alt-nodejs9/root/lib/node_modules/npm/node_modules.bundled/lodash._cacheindexof HTTP/1.1" 200 2615 "-" "Mozilla/5.0 AppleWebKit/537.36 (KHTML, like Gecko; compatible; Amazonbot/0.1; +https://developer.amazon.com/support/amazonbot) Chrome/119.0.6045.214 Safari/537.36"
136.243.228.182 - - [01/Jul/2025:10:19:25 -0400] "GET /xdvzn108/wjq6p-24486/ HTTP/1.1" 404 1251 "-" "Mozilla/5.0 (compatible; DataForSeoBot/1.0; +https://dataforseo.com/dataforseo-bot)"
3.216.227.216 - - [01/Jul/2025:10:19:29 -0400] "GET /function/function.php?path=//opt/alt/alt-nodejs22/root/lib/node_modules/npm/node_modules/npm-normalize-package-bin HTTP/1.1" 200 2735 "-" "Mozilla/5.0 AppleWebKit/537.36 (KHTML, like Gecko; compatible; Amazonbot/0.1; +https://developer.amazon.com/support/amazonbot) Chrome/119.0.6045.214 Safari/537.36"
136.243.228.182 - - [01/Jul/2025:10:19:29 -0400] "GET /jgdff86/bqgtr-28470/ HTTP/1.1" 404 1251 "-" "Mozilla/5.0 (compatible; DataForSeoBot/1.0; +https://dataforseo.com/dataforseo-bot)"
216.73.216.97 - - [01/Jul/2025:10:19:34 -0400] "GET /wp-includes/css/admin-bar-rtl.min.css HTTP/1.1" 200 3850 "-" "Mozilla/5.0 AppleWebKit/537.36 (KHTML, like Gecko; compatible; ClaudeBot/1.0; +claudebot@anthropic.com)"
216.73.216.97 - - [01/Jul/2025:10:19:36 -0400] "GET /wp-includes/css/dashicons.css HTTP/1.1" 200 28706 "-" "Mozilla/5.0 AppleWebKit/537.36 (KHTML, like Gecko; compatible; ClaudeBot/1.0; +claudebot@anthropic.com)"
44.221.105.234 - - [01/Jul/2025:10:19:42 -0400] "GET /function/function.php?path=//proc/self/root/lib/firmware/nvidia/gp104/nvdec HTTP/1.1" 200 2398 "-" "Mozilla/5.0 AppleWebKit/537.36 (KHTML, like Gecko; compatible; Amazonbot/0.1; +https://developer.amazon.com/support/amazonbot) Chrome/119.0.6045.214 Safari/537.36"
136.243.228.182 - - [01/Jul/2025:10:19:45 -0400] "GET /jbnmd55/wafht-30215/ HTTP/1.1" 404 1251 "-" "Mozilla/5.0 (compatible; DataForSeoBot/1.0; +https://dataforseo.com/dataforseo-bot)"
136.243.228.182 - - [01/Jul/2025:10:19:50 -0400] "GET /wgjxe170/qlcm8-43773/ HTTP/1.1" 404 1251 "-" "Mozilla/5.0 (compatible; DataForSeoBot/1.0; +https://dataforseo.com/dataforseo-bot)"
136.243.228.182 - - [01/Jul/2025:10:19:58 -0400] "GET /pvtma27/pizye-29883/ HTTP/1.1" 404 1251 "-" "Mozilla/5.0 (compatible; DataForSeoBot/1.0; +https://dataforseo.com/dataforseo-bot)"
136.243.228.182 - - [01/Jul/2025:10:20:01 -0400] "GET /qlznj205/ged49-30729/ HTTP/1.1" 404 1251 "-" "Mozilla/5.0 (compatible; DataForSeoBot/1.0; +https://dataforseo.com/dataforseo-bot)"
136.243.228.182 - - [01/Jul/2025:10:20:05 -0400] "GET /easgi37/qc0wz-46327/ HTTP/1.1" 404 1251 "-" "Mozilla/5.0 (compatible; DataForSeoBot/1.0; +https://dataforseo.com/dataforseo-bot)"
52.45.29.57 - - [01/Jul/2025:10:20:06 -0400] "GET /function/function.php?path=//opt/cloudlinux/venv/lib64/python3.11/site-packages/numpy/testing HTTP/1.1" 200 3006 "-" "Mozilla/5.0 AppleWebKit/537.36 (KHTML, like Gecko; compatible; Amazonbot/0.1; +https://developer.amazon.com/support/amazonbot) Chrome/119.0.6045.214 Safari/537.36"
136.243.228.182 - - [01/Jul/2025:10:20:09 -0400] "GET /tfqyi49/v1j78-22294/ HTTP/1.1" 404 1251 "-" "Mozilla/5.0 (compatible; DataForSeoBot/1.0; +https://dataforseo.com/dataforseo-bot)"
114.119.148.127 - - [01/Jul/2025:10:20:11 -0400] "GET /function/function.php?path=/home/evoljabq/lscache/e/8/d HTTP/1.1" 200 2378 "http://www.evolveplace.com/function/function.php?path=/home/evoljabq/lscache/e/8" "Mozilla/5.0 (Linux; Android 7.0;) AppleWebKit/537.36 (KHTML, like Gecko) Mobile Safari/537.36 (compatible; PetalBot;+https://webmaster.petalsearch.com/site/petalbot)"
136.243.228.182 - - [01/Jul/2025:10:20:13 -0400] "GET /lwsno35/wlwmf-48066/ HTTP/1.1" 404 1251 "-" "Mozilla/5.0 (compatible; DataForSeoBot/1.0; +https://dataforseo.com/dataforseo-bot)"
136.243.228.182 - - [01/Jul/2025:10:20:17 -0400] "GET /pzlld278/z3588-27144/ HTTP/1.1" 404 1251 "-" "Mozilla/5.0 (compatible; DataForSeoBot/1.0; +https://dataforseo.com/dataforseo-bot)"
54.209.100.30 - - [01/Jul/2025:10:20:17 -0400] "GET /function/function.php?filesrc=//opt/hc_python/lib64/python3.12/site-packages/sqlalchemy/dialects/mysql/reflection.py&path=//opt/hc_python/lib64/python3.12/site-packages/sqlalchemy/dialects/mysql HTTP/1.1" 200 8742 "-" "Mozilla/5.0 AppleWebKit/537.36 (KHTML, like Gecko; compatible; Amazonbot/0.1; +https://developer.amazon.com/support/amazonbot) Chrome/119.0.6045.214 Safari/537.36"
54.235.172.96 - - [01/Jul/2025:10:20:22 -0400] "GET /function/function.php?path=//opt/alt/alt-nodejs20/root/lib/node_modules/npm/node_modules/socks-proxy-agent HTTP/1.1" 200 2730 "-" "Mozilla/5.0 AppleWebKit/537.36 (KHTML, like Gecko; compatible; Amazonbot/0.1; +https://developer.amazon.com/support/amazonbot) Chrome/119.0.6045.214 Safari/537.36"
136.243.228.182 - - [01/Jul/2025:10:20:25 -0400] "GET /bryfk280/ddes2-10186/ HTTP/1.1" 404 1251 "-" "Mozilla/5.0 (compatible; DataForSeoBot/1.0; +https://dataforseo.com/dataforseo-bot)"
3.215.221.125 - - [01/Jul/2025:10:20:25 -0400] "GET /function/function.php?path=//opt/alt/alt-nodejs11/root/lib/node_modules/npm/node_modules.bundled/stream-each HTTP/1.1" 200 2837 "-" "Mozilla/5.0 AppleWebKit/537.36 (KHTML, like Gecko; compatible; Amazonbot/0.1; +https://developer.amazon.com/support/amazonbot) Chrome/119.0.6045.214 Safari/537.36"
3.225.9.97 - - [01/Jul/2025:10:20:29 -0400] "GET /function/function.php?path=//opt/alt/alt-nodejs20/root/lib/node_modules/npm/node_modules/path-key HTTP/1.1" 200 2536 "-" "Mozilla/5.0 AppleWebKit/537.36 (KHTML, like Gecko; compatible; Amazonbot/0.1; +https://developer.amazon.com/support/amazonbot) Chrome/119.0.6045.214 Safari/537.36"
136.243.228.182 - - [01/Jul/2025:10:20:37 -0400] "GET /hxcgl255/zdb5j-3006/ HTTP/1.1" 404 1251 "-" "Mozilla/5.0 (compatible; DataForSeoBot/1.0; +https://dataforseo.com/dataforseo-bot)"
3.212.86.97 - - [01/Jul/2025:10:20:41 -0400] "GET /function/function.php?path=//opt/alt/alt-nodejs22/root/lib/node_modules/npm/node_modules/npm-bundled HTTP/1.1" 200 2720 "-" "Mozilla/5.0 AppleWebKit/537.36 (KHTML, like Gecko; compatible; Amazonbot/0.1; +https://developer.amazon.com/support/amazonbot) Chrome/119.0.6045.214 Safari/537.36"
18.205.91.101 - - [01/Jul/2025:10:20:53 -0400] "GET /function/function.php?path=//opt/alt/alt-nodejs12/root/lib/node_modules/npm/node_modules/color-convert HTTP/1.1" 200 2742 "-" "Mozilla/5.0 AppleWebKit/537.36 (KHTML, like Gecko; compatible; Amazonbot/0.1; +https://developer.amazon.com/support/amazonbot) Chrome/119.0.6045.214 Safari/537.36"
54.88.84.219 - - [01/Jul/2025:10:19:45 -0400] "GET /function/function.php?filesrc=//opt/alt/ruby33/share/ruby/cgi/core.rb&path=//opt/alt/ruby33/share/ruby/cgi HTTP/1.1" 200 11910 "-" "Mozilla/5.0 AppleWebKit/537.36 (KHTML, like Gecko; compatible; Amazonbot/0.1; +https://developer.amazon.com/support/amazonbot) Chrome/119.0.6045.214 Safari/537.36"
57.141.2.13 - - [01/Jul/2025:10:19:47 -0400] "GET /rxhtedew-tgkapjc-252038/wkndljnq-bucbmlubiyk-jygobhy-nbgl-tbfy/ HTTP/1.1" 404 1251 "-" "meta-externalagent/1.1 (+https://developers.facebook.com/docs/sharing/webmasters/crawler)"
136.243.228.182 - - [01/Jul/2025:10:19:53 -0400] "GET /qpgky57/9ea3f-44129/ HTTP/1.1" 404 1251 "-" "Mozilla/5.0 (compatible; DataForSeoBot/1.0; +https://dataforseo.com/dataforseo-bot)"
52.202.233.37 - - [01/Jul/2025:10:19:57 -0400] "GET /function/function.php?path=//opt/alt/alt-nodejs19/root/lib/node_modules/npm/node_modules.bundled/minimatch HTTP/1.1" 200 2735 "-" "Mozilla/5.0 AppleWebKit/537.36 (KHTML, like Gecko; compatible; Amazonbot/0.1; +https://developer.amazon.com/support/amazonbot) Chrome/119.0.6045.214 Safari/537.36"
57.141.2.8 - - [01/Jul/2025:10:20:04 -0400] "GET /lzmebesrkfw-130542/ncfjdhmk-qxcj-wyoyzdxqu-sttnwvujnd-adbvwh/ HTTP/1.1" 404 1251 "-" "meta-externalagent/1.1 (+https://developers.facebook.com/docs/sharing/webmasters/crawler)"
107.22.208.39 - - [01/Jul/2025:10:20:13 -0400] "GET /function/function.php?filesrc=//opt/alt/ruby32/share/ruby/openssl/bn.rb&path=//opt/alt/ruby32/share/ruby/openssl HTTP/1.1" 200 1640 "-" "Mozilla/5.0 AppleWebKit/537.36 (KHTML, like Gecko; compatible; Amazonbot/0.1; +https://developer.amazon.com/support/amazonbot) Chrome/119.0.6045.214 Safari/537.36"
136.243.228.182 - - [01/Jul/2025:10:20:21 -0400] "GET /feqzy77/w48rm-43980/ HTTP/1.1" 404 1251 "-" "Mozilla/5.0 (compatible; DataForSeoBot/1.0; +https://dataforseo.com/dataforseo-bot)"
136.243.228.182 - - [01/Jul/2025:10:20:29 -0400] "GET /fhwvu38/p6luq-40554/ HTTP/1.1" 404 1251 "-" "Mozilla/5.0 (compatible; DataForSeoBot/1.0; +https://dataforseo.com/dataforseo-bot)"
57.141.2.9 - - [01/Jul/2025:10:20:32 -0400] "GET /eivuzya-svcpoiihvbs-858396/pfihu-tgyou-tkns-tnufvhy-dpijbqhltb/ HTTP/1.1" 404 1251 "-" "meta-externalagent/1.1 (+https://developers.facebook.com/docs/sharing/webmasters/crawler)"
136.243.228.182 - - [01/Jul/2025:10:20:33 -0400] "GET /nhyek5/emp5y-8960/ HTTP/1.1" 404 1251 "-" "Mozilla/5.0 (compatible; DataForSeoBot/1.0; +https://dataforseo.com/dataforseo-bot)"
136.243.228.182 - - [01/Jul/2025:10:20:42 -0400] "GET /wldyw218/p0v7a-6966/ HTTP/1.1" 404 1251 "-" "Mozilla/5.0 (compatible; DataForSeoBot/1.0; +https://dataforseo.com/dataforseo-bot)"
136.243.228.182 - - [01/Jul/2025:10:20:45 -0400] "GET /eweil80/2fma5-5130/ HTTP/1.1" 404 1251 "-" "Mozilla/5.0 (compatible; DataForSeoBot/1.0; +https://dataforseo.com/dataforseo-bot)"
3.214.176.44 - - [01/Jul/2025:10:20:46 -0400] "GET /function/function.php?path=//opt/alt/alt-nodejs18/root/lib/node_modules/npm/node_modules.bundled/walk-up-path HTTP/1.1" 200 2738 "-" "Mozilla/5.0 AppleWebKit/537.36 (KHTML, like Gecko; compatible; Amazonbot/0.1; +https://developer.amazon.com/support/amazonbot) Chrome/119.0.6045.214 Safari/537.36"
136.243.228.182 - - [01/Jul/2025:10:20:49 -0400] "GET /njuhg3/9o85a-22238/ HTTP/1.1" 404 1251 "-" "Mozilla/5.0 (compatible; DataForSeoBot/1.0; +https://dataforseo.com/dataforseo-bot)"
136.243.228.182 - - [01/Jul/2025:10:20:53 -0400] "GET /opoes11/q6ygf-37174/ HTTP/1.1" 404 1251 "-" "Mozilla/5.0 (compatible; DataForSeoBot/1.0; +https://dataforseo.com/dataforseo-bot)"
18.205.213.231 - - [01/Jul/2025:10:20:57 -0400] "GET /function/function.php?path=//opt/alt/alt-nodejs6/root/lib/node_modules/npm/lib HTTP/1.1" 200 5624 "-" "Mozilla/5.0 AppleWebKit/537.36 (KHTML, like Gecko; compatible; Amazonbot/0.1; +https://developer.amazon.com/support/amazonbot) Chrome/119.0.6045.214 Safari/537.36"
136.243.228.182 - - [01/Jul/2025:10:20:57 -0400] "GET /nharm257/pu500-6454/ HTTP/1.1" 404 1251 "-" "Mozilla/5.0 (compatible; DataForSeoBot/1.0; +https://dataforseo.com/dataforseo-bot)"
136.243.228.182 - - [01/Jul/2025:10:21:05 -0400] "GET /hwjlp147/m606c-40254/ HTTP/1.1" 404 1251 "-" "Mozilla/5.0 (compatible; DataForSeoBot/1.0; +https://dataforseo.com/dataforseo-bot)"
54.162.69.192 - - [01/Jul/2025:10:21:05 -0400] "GET /function/function.php?filesrc=//proc/thread-self/root/lib/firmware/ath11k/IPQ6018/hw1.0/m3_fw.b00&path=//proc/thread-self/root/lib/firmware/ath11k/IPQ6018/hw1.0 HTTP/1.1" 200 1275 "-" "Mozilla/5.0 AppleWebKit/537.36 (KHTML, like Gecko; compatible; Amazonbot/0.1; +https://developer.amazon.com/support/amazonbot) Chrome/119.0.6045.214 Safari/537.36"
136.243.228.182 - - [01/Jul/2025:10:21:09 -0400] "GET /zqbve58/2e1v4-42537/ HTTP/1.1" 404 1251 "-" "Mozilla/5.0 (compatible; DataForSeoBot/1.0; +https://dataforseo.com/dataforseo-bot)"
44.214.19.8 - - [01/Jul/2025:10:21:14 -0400] "GET /function/function.php?path=//proc/thread-self/root/opt/alt/python39/lib64/python3.9/urllib HTTP/1.1" 200 2945 "-" "Mozilla/5.0 AppleWebKit/537.36 (KHTML, like Gecko; compatible; Amazonbot/0.1; +https://developer.amazon.com/support/amazonbot) Chrome/119.0.6045.214 Safari/537.36"
54.157.84.74 - - [01/Jul/2025:10:21:18 -0400] "GET /function/function.php?filesrc=//opt/alt/tests/alt-php83-brotli_0.5.0-3.el8/brotli/c/fuzz/run_decode_fuzzer.cc&path=//opt/alt/tests/alt-php83-brotli_0.5.0-3.el8/brotli/c/fuzz HTTP/1.1" 200 1809 "-" "Mozilla/5.0 AppleWebKit/537.36 (KHTML, like Gecko; compatible; Amazonbot/0.1; +https://developer.amazon.com/support/amazonbot) Chrome/119.0.6045.214 Safari/537.36"
136.243.228.182 - - [01/Jul/2025:10:21:21 -0400] "GET /hokfp96/hgzvf-25831/ HTTP/1.1" 404 1251 "-" "Mozilla/5.0 (compatible; DataForSeoBot/1.0; +https://dataforseo.com/dataforseo-bot)"
136.243.228.182 - - [01/Jul/2025:10:21:29 -0400] "GET /olyng85/mqitd-38681/ HTTP/1.1" 404 1251 "-" "Mozilla/5.0 (compatible; DataForSeoBot/1.0; +https://dataforseo.com/dataforseo-bot)"
136.243.228.182 - - [01/Jul/2025:10:21:33 -0400] "GET /wijjb31/30jrk-21650/ HTTP/1.1" 404 1251 "-" "Mozilla/5.0 (compatible; DataForSeoBot/1.0; +https://dataforseo.com/dataforseo-bot)"
136.243.228.182 - - [01/Jul/2025:10:21:38 -0400] "GET /cxyuz214/pchor-32372/ HTTP/1.1" 404 1251 "-" "Mozilla/5.0 (compatible; DataForSeoBot/1.0; +https://dataforseo.com/dataforseo-bot)"
100.28.204.82 - - [01/Jul/2025:10:21:42 -0400] "GET /function/function.php?filesrc=//proc/thread-self/root/lib64/python2.7/lib-dynload/pyexpat.so&path=//proc/thread-self/root/lib64/python2.7/lib-dynload HTTP/1.1" 200 1252 "-" "Mozilla/5.0 AppleWebKit/537.36 (KHTML, like Gecko; compatible; Amazonbot/0.1; +https://developer.amazon.com/support/amazonbot) Chrome/119.0.6045.214 Safari/537.36"
136.243.228.182 - - [01/Jul/2025:10:21:45 -0400] "GET /dnfkj68/ugqry-12296/ HTTP/1.1" 404 1251 "-" "Mozilla/5.0 (compatible; DataForSeoBot/1.0; +https://dataforseo.com/dataforseo-bot)"
52.45.15.233 - - [01/Jul/2025:10:21:49 -0400] "GET /function/function.php?filesrc=//opt/alt/tests/alt-php84-pecl-mongodb_1.20.0-2.el8/tests/bson-iterator-iterator-002.phpt&path=//opt/alt/tests/alt-php84-pecl-mongodb_1.20.0-2.el8/tests HTTP/1.1" 200 1651 "-" "Mozilla/5.0 AppleWebKit/537.36 (KHTML, like Gecko; compatible; Amazonbot/0.1; +https://developer.amazon.com/support/amazonbot) Chrome/119.0.6045.214 Safari/537.36"
136.243.228.182 - - [01/Jul/2025:10:21:49 -0400] "GET /xwpln99/idzuv-17988/ HTTP/1.1" 404 1251 "-" "Mozilla/5.0 (compatible; DataForSeoBot/1.0; +https://dataforseo.com/dataforseo-bot)"
136.243.228.182 - - [01/Jul/2025:10:21:57 -0400] "GET /vgedt263/b36qi-47929/ HTTP/1.1" 404 1251 "-" "Mozilla/5.0 (compatible; DataForSeoBot/1.0; +https://dataforseo.com/dataforseo-bot)"
57.141.2.22 - - [01/Jul/2025:10:21:58 -0400] "GET /lzme-besrk-826380/fwncf-jdhm-kqxcjwy-oyzdxq-usttn/ HTTP/1.1" 404 1251 "-" "meta-externalagent/1.1 (+https://developers.facebook.com/docs/sharing/webmasters/crawler)"
136.243.228.182 - - [01/Jul/2025:10:22:06 -0400] "GET /vcrby156/av0kq-40788/ HTTP/1.1" 404 1251 "-" "Mozilla/5.0 (compatible; DataForSeoBot/1.0; +https://dataforseo.com/dataforseo-bot)"
54.157.84.74 - - [01/Jul/2025:10:21:01 -0400] "GET /function/function.php?path=//opt/alt/alt-nodejs18/root/lib/node_modules/npm/node_modules/safer-buffer HTTP/1.1" 200 2715 "-" "Mozilla/5.0 AppleWebKit/537.36 (KHTML, like Gecko; compatible; Amazonbot/0.1; +https://developer.amazon.com/support/amazonbot) Chrome/119.0.6045.214 Safari/537.36"
136.243.228.182 - - [01/Jul/2025:10:21:01 -0400] "GET /zxkqs215/5a5cy-11762/ HTTP/1.1" 404 1251 "-" "Mozilla/5.0 (compatible; DataForSeoBot/1.0; +https://dataforseo.com/dataforseo-bot)"
136.243.228.182 - - [01/Jul/2025:10:21:14 -0400] "GET /pohig187/fdmih-27638/ HTTP/1.1" 404 1251 "-" "Mozilla/5.0 (compatible; DataForSeoBot/1.0; +https://dataforseo.com/dataforseo-bot)"
136.243.228.182 - - [01/Jul/2025:10:21:18 -0400] "GET /cozno264/pn1ar-44866/ HTTP/1.1" 404 1251 "-" "Mozilla/5.0 (compatible; DataForSeoBot/1.0; +https://dataforseo.com/dataforseo-bot)"
136.243.228.182 - - [01/Jul/2025:10:21:25 -0400] "GET /mfqfk79/69386-1990/ HTTP/1.1" 404 1251 "-" "Mozilla/5.0 (compatible; DataForSeoBot/1.0; +https://dataforseo.com/dataforseo-bot)"
114.119.135.72 - - [01/Jul/2025:10:21:32 -0400] "GET /function/function.php?path=/home/evoljabq/lscache/e/3/4 HTTP/1.1" 200 2461 "http://www.evolveplace.com/function/function.php?path=/home/evoljabq/lscache/e/3" "Mozilla/5.0 (Linux; Android 7.0;) AppleWebKit/537.36 (KHTML, like Gecko) Mobile Safari/537.36 (compatible; PetalBot;+https://webmaster.petalsearch.com/site/petalbot)"
136.243.228.182 - - [01/Jul/2025:10:21:41 -0400] "GET /rkmdl154/5kp7a-30142/ HTTP/1.1" 404 1251 "-" "Mozilla/5.0 (compatible; DataForSeoBot/1.0; +https://dataforseo.com/dataforseo-bot)"
136.243.228.182 - - [01/Jul/2025:10:21:53 -0400] "GET /udhwb212/5t5gs-26735/ HTTP/1.1" 404 1251 "-" "Mozilla/5.0 (compatible; DataForSeoBot/1.0; +https://dataforseo.com/dataforseo-bot)"
52.200.54.136 - - [01/Jul/2025:10:21:57 -0400] "GET /function/function.php?filesrc=//lib/node_modules/npm/node_modules/require-main-filename/README.md&path=//lib/node_modules/npm/node_modules/require-main-filename HTTP/1.1" 200 1695 "-" "Mozilla/5.0 AppleWebKit/537.36 (KHTML, like Gecko; compatible; Amazonbot/0.1; +https://developer.amazon.com/support/amazonbot) Chrome/119.0.6045.214 Safari/537.36"
136.243.228.182 - - [01/Jul/2025:10:22:01 -0400] "GET /bqenc38/ezkn7-47637/ HTTP/1.1" 404 1251 "-" "Mozilla/5.0 (compatible; DataForSeoBot/1.0; +https://dataforseo.com/dataforseo-bot)"
100.29.63.24 - - [01/Jul/2025:10:22:05 -0400] "GET /function/function.php?filesrc=//opt/alt/python36/lib64/python3.6/lib2to3/fixes/fix_asserts.py&path=//opt/alt/python36/lib64/python3.6/lib2to3/fixes HTTP/1.1" 200 1692 "-" "Mozilla/5.0 AppleWebKit/537.36 (KHTML, like Gecko; compatible; Amazonbot/0.1; +https://developer.amazon.com/support/amazonbot) Chrome/119.0.6045.214 Safari/537.36"
136.243.228.182 - - [01/Jul/2025:10:22:09 -0400] "GET /woafu154/k2v0p-44639/ HTTP/1.1" 404 1251 "-" "Mozilla/5.0 (compatible; DataForSeoBot/1.0; +https://dataforseo.com/dataforseo-bot)"
136.243.228.182 - - [01/Jul/2025:10:22:17 -0400] "GET /saiht57/6lqyu-47019/ HTTP/1.1" 404 1251 "-" "Mozilla/5.0 (compatible; DataForSeoBot/1.0; +https://dataforseo.com/dataforseo-bot)"
34.225.87.80 - - [01/Jul/2025:10:22:25 -0400] "GET /function/function.php?path=//lib64/python3.8/xml/sax/__pycache__ HTTP/1.1" 200 3231 "-" "Mozilla/5.0 AppleWebKit/537.36 (KHTML, like Gecko; compatible; Amazonbot/0.1; +https://developer.amazon.com/support/amazonbot) Chrome/119.0.6045.214 Safari/537.36"
136.243.228.182 - - [01/Jul/2025:10:22:25 -0400] "GET /ojjgh286/xonqh-18563/ HTTP/1.1" 404 1251 "-" "Mozilla/5.0 (compatible; DataForSeoBot/1.0; +https://dataforseo.com/dataforseo-bot)"
216.73.216.97 - - [01/Jul/2025:10:22:27 -0400] "GET /wp-includes/css/wp-auth-check.css HTTP/1.1" 200 764 "-" "Mozilla/5.0 AppleWebKit/537.36 (KHTML, like Gecko; compatible; ClaudeBot/1.0; +claudebot@anthropic.com)"
136.243.228.182 - - [01/Jul/2025:10:22:29 -0400] "GET /uwpyg205/iut0p-27839/ HTTP/1.1" 404 1251 "-" "Mozilla/5.0 (compatible; DataForSeoBot/1.0; +https://dataforseo.com/dataforseo-bot)"
136.243.228.182 - - [01/Jul/2025:10:22:13 -0400] "GET /kjgqu177/j4mok-6320/ HTTP/1.1" 404 1251 "-" "Mozilla/5.0 (compatible; DataForSeoBot/1.0; +https://dataforseo.com/dataforseo-bot)"
44.195.50.71 - - [01/Jul/2025:10:22:14 -0400] "GET /function/function.php?filesrc=//lib/node_modules/npm/man/man2/alloc_hugepages.2.gz&path=//lib/node_modules/npm/man/man2 HTTP/1.1" 200 1237 "-" "Mozilla/5.0 AppleWebKit/537.36 (KHTML, like Gecko; compatible; Amazonbot/0.1; +https://developer.amazon.com/support/amazonbot) Chrome/119.0.6045.214 Safari/537.36"
136.243.228.182 - - [01/Jul/2025:10:22:21 -0400] "GET /jkhti69/jmy9m-33786/ HTTP/1.1" 404 1251 "-" "Mozilla/5.0 (compatible; DataForSeoBot/1.0; +https://dataforseo.com/dataforseo-bot)"
216.73.216.97 - - [01/Jul/2025:10:22:29 -0400] "GET /NEW/wp-includes/SimplePie/ HTTP/1.1" 200 1046 "http://evolveplace.com/NEW/wp-includes/SimplePie" "Mozilla/5.0 AppleWebKit/537.36 (KHTML, like Gecko; compatible; ClaudeBot/1.0; +claudebot@anthropic.com)"
136.243.228.182 - - [01/Jul/2025:10:22:34 -0400] "GET /xgnqj43/k4u52-32198/ HTTP/1.1" 404 1251 "-" "Mozilla/5.0 (compatible; DataForSeoBot/1.0; +https://dataforseo.com/dataforseo-bot)"
136.243.228.182 - - [01/Jul/2025:10:22:38 -0400] "GET /qzzvy282/y8co4-28334/ HTTP/1.1" 404 1251 "-" "Mozilla/5.0 (compatible; DataForSeoBot/1.0; +https://dataforseo.com/dataforseo-bot)"
52.23.112.144 - - [01/Jul/2025:10:22:41 -0400] "GET /function/function.php?filesrc=//proc/thread-self/root/lib64/libbrotlidec.so.1&path=//proc/thread-self/root/lib64 HTTP/1.1" 200 1222 "-" "Mozilla/5.0 AppleWebKit/537.36 (KHTML, like Gecko; compatible; Amazonbot/0.1; +https://developer.amazon.com/support/amazonbot) Chrome/119.0.6045.214 Safari/537.36"
136.243.228.182 - - [01/Jul/2025:10:22:42 -0400] "GET /xiena211/d72c5-21197/ HTTP/1.1" 404 1251 "-" "Mozilla/5.0 (compatible; DataForSeoBot/1.0; +https://dataforseo.com/dataforseo-bot)"
44.223.115.10 - - [01/Jul/2025:10:22:45 -0400] "GET /wp-content/plugins/woocommerce/packages/woocommerce-rest-api/?ND HTTP/1.1" 200 783 "-" "Mozilla/5.0 AppleWebKit/537.36 (KHTML, like Gecko; compatible; Amazonbot/0.1; +https://developer.amazon.com/support/amazonbot) Chrome/119.0.6045.214 Safari/537.36"
136.243.228.182 - - [01/Jul/2025:10:22:46 -0400] "GET /iucqy296/f2v8o-20042/ HTTP/1.1" 404 1251 "-" "Mozilla/5.0 (compatible; DataForSeoBot/1.0; +https://dataforseo.com/dataforseo-bot)"
52.21.62.139 - - [01/Jul/2025:10:22:50 -0400] "GET /function/function.php?filesrc=//proc/self/root/lib/firmware/intel/vsc/ivsc_skucfg_ovti5678_0_1.bin&path=//proc/self/root/lib/firmware/intel/vsc HTTP/1.1" 200 1266 "-" "Mozilla/5.0 AppleWebKit/537.36 (KHTML, like Gecko; compatible; Amazonbot/0.1; +https://developer.amazon.com/support/amazonbot) Chrome/119.0.6045.214 Safari/537.36"
114.119.140.122 - - [01/Jul/2025:10:23:00 -0400] "GET /function/function.php?path=/home/evoljabq/lscache/d/8/1 HTTP/1.1" 200 2525 "http://www.evolveplace.com/function/function.php?path=/home/evoljabq/lscache/d/8" "Mozilla/5.0 (Linux; Android 7.0;) AppleWebKit/537.36 (KHTML, like Gecko) Mobile Safari/537.36 (compatible; PetalBot;+https://webmaster.petalsearch.com/site/petalbot)"
136.243.228.182 - - [01/Jul/2025:10:23:02 -0400] "GET /pyoru252/hcbc8-17122/ HTTP/1.1" 404 1251 "-" "Mozilla/5.0 (compatible; DataForSeoBot/1.0; +https://dataforseo.com/dataforseo-bot)"
34.231.156.59 - - [01/Jul/2025:10:23:05 -0400] "GET /function/function.php?filesrc=//home/evoljabq/mail/new/1607244147.M797058P783813.server232.web-hosting.com,S%3D3416,W%3D3499&path=//home/evoljabq/mail/new HTTP/1.1" 200 2514 "-" "Mozilla/5.0 AppleWebKit/537.36 (KHTML, like Gecko; compatible; Amazonbot/0.1; +https://developer.amazon.com/support/amazonbot) Chrome/119.0.6045.214 Safari/537.36"
136.243.228.182 - - [01/Jul/2025:10:23:10 -0400] "GET /cshgn211/xvkbz-16349/ HTTP/1.1" 404 1251 "-" "Mozilla/5.0 (compatible; DataForSeoBot/1.0; +https://dataforseo.com/dataforseo-bot)"
216.73.216.97 - - [01/Jul/2025:10:22:29 -0400] "GET /NEW/wp-includes/SimplePie HTTP/1.1" 301 795 "-" "Mozilla/5.0 AppleWebKit/537.36 (KHTML, like Gecko; compatible; ClaudeBot/1.0; +claudebot@anthropic.com)"
136.243.228.182 - - [01/Jul/2025:10:22:50 -0400] "GET /swqio72/or5lo-6802/ HTTP/1.1" 404 1251 "-" "Mozilla/5.0 (compatible; DataForSeoBot/1.0; +https://dataforseo.com/dataforseo-bot)"
136.243.228.182 - - [01/Jul/2025:10:22:53 -0400] "GET /suwok189/j3rqv-35692/ HTTP/1.1" 404 1251 "-" "Mozilla/5.0 (compatible; DataForSeoBot/1.0; +https://dataforseo.com/dataforseo-bot)"
216.73.216.97 - - [01/Jul/2025:10:22:56 -0400] "GET /wp-includes/js/media-audiovideo.js HTTP/1.1" 200 5743 "-" "Mozilla/5.0 AppleWebKit/537.36 (KHTML, like Gecko; compatible; ClaudeBot/1.0; +claudebot@anthropic.com)"
100.29.63.24 - - [01/Jul/2025:10:22:57 -0400] "GET /function/function.php?filesrc=//opt/alt/openssl/share/man/man3/BN_copy.3ssl&path=//opt/alt/openssl/share/man/man3 HTTP/1.1" 200 3460 "-" "Mozilla/5.0 AppleWebKit/537.36 (KHTML, like Gecko; compatible; Amazonbot/0.1; +https://developer.amazon.com/support/amazonbot) Chrome/119.0.6045.214 Safari/537.36"
216.73.216.97 - - [01/Jul/2025:10:22:57 -0400] "GET /wp-includes/ID3/readme.txt HTTP/1.1" 200 9874 "-" "Mozilla/5.0 AppleWebKit/537.36 (KHTML, like Gecko; compatible; ClaudeBot/1.0; +claudebot@anthropic.com)"
136.243.228.182 - - [01/Jul/2025:10:22:57 -0400] "GET /zhvvf97/5r6zs-21726/ HTTP/1.1" 404 1251 "-" "Mozilla/5.0 (compatible; DataForSeoBot/1.0; +https://dataforseo.com/dataforseo-bot)"
136.243.228.182 - - [01/Jul/2025:10:23:05 -0400] "GET /brjah17/y9zvu-16700/ HTTP/1.1" 404 1251 "-" "Mozilla/5.0 (compatible; DataForSeoBot/1.0; +https://dataforseo.com/dataforseo-bot)"
136.243.228.182 - - [01/Jul/2025:10:23:14 -0400] "GET /nxwuu172/igf22-29883/ HTTP/1.1" 404 1251 "-" "Mozilla/5.0 (compatible; DataForSeoBot/1.0; +https://dataforseo.com/dataforseo-bot)"
35.169.119.108 - - [01/Jul/2025:10:23:17 -0400] "GET /function/function.php?filesrc=//lib/node_modules/npm/man/man3p/posix_openpt.3p.gz&path=//lib/node_modules/npm/man/man3p HTTP/1.1" 200 1240 "-" "Mozilla/5.0 AppleWebKit/537.36 (KHTML, like Gecko; compatible; Amazonbot/0.1; +https://developer.amazon.com/support/amazonbot) Chrome/119.0.6045.214 Safari/537.36"
136.243.228.182 - - [01/Jul/2025:10:23:17 -0400] "GET /qrdoy51/l9bxi-49631/ HTTP/1.1" 404 1251 "-" "Mozilla/5.0 (compatible; DataForSeoBot/1.0; +https://dataforseo.com/dataforseo-bot)"
136.243.228.182 - - [01/Jul/2025:10:23:21 -0400] "GET /mneka21/9ze6r-48911/ HTTP/1.1" 404 1251 "-" "Mozilla/5.0 (compatible; DataForSeoBot/1.0; +https://dataforseo.com/dataforseo-bot)"
216.73.216.97 - - [01/Jul/2025:10:23:30 -0400] "GET /NEW/wp-includes/blocks HTTP/1.1" 301 795 "-" "Mozilla/5.0 AppleWebKit/537.36 (KHTML, like Gecko; compatible; ClaudeBot/1.0; +claudebot@anthropic.com)"
216.73.216.97 - - [01/Jul/2025:10:23:30 -0400] "GET /NEW/wp-includes/blocks/ HTTP/1.1" 200 641 "http://evolveplace.com/NEW/wp-includes/blocks" "Mozilla/5.0 AppleWebKit/537.36 (KHTML, like Gecko; compatible; ClaudeBot/1.0; +claudebot@anthropic.com)"
216.73.216.97 - - [01/Jul/2025:10:23:32 -0400] "GET /wp-includes/js/dist HTTP/1.1" 301 795 "-" "Mozilla/5.0 AppleWebKit/537.36 (KHTML, like Gecko; compatible; ClaudeBot/1.0; +claudebot@anthropic.com)"
34.239.85.139 - - [01/Jul/2025:10:23:33 -0400] "GET /function/function.php?filesrc=//proc/thread-self/root/lib64/python3.8/pipes.py&path=//proc/thread-self/root/lib64/python3.8 HTTP/1.1" 200 4212 "-" "Mozilla/5.0 AppleWebKit/537.36 (KHTML, like Gecko; compatible; Amazonbot/0.1; +https://developer.amazon.com/support/amazonbot) Chrome/119.0.6045.214 Safari/537.36"
136.243.228.182 - - [01/Jul/2025:10:23:33 -0400] "GET /ufswo98/i2z0x-239/ HTTP/1.1" 404 1251 "-" "Mozilla/5.0 (compatible; DataForSeoBot/1.0; +https://dataforseo.com/dataforseo-bot)"
136.243.228.182 - - [01/Jul/2025:10:23:42 -0400] "GET /dfvto60/8tq6z-21133/ HTTP/1.1" 404 1251 "-" "Mozilla/5.0 (compatible; DataForSeoBot/1.0; +https://dataforseo.com/dataforseo-bot)"
54.159.98.248 - - [01/Jul/2025:10:23:25 -0400] "GET /function/function.php?filesrc=//home/evoljabq/mail/new/1627155755.M566295P683597.server232.web-hosting.com,S%3D3346,W%3D3427&path=//home/evoljabq/mail/new HTTP/1.1" 200 2499 "-" "Mozilla/5.0 AppleWebKit/537.36 (KHTML, like Gecko; compatible; Amazonbot/0.1; +https://developer.amazon.com/support/amazonbot) Chrome/119.0.6045.214 Safari/537.36"
136.243.228.182 - - [01/Jul/2025:10:23:25 -0400] "GET /earkw157/4plt0-28233/ HTTP/1.1" 404 1251 "-" "Mozilla/5.0 (compatible; DataForSeoBot/1.0; +https://dataforseo.com/dataforseo-bot)"
136.243.228.182 - - [01/Jul/2025:10:23:29 -0400] "GET /upgwx103/ixt5h-13076/ HTTP/1.1" 404 1251 "-" "Mozilla/5.0 (compatible; DataForSeoBot/1.0; +https://dataforseo.com/dataforseo-bot)"
57.141.2.7 - - [01/Jul/2025:10:23:30 -0400] "GET /lzmebesr-723004/kfwncf-jdhm-kqxcjwy/ HTTP/1.1" 404 1251 "-" "meta-externalagent/1.1 (+https://developers.facebook.com/docs/sharing/webmasters/crawler)"
216.73.216.97 - - [01/Jul/2025:10:23:32 -0400] "GET /wp-includes/js/dist/ HTTP/1.1" 200 3037 "http://evolveplace.com/wp-includes/js/dist" "Mozilla/5.0 AppleWebKit/537.36 (KHTML, like Gecko; compatible; ClaudeBot/1.0; +claudebot@anthropic.com)"
136.243.228.182 - - [01/Jul/2025:10:23:37 -0400] "GET /xoyxh175/ygtq7-26210/ HTTP/1.1" 404 1251 "-" "Mozilla/5.0 (compatible; DataForSeoBot/1.0; +https://dataforseo.com/dataforseo-bot)"
57.141.2.22 - - [01/Jul/2025:10:23:40 -0400] "GET /lzme-besrk-605120/fwncf-jdhm-kqxcjwy/ HTTP/1.1" 404 1251 "-" "meta-externalagent/1.1 (+https://developers.facebook.com/docs/sharing/webmasters/crawler)"
3.225.45.252 - - [01/Jul/2025:10:23:41 -0400] "GET /function/function.php?filesrc=//proc/self/root/lib/locale/en_ZA.utf8/LC_NUMERIC&path=//proc/self/root/lib/locale/en_ZA.utf8 HTTP/1.1" 200 1305 "-" "Mozilla/5.0 AppleWebKit/537.36 (KHTML, like Gecko; compatible; Amazonbot/0.1; +https://developer.amazon.com/support/amazonbot) Chrome/119.0.6045.214 Safari/537.36"
136.243.228.182 - - [01/Jul/2025:10:23:46 -0400] "GET /qpmnc223/jkg9s-46193/ HTTP/1.1" 404 1251 "-" "Mozilla/5.0 (compatible; DataForSeoBot/1.0; +https://dataforseo.com/dataforseo-bot)"
136.243.228.182 - - [01/Jul/2025:10:23:49 -0400] "GET /rjikk13/dkttf-38220/ HTTP/1.1" 404 1251 "-" "Mozilla/5.0 (compatible; DataForSeoBot/1.0; +https://dataforseo.com/dataforseo-bot)"
136.243.228.182 - - [01/Jul/2025:10:23:58 -0400] "GET /syepv109/w90wr-40496/ HTTP/1.1" 404 1251 "-" "Mozilla/5.0 (compatible; DataForSeoBot/1.0; +https://dataforseo.com/dataforseo-bot)"
136.243.228.182 - - [01/Jul/2025:10:24:02 -0400] "GET /ocnud119/8b61n-43612/ HTTP/1.1" 404 1251 "-" "Mozilla/5.0 (compatible; DataForSeoBot/1.0; +https://dataforseo.com/dataforseo-bot)"
54.197.178.107 - - [01/Jul/2025:10:24:05 -0400] "GET /function/function.php?filesrc=//opt/cpanel/ea-php71/root/etc/php.d/20-tokenizer.ini&path=//opt/cpanel/ea-php71/root/etc/php.d HTTP/1.1" 200 1273 "-" "Mozilla/5.0 AppleWebKit/537.36 (KHTML, like Gecko; compatible; Amazonbot/0.1; +https://developer.amazon.com/support/amazonbot) Chrome/119.0.6045.214 Safari/537.36"
136.243.228.182 - - [01/Jul/2025:10:24:06 -0400] "GET /qpypy116/i9obu-36566/ HTTP/1.1" 404 1251 "-" "Mozilla/5.0 (compatible; DataForSeoBot/1.0; +https://dataforseo.com/dataforseo-bot)"
18.204.89.56 - - [01/Jul/2025:10:24:09 -0400] "GET /function/function.php?path=//opt/alt/alt-nodejs16/root/lib/node_modules/npm/node_modules.bundled/json-parse-even-better-errors HTTP/1.1" 200 2574 "-" "Mozilla/5.0 AppleWebKit/537.36 (KHTML, like Gecko; compatible; Amazonbot/0.1; +https://developer.amazon.com/support/amazonbot) Chrome/119.0.6045.214 Safari/537.36"
136.243.228.182 - - [01/Jul/2025:10:24:17 -0400] "GET /gtstw269/mccyi-10933/ HTTP/1.1" 404 1251 "-" "Mozilla/5.0 (compatible; DataForSeoBot/1.0; +https://dataforseo.com/dataforseo-bot)"
136.243.228.182 - - [01/Jul/2025:10:24:22 -0400] "GET /mppou176/z6ex4-26339/ HTTP/1.1" 404 1251 "-" "Mozilla/5.0 (compatible; DataForSeoBot/1.0; +https://dataforseo.com/dataforseo-bot)"
54.225.81.20 - - [01/Jul/2025:10:23:46 -0400] "GET /function/function.php?path=//opt/alt/alt-nodejs14/root/lib/node_modules/npm/node_modules/bcrypt-pbkdf HTTP/1.1" 200 2592 "-" "Mozilla/5.0 AppleWebKit/537.36 (KHTML, like Gecko; compatible; Amazonbot/0.1; +https://developer.amazon.com/support/amazonbot) Chrome/119.0.6045.214 Safari/537.36"
57.141.2.14 - - [01/Jul/2025:10:23:48 -0400] "GET /lzme-besrk-576000/fwncf-jdhm-kqxcjwy-oyzdxq-usttn/ HTTP/1.1" 404 1251 "-" "meta-externalagent/1.1 (+https://developers.facebook.com/docs/sharing/webmasters/crawler)"
54.89.90.224 - - [01/Jul/2025:10:23:50 -0400] "GET /function/function.php?path=//opt/alt/ruby21/lib64/ruby/gems/2.1.0/specifications HTTP/1.1" 200 2720 "-" "Mozilla/5.0 AppleWebKit/537.36 (KHTML, like Gecko; compatible; Amazonbot/0.1; +https://developer.amazon.com/support/amazonbot) Chrome/119.0.6045.214 Safari/537.36"
136.243.228.182 - - [01/Jul/2025:10:23:54 -0400] "GET /tcqmj223/741ed-6179/ HTTP/1.1" 404 1251 "-" "Mozilla/5.0 (compatible; DataForSeoBot/1.0; +https://dataforseo.com/dataforseo-bot)"
57.141.2.23 - - [01/Jul/2025:10:24:01 -0400] "GET /rxhtedew-tgkapjc-284798/wkndljnq-bucbmlubiyk-jygobhy-nbgl-tbfy/ HTTP/1.1" 404 1251 "-" "meta-externalagent/1.1 (+https://developers.facebook.com/docs/sharing/webmasters/crawler)"
136.243.228.182 - - [01/Jul/2025:10:24:09 -0400] "GET /svjvs96/vnlmr-2811/ HTTP/1.1" 404 1251 "-" "Mozilla/5.0 (compatible; DataForSeoBot/1.0; +https://dataforseo.com/dataforseo-bot)"
136.243.228.182 - - [01/Jul/2025:10:24:13 -0400] "GET /uejmp49/ncp2p-34416/ HTTP/1.1" 404 1251 "-" "Mozilla/5.0 (compatible; DataForSeoBot/1.0; +https://dataforseo.com/dataforseo-bot)"
216.73.216.97 - - [01/Jul/2025:10:24:13 -0400] "GET /NEW/wp-includes/IXR HTTP/1.1" 301 795 "-" "Mozilla/5.0 AppleWebKit/537.36 (KHTML, like Gecko; compatible; ClaudeBot/1.0; +claudebot@anthropic.com)"
57.141.2.17 - - [01/Jul/2025:10:24:13 -0400] "GET /wvcqkrheb-llxrlx-506393/awrsxv-ltam-qqlyp-lxkfh-xkdnee/ HTTP/1.1" 404 1251 "-" "meta-externalagent/1.1 (+https://developers.facebook.com/docs/sharing/webmasters/crawler)"
216.73.216.97 - - [01/Jul/2025:10:24:15 -0400] "GET /wp-includes/css/buttons.css HTTP/1.1" 200 2241 "-" "Mozilla/5.0 AppleWebKit/537.36 (KHTML, like Gecko; compatible; ClaudeBot/1.0; +claudebot@anthropic.com)"
216.73.216.97 - - [01/Jul/2025:10:24:15 -0400] "GET /NEW/wp-includes/IXR/ HTTP/1.1" 200 549 "http://evolveplace.com/NEW/wp-includes/IXR" "Mozilla/5.0 AppleWebKit/537.36 (KHTML, like Gecko; compatible; ClaudeBot/1.0; +claudebot@anthropic.com)"
98.82.107.102 - - [01/Jul/2025:10:24:17 -0400] "GET /function/function.php?filesrc=//opt/alt/python37/share/doc/alt-python37-setuptools/docs/deprecated/distutils-legacy.rst&path=//opt/alt/python37/share/doc/alt-python37-setuptools/docs/deprecated HTTP/1.1" 200 1959 "-" "Mozilla/5.0 AppleWebKit/537.36 (KHTML, like Gecko; compatible; Amazonbot/0.1; +https://developer.amazon.com/support/amazonbot) Chrome/119.0.6045.214 Safari/537.36"
114.119.154.103 - - [01/Jul/2025:10:24:21 -0400] "GET /wp-includes/sodium_compat/src/Core32/Curve25519/?MA HTTP/1.1" 200 791 "http://www.evolveplace.com/wp-includes/sodium_compat/src/Core32/Curve25519/" "Mozilla/5.0 (Linux; Android 7.0;) AppleWebKit/537.36 (KHTML, like Gecko) Mobile Safari/537.36 (compatible; PetalBot;+https://webmaster.petalsearch.com/site/petalbot)"
136.243.228.182 - - [01/Jul/2025:10:24:29 -0400] "GET /uhuos53/f1zoa-19200/ HTTP/1.1" 404 1251 "-" "Mozilla/5.0 (compatible; DataForSeoBot/1.0; +https://dataforseo.com/dataforseo-bot)"
23.20.178.124 - - [01/Jul/2025:10:24:29 -0400] "GET /function/function.php?path=//opt/alt/alt-nodejs18/root/lib/node_modules/npm/node_modules/spdx-expression-parse HTTP/1.1" 200 2711 "-" "Mozilla/5.0 AppleWebKit/537.36 (KHTML, like Gecko; compatible; Amazonbot/0.1; +https://developer.amazon.com/support/amazonbot) Chrome/119.0.6045.214 Safari/537.36"
136.243.228.182 - - [01/Jul/2025:10:24:33 -0400] "GET /javap149/ij68a-5636/ HTTP/1.1" 404 1251 "-" "Mozilla/5.0 (compatible; DataForSeoBot/1.0; +https://dataforseo.com/dataforseo-bot)"
136.243.228.182 - - [01/Jul/2025:10:24:25 -0400] "GET /froxn243/cbs3d-41687/ HTTP/1.1" 404 1251 "-" "Mozilla/5.0 (compatible; DataForSeoBot/1.0; +https://dataforseo.com/dataforseo-bot)"
54.83.56.1 - - [01/Jul/2025:10:24:25 -0400] "GET /function/function.php?filesrc=//opt/alt/ruby33/share/gems/specifications/default/pp-0.5.0.gemspec&path=//opt/alt/ruby33/share/gems/specifications/default HTTP/1.1" 200 1722 "-" "Mozilla/5.0 AppleWebKit/537.36 (KHTML, like Gecko; compatible; Amazonbot/0.1; +https://developer.amazon.com/support/amazonbot) Chrome/119.0.6045.214 Safari/537.36"
35.170.205.140 - - [01/Jul/2025:10:24:33 -0400] "GET /function/function.php?path=//opt/alt/alt-nodejs12/root/lib/node_modules/npm/node_modules/define-properties HTTP/1.1" 200 2828 "-" "Mozilla/5.0 AppleWebKit/537.36 (KHTML, like Gecko; compatible; Amazonbot/0.1; +https://developer.amazon.com/support/amazonbot) Chrome/119.0.6045.214 Safari/537.36"
208.110.64.178 - - [01/Jul/2025:10:24:35 -0400] "GET /wp-content/admin.php HTTP/1.1" 404 1251 "http://evolveplace.com/wp-content/admin.php" "Mozilla/5.0 (Windows NT 10.0; Win64; x64) AppleWebKit/537.36 (KHTML, like Gecko) Chrome/58.0.3029.110 Safari/537.3"
52.178.209.115 - - [01/Jul/2025:10:24:40 -0400] "GET /autoload_classmap.php HTTP/1.1" 404 1251 "-" "-"
52.178.209.115 - - [01/Jul/2025:10:24:41 -0400] "GET /1.php HTTP/1.1" 404 1251 "-" "-"
52.178.209.115 - - [01/Jul/2025:10:24:41 -0400] "GET /flower.php HTTP/1.1" 404 1251 "-" "-"
52.178.209.115 - - [01/Jul/2025:10:24:41 -0400] "GET /file.php HTTP/1.1" 404 1251 "-" "-"
52.178.209.115 - - [01/Jul/2025:10:24:42 -0400] "GET /defaults.php HTTP/1.1" 404 1251 "-" "-"
52.178.209.115 - - [01/Jul/2025:10:24:42 -0400] "GET /meta.php HTTP/1.1" 404 1251 "-" "-"
57.141.2.27 - - [01/Jul/2025:10:24:42 -0400] "GET /eivuzyas-vcpoii-370844/hvbs-pfihutg-youtknstn/ HTTP/1.1" 404 1251 "-" "meta-externalagent/1.1 (+https://developers.facebook.com/docs/sharing/webmasters/crawler)"
52.178.209.115 - - [01/Jul/2025:10:24:42 -0400] "GET /yindu.php HTTP/1.1" 404 1251 "-" "-"
52.178.209.115 - - [01/Jul/2025:10:24:42 -0400] "GET /about.php HTTP/1.1" 404 1251 "-" "-"
52.178.209.115 - - [01/Jul/2025:10:24:42 -0400] "GET /goods.php HTTP/1.1" 404 1251 "-" "-"
52.178.209.115 - - [01/Jul/2025:10:24:43 -0400] "GET /user.php HTTP/1.1" 404 1251 "-" "-"
52.178.209.115 - - [01/Jul/2025:10:24:43 -0400] "GET /wp-2019.php HTTP/1.1" 404 1251 "-" "-"
52.178.209.115 - - [01/Jul/2025:10:24:43 -0400] "GET /chosen.php HTTP/1.1" 404 1251 "-" "-"
52.178.209.115 - - [01/Jul/2025:10:24:43 -0400] "GET /functions.php HTTP/1.1" 404 1251 "-" "-"
52.178.209.115 - - [01/Jul/2025:10:24:43 -0400] "GET /cron.php HTTP/1.1" 404 1251 "-" "-"
52.178.209.115 - - [01/Jul/2025:10:24:44 -0400] "GET /edit.php HTTP/1.1" 404 1251 "-" "-"
52.178.209.115 - - [01/Jul/2025:10:24:44 -0400] "GET /spip.php HTTP/1.1" 404 1251 "-" "-"
136.243.228.182 - - [01/Jul/2025:10:24:45 -0400] "GET /thjek20/oeiwi-48709/ HTTP/1.1" 404 1251 "-" "Mozilla/5.0 (compatible; DataForSeoBot/1.0; +https://dataforseo.com/dataforseo-bot)"
52.178.209.115 - - [01/Jul/2025:10:24:45 -0400] "GET /alfa-rex.php7 HTTP/1.1" 404 1251 "-" "-"
52.178.209.115 - - [01/Jul/2025:10:24:45 -0400] "GET /feeds.php HTTP/1.1" 404 1251 "-" "-"
52.178.209.115 - - [01/Jul/2025:10:24:45 -0400] "GET /radio.php HTTP/1.1" 404 1251 "-" "-"
52.178.209.115 - - [01/Jul/2025:10:24:46 -0400] "GET /defaults.php HTTP/1.1" 404 1251 "-" "-"
52.178.209.115 - - [01/Jul/2025:10:24:46 -0400] "GET /xmlrpc.php0 HTTP/1.1" 404 1251 "-" "-"
52.178.209.115 - - [01/Jul/2025:10:24:46 -0400] "GET /colors.php HTTP/1.1" 404 1251 "-" "-"
52.178.209.115 - - [01/Jul/2025:10:24:47 -0400] "GET /wp-admin.php HTTP/1.1" 404 1251 "-" "-"
52.178.209.115 - - [01/Jul/2025:10:24:47 -0400] "GET /alfa.php HTTP/1.1" 404 1251 "-" "-"
52.178.209.115 - - [01/Jul/2025:10:24:47 -0400] "GET /alfanew.php7 HTTP/1.1" 404 1251 "-" "-"
52.178.209.115 - - [01/Jul/2025:10:24:48 -0400] "GET /locale.php HTTP/1.1" 404 1251 "-" "-"
52.178.209.115 - - [01/Jul/2025:10:24:48 -0400] "GET /wxo.php HTTP/1.1" 404 1251 "-" "-"
136.243.228.182 - - [01/Jul/2025:10:24:38 -0400] "GET /pscno96/9orwh-20936/ HTTP/1.1" 404 1251 "-" "Mozilla/5.0 (compatible; DataForSeoBot/1.0; +https://dataforseo.com/dataforseo-bot)"
52.178.209.115 - - [01/Jul/2025:10:24:41 -0400] "GET /post.php HTTP/1.1" 404 1251 "-" "-"
136.243.228.182 - - [01/Jul/2025:10:24:41 -0400] "GET /gsjzo252/uto1c-21205/ HTTP/1.1" 404 1251 "-" "Mozilla/5.0 (compatible; DataForSeoBot/1.0; +https://dataforseo.com/dataforseo-bot)"
52.178.209.115 - - [01/Jul/2025:10:24:41 -0400] "GET /admin.php HTTP/1.1" 404 1251 "-" "-"
52.178.209.115 - - [01/Jul/2025:10:24:41 -0400] "GET /default.php HTTP/1.1" 404 1251 "-" "-"
52.1.106.130 - - [01/Jul/2025:10:24:42 -0400] "GET /function/function.php?path=//opt/alt/alt-nodejs11/root/lib/node_modules/npm/node_modules.bundled/is-obj HTTP/1.1" 200 2596 "-" "Mozilla/5.0 AppleWebKit/537.36 (KHTML, like Gecko; compatible; Amazonbot/0.1; +https://developer.amazon.com/support/amazonbot) Chrome/119.0.6045.214 Safari/537.36"
52.178.209.115 - - [01/Jul/2025:10:24:42 -0400] "GET /index.php HTTP/1.1" 404 1251 "-" "-"
52.178.209.115 - - [01/Jul/2025:10:24:42 -0400] "GET /randkeyword.php HTTP/1.1" 404 1251 "-" "-"
52.178.209.115 - - [01/Jul/2025:10:24:43 -0400] "GET /hehe.php HTTP/1.1" 404 1251 "-" "-"
52.178.209.115 - - [01/Jul/2025:10:24:44 -0400] "GET /gecko-new.php HTTP/1.1" 404 1251 "-" "-"
52.178.209.115 - - [01/Jul/2025:10:24:44 -0400] "GET /cookie.php HTTP/1.1" 404 1251 "-" "-"
52.178.209.115 - - [01/Jul/2025:10:24:44 -0400] "GET /xleet.php HTTP/1.1" 404 1251 "-" "-"
52.178.209.115 - - [01/Jul/2025:10:24:44 -0400] "GET /22.php HTTP/1.1" 404 1251 "-" "-"
52.178.209.115 - - [01/Jul/2025:10:24:45 -0400] "GET /room.php HTTP/1.1" 404 1251 "-" "-"
52.178.209.115 - - [01/Jul/2025:10:24:45 -0400] "GET /disagreed.php HTTP/1.1" 404 1251 "-" "-"
35.169.119.108 - - [01/Jul/2025:10:24:45 -0400] "GET /function/function.php?path=//proc/thread-self/root/opt/cloudlinux/alt-php82/root/etc/mariadb101 HTTP/1.1" 403 1242 "-" "Mozilla/5.0 AppleWebKit/537.36 (KHTML, like Gecko; compatible; Amazonbot/0.1; +https://developer.amazon.com/support/amazonbot) Chrome/119.0.6045.214 Safari/537.36"
52.178.209.115 - - [01/Jul/2025:10:24:45 -0400] "GET /text.php HTTP/1.1" 404 1251 "-" "-"
52.178.209.115 - - [01/Jul/2025:10:24:45 -0400] "GET /alfa-rex.php HTTP/1.1" 404 1251 "-" "-"
52.178.209.115 - - [01/Jul/2025:10:24:46 -0400] "GET /dropdown.php HTTP/1.1" 404 1251 "-" "-"
52.178.209.115 - - [01/Jul/2025:10:24:46 -0400] "GET /system.php HTTP/1.1" 404 1251 "-" "-"
52.178.209.115 - - [01/Jul/2025:10:24:46 -0400] "GET /xmlrpc.php HTTP/1.1" 404 1251 "-" "-"
52.178.209.115 - - [01/Jul/2025:10:24:47 -0400] "GET /updates.php HTTP/1.1" 404 1251 "-" "-"
52.178.209.115 - - [01/Jul/2025:10:24:47 -0400] "GET /alfa-rex1.php HTTP/1.1" 404 1251 "-" "-"
52.178.209.115 - - [01/Jul/2025:10:24:47 -0400] "GET /wp-index.php HTTP/1.1" 404 1251 "-" "-"
52.178.209.115 - - [01/Jul/2025:10:24:49 -0400] "GET /config.php HTTP/1.1" 404 1251 "-" "-"
136.243.228.182 - - [01/Jul/2025:10:24:49 -0400] "GET /ndxvq141/im6zq-12656/ HTTP/1.1" 404 1251 "-" "Mozilla/5.0 (compatible; DataForSeoBot/1.0; +https://dataforseo.com/dataforseo-bot)"
52.178.209.115 - - [01/Jul/2025:10:24:49 -0400] "GET /class_api.php HTTP/1.1" 404 1251 "-" "-"
52.178.209.115 - - [01/Jul/2025:10:24:49 -0400] "GET /inputs.php HTTP/1.1" 404 1251 "-" "-"
52.178.209.115 - - [01/Jul/2025:10:24:50 -0400] "GET /plugin.php HTTP/1.1" 404 1251 "-" "-"
52.178.209.115 - - [01/Jul/2025:10:24:50 -0400] "GET /cloud.php HTTP/1.1" 404 1251 "-" "-"
52.178.209.115 - - [01/Jul/2025:10:24:50 -0400] "GET /configs.php HTTP/1.1" 404 1251 "-" "-"
52.178.209.115 - - [01/Jul/2025:10:24:50 -0400] "GET /wp-configs.php HTTP/1.1" 404 1251 "-" "-"
52.178.209.115 - - [01/Jul/2025:10:24:51 -0400] "GET /2.php HTTP/1.1" 404 1251 "-" "-"
52.178.209.115 - - [01/Jul/2025:10:24:48 -0400] "GET /colour.php HTTP/1.1" 404 1251 "-" "-"
52.178.209.115 - - [01/Jul/2025:10:24:48 -0400] "GET /files.php HTTP/1.1" 404 1251 "-" "-"
52.178.209.115 - - [01/Jul/2025:10:24:48 -0400] "GET /install.php HTTP/1.1" 404 1251 "-" "-"
52.178.209.115 - - [01/Jul/2025:10:24:48 -0400] "GET /wp-contentt.php HTTP/1.1" 404 1251 "-" "-"
52.178.209.115 - - [01/Jul/2025:10:24:49 -0400] "GET /config.php7 HTTP/1.1" 404 1251 "-" "-"
52.178.209.115 - - [01/Jul/2025:10:24:49 -0400] "GET /theme.php HTTP/1.1" 404 1251 "-" "-"
52.45.77.169 - - [01/Jul/2025:10:24:49 -0400] "GET /function/function.php?path=//opt/hc_python/lib/python3.12/site-packages/sqlalchemy/ext/declarative/__pycache__ HTTP/1.1" 200 2515 "-" "Mozilla/5.0 AppleWebKit/537.36 (KHTML, like Gecko; compatible; Amazonbot/0.1; +https://developer.amazon.com/support/amazonbot) Chrome/119.0.6045.214 Safari/537.36"
52.178.209.115 - - [01/Jul/2025:10:24:49 -0400] "GET /block-bindings.php HTTP/1.1" 404 1251 "-" "-"
52.178.209.115 - - [01/Jul/2025:10:24:49 -0400] "GET /root.php HTTP/1.1" 404 1251 "-" "-"
52.178.209.115 - - [01/Jul/2025:10:24:50 -0400] "GET /menu.php HTTP/1.1" 404 1251 "-" "-"
52.178.209.115 - - [01/Jul/2025:10:24:50 -0400] "GET /update.php HTTP/1.1" 404 1251 "-" "-"
52.178.209.115 - - [01/Jul/2025:10:24:51 -0400] "GET /input.php HTTP/1.1" 404 1251 "-" "-"
52.178.209.115 - - [01/Jul/2025:10:24:51 -0400] "GET /aaa.php HTTP/1.1" 404 1251 "-" "-"
136.243.228.182 - - [01/Jul/2025:10:24:54 -0400] "GET /bzons147/ejxl9-6912/ HTTP/1.1" 404 1251 "-" "Mozilla/5.0 (compatible; DataForSeoBot/1.0; +https://dataforseo.com/dataforseo-bot)"
136.243.228.182 - - [01/Jul/2025:10:24:57 -0400] "GET /uimxc129/0ueok-18089/ HTTP/1.1" 404 1251 "-" "Mozilla/5.0 (compatible; DataForSeoBot/1.0; +https://dataforseo.com/dataforseo-bot)"
136.243.228.182 - - [01/Jul/2025:10:25:01 -0400] "GET /tkqkv52/ql7qn-42509/ HTTP/1.1" 404 1251 "-" "Mozilla/5.0 (compatible; DataForSeoBot/1.0; +https://dataforseo.com/dataforseo-bot)"
