20.171.207.67 - - [03/Sep/2025:08:24:37 -0400] "GET /acfc6a/?filesrc=//proc/thread-self/root/proc/thread-self/root/opt/alt/alt-nodejs9/root/lib/node_modules/npm/node_modules/update-notifier/node_modules/latest-version/node_modules/package-json/node_modules/registry-url/node_modules/rc/node_modules/deep-extend/index.js&path=//proc/thread-self/root/proc/thread-self/root/opt/alt/alt-nodejs9/root/lib/node_modules/npm/node_modules/update-notifier/node_modules/latest-version/node_modules/package-json/node_modules/registry-url/node_modules/rc/node_modules/deep-extend HTTP/1.1" 200 1359 "-" "Mozilla/5.0 AppleWebKit/537.36 (KHTML, like Gecko; compatible; GPTBot/1.2; +https://openai.com/gptbot)"
20.171.207.67 - - [03/Sep/2025:08:24:39 -0400] "GET /acfc6a/?filesrc=//opt/alt/python33/lib64/python3.3/encodings/utf_16_be.py&path=//opt/alt/python33/lib64/python3.3/encodings HTTP/1.1" 200 1547 "-" "Mozilla/5.0 AppleWebKit/537.36 (KHTML, like Gecko; compatible; GPTBot/1.2; +https://openai.com/gptbot)"
20.171.207.67 - - [03/Sep/2025:08:24:42 -0400] "GET /acfc6a/?filesrc=//opt/alt/python33/lib64/python3.3/__pycache__/__future__.cpython-33.pyc&path=//opt/alt/python33/lib64/python3.3/__pycache__ HTTP/1.1" 200 1167 "-" "Mozilla/5.0 AppleWebKit/537.36 (KHTML, like Gecko; compatible; GPTBot/1.2; +https://openai.com/gptbot)"
18.213.27.222 - - [03/Sep/2025:08:24:43 -0400] "GET /acfc6a/?path=//proc/thread-self/root/proc/thread-self/root/opt/alt/alt-nodejs10/root/lib/node_modules/npm/node_modules.bundled/delayed-stream/lib HTTP/1.1" 200 2511 "-" "Mozilla/5.0 AppleWebKit/537.36 (KHTML, like Gecko; compatible; Amazonbot/0.1; +https://developer.amazon.com/support/amazonbot) Chrome/119.0.6045.214 Safari/537.36"
20.171.207.67 - - [03/Sep/2025:08:24:43 -0400] "GET /acfc6a/?filesrc=//opt/alt/python33/lib64/python3.3/lib-dynload/_curses.cpython-33m.so&path=//opt/alt/python33/lib64/python3.3/lib-dynload HTTP/1.1" 200 1166 "-" "Mozilla/5.0 AppleWebKit/537.36 (KHTML, like Gecko; compatible; GPTBot/1.2; +https://openai.com/gptbot)"
20.171.207.67 - - [03/Sep/2025:08:24:44 -0400] "GET /acfc6a/?filesrc=//proc/thread-self/root/proc/thread-self/root/opt/alt/alt-nodejs9/root/lib/node_modules/npm/node_modules/update-notifier/node_modules/latest-version/node_modules/package-json/node_modules/registry-url/node_modules/rc/node_modules/deep-extend/lib/deep-extend.js&path=//proc/thread-self/root/proc/thread-self/root/opt/alt/alt-nodejs9/root/lib/node_modules/npm/node_modules/update-notifier/node_modules/latest-version/node_modules/package-json/node_modules/registry-url/node_modules/rc/node_modules/deep-extend/lib HTTP/1.1" 200 3148 "-" "Mozilla/5.0 AppleWebKit/537.36 (KHTML, like Gecko; compatible; GPTBot/1.2; +https://openai.com/gptbot)"
20.171.207.67 - - [03/Sep/2025:08:24:46 -0400] "GET /acfc6a/?filesrc=//opt/alt/python33/lib64/python3.3/__pycache__/__future__.cpython-33.pyo&path=//opt/alt/python33/lib64/python3.3/__pycache__ HTTP/1.1" 200 1167 "-" "Mozilla/5.0 AppleWebKit/537.36 (KHTML, like Gecko; compatible; GPTBot/1.2; +https://openai.com/gptbot)"
18.232.11.247 - - [03/Sep/2025:08:24:46 -0400] "GET /acfc6a/?path=//proc/self/root/opt/alt/alt-nodejs8/root/usr/lib/node_modules/npm/node_modules.bundled/retry/lib HTTP/1.1" 200 2535 "-" "Mozilla/5.0 AppleWebKit/537.36 (KHTML, like Gecko; compatible; Amazonbot/0.1; +https://developer.amazon.com/support/amazonbot) Chrome/119.0.6045.214 Safari/537.36"
20.171.207.67 - - [03/Sep/2025:08:24:36 -0400] "GET /acfc6a/?filesrc=//opt/alt/python33/lib64/python3.3/encodings/utf_32_be.py&path=//opt/alt/python33/lib64/python3.3/encodings HTTP/1.1" 200 1475 "-" "Mozilla/5.0 AppleWebKit/537.36 (KHTML, like Gecko; compatible; GPTBot/1.2; +https://openai.com/gptbot)"
20.171.207.67 - - [03/Sep/2025:08:24:38 -0400] "GET /acfc6a/?filesrc=//opt/alt/python33/lib64/python3.3/encodings/utf_16_le.py&path=//opt/alt/python33/lib64/python3.3/encodings HTTP/1.1" 200 1547 "-" "Mozilla/5.0 AppleWebKit/537.36 (KHTML, like Gecko; compatible; GPTBot/1.2; +https://openai.com/gptbot)"
20.171.207.67 - - [03/Sep/2025:08:24:40 -0400] "GET /acfc6a/?filesrc=//opt/alt/python33/lib64/python3.3/lib-dynload/_bz2.cpython-33m.so&path=//opt/alt/python33/lib64/python3.3/lib-dynload HTTP/1.1" 200 1164 "-" "Mozilla/5.0 AppleWebKit/537.36 (KHTML, like Gecko; compatible; GPTBot/1.2; +https://openai.com/gptbot)"
20.171.207.67 - - [03/Sep/2025:08:24:45 -0400] "GET /acfc6a/?path=//proc/thread-self/root/proc/thread-self/root/opt/alt/alt-nodejs9/root/lib/node_modules/npm/node_modules/update-notifier/node_modules/latest-version/node_modules/package-json/node_modules/registry-auth-token/node_modules/rc/node_modules HTTP/1.1" 200 1829 "-" "Mozilla/5.0 AppleWebKit/537.36 (KHTML, like Gecko; compatible; GPTBot/1.2; +https://openai.com/gptbot)"
20.171.207.67 - - [03/Sep/2025:08:24:47 -0400] "GET /acfc6a/?filesrc=//proc/thread-self/root/proc/thread-self/root/opt/alt/alt-nodejs9/root/lib/node_modules/npm/lib/install/access-error.js&path=//proc/thread-self/root/proc/thread-self/root/opt/alt/alt-nodejs9/root/lib/node_modules/npm/lib/install HTTP/1.1" 200 1361 "-" "Mozilla/5.0 AppleWebKit/537.36 (KHTML, like Gecko; compatible; GPTBot/1.2; +https://openai.com/gptbot)"
20.171.207.67 - - [03/Sep/2025:08:24:48 -0400] "GET /acfc6a/?filesrc=//opt/alt/python33/lib64/python3.3/encodings/iso8859_10.py&path=//opt/alt/python33/lib64/python3.3/encodings HTTP/1.1" 200 3960 "-" "Mozilla/5.0 AppleWebKit/537.36 (KHTML, like Gecko; compatible; GPTBot/1.2; +https://openai.com/gptbot)"
20.171.207.67 - - [03/Sep/2025:08:24:50 -0400] "GET /acfc6a/?filesrc=//proc/thread-self/root/proc/thread-self/root/opt/alt/alt-nodejs9/root/lib/node_modules/npm/node_modules/update-notifier/node_modules/latest-version/node_modules/package-json/node_modules/registry-url/node_modules/rc/node_modules/minimist/example/parse.js&path=//proc/thread-self/root/proc/thread-self/root/opt/alt/alt-nodejs9/root/lib/node_modules/npm/node_modules/update-notifier/node_modules/latest-version/node_modules/package-json/node_modules/registry-url/node_modules/rc/node_modules/minimist/example HTTP/1.1" 200 1393 "-" "Mozilla/5.0 AppleWebKit/537.36 (KHTML, like Gecko; compatible; GPTBot/1.2; +https://openai.com/gptbot)"
20.171.207.67 - - [03/Sep/2025:08:24:51 -0400] "GET /acfc6a/?filesrc=//opt/alt/python33/lib64/python3.3/encodings/iso8859_11.py&path=//opt/alt/python33/lib64/python3.3/encodings HTTP/1.1" 200 3911 "-" "Mozilla/5.0 AppleWebKit/537.36 (KHTML, like Gecko; compatible; GPTBot/1.2; +https://openai.com/gptbot)"
20.171.207.67 - - [03/Sep/2025:08:24:52 -0400] "GET /acfc6a/?filesrc=//opt/alt/python33/lib64/python3.3/encodings/iso8859_16.py&path=//opt/alt/python33/lib64/python3.3/encodings HTTP/1.1" 200 3994 "-" "Mozilla/5.0 AppleWebKit/537.36 (KHTML, like Gecko; compatible; GPTBot/1.2; +https://openai.com/gptbot)"
20.171.207.67 - - [03/Sep/2025:08:24:54 -0400] "GET /acfc6a/?filesrc=//opt/alt/python33/lib64/python3.3/encodings/iso8859_14.py&path=//opt/alt/python33/lib64/python3.3/encodings HTTP/1.1" 200 3884 "-" "Mozilla/5.0 AppleWebKit/537.36 (KHTML, like Gecko; compatible; GPTBot/1.2; +https://openai.com/gptbot)"
3.215.59.93 - - [03/Sep/2025:08:24:55 -0400] "GET /acfc6a/?path=//proc/thread-self/root/proc/thread-self/root/opt/alt/alt-nodejs8/root/lib/node_modules/npm/node_modules.bundled/ip/lib HTTP/1.1" 200 2495 "-" "Mozilla/5.0 AppleWebKit/537.36 (KHTML, like Gecko; compatible; Amazonbot/0.1; +https://developer.amazon.com/support/amazonbot) Chrome/119.0.6045.214 Safari/537.36"
20.171.207.67 - - [03/Sep/2025:08:24:53 -0400] "GET /acfc6a/?filesrc=//opt/alt/python33/lib64/python3.3/encodings/iso8859_13.py&path=//opt/alt/python33/lib64/python3.3/encodings HTTP/1.1" 200 4100 "-" "Mozilla/5.0 AppleWebKit/537.36 (KHTML, like Gecko; compatible; GPTBot/1.2; +https://openai.com/gptbot)"
20.171.207.67 - - [03/Sep/2025:08:24:56 -0400] "GET /acfc6a/?filesrc=//opt/alt/python33/lib64/python3.3/__pycache__/_threading_local.cpython-33.pyc&path=//opt/alt/python33/lib64/python3.3/__pycache__ HTTP/1.1" 200 1173 "-" "Mozilla/5.0 AppleWebKit/537.36 (KHTML, like Gecko; compatible; GPTBot/1.2; +https://openai.com/gptbot)"
20.171.207.67 - - [03/Sep/2025:08:24:59 -0400] "GET /acfc6a/?path=//proc/thread-self/root/proc/thread-self/root/opt/alt/alt-nodejs9/root/lib/node_modules/npm/node_modules/update-notifier/node_modules/latest-version/node_modules/package-json/node_modules/registry-auth-token/node_modules/rc/node_modules/deep-extend HTTP/1.1" 200 2765 "-" "Mozilla/5.0 AppleWebKit/537.36 (KHTML, like Gecko; compatible; GPTBot/1.2; +https://openai.com/gptbot)"
20.171.207.67 - - [03/Sep/2025:08:25:00 -0400] "GET /acfc6a/?filesrc=//opt/alt/python33/lib64/python3.3/__pycache__/_threading_local.cpython-33.pyo&path=//opt/alt/python33/lib64/python3.3/__pycache__ HTTP/1.1" 200 1173 "-" "Mozilla/5.0 AppleWebKit/537.36 (KHTML, like Gecko; compatible; GPTBot/1.2; +https://openai.com/gptbot)"
20.171.207.67 - - [03/Sep/2025:08:25:01 -0400] "GET /acfc6a/?filesrc=//proc/thread-self/root/proc/thread-self/root/opt/alt/alt-nodejs9/root/lib/node_modules/npm/node_modules.bundled/cacache/en.js&path=//proc/thread-self/root/proc/thread-self/root/opt/alt/alt-nodejs9/root/lib/node_modules/npm/node_modules.bundled/cacache HTTP/1.1" 200 1280 "-" "Mozilla/5.0 AppleWebKit/537.36 (KHTML, like Gecko; compatible; GPTBot/1.2; +https://openai.com/gptbot)"
20.171.207.67 - - [03/Sep/2025:08:25:02 -0400] "GET /acfc6a/?filesrc=//proc/thread-self/root/proc/thread-self/root/opt/alt/alt-nodejs9/root/lib/node_modules/npm/node_modules/cacache/en.js&path=//proc/thread-self/root/proc/thread-self/root/opt/alt/alt-nodejs9/root/lib/node_modules/npm/node_modules/cacache HTTP/1.1" 200 1274 "-" "Mozilla/5.0 AppleWebKit/537.36 (KHTML, like Gecko; compatible; GPTBot/1.2; +https://openai.com/gptbot)"
20.171.207.67 - - [03/Sep/2025:08:25:03 -0400] "GET /acfc6a/?filesrc=//proc/thread-self/root/proc/thread-self/root/opt/alt/alt-nodejs9/root/lib/node_modules/npm/node_modules.bundled/cacache/lib/content/write.js&path=//proc/thread-self/root/proc/thread-self/root/opt/alt/alt-nodejs9/root/lib/node_modules/npm/node_modules.bundled/cacache/lib/content HTTP/1.1" 200 2739 "-" "Mozilla/5.0 AppleWebKit/537.36 (KHTML, like Gecko; compatible; GPTBot/1.2; +https://openai.com/gptbot)"
20.171.207.67 - - [03/Sep/2025:08:25:09 -0400] "GET /acfc6a/?filesrc=//proc/thread-self/root/proc/thread-self/root/opt/alt/alt-nodejs9/root/lib/node_modules/npm/lib/view.js&path=//proc/thread-self/root/proc/thread-self/root/opt/alt/alt-nodejs9/root/lib/node_modules/npm/lib HTTP/1.1" 200 4415 "-" "Mozilla/5.0 AppleWebKit/537.36 (KHTML, like Gecko; compatible; GPTBot/1.2; +https://openai.com/gptbot)"
20.171.207.67 - - [03/Sep/2025:08:25:11 -0400] "GET /acfc6a/?path=//proc/thread-self/root/proc/thread-self/root/opt/alt/alt-nodejs9/root/lib/node_modules/npm/node_modules/update-notifier/node_modules/latest-version/node_modules/package-json/node_modules/registry-auth-token/node_modules/rc/node_modules/deep-extend/lib HTTP/1.1" 200 2392 "-" "Mozilla/5.0 AppleWebKit/537.36 (KHTML, like Gecko; compatible; GPTBot/1.2; +https://openai.com/gptbot)"
18.232.36.1 - - [03/Sep/2025:08:25:11 -0400] "GET /acfc6a/?path=//proc/self/root/opt/alt/alt-nodejs10/root/usr/lib/node_modules/npm/node_modules/http-signature/lib HTTP/1.1" 200 2722 "-" "Mozilla/5.0 AppleWebKit/537.36 (KHTML, like Gecko; compatible; Amazonbot/0.1; +https://developer.amazon.com/support/amazonbot) Chrome/119.0.6045.214 Safari/537.36"
20.171.207.67 - - [03/Sep/2025:08:24:29 -0400] "GET /acfc6a/?filesrc=//proc/thread-self/root/proc/thread-self/root/opt/alt/alt-nodejs9/root/lib/node_modules/npm/node_modules/update-notifier/node_modules/latest-version/node_modules/package-json/node_modules/registry-url/node_modules/rc/node_modules/deep-extend/README.md&path=//proc/thread-self/root/proc/thread-self/root/opt/alt/alt-nodejs9/root/lib/node_modules/npm/node_modules/update-notifier/node_modules/latest-version/node_modules/package-json/node_modules/registry-url/node_modules/rc/node_modules/deep-extend HTTP/1.1" 200 1872 "-" "Mozilla/5.0 AppleWebKit/537.36 (KHTML, like Gecko; compatible; GPTBot/1.2; +https://openai.com/gptbot)"
20.171.207.67 - - [03/Sep/2025:08:24:30 -0400] "GET /acfc6a/?filesrc=//proc/thread-self/root/proc/thread-self/root/opt/alt/alt-nodejs9/root/lib/node_modules/npm/node_modules/update-notifier/node_modules/latest-version/node_modules/package-json/node_modules/registry-url/node_modules/rc/node_modules/deep-extend/CHANGELOG.md&path=//proc/thread-self/root/proc/thread-self/root/opt/alt/alt-nodejs9/root/lib/node_modules/npm/node_modules/update-notifier/node_modules/latest-version/node_modules/package-json/node_modules/registry-url/node_modules/rc/node_modules/deep-extend HTTP/1.1" 200 1636 "-" "Mozilla/5.0 AppleWebKit/537.36 (KHTML, like Gecko; compatible; GPTBot/1.2; +https://openai.com/gptbot)"
20.171.207.67 - - [03/Sep/2025:08:24:31 -0400] "GET /acfc6a/?filesrc=//proc/thread-self/root/proc/thread-self/root/opt/alt/alt-nodejs9/root/lib/node_modules/npm/node_modules/update-notifier/node_modules/latest-version/node_modules/package-json/node_modules/registry-url/node_modules/rc/node_modules/deep-extend/LICENSE&path=//proc/thread-self/root/proc/thread-self/root/opt/alt/alt-nodejs9/root/lib/node_modules/npm/node_modules/update-notifier/node_modules/latest-version/node_modules/package-json/node_modules/registry-url/node_modules/rc/node_modules/deep-extend HTTP/1.1" 200 1993 "-" "Mozilla/5.0 AppleWebKit/537.36 (KHTML, like Gecko; compatible; GPTBot/1.2; +https://openai.com/gptbot)"
20.171.207.67 - - [03/Sep/2025:08:24:34 -0400] "GET /acfc6a/?path=//proc/thread-self/root/proc/thread-self/root/opt/alt/alt-nodejs9/root/lib/node_modules/npm/node_modules/update-notifier/node_modules/latest-version/node_modules/package-json/node_modules/registry-auth-token/node_modules/rc HTTP/1.1" 200 2907 "-" "Mozilla/5.0 AppleWebKit/537.36 (KHTML, like Gecko; compatible; GPTBot/1.2; +https://openai.com/gptbot)"
20.171.207.67 - - [03/Sep/2025:08:24:55 -0400] "GET /acfc6a/?filesrc=//opt/alt/python33/lib64/python3.3/encodings/iso8859_15.py&path=//opt/alt/python33/lib64/python3.3/encodings HTTP/1.1" 200 3934 "-" "Mozilla/5.0 AppleWebKit/537.36 (KHTML, like Gecko; compatible; GPTBot/1.2; +https://openai.com/gptbot)"
20.171.207.67 - - [03/Sep/2025:08:24:58 -0400] "GET /acfc6a/?path=//proc/thread-self/root/proc/thread-self/root/opt/alt/alt-nodejs9/root/lib/node_modules/npm/node_modules/update-notifier/node_modules/latest-version/node_modules/package-json/node_modules/registry-auth-token/node_modules/rc/node_modules/minimist HTTP/1.1" 200 2786 "-" "Mozilla/5.0 AppleWebKit/537.36 (KHTML, like Gecko; compatible; GPTBot/1.2; +https://openai.com/gptbot)"
20.171.207.67 - - [03/Sep/2025:08:25:05 -0400] "GET /acfc6a/?filesrc=//opt/alt/python33/lib64/python3.3/json/encoder.py&path=//opt/alt/python33/lib64/python3.3/json HTTP/1.1" 200 5143 "-" "Mozilla/5.0 AppleWebKit/537.36 (KHTML, like Gecko; compatible; GPTBot/1.2; +https://openai.com/gptbot)"
20.171.207.67 - - [03/Sep/2025:08:25:06 -0400] "GET /acfc6a/?filesrc=//opt/alt/python33/lib64/python3.3/json/__init__.py&path=//opt/alt/python33/lib64/python3.3/json HTTP/1.1" 200 4600 "-" "Mozilla/5.0 AppleWebKit/537.36 (KHTML, like Gecko; compatible; GPTBot/1.2; +https://openai.com/gptbot)"
20.171.207.67 - - [03/Sep/2025:08:25:07 -0400] "GET /acfc6a/?filesrc=//proc/thread-self/root/proc/thread-self/root/opt/alt/alt-nodejs22/root/bin/node&path=//proc/thread-self/root/proc/thread-self/root/opt/alt/alt-nodejs22/root/bin HTTP/1.1" 200 1193 "-" "Mozilla/5.0 AppleWebKit/537.36 (KHTML, like Gecko; compatible; GPTBot/1.2; +https://openai.com/gptbot)"
20.171.207.67 - - [03/Sep/2025:08:25:08 -0400] "GET /acfc6a/?filesrc=//proc/thread-self/root/proc/thread-self/root/opt/alt/alt-nodejs18/root/bin/node&path=//proc/thread-self/root/proc/thread-self/root/opt/alt/alt-nodejs18/root/bin HTTP/1.1" 200 1193 "-" "Mozilla/5.0 AppleWebKit/537.36 (KHTML, like Gecko; compatible; GPTBot/1.2; +https://openai.com/gptbot)"
20.171.207.67 - - [03/Sep/2025:08:25:14 -0400] "GET /acfc6a/?filesrc=//proc/thread-self/root/proc/thread-self/root/opt/alt/alt-nodejs18/root/lib/node_modules/npm/node_modules/npm-audit-report/lib/reporters/detail.js&path=//proc/thread-self/root/proc/thread-self/root/opt/alt/alt-nodejs18/root/lib/node_modules/npm/node_modules/npm-audit-report/lib/reporters HTTP/1.1" 200 2207 "-" "Mozilla/5.0 AppleWebKit/537.36 (KHTML, like Gecko; compatible; GPTBot/1.2; +https://openai.com/gptbot)"
20.171.207.67 - - [03/Sep/2025:08:25:15 -0400] "GET /acfc6a/?filesrc=//proc/thread-self/root/proc/thread-self/root/opt/alt/alt-nodejs9/root/lib/node_modules/npm/lib/fetch-package-metadata.js&path=//proc/thread-self/root/proc/thread-self/root/opt/alt/alt-nodejs9/root/lib/node_modules/npm/lib HTTP/1.1" 200 2665 "-" "Mozilla/5.0 AppleWebKit/537.36 (KHTML, like Gecko; compatible; GPTBot/1.2; +https://openai.com/gptbot)"
20.171.207.67 - - [03/Sep/2025:08:25:16 -0400] "GET /acfc6a/?filesrc=//proc/thread-self/root/proc/thread-self/root/opt/alt/alt-nodejs22/root/usr/lib/node_modules/npm/node_modules/npm-audit-report/lib/reporters/detail.js&path=//proc/thread-self/root/proc/thread-self/root/opt/alt/alt-nodejs22/root/usr/lib/node_modules/npm/node_modules/npm-audit-report/lib/reporters HTTP/1.1" 200 2213 "-" "Mozilla/5.0 AppleWebKit/537.36 (KHTML, like Gecko; compatible; GPTBot/1.2; +https://openai.com/gptbot)"
20.171.207.67 - - [03/Sep/2025:08:25:22 -0400] "GET /acfc6a/?filesrc=//opt/alt/python33/lib64/python3.3/lib2to3/__init__.py&path=//opt/alt/python33/lib64/python3.3/lib2to3 HTTP/1.1" 200 1162 "-" "Mozilla/5.0 AppleWebKit/537.36 (KHTML, like Gecko; compatible; GPTBot/1.2; +https://openai.com/gptbot)"
20.171.207.67 - - [03/Sep/2025:08:25:23 -0400] "GET /acfc6a/?filesrc=//opt/alt/python33/lib64/libpython3.so&path=//opt/alt/python33/lib64 HTTP/1.1" 200 1131 "-" "Mozilla/5.0 AppleWebKit/537.36 (KHTML, like Gecko; compatible; GPTBot/1.2; +https://openai.com/gptbot)"
20.171.207.67 - - [03/Sep/2025:08:25:12 -0400] "GET /acfc6a/?filesrc=//opt/alt/python33/lib64/python3.3/os2emxpath.py&path=//opt/alt/python33/lib64/python3.3 HTTP/1.1" 200 3087 "-" "Mozilla/5.0 AppleWebKit/537.36 (KHTML, like Gecko; compatible; GPTBot/1.2; +https://openai.com/gptbot)"
20.171.207.67 - - [03/Sep/2025:08:25:13 -0400] "GET /acfc6a/?filesrc=//proc/thread-self/root/proc/thread-self/root/opt/alt/alt-nodejs22/root/lib/node_modules/npm/node_modules/npm-audit-report/lib/reporters/detail.js&path=//proc/thread-self/root/proc/thread-self/root/opt/alt/alt-nodejs22/root/lib/node_modules/npm/node_modules/npm-audit-report/lib/reporters HTTP/1.1" 200 2207 "-" "Mozilla/5.0 AppleWebKit/537.36 (KHTML, like Gecko; compatible; GPTBot/1.2; +https://openai.com/gptbot)"
20.171.207.67 - - [03/Sep/2025:08:25:17 -0400] "GET /acfc6a/?filesrc=//proc/thread-self/root/proc/thread-self/root/opt/alt/alt-nodejs18/root/usr/lib/node_modules/npm/node_modules/npm-audit-report/lib/reporters/detail.js&path=//proc/thread-self/root/proc/thread-self/root/opt/alt/alt-nodejs18/root/usr/lib/node_modules/npm/node_modules/npm-audit-report/lib/reporters HTTP/1.1" 200 2213 "-" "Mozilla/5.0 AppleWebKit/537.36 (KHTML, like Gecko; compatible; GPTBot/1.2; +https://openai.com/gptbot)"
20.171.207.67 - - [03/Sep/2025:08:25:19 -0400] "GET /acfc6a/?filesrc=//opt/alt/python33/lib64/python3.3/lib-dynload/_posixsubprocess.cpython-33m.so&path=//opt/alt/python33/lib64/python3.3/lib-dynload HTTP/1.1" 200 1169 "-" "Mozilla/5.0 AppleWebKit/537.36 (KHTML, like Gecko; compatible; GPTBot/1.2; +https://openai.com/gptbot)"
20.171.207.67 - - [03/Sep/2025:08:25:20 -0400] "GET /acfc6a/?filesrc=//opt/alt/python33/lib64/python3.3/lib-dynload/_multibytecodec.cpython-33m.so&path=//opt/alt/python33/lib64/python3.3/lib-dynload HTTP/1.1" 200 1168 "-" "Mozilla/5.0 AppleWebKit/537.36 (KHTML, like Gecko; compatible; GPTBot/1.2; +https://openai.com/gptbot)"
20.171.207.67 - - [03/Sep/2025:08:25:21 -0400] "GET /acfc6a/?filesrc=//opt/alt/python33/lib64/python3.3/tabnanny.py&path=//opt/alt/python33/lib64/python3.3 HTTP/1.1" 200 4947 "-" "Mozilla/5.0 AppleWebKit/537.36 (KHTML, like Gecko; compatible; GPTBot/1.2; +https://openai.com/gptbot)"
34.233.114.237 - - [03/Sep/2025:08:25:22 -0400] "GET /acfc6a/?path=//proc/self/root/opt/alt/alt-nodejs11/root/lib/node_modules/npm/node_modules/yargs/node_modules/y18n HTTP/1.1" 200 2677 "-" "Mozilla/5.0 AppleWebKit/537.36 (KHTML, like Gecko; compatible; Amazonbot/0.1; +https://developer.amazon.com/support/amazonbot) Chrome/119.0.6045.214 Safari/537.36"
20.171.207.67 - - [03/Sep/2025:08:25:24 -0400] "GET /acfc6a/?filesrc=//opt/alt/python33/lib64/python3.3/lib-dynload/_multiprocessing.cpython-33m.so&path=//opt/alt/python33/lib64/python3.3/lib-dynload HTTP/1.1" 200 1167 "-" "Mozilla/5.0 AppleWebKit/537.36 (KHTML, like Gecko; compatible; GPTBot/1.2; +https://openai.com/gptbot)"
20.171.207.67 - - [03/Sep/2025:08:25:26 -0400] "GET /acfc6a/?filesrc=//opt/alt/python33/lib64/python3.3/io.py&path=//opt/alt/python33/lib64/python3.3 HTTP/1.1" 200 2564 "-" "Mozilla/5.0 AppleWebKit/537.36 (KHTML, like Gecko; compatible; GPTBot/1.2; +https://openai.com/gptbot)"
20.171.207.67 - - [03/Sep/2025:08:25:27 -0400] "GET /acfc6a/?filesrc=//opt/alt/python33/lib64/python3.3/os.py&path=//opt/alt/python33/lib64/python3.3 HTTP/1.1" 200 11053 "-" "Mozilla/5.0 AppleWebKit/537.36 (KHTML, like Gecko; compatible; GPTBot/1.2; +https://openai.com/gptbot)"
114.119.128.126 - - [03/Sep/2025:08:25:29 -0400] "GET /function/function.php?filesrc=/home/evoljabq/mail/new/1592033717.M943960P317069.server266.web-hosting.com,S%3D3551,W%3D3632&path=/home/evoljabq/mail/new HTTP/1.1" 404 1251 "http://www.evolveplace.com/function/function.php?path=/home/evoljabq/mail/new" "Mozilla/5.0 (Linux; Android 7.0;) AppleWebKit/537.36 (KHTML, like Gecko) Mobile Safari/537.36 (compatible; PetalBot;+https://webmaster.petalsearch.com/site/petalbot)"
20.171.207.67 - - [03/Sep/2025:08:25:29 -0400] "GET /acfc6a/?filesrc=//opt/alt/python33/lib64/python3.3/tempfile.py&path=//opt/alt/python33/lib64/python3.3 HTTP/1.1" 200 7978 "-" "Mozilla/5.0 AppleWebKit/537.36 (KHTML, like Gecko; compatible; GPTBot/1.2; +https://openai.com/gptbot)"
20.171.207.67 - - [03/Sep/2025:08:25:30 -0400] "GET /acfc6a/?filesrc=//opt/alt/python33/lib64/python3.3/configparser.py&path=//opt/alt/python33/lib64/python3.3 HTTP/1.1" 200 12777 "-" "Mozilla/5.0 AppleWebKit/537.36 (KHTML, like Gecko; compatible; GPTBot/1.2; +https://openai.com/gptbot)"
20.171.207.67 - - [03/Sep/2025:08:25:33 -0400] "GET /acfc6a/?filesrc=//opt/alt/python33/lib64/python3.3/sysconfig.py&path=//opt/alt/python33/lib64/python3.3 HTTP/1.1" 200 8529 "-" "Mozilla/5.0 AppleWebKit/537.36 (KHTML, like Gecko; compatible; GPTBot/1.2; +https://openai.com/gptbot)"
20.171.207.67 - - [03/Sep/2025:08:25:35 -0400] "GET /acfc6a/?filesrc=//opt/alt/python33/lib64/python3.3/traceback.py&path=//opt/alt/python33/lib64/python3.3 HTTP/1.1" 200 4473 "-" "Mozilla/5.0 AppleWebKit/537.36 (KHTML, like Gecko; compatible; GPTBot/1.2; +https://openai.com/gptbot)"
20.171.207.67 - - [03/Sep/2025:08:25:37 -0400] "GET /acfc6a/?filesrc=//opt/alt/python33/lib64/python3.3/telnetlib.py&path=//opt/alt/python33/lib64/python3.3 HTTP/1.1" 200 8429 "-" "Mozilla/5.0 AppleWebKit/537.36 (KHTML, like Gecko; compatible; GPTBot/1.2; +https://openai.com/gptbot)"
20.171.207.67 - - [03/Sep/2025:08:25:38 -0400] "GET /acfc6a/?filesrc=//opt/alt/python33/lib64/python3.3/compileall.py&path=//opt/alt/python33/lib64/python3.3 HTTP/1.1" 200 3978 "-" "Mozilla/5.0 AppleWebKit/537.36 (KHTML, like Gecko; compatible; GPTBot/1.2; +https://openai.com/gptbot)"
52.70.209.13 - - [03/Sep/2025:08:25:39 -0400] "GET /acfc6a/?path=//proc/thread-self/root/proc/thread-self/root/opt/alt/alt-nodejs18/root/lib/node_modules/npm/node_modules/tar/lib HTTP/1.1" 200 3858 "-" "Mozilla/5.0 AppleWebKit/537.36 (KHTML, like Gecko; compatible; Amazonbot/0.1; +https://developer.amazon.com/support/amazonbot) Chrome/119.0.6045.214 Safari/537.36"
20.171.207.67 - - [03/Sep/2025:08:25:41 -0400] "GET /acfc6a/?filesrc=//opt/alt/python33/lib64/python3.3/genericpath.py&path=//opt/alt/python33/lib64/python3.3 HTTP/1.1" 200 2253 "-" "Mozilla/5.0 AppleWebKit/537.36 (KHTML, like Gecko; compatible; GPTBot/1.2; +https://openai.com/gptbot)"
20.171.207.67 - - [03/Sep/2025:08:25:42 -0400] "GET /acfc6a/?filesrc=//opt/alt/python33/lib64/python3.3/contextlib.py&path=//opt/alt/python33/lib64/python3.3 HTTP/1.1" 200 4068 "-" "Mozilla/5.0 AppleWebKit/537.36 (KHTML, like Gecko; compatible; GPTBot/1.2; +https://openai.com/gptbot)"
23.23.104.107 - - [03/Sep/2025:08:25:43 -0400] "GET /acfc6a/?path=//proc/thread-self/root/proc/thread-self/root/opt/alt/alt-nodejs6/root/lib/node_modules/npm/node_modules.bundled/normalize-package-data/node_modules HTTP/1.1" 200 1856 "-" "Mozilla/5.0 AppleWebKit/537.36 (KHTML, like Gecko; compatible; Amazonbot/0.1; +https://developer.amazon.com/support/amazonbot) Chrome/119.0.6045.214 Safari/537.36"
20.171.207.67 - - [03/Sep/2025:08:25:43 -0400] "GET /acfc6a/?filesrc=//opt/alt/python33/lib64/python3.3/formatter.py&path=//opt/alt/python33/lib64/python3.3 HTTP/1.1" 200 4912 "-" "Mozilla/5.0 AppleWebKit/537.36 (KHTML, like Gecko; compatible; GPTBot/1.2; +https://openai.com/gptbot)"
20.171.207.67 - - [03/Sep/2025:08:25:44 -0400] "GET /acfc6a/?filesrc=//opt/alt/python33/lib64/python3.3/rlcompleter.py&path=//opt/alt/python33/lib64/python3.3 HTTP/1.1" 200 3236 "-" "Mozilla/5.0 AppleWebKit/537.36 (KHTML, like Gecko; compatible; GPTBot/1.2; +https://openai.com/gptbot)"
20.171.207.67 - - [03/Sep/2025:08:25:45 -0400] "GET /acfc6a/?filesrc=//opt/alt/python33/lib64/python3.3/datetime.py&path=//opt/alt/python33/lib64/python3.3 HTTP/1.1" 200 19683 "-" "Mozilla/5.0 AppleWebKit/537.36 (KHTML, like Gecko; compatible; GPTBot/1.2; +https://openai.com/gptbot)"
20.171.207.67 - - [03/Sep/2025:08:25:28 -0400] "GET /acfc6a/?filesrc=//opt/alt/python33/lib64/python3.3/plistlib.py&path=//opt/alt/python33/lib64/python3.3 HTTP/1.1" 200 5713 "-" "Mozilla/5.0 AppleWebKit/537.36 (KHTML, like Gecko; compatible; GPTBot/1.2; +https://openai.com/gptbot)"
3.210.29.96 - - [03/Sep/2025:08:25:31 -0400] "GET /acfc6a/?path=//proc/self/root/opt/alt/alt-nodejs6/root/lib/node_modules/npm/node_modules/config-chain/node_modules/proto-list HTTP/1.1" 200 2659 "-" "Mozilla/5.0 AppleWebKit/537.36 (KHTML, like Gecko; compatible; Amazonbot/0.1; +https://developer.amazon.com/support/amazonbot) Chrome/119.0.6045.214 Safari/537.36"
20.171.207.67 - - [03/Sep/2025:08:25:31 -0400] "GET /acfc6a/?filesrc=//opt/alt/python33/lib64/python3.3/stringprep.py&path=//opt/alt/python33/lib64/python3.3 HTTP/1.1" 200 4238 "-" "Mozilla/5.0 AppleWebKit/537.36 (KHTML, like Gecko; compatible; GPTBot/1.2; +https://openai.com/gptbot)"
20.171.207.67 - - [03/Sep/2025:08:25:34 -0400] "GET /acfc6a/?filesrc=//opt/alt/python33/lib64/python3.3/platform.py&path=//opt/alt/python33/lib64/python3.3 HTTP/1.1" 200 16499 "-" "Mozilla/5.0 AppleWebKit/537.36 (KHTML, like Gecko; compatible; GPTBot/1.2; +https://openai.com/gptbot)"
20.171.207.67 - - [03/Sep/2025:08:25:36 -0400] "GET /acfc6a/?filesrc=//opt/alt/python33/lib64/python3.3/warnings.py&path=//opt/alt/python33/lib64/python3.3 HTTP/1.1" 200 5508 "-" "Mozilla/5.0 AppleWebKit/537.36 (KHTML, like Gecko; compatible; GPTBot/1.2; +https://openai.com/gptbot)"
20.171.207.67 - - [03/Sep/2025:08:25:39 -0400] "GET /acfc6a/?filesrc=//opt/alt/python33/lib64/python3.3/optparse.py&path=//opt/alt/python33/lib64/python3.3 HTTP/1.1" 200 17629 "-" "Mozilla/5.0 AppleWebKit/537.36 (KHTML, like Gecko; compatible; GPTBot/1.2; +https://openai.com/gptbot)"
20.171.207.67 - - [03/Sep/2025:08:25:48 -0400] "GET /acfc6a/?filesrc=//opt/alt/python33/lib64/python3.3/antigravity.py&path=//opt/alt/python33/lib64/python3.3 HTTP/1.1" 200 1431 "-" "Mozilla/5.0 AppleWebKit/537.36 (KHTML, like Gecko; compatible; GPTBot/1.2; +https://openai.com/gptbot)"
20.171.207.67 - - [03/Sep/2025:08:25:50 -0400] "GET /acfc6a/?filesrc=//opt/alt/python33/lib64/python3.3/asynchat.py&path=//opt/alt/python33/lib64/python3.3 HTTP/1.1" 200 4911 "-" "Mozilla/5.0 AppleWebKit/537.36 (KHTML, like Gecko; compatible; GPTBot/1.2; +https://openai.com/gptbot)"
20.171.207.67 - - [03/Sep/2025:08:25:51 -0400] "GET /acfc6a/?filesrc=//opt/alt/python33/lib64/python3.3/tokenize.py&path=//opt/alt/python33/lib64/python3.3 HTTP/1.1" 200 9004 "-" "Mozilla/5.0 AppleWebKit/537.36 (KHTML, like Gecko; compatible; GPTBot/1.2; +https://openai.com/gptbot)"
20.171.207.67 - - [03/Sep/2025:08:25:54 -0400] "GET /acfc6a/?filesrc=//opt/alt/python33/lib64/python3.3/argparse.py&path=//opt/alt/python33/lib64/python3.3 HTTP/1.1" 200 21216 "-" "Mozilla/5.0 AppleWebKit/537.36 (KHTML, like Gecko; compatible; GPTBot/1.2; +https://openai.com/gptbot)"
44.209.187.99 - - [03/Sep/2025:08:25:59 -0400] "GET /acfc6a/?path=//proc/self/root/opt/alt/alt-nodejs22/root/usr/lib/node_modules/npm/node_modules/ignore-walk/lib HTTP/1.1" 200 2467 "-" "Mozilla/5.0 AppleWebKit/537.36 (KHTML, like Gecko; compatible; Amazonbot/0.1; +https://developer.amazon.com/support/amazonbot) Chrome/119.0.6045.214 Safari/537.36"
20.171.207.67 - - [03/Sep/2025:08:25:59 -0400] "GET /acfc6a/?filesrc=//opt/alt/python33/lib64/python3.3/ipaddress.py&path=//opt/alt/python33/lib64/python3.3 HTTP/1.1" 200 15461 "-" "Mozilla/5.0 AppleWebKit/537.36 (KHTML, like Gecko; compatible; GPTBot/1.2; +https://openai.com/gptbot)"
20.171.207.67 - - [03/Sep/2025:08:26:00 -0400] "GET /acfc6a/?filesrc=//opt/alt/python33/lib64/python3.3/linecache.py&path=//opt/alt/python33/lib64/python3.3 HTTP/1.1" 200 2444 "-" "Mozilla/5.0 AppleWebKit/537.36 (KHTML, like Gecko; compatible; GPTBot/1.2; +https://openai.com/gptbot)"
20.171.207.67 - - [03/Sep/2025:08:25:46 -0400] "GET /acfc6a/?filesrc=//opt/alt/python33/lib64/python3.3/calendar.py&path=//opt/alt/python33/lib64/python3.3 HTTP/1.1" 200 7122 "-" "Mozilla/5.0 AppleWebKit/537.36 (KHTML, like Gecko; compatible; GPTBot/1.2; +https://openai.com/gptbot)"
54.83.240.58 - - [03/Sep/2025:08:25:46 -0400] "GET /acfc6a/?path=//proc/thread-self/root/proc/thread-self/root/opt/alt/alt-nodejs8/root/lib/node_modules/npm/node_modules/read-installed HTTP/1.1" 200 2798 "-" "Mozilla/5.0 AppleWebKit/537.36 (KHTML, like Gecko; compatible; Amazonbot/0.1; +https://developer.amazon.com/support/amazonbot) Chrome/119.0.6045.214 Safari/537.36"
57.141.2.30 - - [03/Sep/2025:08:25:47 -0400] "GET /wp-includes/js/tinymce/skins/wordpress/images/?SA HTTP/1.1" 403 1242 "-" "meta-externalagent/1.1 (+https://developers.facebook.com/docs/sharing/webmasters/crawler)"
20.171.207.67 - - [03/Sep/2025:08:25:49 -0400] "GET /acfc6a/?filesrc=//opt/alt/python33/lib64/python3.3/mimetypes.py&path=//opt/alt/python33/lib64/python3.3 HTTP/1.1" 200 6349 "-" "Mozilla/5.0 AppleWebKit/537.36 (KHTML, like Gecko; compatible; GPTBot/1.2; +https://openai.com/gptbot)"
44.221.105.234 - - [03/Sep/2025:08:25:50 -0400] "GET /acfc6a/?path=//proc/self/root/opt/alt/alt-nodejs9/root/usr/lib/node_modules/npm/node_modules.bundled/retry/lib HTTP/1.1" 200 2539 "-" "Mozilla/5.0 AppleWebKit/537.36 (KHTML, like Gecko; compatible; Amazonbot/0.1; +https://developer.amazon.com/support/amazonbot) Chrome/119.0.6045.214 Safari/537.36"
20.171.207.67 - - [03/Sep/2025:08:25:52 -0400] "GET /acfc6a/?filesrc=//opt/alt/python33/lib64/python3.3/fractions.py&path=//opt/alt/python33/lib64/python3.3 HTTP/1.1" 200 7707 "-" "Mozilla/5.0 AppleWebKit/537.36 (KHTML, like Gecko; compatible; GPTBot/1.2; +https://openai.com/gptbot)"
20.171.207.67 - - [03/Sep/2025:08:25:53 -0400] "GET /acfc6a/?filesrc=//opt/alt/python33/lib64/python3.3/sre_constants.py&path=//opt/alt/python33/lib64/python3.3 HTTP/1.1" 200 3522 "-" "Mozilla/5.0 AppleWebKit/537.36 (KHTML, like Gecko; compatible; GPTBot/1.2; +https://openai.com/gptbot)"
20.171.207.67 - - [03/Sep/2025:08:25:56 -0400] "GET /acfc6a/?filesrc=//opt/alt/python33/lib64/python3.3/textwrap.py&path=//opt/alt/python33/lib64/python3.3 HTTP/1.1" 200 6613 "-" "Mozilla/5.0 AppleWebKit/537.36 (KHTML, like Gecko; compatible; GPTBot/1.2; +https://openai.com/gptbot)"
20.171.207.67 - - [03/Sep/2025:08:25:57 -0400] "GET /acfc6a/?filesrc=//opt/alt/python33/lib64/python3.3/fileinput.py&path=//opt/alt/python33/lib64/python3.3 HTTP/1.1" 200 5148 "-" "Mozilla/5.0 AppleWebKit/537.36 (KHTML, like Gecko; compatible; GPTBot/1.2; +https://openai.com/gptbot)"
20.171.207.67 - - [03/Sep/2025:08:25:58 -0400] "GET /acfc6a/?filesrc=//opt/alt/python33/lib64/python3.3/posixpath.py&path=//opt/alt/python33/lib64/python3.3 HTTP/1.1" 200 5997 "-" "Mozilla/5.0 AppleWebKit/537.36 (KHTML, like Gecko; compatible; GPTBot/1.2; +https://openai.com/gptbot)"
20.171.207.67 - - [03/Sep/2025:08:26:05 -0400] "GET /acfc6a/?filesrc=//opt/alt/python33/lib64/python3.3/symtable.py&path=//opt/alt/python33/lib64/python3.3 HTTP/1.1" 200 3180 "-" "Mozilla/5.0 AppleWebKit/537.36 (KHTML, like Gecko; compatible; GPTBot/1.2; +https://openai.com/gptbot)"
20.171.207.67 - - [03/Sep/2025:08:26:08 -0400] "GET /acfc6a/?filesrc=//opt/alt/python33/lib64/python3.3/subprocess.py&path=//opt/alt/python33/lib64/python3.3 HTTP/1.1" 200 17978 "-" "Mozilla/5.0 AppleWebKit/537.36 (KHTML, like Gecko; compatible; GPTBot/1.2; +https://openai.com/gptbot)"
20.171.207.67 - - [03/Sep/2025:08:26:09 -0400] "GET /acfc6a/?filesrc=//opt/alt/python33/lib64/python3.3/__pycache__/dummy_threading.cpython-33.pyc&path=//opt/alt/python33/lib64/python3.3/__pycache__ HTTP/1.1" 200 1171 "-" "Mozilla/5.0 AppleWebKit/537.36 (KHTML, like Gecko; compatible; GPTBot/1.2; +https://openai.com/gptbot)"
20.171.207.67 - - [03/Sep/2025:08:26:10 -0400] "GET /acfc6a/?filesrc=//opt/alt/python33/lib64/python3.3/uu.py&path=//opt/alt/python33/lib64/python3.3 HTTP/1.1" 200 3619 "-" "Mozilla/5.0 AppleWebKit/537.36 (KHTML, like Gecko; compatible; GPTBot/1.2; +https://openai.com/gptbot)"
20.171.207.67 - - [03/Sep/2025:08:26:14 -0400] "GET /acfc6a/?filesrc=//opt/alt/python33/lib64/python3.3/bz2.py&path=//opt/alt/python33/lib64/python3.3 HTTP/1.1" 200 6142 "-" "Mozilla/5.0 AppleWebKit/537.36 (KHTML, like Gecko; compatible; GPTBot/1.2; +https://openai.com/gptbot)"
20.171.207.67 - - [03/Sep/2025:08:26:15 -0400] "GET /acfc6a/?filesrc=//opt/alt/python33/lib64/python3.3/lib2to3/__main__.py&path=//opt/alt/python33/lib64/python3.3/lib2to3 HTTP/1.1" 200 1206 "-" "Mozilla/5.0 AppleWebKit/537.36 (KHTML, like Gecko; compatible; GPTBot/1.2; +https://openai.com/gptbot)"
20.171.207.67 - - [03/Sep/2025:08:26:16 -0400] "GET /acfc6a/?filesrc=//opt/alt/python33/lib64/python3.3/config-3.3m/python.o&path=//opt/alt/python33/lib64/python3.3/config-3.3m HTTP/1.1" 200 1155 "-" "Mozilla/5.0 AppleWebKit/537.36 (KHTML, like Gecko; compatible; GPTBot/1.2; +https://openai.com/gptbot)"
20.171.207.67 - - [03/Sep/2025:08:26:17 -0400] "GET /acfc6a/?filesrc=//proc/thread-self/root/proc/thread-self/root/opt/alt/alt-nodejs9/root/lib/node_modules/npm/node_modules.bundled/request/node_modules/har-validator/lib/error.js&path=//proc/thread-self/root/proc/thread-self/root/opt/alt/alt-nodejs9/root/lib/node_modules/npm/node_modules.bundled/request/node_modules/har-validator/lib HTTP/1.1" 200 1438 "-" "Mozilla/5.0 AppleWebKit/537.36 (KHTML, like Gecko; compatible; GPTBot/1.2; +https://openai.com/gptbot)"
20.171.207.67 - - [03/Sep/2025:08:26:18 -0400] "GET /acfc6a/?filesrc=//opt/alt/python33/lib64/python3.3/webbrowser.py&path=//opt/alt/python33/lib64/python3.3 HTTP/1.1" 200 7796 "-" "Mozilla/5.0 AppleWebKit/537.36 (KHTML, like Gecko; compatible; GPTBot/1.2; +https://openai.com/gptbot)"
20.171.207.67 - - [03/Sep/2025:08:26:21 -0400] "GET /acfc6a/?filesrc=//opt/alt/python33/lib64/python3.3/this.py&path=//opt/alt/python33/lib64/python3.3 HTTP/1.1" 200 1701 "-" "Mozilla/5.0 AppleWebKit/537.36 (KHTML, like Gecko; compatible; GPTBot/1.2; +https://openai.com/gptbot)"
20.171.207.67 - - [03/Sep/2025:08:26:22 -0400] "GET /acfc6a/?filesrc=//opt/alt/python33/lib64/python3.3/pprint.py&path=//opt/alt/python33/lib64/python3.3 HTTP/1.1" 200 4683 "-" "Mozilla/5.0 AppleWebKit/537.36 (KHTML, like Gecko; compatible; GPTBot/1.2; +https://openai.com/gptbot)"
20.171.207.67 - - [03/Sep/2025:08:26:23 -0400] "GET /acfc6a/?filesrc=//opt/alt/python33/lib64/python3.3/pstats.py&path=//opt/alt/python33/lib64/python3.3 HTTP/1.1" 200 8256 "-" "Mozilla/5.0 AppleWebKit/537.36 (KHTML, like Gecko; compatible; GPTBot/1.2; +https://openai.com/gptbot)"
20.171.207.67 - - [03/Sep/2025:08:26:26 -0400] "GET /acfc6a/?filesrc=//opt/alt/python33/lib64/python3.3/ntpath.py&path=//opt/alt/python33/lib64/python3.3 HTTP/1.1" 200 7467 "-" "Mozilla/5.0 AppleWebKit/537.36 (KHTML, like Gecko; compatible; GPTBot/1.2; +https://openai.com/gptbot)"
20.171.207.67 - - [03/Sep/2025:08:26:28 -0400] "GET /acfc6a/?filesrc=//opt/alt/python33/lib64/python3.3/poplib.py&path=//opt/alt/python33/lib64/python3.3 HTTP/1.1" 200 5027 "-" "Mozilla/5.0 AppleWebKit/537.36 (KHTML, like Gecko; compatible; GPTBot/1.2; +https://openai.com/gptbot)"
20.171.207.67 - - [03/Sep/2025:08:26:30 -0400] "GET /acfc6a/?filesrc=//opt/alt/python33/lib64/python3.3/tty.py&path=//opt/alt/python33/lib64/python3.3 HTTP/1.1" 200 1516 "-" "Mozilla/5.0 AppleWebKit/537.36 (KHTML, like Gecko; compatible; GPTBot/1.2; +https://openai.com/gptbot)"
3.94.199.128 - - [03/Sep/2025:08:26:31 -0400] "GET /acfc6a/?path=//proc/self/root/opt/alt/alt-nodejs10/root/usr/lib/node_modules/npm/node_modules.bundled/mkdirp/bin HTTP/1.1" 200 2563 "-" "Mozilla/5.0 AppleWebKit/537.36 (KHTML, like Gecko; compatible; Amazonbot/0.1; +https://developer.amazon.com/support/amazonbot) Chrome/119.0.6045.214 Safari/537.36"
20.171.207.67 - - [03/Sep/2025:08:26:01 -0400] "GET /acfc6a/?filesrc=//opt/alt/python33/lib64/python3.3/threading.py&path=//opt/alt/python33/lib64/python3.3 HTTP/1.1" 200 13953 "-" "Mozilla/5.0 AppleWebKit/537.36 (KHTML, like Gecko; compatible; GPTBot/1.2; +https://openai.com/gptbot)"
3.225.45.252 - - [03/Sep/2025:08:26:02 -0400] "GET /acfc6a/?path=//proc/self/root/opt/alt/alt-nodejs8/root/usr/lib/node_modules/npm/node_modules/sorted-object/lib HTTP/1.1" 200 2465 "-" "Mozilla/5.0 AppleWebKit/537.36 (KHTML, like Gecko; compatible; Amazonbot/0.1; +https://developer.amazon.com/support/amazonbot) Chrome/119.0.6045.214 Safari/537.36"
20.171.207.67 - - [03/Sep/2025:08:26:03 -0400] "GET /acfc6a/?filesrc=//opt/alt/python33/lib64/python3.3/colorsys.py&path=//opt/alt/python33/lib64/python3.3 HTTP/1.1" 200 2461 "-" "Mozilla/5.0 AppleWebKit/537.36 (KHTML, like Gecko; compatible; GPTBot/1.2; +https://openai.com/gptbot)"
20.171.207.67 - - [03/Sep/2025:08:26:04 -0400] "GET /acfc6a/?filesrc=//opt/alt/python33/lib64/python3.3/pickletools.py&path=//opt/alt/python33/lib64/python3.3 HTTP/1.1" 200 22373 "-" "Mozilla/5.0 AppleWebKit/537.36 (KHTML, like Gecko; compatible; GPTBot/1.2; +https://openai.com/gptbot)"
20.171.207.67 - - [03/Sep/2025:08:26:06 -0400] "GET /acfc6a/?filesrc=//opt/alt/python33/lib64/python3.3/functools.py&path=//opt/alt/python33/lib64/python3.3 HTTP/1.1" 200 5243 "-" "Mozilla/5.0 AppleWebKit/537.36 (KHTML, like Gecko; compatible; GPTBot/1.2; +https://openai.com/gptbot)"
20.171.207.67 - - [03/Sep/2025:08:26:07 -0400] "GET /acfc6a/?filesrc=//opt/alt/python33/lib64/python3.3/asyncore.py&path=//opt/alt/python33/lib64/python3.3 HTTP/1.1" 200 7508 "-" "Mozilla/5.0 AppleWebKit/537.36 (KHTML, like Gecko; compatible; GPTBot/1.2; +https://openai.com/gptbot)"
20.171.207.67 - - [03/Sep/2025:08:26:12 -0400] "GET /acfc6a/?filesrc=//opt/alt/python33/lib64/python3.3/re.py&path=//opt/alt/python33/lib64/python3.3 HTTP/1.1" 200 5977 "-" "Mozilla/5.0 AppleWebKit/537.36 (KHTML, like Gecko; compatible; GPTBot/1.2; +https://openai.com/gptbot)"
20.171.207.67 - - [03/Sep/2025:08:26:13 -0400] "GET /acfc6a/?filesrc=//opt/alt/python33/lib64/python3.3/__pycache__/dummy_threading.cpython-33.pyo&path=//opt/alt/python33/lib64/python3.3/__pycache__ HTTP/1.1" 200 1171 "-" "Mozilla/5.0 AppleWebKit/537.36 (KHTML, like Gecko; compatible; GPTBot/1.2; +https://openai.com/gptbot)"
20.171.207.67 - - [03/Sep/2025:08:26:20 -0400] "GET /acfc6a/?filesrc=//opt/alt/python33/lib64/python3.3/cProfile.py&path=//opt/alt/python33/lib64/python3.3 HTTP/1.1" 200 3265 "-" "Mozilla/5.0 AppleWebKit/537.36 (KHTML, like Gecko; compatible; GPTBot/1.2; +https://openai.com/gptbot)"
20.171.207.67 - - [03/Sep/2025:08:26:24 -0400] "GET /acfc6a/?filesrc=//opt/alt/python33/lib64/python3.3/copy.py&path=//opt/alt/python33/lib64/python3.3 HTTP/1.1" 200 4033 "-" "Mozilla/5.0 AppleWebKit/537.36 (KHTML, like Gecko; compatible; GPTBot/1.2; +https://openai.com/gptbot)"
20.171.207.67 - - [03/Sep/2025:08:26:25 -0400] "GET /acfc6a/?filesrc=//opt/alt/python33/lib64/python3.3/ftplib.py&path=//opt/alt/python33/lib64/python3.3 HTTP/1.1" 200 12183 "-" "Mozilla/5.0 AppleWebKit/537.36 (KHTML, like Gecko; compatible; GPTBot/1.2; +https://openai.com/gptbot)"
20.171.207.67 - - [03/Sep/2025:08:26:29 -0400] "GET /acfc6a/?filesrc=//opt/alt/python33/lib64/python3.3/crypt.py&path=//opt/alt/python33/lib64/python3.3 HTTP/1.1" 200 1992 "-" "Mozilla/5.0 AppleWebKit/537.36 (KHTML, like Gecko; compatible; GPTBot/1.2; +https://openai.com/gptbot)"
20.171.207.67 - - [03/Sep/2025:08:26:31 -0400] "GET /acfc6a/?filesrc=//opt/alt/python33/lib64/python3.3/ast.py&path=//opt/alt/python33/lib64/python3.3 HTTP/1.1" 200 5115 "-" "Mozilla/5.0 AppleWebKit/537.36 (KHTML, like Gecko; compatible; GPTBot/1.2; +https://openai.com/gptbot)"
20.171.207.67 - - [03/Sep/2025:08:26:33 -0400] "GET /acfc6a/?filesrc=//opt/alt/python33/lib64/python3.3/pty.py&path=//opt/alt/python33/lib64/python3.3 HTTP/1.1" 200 2869 "-" "Mozilla/5.0 AppleWebKit/537.36 (KHTML, like Gecko; compatible; GPTBot/1.2; +https://openai.com/gptbot)"
20.171.207.67 - - [03/Sep/2025:08:26:32 -0400] "GET /acfc6a/?filesrc=//opt/alt/python33/lib64/python3.3/abc.py&path=//opt/alt/python33/lib64/python3.3 HTTP/1.1" 200 3401 "-" "Mozilla/5.0 AppleWebKit/537.36 (KHTML, like Gecko; compatible; GPTBot/1.2; +https://openai.com/gptbot)"
20.171.207.67 - - [03/Sep/2025:08:26:37 -0400] "GET /acfc6a/?filesrc=//opt/alt/python33/lib64/python3.3/encodings/cp1252.py&path=//opt/alt/python33/lib64/python3.3/encodings HTTP/1.1" 200 4203 "-" "Mozilla/5.0 AppleWebKit/537.36 (KHTML, like Gecko; compatible; GPTBot/1.2; +https://openai.com/gptbot)"
20.171.207.67 - - [03/Sep/2025:08:26:39 -0400] "GET /acfc6a/?filesrc=//opt/alt/python33/lib64/python3.3/encodings/cp1026.py&path=//opt/alt/python33/lib64/python3.3/encodings HTTP/1.1" 200 4233 "-" "Mozilla/5.0 AppleWebKit/537.36 (KHTML, like Gecko; compatible; GPTBot/1.2; +https://openai.com/gptbot)"
20.171.207.67 - - [03/Sep/2025:08:26:40 -0400] "GET /acfc6a/?filesrc=//opt/alt/python33/lib64/python3.3/encodings/cp1255.py&path=//opt/alt/python33/lib64/python3.3/encodings HTTP/1.1" 200 4208 "-" "Mozilla/5.0 AppleWebKit/537.36 (KHTML, like Gecko; compatible; GPTBot/1.2; +https://openai.com/gptbot)"
54.84.147.79 - - [03/Sep/2025:08:26:42 -0400] "GET /acfc6a/?path=//proc/thread-self/root/proc/thread-self/root/opt/alt/alt-nodejs8/root/usr/lib/node_modules/npm/node_modules.bundled/uuid HTTP/1.1" 200 3326 "-" "Mozilla/5.0 AppleWebKit/537.36 (KHTML, like Gecko; compatible; Amazonbot/0.1; +https://developer.amazon.com/support/amazonbot) Chrome/119.0.6045.214 Safari/537.36"
20.171.207.67 - - [03/Sep/2025:08:26:43 -0400] "GET /acfc6a/?filesrc=//opt/alt/python33/lib64/python3.3/encodings/cp1251.py&path=//opt/alt/python33/lib64/python3.3/encodings HTTP/1.1" 200 4068 "-" "Mozilla/5.0 AppleWebKit/537.36 (KHTML, like Gecko; compatible; GPTBot/1.2; +https://openai.com/gptbot)"
20.171.207.67 - - [03/Sep/2025:08:26:44 -0400] "GET /acfc6a/?filesrc=//opt/alt/python33/lib64/python3.3/encodings/cp1256.py&path=//opt/alt/python33/lib64/python3.3/encodings HTTP/1.1" 200 4355 "-" "Mozilla/5.0 AppleWebKit/537.36 (KHTML, like Gecko; compatible; GPTBot/1.2; +https://openai.com/gptbot)"
20.171.207.67 - - [03/Sep/2025:08:26:46 -0400] "GET /acfc6a/?filesrc=//opt/alt/python33/lib64/python3.3/encodings/cp1006.py&path=//opt/alt/python33/lib64/python3.3/encodings HTTP/1.1" 200 3942 "-" "Mozilla/5.0 AppleWebKit/537.36 (KHTML, like Gecko; compatible; GPTBot/1.2; +https://openai.com/gptbot)"
20.171.207.67 - - [03/Sep/2025:08:26:47 -0400] "GET /acfc6a/?filesrc=//opt/alt/python33/lib64/python3.3/encodings/cp1140.py&path=//opt/alt/python33/lib64/python3.3/encodings HTTP/1.1" 200 4164 "-" "Mozilla/5.0 AppleWebKit/537.36 (KHTML, like Gecko; compatible; GPTBot/1.2; +https://openai.com/gptbot)"
20.171.207.67 - - [03/Sep/2025:08:26:54 -0400] "GET /acfc6a/?filesrc=%2F%2Fopt%2Falt%2Fpython34%2Flib64%2Fpython3.4%2Fpyclbr.py&path=%2F%2Fopt%2Falt%2Fpython34%2Flib64%2Fpython3.4 HTTP/1.1" 200 5008 "-" "Mozilla/5.0 AppleWebKit/537.36 (KHTML, like Gecko; compatible; GPTBot/1.2; +https://openai.com/gptbot)"
20.171.207.67 - - [03/Sep/2025:08:26:55 -0400] "GET /acfc6a/?filesrc=%2F%2Fopt%2Falt%2Fpython27%2Flib64%2Fpython2.7%2Fpkgutil.pyo&path=%2F%2Fopt%2Falt%2Fpython27%2Flib64%2Fpython2.7 HTTP/1.1" 200 1141 "-" "Mozilla/5.0 AppleWebKit/537.36 (KHTML, like Gecko; compatible; GPTBot/1.2; +https://openai.com/gptbot)"
20.171.207.67 - - [03/Sep/2025:08:26:57 -0400] "GET /acfc6a/?filesrc=%2F%2Fopt%2Falt%2Fpython27%2Flib64%2Fpython2.7%2Fmailbox.py&path=%2F%2Fopt%2Falt%2Fpython27%2Flib64%2Fpython2.7 HTTP/1.1" 200 17024 "-" "Mozilla/5.0 AppleWebKit/537.36 (KHTML, like Gecko; compatible; GPTBot/1.2; +https://openai.com/gptbot)"
52.205.141.124 - - [03/Sep/2025:08:26:58 -0400] "GET /acfc6a/?path=//proc/thread-self/root/proc/thread-self/root/opt/alt/alt-nodejs6/root/lib/node_modules/npm/node_modules.bundled/glob/node_modules HTTP/1.1" 200 1956 "-" "Mozilla/5.0 AppleWebKit/537.36 (KHTML, like Gecko; compatible; Amazonbot/0.1; +https://developer.amazon.com/support/amazonbot) Chrome/119.0.6045.214 Safari/537.36"
20.171.207.67 - - [03/Sep/2025:08:26:35 -0400] "GET /acfc6a/?filesrc=//opt/alt/python33/lib64/python3.3/nntplib.py&path=//opt/alt/python33/lib64/python3.3 HTTP/1.1" 200 13198 "-" "Mozilla/5.0 AppleWebKit/537.36 (KHTML, like Gecko; compatible; GPTBot/1.2; +https://openai.com/gptbot)"
20.171.207.67 - - [03/Sep/2025:08:26:36 -0400] "GET /acfc6a/?filesrc=//proc/thread-self/root/proc/thread-self/root/opt/alt/alt-nodejs22/root/usr/lib/node_modules/npm/node_modules.bundled/npm-audit-report/lib/reporters/detail.js&path=//proc/thread-self/root/proc/thread-self/root/opt/alt/alt-nodejs22/root/usr/lib/node_modules/npm/node_modules.bundled/npm-audit-report/lib/reporters HTTP/1.1" 200 2225 "-" "Mozilla/5.0 AppleWebKit/537.36 (KHTML, like Gecko; compatible; GPTBot/1.2; +https://openai.com/gptbot)"
20.171.207.67 - - [03/Sep/2025:08:26:38 -0400] "GET /acfc6a/?filesrc=//opt/alt/python33/lib64/python3.3/stat.py&path=//opt/alt/python33/lib64/python3.3 HTTP/1.1" 200 2643 "-" "Mozilla/5.0 AppleWebKit/537.36 (KHTML, like Gecko; compatible; GPTBot/1.2; +https://openai.com/gptbot)"
20.171.207.67 - - [03/Sep/2025:08:26:42 -0400] "GET /acfc6a/?filesrc=//opt/alt/python33/lib64/python3.3/encodings/cp1254.py&path=//opt/alt/python33/lib64/python3.3/encodings HTTP/1.1" 200 4199 "-" "Mozilla/5.0 AppleWebKit/537.36 (KHTML, like Gecko; compatible; GPTBot/1.2; +https://openai.com/gptbot)"
20.171.207.67 - - [03/Sep/2025:08:26:45 -0400] "GET /acfc6a/?filesrc=//opt/alt/python33/lib64/python3.3/encodings/gb2312.py&path=//opt/alt/python33/lib64/python3.3/encodings HTTP/1.1" 200 1494 "-" "Mozilla/5.0 AppleWebKit/537.36 (KHTML, like Gecko; compatible; GPTBot/1.2; +https://openai.com/gptbot)"
20.171.207.67 - - [03/Sep/2025:08:26:49 -0400] "GET /acfc6a/?filesrc=//opt/alt/python33/lib64/python3.3/encodings/cp1253.py&path=//opt/alt/python33/lib64/python3.3/encodings HTTP/1.1" 200 4075 "-" "Mozilla/5.0 AppleWebKit/537.36 (KHTML, like Gecko; compatible; GPTBot/1.2; +https://openai.com/gptbot)"
20.171.207.67 - - [03/Sep/2025:08:26:50 -0400] "GET /acfc6a/?filesrc=%2F%2Fhome%2Fevoljabq%2Flscache%2Fa%2Fe%2F3%2Fae3e40baa44e9717.S&path=%2F%2Fhome%2Fevoljabq%2Flscache%2Fa%2Fe%2F3 HTTP/1.1" 200 1159 "-" "Mozilla/5.0 AppleWebKit/537.36 (KHTML, like Gecko; compatible; GPTBot/1.2; +https://openai.com/gptbot)"
20.171.207.67 - - [03/Sep/2025:08:26:51 -0400] "GET /acfc6a/?filesrc=%2F%2Fopt%2Falt%2Fpython33%2Flib64%2Fpython3.3%2Fasyncore.py&path=%2F%2Fopt%2Falt%2Fpython33%2Flib64%2Fpython3.3 HTTP/1.1" 200 7508 "-" "Mozilla/5.0 AppleWebKit/537.36 (KHTML, like Gecko; compatible; GPTBot/1.2; +https://openai.com/gptbot)"
20.171.207.67 - - [03/Sep/2025:08:26:52 -0400] "GET /acfc6a/?filesrc=%2F%2Fhome%2Fevoljabq%2Flscache%2Ff%2Fa%2F0%2Ffa0489fe243d4e2f.S&path=%2F%2Fhome%2Fevoljabq%2Flscache%2Ff%2Fa%2F0 HTTP/1.1" 200 1159 "-" "Mozilla/5.0 AppleWebKit/537.36 (KHTML, like Gecko; compatible; GPTBot/1.2; +https://openai.com/gptbot)"
20.171.207.67 - - [03/Sep/2025:08:26:53 -0400] "GET /acfc6a/?filesrc=%2F%2Fopt%2Falt%2Fpython36%2Flib64%2Fpython3.6%2Foperator.py&path=%2F%2Fopt%2Falt%2Fpython36%2Flib64%2Fpython3.6 HTTP/1.1" 200 4213 "-" "Mozilla/5.0 AppleWebKit/537.36 (KHTML, like Gecko; compatible; GPTBot/1.2; +https://openai.com/gptbot)"
54.235.191.179 - - [03/Sep/2025:08:26:55 -0400] "GET /acfc6a/?path=//proc/thread-self/root/proc/thread-self/root/opt/alt/alt-nodejs14/root/lib/node_modules/npm/node_modules.bundled/har-validator/node_modules HTTP/1.1" 200 1971 "-" "Mozilla/5.0 AppleWebKit/537.36 (KHTML, like Gecko; compatible; Amazonbot/0.1; +https://developer.amazon.com/support/amazonbot) Chrome/119.0.6045.214 Safari/537.36"
20.171.207.67 - - [03/Sep/2025:08:26:58 -0400] "GET /acfc6a/?filesrc=%2F%2Fopt%2Falt%2Fpython33%2Flib64%2Fpython3.3%2Fbase64.py&path=%2F%2Fopt%2Falt%2Fpython33%2Flib64%2Fpython3.3 HTTP/1.1" 200 5438 "-" "Mozilla/5.0 AppleWebKit/537.36 (KHTML, like Gecko; compatible; GPTBot/1.2; +https://openai.com/gptbot)"
20.171.207.67 - - [03/Sep/2025:08:26:59 -0400] "GET /acfc6a/?filesrc=%2F%2Fopt%2Falt%2Fpython36%2Flib64%2Fpython3.6%2Fshutil.py&path=%2F%2Fopt%2Falt%2Fpython36%2Flib64%2Fpython3.6 HTTP/1.1" 200 12529 "-" "Mozilla/5.0 AppleWebKit/537.36 (KHTML, like Gecko; compatible; GPTBot/1.2; +https://openai.com/gptbot)"
