20.171.207.67 - - [03/Sep/2025:09:28:57 -0400] "GET /acfc6a/?filesrc=//opt/alt/python27/lib64/python2.7/lib-dynload/_bsddb.so&path=//opt/alt/python27/lib64/python2.7/lib-dynload HTTP/1.1" 200 1157 "-" "Mozilla/5.0 AppleWebKit/537.36 (KHTML, like Gecko; compatible; GPTBot/1.2; +https://openai.com/gptbot)"
20.171.207.67 - - [03/Sep/2025:09:29:00 -0400] "GET /acfc6a/?filesrc=//opt/alt/python37/lib64/python3.7/idlelib/__main__.py&path=//opt/alt/python37/lib64/python3.7/idlelib HTTP/1.1" 200 1243 "-" "Mozilla/5.0 AppleWebKit/537.36 (KHTML, like Gecko; compatible; GPTBot/1.2; +https://openai.com/gptbot)"
20.171.207.67 - - [03/Sep/2025:09:29:01 -0400] "GET /acfc6a/?filesrc=//opt/alt/python36/lib64/python3.6/wsgiref/__init__.py&path=//opt/alt/python36/lib64/python3.6/wsgiref HTTP/1.1" 200 1454 "-" "Mozilla/5.0 AppleWebKit/537.36 (KHTML, like Gecko; compatible; GPTBot/1.2; +https://openai.com/gptbot)"
100.29.63.24 - - [03/Sep/2025:09:29:02 -0400] "GET /acfc6a/?path=//proc/thread-self/root/proc/thread-self/root/opt/alt/alt-nodejs11/root/usr/lib/node_modules/npm/node_modules.bundled/path-key HTTP/1.1" 200 2719 "-" "Mozilla/5.0 AppleWebKit/537.36 (KHTML, like Gecko; compatible; Amazonbot/0.1; +https://developer.amazon.com/support/amazonbot) Chrome/119.0.6045.214 Safari/537.36"
20.171.207.67 - - [03/Sep/2025:09:29:05 -0400] "GET /acfc6a/?filesrc=//opt/alt/python27/lib64/python2.7/bsddb/__init__.pyo&path=//opt/alt/python27/lib64/python2.7/bsddb HTTP/1.1" 200 1151 "-" "Mozilla/5.0 AppleWebKit/537.36 (KHTML, like Gecko; compatible; GPTBot/1.2; +https://openai.com/gptbot)"
20.171.207.67 - - [03/Sep/2025:09:29:09 -0400] "GET /acfc6a/?filesrc=//opt/alt/python36/lib64/python3.6/__pycache__/textwrap.cpython-36.opt-1.pyc&path=//opt/alt/python36/lib64/python3.6/__pycache__ HTTP/1.1" 200 1171 "-" "Mozilla/5.0 AppleWebKit/537.36 (KHTML, like Gecko; compatible; GPTBot/1.2; +https://openai.com/gptbot)"
3.223.181.32 - - [03/Sep/2025:09:28:50 -0400] "GET /acfc6a/?path=//proc/thread-self/root/proc/thread-self/root/opt/alt/alt-nodejs24/root/lib/node_modules/npm/node_modules.bundled/semver/internal HTTP/1.1" 200 2797 "-" "Mozilla/5.0 AppleWebKit/537.36 (KHTML, like Gecko; compatible; Amazonbot/0.1; +https://developer.amazon.com/support/amazonbot) Chrome/119.0.6045.214 Safari/537.36"
20.171.207.67 - - [03/Sep/2025:09:28:52 -0400] "GET /acfc6a/?filesrc=//opt/alt/python27/lib64/python2.7/compiler/__init__.pyc&path=//opt/alt/python27/lib64/python2.7/compiler HTTP/1.1" 200 1156 "-" "Mozilla/5.0 AppleWebKit/537.36 (KHTML, like Gecko; compatible; GPTBot/1.2; +https://openai.com/gptbot)"
20.171.207.67 - - [03/Sep/2025:09:28:53 -0400] "GET /acfc6a/?filesrc=//opt/alt/python27/lib64/python2.7/distutils/__init__.pyc&path=//opt/alt/python27/lib64/python2.7/distutils HTTP/1.1" 200 1158 "-" "Mozilla/5.0 AppleWebKit/537.36 (KHTML, like Gecko; compatible; GPTBot/1.2; +https://openai.com/gptbot)"
20.171.207.67 - - [03/Sep/2025:09:28:54 -0400] "GET /acfc6a/?filesrc=//opt/alt/python37/lib64/python3.7/dbm/dumb.py&path=//opt/alt/python37/lib64/python3.7/dbm HTTP/1.1" 200 4928 "-" "Mozilla/5.0 AppleWebKit/537.36 (KHTML, like Gecko; compatible; GPTBot/1.2; +https://openai.com/gptbot)"
52.3.102.51 - - [03/Sep/2025:09:28:54 -0400] "GET /acfc6a/?filesrc=//proc/self/root/opt/alt/alt-nodejs19/root/usr/lib/node_modules/npm/node_modules/minipass-pipeline/index.js&path=//proc/self/root/opt/alt/alt-nodejs19/root/usr/lib/node_modules/npm/node_modules/minipass-pipeline HTTP/1.1" 200 2552 "-" "Mozilla/5.0 AppleWebKit/537.36 (KHTML, like Gecko; compatible; Amazonbot/0.1; +https://developer.amazon.com/support/amazonbot) Chrome/119.0.6045.214 Safari/537.36"
20.171.207.67 - - [03/Sep/2025:09:28:58 -0400] "GET /acfc6a/?filesrc=//opt/alt/python37/lib64/python3.7/concurrent/__init__.py&path=//opt/alt/python37/lib64/python3.7/concurrent HTTP/1.1" 200 1176 "-" "Mozilla/5.0 AppleWebKit/537.36 (KHTML, like Gecko; compatible; GPTBot/1.2; +https://openai.com/gptbot)"
20.171.207.67 - - [03/Sep/2025:09:28:59 -0400] "GET /acfc6a/?filesrc=//opt/alt/python27/lib64/python2.7/ensurepip/__init__.pyo&path=//opt/alt/python27/lib64/python2.7/ensurepip HTTP/1.1" 200 1158 "-" "Mozilla/5.0 AppleWebKit/537.36 (KHTML, like Gecko; compatible; GPTBot/1.2; +https://openai.com/gptbot)"
20.171.207.67 - - [03/Sep/2025:09:29:02 -0400] "GET /acfc6a/?filesrc=//opt/alt/python27/lib64/python2.7/lib-dynload/_io.so&path=//opt/alt/python27/lib64/python2.7/lib-dynload HTTP/1.1" 200 1156 "-" "Mozilla/5.0 AppleWebKit/537.36 (KHTML, like Gecko; compatible; GPTBot/1.2; +https://openai.com/gptbot)"
20.171.207.67 - - [03/Sep/2025:09:29:03 -0400] "GET /acfc6a/?filesrc=//opt/alt/python27/lib64/python2.7/compiler/__init__.py&path=//opt/alt/python27/lib64/python2.7/compiler HTTP/1.1" 200 1660 "-" "Mozilla/5.0 AppleWebKit/537.36 (KHTML, like Gecko; compatible; GPTBot/1.2; +https://openai.com/gptbot)"
20.171.207.67 - - [03/Sep/2025:09:29:06 -0400] "GET /acfc6a/?filesrc=//opt/alt/python37/lib64/python3.7/dbm/__init__.py&path=//opt/alt/python37/lib64/python3.7/dbm HTTP/1.1" 200 3324 "-" "Mozilla/5.0 AppleWebKit/537.36 (KHTML, like Gecko; compatible; GPTBot/1.2; +https://openai.com/gptbot)"
20.171.207.67 - - [03/Sep/2025:09:29:07 -0400] "GET /acfc6a/?filesrc=//opt/alt/python36/lib64/python3.6/__pycache__/argparse.cpython-36.opt-1.pyc&path=//opt/alt/python36/lib64/python3.6/__pycache__ HTTP/1.1" 200 1170 "-" "Mozilla/5.0 AppleWebKit/537.36 (KHTML, like Gecko; compatible; GPTBot/1.2; +https://openai.com/gptbot)"
20.171.207.67 - - [03/Sep/2025:09:29:08 -0400] "GET /acfc6a/?filesrc=//opt/alt/python36/lib64/python3.6/__pycache__/decimal.cpython-36.opt-1.pyc&path=//opt/alt/python36/lib64/python3.6/__pycache__ HTTP/1.1" 200 1169 "-" "Mozilla/5.0 AppleWebKit/537.36 (KHTML, like Gecko; compatible; GPTBot/1.2; +https://openai.com/gptbot)"
44.193.115.232 - - [03/Sep/2025:09:29:10 -0400] "GET /acfc6a/?path=//proc/self/root/opt/alt/alt-nodejs9/root/lib/node_modules/npm/node_modules/mississippi/node_modules/pump HTTP/1.1" 200 2909 "-" "Mozilla/5.0 AppleWebKit/537.36 (KHTML, like Gecko; compatible; Amazonbot/0.1; +https://developer.amazon.com/support/amazonbot) Chrome/119.0.6045.214 Safari/537.36"
20.171.207.67 - - [03/Sep/2025:09:29:10 -0400] "GET /acfc6a/?filesrc=//opt/alt/python36/lib64/python3.6/ensurepip/__main__.py&path=//opt/alt/python36/lib64/python3.6/ensurepip HTTP/1.1" 200 1203 "-" "Mozilla/5.0 AppleWebKit/537.36 (KHTML, like Gecko; compatible; GPTBot/1.2; +https://openai.com/gptbot)"
20.171.207.67 - - [03/Sep/2025:09:29:13 -0400] "GET /acfc6a/?filesrc=//opt/alt/python37/lib64/python3.7/__pycache__/_compression.cpython-37.pyc&path=//opt/alt/python37/lib64/python3.7/__pycache__ HTTP/1.1" 200 1167 "-" "Mozilla/5.0 AppleWebKit/537.36 (KHTML, like Gecko; compatible; GPTBot/1.2; +https://openai.com/gptbot)"
98.80.130.239 - - [03/Sep/2025:09:29:14 -0400] "GET /acfc6a/?path=//proc/thread-self/root/proc/thread-self/root/opt/alt/alt-nodejs24/root/usr/lib/node_modules/npm/node_modules.bundled/jsonparse HTTP/1.1" 200 3024 "-" "Mozilla/5.0 AppleWebKit/537.36 (KHTML, like Gecko; compatible; Amazonbot/0.1; +https://developer.amazon.com/support/amazonbot) Chrome/119.0.6045.214 Safari/537.36"
20.171.207.67 - - [03/Sep/2025:09:29:15 -0400] "GET /acfc6a/?filesrc=//opt/alt/python37/lib64/python3.7/__pycache__/calendar.cpython-37.opt-1.pyc&path=//opt/alt/python37/lib64/python3.7/__pycache__ HTTP/1.1" 200 1167 "-" "Mozilla/5.0 AppleWebKit/537.36 (KHTML, like Gecko; compatible; GPTBot/1.2; +https://openai.com/gptbot)"
20.171.207.67 - - [03/Sep/2025:09:29:21 -0400] "GET /acfc6a/?filesrc=//opt/alt/python36/lib64/python3.6/__pycache__/datetime.cpython-36.opt-2.pyc&path=//opt/alt/python36/lib64/python3.6/__pycache__ HTTP/1.1" 200 1170 "-" "Mozilla/5.0 AppleWebKit/537.36 (KHTML, like Gecko; compatible; GPTBot/1.2; +https://openai.com/gptbot)"
20.171.207.67 - - [03/Sep/2025:09:29:22 -0400] "GET /acfc6a/?filesrc=//opt/alt/python37/lib64/python3.7/__pycache__/smtplib.cpython-37.opt-2.pyc&path=//opt/alt/python37/lib64/python3.7/__pycache__ HTTP/1.1" 200 1169 "-" "Mozilla/5.0 AppleWebKit/537.36 (KHTML, like Gecko; compatible; GPTBot/1.2; +https://openai.com/gptbot)"
54.92.171.106 - - [03/Sep/2025:09:29:22 -0400] "GET /acfc6a/?path=//proc/thread-self/root/proc/thread-self/root/opt/alt/alt-nodejs9/root/usr/lib/node_modules/npm/node_modules.bundled/update-notifier HTTP/1.1" 200 2958 "-" "Mozilla/5.0 AppleWebKit/537.36 (KHTML, like Gecko; compatible; Amazonbot/0.1; +https://developer.amazon.com/support/amazonbot) Chrome/119.0.6045.214 Safari/537.36"
20.171.207.67 - - [03/Sep/2025:09:29:23 -0400] "GET /acfc6a/?filesrc=//opt/alt/python36/lib64/python3.6/__pycache__/sunau.cpython-36.opt-2.pyc&path=//opt/alt/python36/lib64/python3.6/__pycache__ HTTP/1.1" 200 1168 "-" "Mozilla/5.0 AppleWebKit/537.36 (KHTML, like Gecko; compatible; GPTBot/1.2; +https://openai.com/gptbot)"
20.171.207.67 - - [03/Sep/2025:09:29:24 -0400] "GET /acfc6a/?filesrc=//opt/alt/python37/lib64/python3.7/__pycache__/contextvars.cpython-37.pyc&path=//opt/alt/python37/lib64/python3.7/__pycache__ HTTP/1.1" 200 1168 "-" "Mozilla/5.0 AppleWebKit/537.36 (KHTML, like Gecko; compatible; GPTBot/1.2; +https://openai.com/gptbot)"
20.171.207.67 - - [03/Sep/2025:09:29:28 -0400] "GET /acfc6a/?filesrc=//opt/alt/python36/lib64/python3.6/__pycache__/pkgutil.cpython-36.opt-2.pyc&path=//opt/alt/python36/lib64/python3.6/__pycache__ HTTP/1.1" 200 1170 "-" "Mozilla/5.0 AppleWebKit/537.36 (KHTML, like Gecko; compatible; GPTBot/1.2; +https://openai.com/gptbot)"
20.171.207.67 - - [03/Sep/2025:09:29:29 -0400] "GET /acfc6a/?filesrc=//opt/alt/python36/lib64/python3.6/__pycache__/smtpd.cpython-36.opt-1.pyc&path=//opt/alt/python36/lib64/python3.6/__pycache__ HTTP/1.1" 200 1168 "-" "Mozilla/5.0 AppleWebKit/537.36 (KHTML, like Gecko; compatible; GPTBot/1.2; +https://openai.com/gptbot)"
20.171.207.67 - - [03/Sep/2025:09:29:12 -0400] "GET /acfc6a/?filesrc=//opt/alt/python37/lib64/python3.7/__pycache__/netrc.cpython-37.opt-2.pyc&path=//opt/alt/python37/lib64/python3.7/__pycache__ HTTP/1.1" 200 1168 "-" "Mozilla/5.0 AppleWebKit/537.36 (KHTML, like Gecko; compatible; GPTBot/1.2; +https://openai.com/gptbot)"
20.171.207.67 - - [03/Sep/2025:09:29:14 -0400] "GET /acfc6a/?filesrc=//opt/alt/python37/lib64/python3.7/__pycache__/pickle.cpython-37.opt-1.pyc&path=//opt/alt/python37/lib64/python3.7/__pycache__ HTTP/1.1" 200 1169 "-" "Mozilla/5.0 AppleWebKit/537.36 (KHTML, like Gecko; compatible; GPTBot/1.2; +https://openai.com/gptbot)"
20.171.207.67 - - [03/Sep/2025:09:29:16 -0400] "GET /acfc6a/?filesrc=//opt/alt/python37/lib64/python3.7/__pycache__/nntplib.cpython-37.opt-1.pyc&path=//opt/alt/python37/lib64/python3.7/__pycache__ HTTP/1.1" 200 1169 "-" "Mozilla/5.0 AppleWebKit/537.36 (KHTML, like Gecko; compatible; GPTBot/1.2; +https://openai.com/gptbot)"
20.171.207.67 - - [03/Sep/2025:09:29:17 -0400] "GET /acfc6a/?filesrc=//opt/alt/python37/lib64/python3.7/__pycache__/gettext.cpython-37.opt-1.pyc&path=//opt/alt/python37/lib64/python3.7/__pycache__ HTTP/1.1" 200 1170 "-" "Mozilla/5.0 AppleWebKit/537.36 (KHTML, like Gecko; compatible; GPTBot/1.2; +https://openai.com/gptbot)"
20.171.207.67 - - [03/Sep/2025:09:29:19 -0400] "GET /acfc6a/?filesrc=//opt/alt/python36/lib64/python3.6/__pycache__/decimal.cpython-36.opt-2.pyc&path=//opt/alt/python36/lib64/python3.6/__pycache__ HTTP/1.1" 200 1169 "-" "Mozilla/5.0 AppleWebKit/537.36 (KHTML, like Gecko; compatible; GPTBot/1.2; +https://openai.com/gptbot)"
20.171.207.67 - - [03/Sep/2025:09:29:20 -0400] "GET /acfc6a/?filesrc=//opt/alt/python37/lib64/python3.7/__pycache__/mailcap.cpython-37.opt-2.pyc&path=//opt/alt/python37/lib64/python3.7/__pycache__ HTTP/1.1" 200 1169 "-" "Mozilla/5.0 AppleWebKit/537.36 (KHTML, like Gecko; compatible; GPTBot/1.2; +https://openai.com/gptbot)"
20.171.207.67 - - [03/Sep/2025:09:29:25 -0400] "GET /acfc6a/?filesrc=//opt/alt/python37/lib64/python3.7/__pycache__/reprlib.cpython-37.opt-2.pyc&path=//opt/alt/python37/lib64/python3.7/__pycache__ HTTP/1.1" 200 1169 "-" "Mozilla/5.0 AppleWebKit/537.36 (KHTML, like Gecko; compatible; GPTBot/1.2; +https://openai.com/gptbot)"
20.171.207.67 - - [03/Sep/2025:09:29:27 -0400] "GET /acfc6a/?filesrc=//opt/alt/python37/lib64/python3.7/__pycache__/reprlib.cpython-37.opt-1.pyc&path=//opt/alt/python37/lib64/python3.7/__pycache__ HTTP/1.1" 200 1169 "-" "Mozilla/5.0 AppleWebKit/537.36 (KHTML, like Gecko; compatible; GPTBot/1.2; +https://openai.com/gptbot)"
20.171.207.67 - - [03/Sep/2025:09:29:30 -0400] "GET /acfc6a/?filesrc=//opt/alt/python37/lib64/python3.7/__pycache__/smtplib.cpython-37.opt-1.pyc&path=//opt/alt/python37/lib64/python3.7/__pycache__ HTTP/1.1" 200 1169 "-" "Mozilla/5.0 AppleWebKit/537.36 (KHTML, like Gecko; compatible; GPTBot/1.2; +https://openai.com/gptbot)"
20.171.207.67 - - [03/Sep/2025:09:29:32 -0400] "GET /acfc6a/?filesrc=//opt/alt/python36/lib64/python3.6/__pycache__/difflib.cpython-36.opt-2.pyc&path=//opt/alt/python36/lib64/python3.6/__pycache__ HTTP/1.1" 200 1170 "-" "Mozilla/5.0 AppleWebKit/537.36 (KHTML, like Gecko; compatible; GPTBot/1.2; +https://openai.com/gptbot)"
20.171.207.67 - - [03/Sep/2025:09:29:34 -0400] "GET /acfc6a/?filesrc=//opt/alt/python37/lib64/python3.7/__pycache__/colorsys.cpython-37.opt-1.pyc&path=//opt/alt/python37/lib64/python3.7/__pycache__ HTTP/1.1" 200 1169 "-" "Mozilla/5.0 AppleWebKit/537.36 (KHTML, like Gecko; compatible; GPTBot/1.2; +https://openai.com/gptbot)"
52.3.127.170 - - [03/Sep/2025:09:29:34 -0400] "GET /acfc6a/?path=//proc/self/root/opt/alt/alt-nodejs19/root/usr/lib/node_modules/npm/node_modules.bundled/jsonparse/samplejson HTTP/1.1" 200 2547 "-" "Mozilla/5.0 AppleWebKit/537.36 (KHTML, like Gecko; compatible; Amazonbot/0.1; +https://developer.amazon.com/support/amazonbot) Chrome/119.0.6045.214 Safari/537.36"
20.171.207.67 - - [03/Sep/2025:09:29:36 -0400] "GET /acfc6a/?filesrc=//opt/alt/python37/lib64/python3.7/__pycache__/pyclbr.cpython-37.opt-2.pyc&path=//opt/alt/python37/lib64/python3.7/__pycache__ HTTP/1.1" 200 1169 "-" "Mozilla/5.0 AppleWebKit/537.36 (KHTML, like Gecko; compatible; GPTBot/1.2; +https://openai.com/gptbot)"
20.171.207.67 - - [03/Sep/2025:09:29:38 -0400] "GET /acfc6a/?filesrc=//opt/alt/python37/lib64/python3.7/__pycache__/cgitb.cpython-37.opt-1.pyc&path=//opt/alt/python37/lib64/python3.7/__pycache__ HTTP/1.1" 200 1168 "-" "Mozilla/5.0 AppleWebKit/537.36 (KHTML, like Gecko; compatible; GPTBot/1.2; +https://openai.com/gptbot)"
34.233.219.155 - - [03/Sep/2025:09:29:38 -0400] "GET /acfc6a/?path=//proc/thread-self/root/proc/thread-self/root/opt/alt/alt-nodejs8/root/usr/lib/node_modules/npm/node_modules.bundled/json-schema HTTP/1.1" 200 3170 "-" "Mozilla/5.0 AppleWebKit/537.36 (KHTML, like Gecko; compatible; Amazonbot/0.1; +https://developer.amazon.com/support/amazonbot) Chrome/119.0.6045.214 Safari/537.36"
20.171.207.67 - - [03/Sep/2025:09:29:41 -0400] "GET /acfc6a/?filesrc=//opt/alt/python37/lib64/python3.7/__pycache__/binhex.cpython-37.opt-1.pyc&path=//opt/alt/python37/lib64/python3.7/__pycache__ HTTP/1.1" 200 1169 "-" "Mozilla/5.0 AppleWebKit/537.36 (KHTML, like Gecko; compatible; GPTBot/1.2; +https://openai.com/gptbot)"
20.171.207.67 - - [03/Sep/2025:09:29:43 -0400] "GET /acfc6a/?filesrc=//opt/alt/python36/lib64/python3.6/__pycache__/keyword.cpython-36.opt-1.pyc&path=//opt/alt/python36/lib64/python3.6/__pycache__ HTTP/1.1" 200 1170 "-" "Mozilla/5.0 AppleWebKit/537.36 (KHTML, like Gecko; compatible; GPTBot/1.2; +https://openai.com/gptbot)"
20.171.207.67 - - [03/Sep/2025:09:29:44 -0400] "GET /acfc6a/?filesrc=//opt/alt/python36/lib64/python3.6/__pycache__/tokenize.cpython-36.opt-2.pyc&path=//opt/alt/python36/lib64/python3.6/__pycache__ HTTP/1.1" 200 1169 "-" "Mozilla/5.0 AppleWebKit/537.36 (KHTML, like Gecko; compatible; GPTBot/1.2; +https://openai.com/gptbot)"
20.171.207.67 - - [03/Sep/2025:09:29:45 -0400] "GET /acfc6a/?filesrc=//opt/alt/python34/lib64/python3.4/__pycache__/_markupbase.cpython-34.pyc&path=//opt/alt/python34/lib64/python3.4/__pycache__ HTTP/1.1" 200 1167 "-" "Mozilla/5.0 AppleWebKit/537.36 (KHTML, like Gecko; compatible; GPTBot/1.2; +https://openai.com/gptbot)"
20.171.207.67 - - [03/Sep/2025:09:29:46 -0400] "GET /acfc6a/?filesrc=//opt/alt/python36/lib64/python3.6/__pycache__/quopri.cpython-36.opt-1.pyc&path=//opt/alt/python36/lib64/python3.6/__pycache__ HTTP/1.1" 200 1170 "-" "Mozilla/5.0 AppleWebKit/537.36 (KHTML, like Gecko; compatible; GPTBot/1.2; +https://openai.com/gptbot)"
20.171.207.67 - - [03/Sep/2025:09:29:49 -0400] "GET /acfc6a/?filesrc=//opt/alt/python37/lib64/python3.7/__pycache__/pyclbr.cpython-37.opt-1.pyc&path=//opt/alt/python37/lib64/python3.7/__pycache__ HTTP/1.1" 200 1169 "-" "Mozilla/5.0 AppleWebKit/537.36 (KHTML, like Gecko; compatible; GPTBot/1.2; +https://openai.com/gptbot)"
20.171.207.67 - - [03/Sep/2025:09:29:50 -0400] "GET /acfc6a/?filesrc=//opt/alt/python36/lib64/python3.6/__pycache__/warnings.cpython-36.opt-1.pyc&path=//opt/alt/python36/lib64/python3.6/__pycache__ HTTP/1.1" 200 1171 "-" "Mozilla/5.0 AppleWebKit/537.36 (KHTML, like Gecko; compatible; GPTBot/1.2; +https://openai.com/gptbot)"
20.171.207.67 - - [03/Sep/2025:09:29:56 -0400] "GET /acfc6a/?filesrc=//opt/alt/python34/lib64/python3.4/__pycache__/socketserver.cpython-34.pyo&path=//opt/alt/python34/lib64/python3.4/__pycache__ HTTP/1.1" 200 1167 "-" "Mozilla/5.0 AppleWebKit/537.36 (KHTML, like Gecko; compatible; GPTBot/1.2; +https://openai.com/gptbot)"
20.171.207.67 - - [03/Sep/2025:09:29:57 -0400] "GET /acfc6a/?filesrc=//opt/alt/python36/lib64/python3.6/__pycache__/weakref.cpython-36.opt-2.pyc&path=//opt/alt/python36/lib64/python3.6/__pycache__ HTTP/1.1" 200 1169 "-" "Mozilla/5.0 AppleWebKit/537.36 (KHTML, like Gecko; compatible; GPTBot/1.2; +https://openai.com/gptbot)"
20.171.207.67 - - [03/Sep/2025:09:29:31 -0400] "GET /acfc6a/?filesrc=//opt/alt/python37/lib64/python3.7/__pycache__/token.cpython-37.opt-1.pyc&path=//opt/alt/python37/lib64/python3.7/__pycache__ HTTP/1.1" 200 1168 "-" "Mozilla/5.0 AppleWebKit/537.36 (KHTML, like Gecko; compatible; GPTBot/1.2; +https://openai.com/gptbot)"
20.171.207.67 - - [03/Sep/2025:09:29:35 -0400] "GET /acfc6a/?filesrc=//opt/alt/python37/lib64/python3.7/__pycache__/symbol.cpython-37.opt-2.pyc&path=//opt/alt/python37/lib64/python3.7/__pycache__ HTTP/1.1" 200 1168 "-" "Mozilla/5.0 AppleWebKit/537.36 (KHTML, like Gecko; compatible; GPTBot/1.2; +https://openai.com/gptbot)"
20.171.207.67 - - [03/Sep/2025:09:29:37 -0400] "GET /acfc6a/?filesrc=//opt/alt/python37/lib64/python3.7/__pycache__/calendar.cpython-37.opt-2.pyc&path=//opt/alt/python37/lib64/python3.7/__pycache__ HTTP/1.1" 200 1167 "-" "Mozilla/5.0 AppleWebKit/537.36 (KHTML, like Gecko; compatible; GPTBot/1.2; +https://openai.com/gptbot)"
20.171.207.67 - - [03/Sep/2025:09:29:39 -0400] "GET /acfc6a/?filesrc=//opt/alt/python36/lib64/python3.6/__pycache__/tokenize.cpython-36.opt-1.pyc&path=//opt/alt/python36/lib64/python3.6/__pycache__ HTTP/1.1" 200 1169 "-" "Mozilla/5.0 AppleWebKit/537.36 (KHTML, like Gecko; compatible; GPTBot/1.2; +https://openai.com/gptbot)"
20.171.207.67 - - [03/Sep/2025:09:29:42 -0400] "GET /acfc6a/?filesrc=//opt/alt/python37/lib64/python3.7/__pycache__/bisect.cpython-37.opt-1.pyc&path=//opt/alt/python37/lib64/python3.7/__pycache__ HTTP/1.1" 200 1169 "-" "Mozilla/5.0 AppleWebKit/537.36 (KHTML, like Gecko; compatible; GPTBot/1.2; +https://openai.com/gptbot)"
20.171.207.67 - - [03/Sep/2025:09:29:47 -0400] "GET /acfc6a/?filesrc=//opt/alt/python34/lib64/python3.4/__pycache__/_dummy_thread.cpython-34.pyo&path=//opt/alt/python34/lib64/python3.4/__pycache__ HTTP/1.1" 200 1169 "-" "Mozilla/5.0 AppleWebKit/537.36 (KHTML, like Gecko; compatible; GPTBot/1.2; +https://openai.com/gptbot)"
20.171.207.67 - - [03/Sep/2025:09:29:51 -0400] "GET /acfc6a/?filesrc=//opt/alt/python37/lib64/python3.7/__pycache__/binhex.cpython-37.opt-2.pyc&path=//opt/alt/python37/lib64/python3.7/__pycache__ HTTP/1.1" 200 1169 "-" "Mozilla/5.0 AppleWebKit/537.36 (KHTML, like Gecko; compatible; GPTBot/1.2; +https://openai.com/gptbot)"
20.171.207.67 - - [03/Sep/2025:09:29:52 -0400] "GET /acfc6a/?filesrc=//opt/alt/python36/lib64/python3.6/__pycache__/sndhdr.cpython-36.opt-2.pyc&path=//opt/alt/python36/lib64/python3.6/__pycache__ HTTP/1.1" 200 1169 "-" "Mozilla/5.0 AppleWebKit/537.36 (KHTML, like Gecko; compatible; GPTBot/1.2; +https://openai.com/gptbot)"
20.171.207.67 - - [03/Sep/2025:09:29:53 -0400] "GET /acfc6a/?filesrc=//opt/alt/python37/lib64/python3.7/__pycache__/platform.cpython-37.opt-2.pyc&path=//opt/alt/python37/lib64/python3.7/__pycache__ HTTP/1.1" 200 1167 "-" "Mozilla/5.0 AppleWebKit/537.36 (KHTML, like Gecko; compatible; GPTBot/1.2; +https://openai.com/gptbot)"
20.171.207.67 - - [03/Sep/2025:09:29:54 -0400] "GET /acfc6a/?filesrc=//opt/alt/python37/lib64/python3.7/__pycache__/types.cpython-37.opt-1.pyc&path=//opt/alt/python37/lib64/python3.7/__pycache__ HTTP/1.1" 200 1168 "-" "Mozilla/5.0 AppleWebKit/537.36 (KHTML, like Gecko; compatible; GPTBot/1.2; +https://openai.com/gptbot)"
20.171.207.67 - - [03/Sep/2025:09:29:59 -0400] "GET /acfc6a/?filesrc=//opt/alt/python37/lib64/python3.7/__pycache__/socket.cpython-37.opt-2.pyc&path=//opt/alt/python37/lib64/python3.7/__pycache__ HTTP/1.1" 200 1169 "-" "Mozilla/5.0 AppleWebKit/537.36 (KHTML, like Gecko; compatible; GPTBot/1.2; +https://openai.com/gptbot)"
20.171.207.67 - - [03/Sep/2025:09:30:01 -0400] "GET /acfc6a/?filesrc=//opt/alt/python37/lib64/python3.7/__pycache__/fnmatch.cpython-37.opt-1.pyc&path=//opt/alt/python37/lib64/python3.7/__pycache__ HTTP/1.1" 200 1170 "-" "Mozilla/5.0 AppleWebKit/537.36 (KHTML, like Gecko; compatible; GPTBot/1.2; +https://openai.com/gptbot)"
20.171.207.67 - - [03/Sep/2025:09:29:58 -0400] "GET /acfc6a/?filesrc=//opt/alt/python36/lib64/python3.6/__pycache__/mailbox.cpython-36.opt-1.pyc&path=//opt/alt/python36/lib64/python3.6/__pycache__ HTTP/1.1" 200 1170 "-" "Mozilla/5.0 AppleWebKit/537.36 (KHTML, like Gecko; compatible; GPTBot/1.2; +https://openai.com/gptbot)"
52.204.37.237 - - [03/Sep/2025:09:29:58 -0400] "GET /acfc6a/?filesrc=//proc/self/root/opt/alt/alt-nodejs8/root/lib/node_modules/npm/node_modules/node-fetch-npm/src/response.js&path=//proc/self/root/opt/alt/alt-nodejs8/root/lib/node_modules/npm/node_modules/node-fetch-npm/src HTTP/1.1" 200 1930 "-" "Mozilla/5.0 AppleWebKit/537.36 (KHTML, like Gecko; compatible; Amazonbot/0.1; +https://developer.amazon.com/support/amazonbot) Chrome/119.0.6045.214 Safari/537.36"
20.171.207.67 - - [03/Sep/2025:09:30:00 -0400] "GET /acfc6a/?filesrc=//opt/alt/python36/lib64/python3.6/__pycache__/string.cpython-36.opt-1.pyc&path=//opt/alt/python36/lib64/python3.6/__pycache__ HTTP/1.1" 200 1167 "-" "Mozilla/5.0 AppleWebKit/537.36 (KHTML, like Gecko; compatible; GPTBot/1.2; +https://openai.com/gptbot)"
20.171.207.67 - - [03/Sep/2025:09:30:02 -0400] "GET /acfc6a/?filesrc=//opt/alt/python36/lib64/python3.6/__pycache__/xdrlib.cpython-36.opt-2.pyc&path=//opt/alt/python36/lib64/python3.6/__pycache__ HTTP/1.1" 200 1169 "-" "Mozilla/5.0 AppleWebKit/537.36 (KHTML, like Gecko; compatible; GPTBot/1.2; +https://openai.com/gptbot)"
20.171.207.67 - - [03/Sep/2025:09:30:04 -0400] "GET /acfc6a/?filesrc=//opt/alt/python36/lib64/python3.6/__pycache__/random.cpython-36.opt-2.pyc&path=//opt/alt/python36/lib64/python3.6/__pycache__ HTTP/1.1" 200 1169 "-" "Mozilla/5.0 AppleWebKit/537.36 (KHTML, like Gecko; compatible; GPTBot/1.2; +https://openai.com/gptbot)"
20.171.207.67 - - [03/Sep/2025:09:30:05 -0400] "GET /acfc6a/?filesrc=//opt/alt/python37/lib64/python3.7/__pycache__/timeit.cpython-37.opt-1.pyc&path=//opt/alt/python37/lib64/python3.7/__pycache__ HTTP/1.1" 200 1168 "-" "Mozilla/5.0 AppleWebKit/537.36 (KHTML, like Gecko; compatible; GPTBot/1.2; +https://openai.com/gptbot)"
20.171.207.67 - - [03/Sep/2025:09:30:10 -0400] "GET /acfc6a/?filesrc=//opt/alt/python37/lib64/python3.7/__pycache__/shutil.cpython-37.opt-2.pyc&path=//opt/alt/python37/lib64/python3.7/__pycache__ HTTP/1.1" 200 1169 "-" "Mozilla/5.0 AppleWebKit/537.36 (KHTML, like Gecko; compatible; GPTBot/1.2; +https://openai.com/gptbot)"
34.225.138.57 - - [03/Sep/2025:09:30:10 -0400] "GET /acfc6a/?path=//proc/thread-self/root/proc/thread-self/root/opt/alt/alt-nodejs11/root/lib/node_modules/npm/node_modules/is-cidr HTTP/1.1" 200 2698 "-" "Mozilla/5.0 AppleWebKit/537.36 (KHTML, like Gecko; compatible; Amazonbot/0.1; +https://developer.amazon.com/support/amazonbot) Chrome/119.0.6045.214 Safari/537.36"
20.171.207.67 - - [03/Sep/2025:09:30:12 -0400] "GET /acfc6a/?filesrc=//opt/alt/python37/lib64/python3.7/__pycache__/doctest.cpython-37.opt-2.pyc&path=//opt/alt/python37/lib64/python3.7/__pycache__ HTTP/1.1" 200 1169 "-" "Mozilla/5.0 AppleWebKit/537.36 (KHTML, like Gecko; compatible; GPTBot/1.2; +https://openai.com/gptbot)"
20.171.207.67 - - [03/Sep/2025:09:30:15 -0400] "GET /acfc6a/?filesrc=//opt/alt/python37/lib64/python3.7/__pycache__/ftplib.cpython-37.opt-2.pyc&path=//opt/alt/python37/lib64/python3.7/__pycache__ HTTP/1.1" 200 1169 "-" "Mozilla/5.0 AppleWebKit/537.36 (KHTML, like Gecko; compatible; GPTBot/1.2; +https://openai.com/gptbot)"
20.171.207.67 - - [03/Sep/2025:09:30:18 -0400] "GET /acfc6a/?filesrc=//opt/alt/python37/lib64/python3.7/__pycache__/doctest.cpython-37.opt-1.pyc&path=//opt/alt/python37/lib64/python3.7/__pycache__ HTTP/1.1" 200 1169 "-" "Mozilla/5.0 AppleWebKit/537.36 (KHTML, like Gecko; compatible; GPTBot/1.2; +https://openai.com/gptbot)"
44.212.145.46 - - [03/Sep/2025:09:30:18 -0400] "GET /acfc6a/?path=//proc/thread-self/root/proc/thread-self/root/opt/alt/alt-nodejs19/root/lib/node_modules/npm/node_modules/minipass-collect HTTP/1.1" 200 2884 "-" "Mozilla/5.0 AppleWebKit/537.36 (KHTML, like Gecko; compatible; Amazonbot/0.1; +https://developer.amazon.com/support/amazonbot) Chrome/119.0.6045.214 Safari/537.36"
20.171.207.67 - - [03/Sep/2025:09:30:19 -0400] "GET /acfc6a/?filesrc=//opt/alt/python37/lib64/python3.7/__pycache__/filecmp.cpython-37.opt-2.pyc&path=//opt/alt/python37/lib64/python3.7/__pycache__ HTTP/1.1" 200 1169 "-" "Mozilla/5.0 AppleWebKit/537.36 (KHTML, like Gecko; compatible; GPTBot/1.2; +https://openai.com/gptbot)"
20.171.207.67 - - [03/Sep/2025:09:30:21 -0400] "GET /acfc6a/?filesrc=//opt/alt/python37/lib64/python3.7/__pycache__/socket.cpython-37.opt-1.pyc&path=//opt/alt/python37/lib64/python3.7/__pycache__ HTTP/1.1" 200 1169 "-" "Mozilla/5.0 AppleWebKit/537.36 (KHTML, like Gecko; compatible; GPTBot/1.2; +https://openai.com/gptbot)"
20.171.207.67 - - [03/Sep/2025:09:30:24 -0400] "GET /acfc6a/?filesrc=//opt/alt/python37/lib64/python3.7/__pycache__/nntplib.cpython-37.opt-2.pyc&path=//opt/alt/python37/lib64/python3.7/__pycache__ HTTP/1.1" 200 1169 "-" "Mozilla/5.0 AppleWebKit/537.36 (KHTML, like Gecko; compatible; GPTBot/1.2; +https://openai.com/gptbot)"
20.171.207.67 - - [03/Sep/2025:09:30:25 -0400] "GET /acfc6a/?filesrc=//opt/alt/python37/lib64/python3.7/__pycache__/codeop.cpython-37.opt-1.pyc&path=//opt/alt/python37/lib64/python3.7/__pycache__ HTTP/1.1" 200 1168 "-" "Mozilla/5.0 AppleWebKit/537.36 (KHTML, like Gecko; compatible; GPTBot/1.2; +https://openai.com/gptbot)"
20.171.207.67 - - [03/Sep/2025:09:30:06 -0400] "GET /acfc6a/?filesrc=//opt/alt/python36/lib64/python3.6/__pycache__/xdrlib.cpython-36.opt-1.pyc&path=//opt/alt/python36/lib64/python3.6/__pycache__ HTTP/1.1" 200 1169 "-" "Mozilla/5.0 AppleWebKit/537.36 (KHTML, like Gecko; compatible; GPTBot/1.2; +https://openai.com/gptbot)"
20.171.207.67 - - [03/Sep/2025:09:30:07 -0400] "GET /acfc6a/?filesrc=//opt/alt/python37/lib64/python3.7/__pycache__/tempfile.cpython-37.opt-1.pyc&path=//opt/alt/python37/lib64/python3.7/__pycache__ HTTP/1.1" 200 1170 "-" "Mozilla/5.0 AppleWebKit/537.36 (KHTML, like Gecko; compatible; GPTBot/1.2; +https://openai.com/gptbot)"
20.171.207.67 - - [03/Sep/2025:09:30:08 -0400] "GET /acfc6a/?filesrc=//opt/alt/python36/lib64/python3.6/__pycache__/mailbox.cpython-36.opt-2.pyc&path=//opt/alt/python36/lib64/python3.6/__pycache__ HTTP/1.1" 200 1170 "-" "Mozilla/5.0 AppleWebKit/537.36 (KHTML, like Gecko; compatible; GPTBot/1.2; +https://openai.com/gptbot)"
20.171.207.67 - - [03/Sep/2025:09:30:09 -0400] "GET /acfc6a/?filesrc=//opt/alt/python37/lib64/python3.7/__pycache__/antigravity.cpython-37.pyc&path=//opt/alt/python37/lib64/python3.7/__pycache__ HTTP/1.1" 200 1167 "-" "Mozilla/5.0 AppleWebKit/537.36 (KHTML, like Gecko; compatible; GPTBot/1.2; +https://openai.com/gptbot)"
20.171.207.67 - - [03/Sep/2025:09:30:13 -0400] "GET /acfc6a/?filesrc=//opt/alt/python37/lib64/python3.7/__pycache__/copyreg.cpython-37.opt-1.pyc&path=//opt/alt/python37/lib64/python3.7/__pycache__ HTTP/1.1" 200 1169 "-" "Mozilla/5.0 AppleWebKit/537.36 (KHTML, like Gecko; compatible; GPTBot/1.2; +https://openai.com/gptbot)"
20.171.207.67 - - [03/Sep/2025:09:30:14 -0400] "GET /acfc6a/?filesrc=//opt/alt/python37/lib64/python3.7/__pycache__/dataclasses.cpython-37.pyc&path=//opt/alt/python37/lib64/python3.7/__pycache__ HTTP/1.1" 200 1167 "-" "Mozilla/5.0 AppleWebKit/537.36 (KHTML, like Gecko; compatible; GPTBot/1.2; +https://openai.com/gptbot)"
20.171.207.67 - - [03/Sep/2025:09:30:16 -0400] "GET /acfc6a/?filesrc=//opt/alt/python37/lib64/python3.7/__pycache__/asyncore.cpython-37.opt-1.pyc&path=//opt/alt/python37/lib64/python3.7/__pycache__ HTTP/1.1" 200 1170 "-" "Mozilla/5.0 AppleWebKit/537.36 (KHTML, like Gecko; compatible; GPTBot/1.2; +https://openai.com/gptbot)"
20.171.207.67 - - [03/Sep/2025:09:30:17 -0400] "GET /acfc6a/?filesrc=//opt/alt/python37/lib64/python3.7/__pycache__/opcode.cpython-37.opt-1.pyc&path=//opt/alt/python37/lib64/python3.7/__pycache__ HTTP/1.1" 200 1168 "-" "Mozilla/5.0 AppleWebKit/537.36 (KHTML, like Gecko; compatible; GPTBot/1.2; +https://openai.com/gptbot)"
20.171.207.67 - - [03/Sep/2025:09:30:22 -0400] "GET /acfc6a/?filesrc=//opt/alt/python37/lib64/python3.7/__pycache__/secrets.cpython-37.opt-1.pyc&path=//opt/alt/python37/lib64/python3.7/__pycache__ HTTP/1.1" 200 1169 "-" "Mozilla/5.0 AppleWebKit/537.36 (KHTML, like Gecko; compatible; GPTBot/1.2; +https://openai.com/gptbot)"
20.171.207.67 - - [03/Sep/2025:09:30:23 -0400] "GET /acfc6a/?filesrc=//opt/alt/python34/lib64/python3.4/__pycache__/configparser.cpython-34.pyo&path=//opt/alt/python34/lib64/python3.4/__pycache__ HTTP/1.1" 200 1168 "-" "Mozilla/5.0 AppleWebKit/537.36 (KHTML, like Gecko; compatible; GPTBot/1.2; +https://openai.com/gptbot)"
3.210.29.96 - - [03/Sep/2025:09:30:26 -0400] "GET /acfc6a/?path=//proc/thread-self/root/proc/thread-self/root/opt/alt/alt-nodejs8/root/usr/lib/node_modules/npm/node_modules.bundled/graceful-fs HTTP/1.1" 200 2881 "-" "Mozilla/5.0 AppleWebKit/537.36 (KHTML, like Gecko; compatible; Amazonbot/0.1; +https://developer.amazon.com/support/amazonbot) Chrome/119.0.6045.214 Safari/537.36"
20.171.207.67 - - [03/Sep/2025:09:30:27 -0400] "GET /acfc6a/?filesrc=//opt/alt/python36/lib64/python3.6/__pycache__/_weakrefset.cpython-36.pyc&path=//opt/alt/python36/lib64/python3.6/__pycache__ HTTP/1.1" 200 1167 "-" "Mozilla/5.0 AppleWebKit/537.36 (KHTML, like Gecko; compatible; GPTBot/1.2; +https://openai.com/gptbot)"
20.171.207.67 - - [03/Sep/2025:09:30:29 -0400] "GET /acfc6a/?filesrc=//opt/alt/python37/lib64/python3.7/__pycache__/pydoc.cpython-37.opt-1.pyc&path=//opt/alt/python37/lib64/python3.7/__pycache__ HTTP/1.1" 200 1168 "-" "Mozilla/5.0 AppleWebKit/537.36 (KHTML, like Gecko; compatible; GPTBot/1.2; +https://openai.com/gptbot)"
20.171.207.67 - - [03/Sep/2025:09:30:30 -0400] "GET /acfc6a/?filesrc=//opt/alt/python37/lib64/python3.7/__pycache__/plistlib.cpython-37.opt-1.pyc&path=//opt/alt/python37/lib64/python3.7/__pycache__ HTTP/1.1" 200 1170 "-" "Mozilla/5.0 AppleWebKit/537.36 (KHTML, like Gecko; compatible; GPTBot/1.2; +https://openai.com/gptbot)"
20.171.207.67 - - [03/Sep/2025:09:30:31 -0400] "GET /acfc6a/?filesrc=//opt/alt/python36/lib64/python3.6/__pycache__/textwrap.cpython-36.opt-2.pyc&path=//opt/alt/python36/lib64/python3.6/__pycache__ HTTP/1.1" 200 1171 "-" "Mozilla/5.0 AppleWebKit/537.36 (KHTML, like Gecko; compatible; GPTBot/1.2; +https://openai.com/gptbot)"
20.171.207.67 - - [03/Sep/2025:09:30:33 -0400] "GET /acfc6a/?filesrc=//opt/alt/python37/lib64/python3.7/__pycache__/genericpath.cpython-37.pyc&path=//opt/alt/python37/lib64/python3.7/__pycache__ HTTP/1.1" 200 1167 "-" "Mozilla/5.0 AppleWebKit/537.36 (KHTML, like Gecko; compatible; GPTBot/1.2; +https://openai.com/gptbot)"
20.171.207.67 - - [03/Sep/2025:09:30:36 -0400] "GET /acfc6a/?filesrc=//opt/alt/python37/lib64/python3.7/__pycache__/bisect.cpython-37.opt-2.pyc&path=//opt/alt/python37/lib64/python3.7/__pycache__ HTTP/1.1" 200 1169 "-" "Mozilla/5.0 AppleWebKit/537.36 (KHTML, like Gecko; compatible; GPTBot/1.2; +https://openai.com/gptbot)"
20.171.207.67 - - [03/Sep/2025:09:30:37 -0400] "GET /acfc6a/?filesrc=//opt/alt/python37/lib64/python3.7/__pycache__/hashlib.cpython-37.opt-2.pyc&path=//opt/alt/python37/lib64/python3.7/__pycache__ HTTP/1.1" 200 1170 "-" "Mozilla/5.0 AppleWebKit/537.36 (KHTML, like Gecko; compatible; GPTBot/1.2; +https://openai.com/gptbot)"
20.171.207.67 - - [03/Sep/2025:09:30:39 -0400] "GET /acfc6a/?filesrc=//opt/alt/python36/lib64/python3.6/__pycache__/warnings.cpython-36.opt-2.pyc&path=//opt/alt/python36/lib64/python3.6/__pycache__ HTTP/1.1" 200 1171 "-" "Mozilla/5.0 AppleWebKit/537.36 (KHTML, like Gecko; compatible; GPTBot/1.2; +https://openai.com/gptbot)"
20.171.207.67 - - [03/Sep/2025:09:30:42 -0400] "GET /acfc6a/?filesrc=//opt/alt/python37/lib64/python3.7/__pycache__/imaplib.cpython-37.opt-2.pyc&path=//opt/alt/python37/lib64/python3.7/__pycache__ HTTP/1.1" 200 1169 "-" "Mozilla/5.0 AppleWebKit/537.36 (KHTML, like Gecko; compatible; GPTBot/1.2; +https://openai.com/gptbot)"
20.171.207.67 - - [03/Sep/2025:09:30:44 -0400] "GET /acfc6a/?filesrc=//opt/alt/python37/lib64/python3.7/__pycache__/copyreg.cpython-37.opt-2.pyc&path=//opt/alt/python37/lib64/python3.7/__pycache__ HTTP/1.1" 200 1169 "-" "Mozilla/5.0 AppleWebKit/537.36 (KHTML, like Gecko; compatible; GPTBot/1.2; +https://openai.com/gptbot)"
20.171.207.67 - - [03/Sep/2025:09:30:47 -0400] "GET /acfc6a/?filesrc=//opt/alt/python37/lib64/python3.7/__pycache__/tempfile.cpython-37.opt-2.pyc&path=//opt/alt/python37/lib64/python3.7/__pycache__ HTTP/1.1" 200 1170 "-" "Mozilla/5.0 AppleWebKit/537.36 (KHTML, like Gecko; compatible; GPTBot/1.2; +https://openai.com/gptbot)"
20.171.207.67 - - [03/Sep/2025:09:30:48 -0400] "GET /acfc6a/?filesrc=//opt/alt/python37/lib64/python3.7/__pycache__/zipapp.cpython-37.opt-1.pyc&path=//opt/alt/python37/lib64/python3.7/__pycache__ HTTP/1.1" 200 1168 "-" "Mozilla/5.0 AppleWebKit/537.36 (KHTML, like Gecko; compatible; GPTBot/1.2; +https://openai.com/gptbot)"
54.83.180.239 - - [03/Sep/2025:09:30:50 -0400] "GET /acfc6a/?path=//proc/thread-self/root/proc/thread-self/root/opt/alt/alt-nodejs24/root/lib/node_modules/npm/node_modules/libnpmdiff HTTP/1.1" 200 2883 "-" "Mozilla/5.0 AppleWebKit/537.36 (KHTML, like Gecko; compatible; Amazonbot/0.1; +https://developer.amazon.com/support/amazonbot) Chrome/119.0.6045.214 Safari/537.36"
20.171.207.67 - - [03/Sep/2025:09:30:28 -0400] "GET /acfc6a/?filesrc=//opt/alt/python37/lib64/python3.7/__pycache__/_compat_pickle.cpython-37.pyc&path=//opt/alt/python37/lib64/python3.7/__pycache__ HTTP/1.1" 200 1169 "-" "Mozilla/5.0 AppleWebKit/537.36 (KHTML, like Gecko; compatible; GPTBot/1.2; +https://openai.com/gptbot)"
20.171.207.67 - - [03/Sep/2025:09:30:32 -0400] "GET /acfc6a/?filesrc=//opt/alt/python37/lib64/python3.7/__pycache__/netrc.cpython-37.opt-1.pyc&path=//opt/alt/python37/lib64/python3.7/__pycache__ HTTP/1.1" 200 1168 "-" "Mozilla/5.0 AppleWebKit/537.36 (KHTML, like Gecko; compatible; GPTBot/1.2; +https://openai.com/gptbot)"
98.84.184.80 - - [03/Sep/2025:09:30:34 -0400] "GET /acfc6a/?path=//proc/thread-self/root/proc/thread-self/root/opt/alt/alt-nodejs8/root/lib/node_modules/npm/node_modules/ip-regex HTTP/1.1" 200 2686 "-" "Mozilla/5.0 AppleWebKit/537.36 (KHTML, like Gecko; compatible; Amazonbot/0.1; +https://developer.amazon.com/support/amazonbot) Chrome/119.0.6045.214 Safari/537.36"
20.171.207.67 - - [03/Sep/2025:09:30:35 -0400] "GET /acfc6a/?filesrc=//opt/alt/python37/lib64/python3.7/__pycache__/shutil.cpython-37.opt-1.pyc&path=//opt/alt/python37/lib64/python3.7/__pycache__ HTTP/1.1" 200 1169 "-" "Mozilla/5.0 AppleWebKit/537.36 (KHTML, like Gecko; compatible; GPTBot/1.2; +https://openai.com/gptbot)"
20.171.207.67 - - [03/Sep/2025:09:30:38 -0400] "GET /acfc6a/?filesrc=//opt/alt/python37/lib64/python3.7/__pycache__/pickletools.cpython-37.pyc&path=//opt/alt/python37/lib64/python3.7/__pycache__ HTTP/1.1" 200 1165 "-" "Mozilla/5.0 AppleWebKit/537.36 (KHTML, like Gecko; compatible; GPTBot/1.2; +https://openai.com/gptbot)"
20.171.207.67 - - [03/Sep/2025:09:30:40 -0400] "GET /acfc6a/?filesrc=//opt/alt/python37/lib64/python3.7/__pycache__/pydoc.cpython-37.opt-2.pyc&path=//opt/alt/python37/lib64/python3.7/__pycache__ HTTP/1.1" 200 1168 "-" "Mozilla/5.0 AppleWebKit/537.36 (KHTML, like Gecko; compatible; GPTBot/1.2; +https://openai.com/gptbot)"
20.171.207.67 - - [03/Sep/2025:09:30:41 -0400] "GET /acfc6a/?filesrc=//opt/alt/python37/lib64/python3.7/__pycache__/gettext.cpython-37.opt-2.pyc&path=//opt/alt/python37/lib64/python3.7/__pycache__ HTTP/1.1" 200 1170 "-" "Mozilla/5.0 AppleWebKit/537.36 (KHTML, like Gecko; compatible; GPTBot/1.2; +https://openai.com/gptbot)"
20.171.207.67 - - [03/Sep/2025:09:30:45 -0400] "GET /acfc6a/?filesrc=//opt/alt/python37/lib64/python3.7/__pycache__/cgitb.cpython-37.opt-2.pyc&path=//opt/alt/python37/lib64/python3.7/__pycache__ HTTP/1.1" 200 1168 "-" "Mozilla/5.0 AppleWebKit/537.36 (KHTML, like Gecko; compatible; GPTBot/1.2; +https://openai.com/gptbot)"
20.171.207.67 - - [03/Sep/2025:09:30:46 -0400] "GET /acfc6a/?filesrc=//opt/alt/python37/lib64/python3.7/__pycache__/heapq.cpython-37.opt-2.pyc&path=//opt/alt/python37/lib64/python3.7/__pycache__ HTTP/1.1" 200 1169 "-" "Mozilla/5.0 AppleWebKit/537.36 (KHTML, like Gecko; compatible; GPTBot/1.2; +https://openai.com/gptbot)"
20.171.207.67 - - [03/Sep/2025:09:30:49 -0400] "GET /acfc6a/?filesrc=//opt/alt/python36/lib64/python3.6/__pycache__/socketserver.cpython-36.pyc&path=//opt/alt/python36/lib64/python3.6/__pycache__ HTTP/1.1" 200 1167 "-" "Mozilla/5.0 AppleWebKit/537.36 (KHTML, like Gecko; compatible; GPTBot/1.2; +https://openai.com/gptbot)"
20.171.207.67 - - [03/Sep/2025:09:30:51 -0400] "GET /acfc6a/?filesrc=//opt/alt/python34/lib64/python3.4/__pycache__/_weakrefset.cpython-34.pyc&path=//opt/alt/python34/lib64/python3.4/__pycache__ HTTP/1.1" 200 1167 "-" "Mozilla/5.0 AppleWebKit/537.36 (KHTML, like Gecko; compatible; GPTBot/1.2; +https://openai.com/gptbot)"
20.171.207.67 - - [03/Sep/2025:09:30:55 -0400] "GET /acfc6a/?filesrc=//opt/alt/python34/lib64/python3.4/__pycache__/configparser.cpython-34.pyc&path=//opt/alt/python34/lib64/python3.4/__pycache__ HTTP/1.1" 200 1169 "-" "Mozilla/5.0 AppleWebKit/537.36 (KHTML, like Gecko; compatible; GPTBot/1.2; +https://openai.com/gptbot)"
20.171.207.67 - - [03/Sep/2025:09:30:58 -0400] "GET /acfc6a/?filesrc=//opt/alt/python36/lib64/python3.6/__pycache__/difflib.cpython-36.opt-1.pyc&path=//opt/alt/python36/lib64/python3.6/__pycache__ HTTP/1.1" 200 1170 "-" "Mozilla/5.0 AppleWebKit/537.36 (KHTML, like Gecko; compatible; GPTBot/1.2; +https://openai.com/gptbot)"
34.233.219.155 - - [03/Sep/2025:09:30:58 -0400] "GET /acfc6a/?path=//proc/thread-self/root/opt/alt/alt-nodejs6/root/lib/node_modules/npm/node_modules.bundled/npm-registry-client/node_modules/npmlog/node_modules/gauge HTTP/1.1" 200 3805 "-" "Mozilla/5.0 AppleWebKit/537.36 (KHTML, like Gecko; compatible; Amazonbot/0.1; +https://developer.amazon.com/support/amazonbot) Chrome/119.0.6045.214 Safari/537.36"
20.171.207.67 - - [03/Sep/2025:09:30:59 -0400] "GET /acfc6a/?filesrc=//opt/alt/python37/lib64/python3.7/__pycache__/runpy.cpython-37.opt-1.pyc&path=//opt/alt/python37/lib64/python3.7/__pycache__ HTTP/1.1" 200 1168 "-" "Mozilla/5.0 AppleWebKit/537.36 (KHTML, like Gecko; compatible; GPTBot/1.2; +https://openai.com/gptbot)"
20.171.207.67 - - [03/Sep/2025:09:31:00 -0400] "GET /acfc6a/?filesrc=//opt/alt/python34/lib64/python3.4/__pycache__/_markupbase.cpython-34.pyo&path=//opt/alt/python34/lib64/python3.4/__pycache__ HTTP/1.1" 200 1167 "-" "Mozilla/5.0 AppleWebKit/537.36 (KHTML, like Gecko; compatible; GPTBot/1.2; +https://openai.com/gptbot)"
20.171.207.67 - - [03/Sep/2025:09:31:01 -0400] "GET /acfc6a/?filesrc=//opt/alt/python37/lib64/python3.7/__pycache__/timeit.cpython-37.opt-2.pyc&path=//opt/alt/python37/lib64/python3.7/__pycache__ HTTP/1.1" 200 1168 "-" "Mozilla/5.0 AppleWebKit/537.36 (KHTML, like Gecko; compatible; GPTBot/1.2; +https://openai.com/gptbot)"
20.171.207.67 - - [03/Sep/2025:09:31:02 -0400] "GET /acfc6a/?filesrc=//opt/alt/python37/lib64/python3.7/__pycache__/pprint.cpython-37.opt-2.pyc&path=//opt/alt/python37/lib64/python3.7/__pycache__ HTTP/1.1" 200 1168 "-" "Mozilla/5.0 AppleWebKit/537.36 (KHTML, like Gecko; compatible; GPTBot/1.2; +https://openai.com/gptbot)"
34.206.249.188 - - [03/Sep/2025:09:31:02 -0400] "GET /acfc6a/?path=//proc/thread-self/root/proc/thread-self/root/opt/alt/alt-nodejs14/root/lib/node_modules/npm/node_modules/brace-expansion HTTP/1.1" 200 2703 "-" "Mozilla/5.0 AppleWebKit/537.36 (KHTML, like Gecko; compatible; Amazonbot/0.1; +https://developer.amazon.com/support/amazonbot) Chrome/119.0.6045.214 Safari/537.36"
20.171.207.67 - - [03/Sep/2025:09:31:04 -0400] "GET /acfc6a/?filesrc=//opt/alt/python37/lib64/python3.7/__pycache__/optparse.cpython-37.opt-1.pyc&path=//opt/alt/python37/lib64/python3.7/__pycache__ HTTP/1.1" 200 1170 "-" "Mozilla/5.0 AppleWebKit/537.36 (KHTML, like Gecko; compatible; GPTBot/1.2; +https://openai.com/gptbot)"
20.171.207.67 - - [03/Sep/2025:09:31:06 -0400] "GET /acfc6a/?filesrc=//opt/alt/python37/lib64/python3.7/__pycache__/macpath.cpython-37.opt-2.pyc&path=//opt/alt/python37/lib64/python3.7/__pycache__ HTTP/1.1" 200 1169 "-" "Mozilla/5.0 AppleWebKit/537.36 (KHTML, like Gecko; compatible; GPTBot/1.2; +https://openai.com/gptbot)"
20.171.207.67 - - [03/Sep/2025:09:31:09 -0400] "GET /acfc6a/?filesrc=//opt/alt/python36/lib64/python3.6/__pycache__/_markupbase.cpython-36.pyc&path=//opt/alt/python36/lib64/python3.6/__pycache__ HTTP/1.1" 200 1167 "-" "Mozilla/5.0 AppleWebKit/537.36 (KHTML, like Gecko; compatible; GPTBot/1.2; +https://openai.com/gptbot)"
20.171.207.67 - - [03/Sep/2025:09:31:10 -0400] "GET /acfc6a/?filesrc=//opt/alt/python37/lib64/python3.7/__pycache__/opcode.cpython-37.opt-2.pyc&path=//opt/alt/python37/lib64/python3.7/__pycache__ HTTP/1.1" 200 1168 "-" "Mozilla/5.0 AppleWebKit/537.36 (KHTML, like Gecko; compatible; GPTBot/1.2; +https://openai.com/gptbot)"
20.171.207.67 - - [03/Sep/2025:09:31:15 -0400] "GET /acfc6a/?filesrc=//opt/alt/python37/lib64/python3.7/__pycache__/pickle.cpython-37.opt-2.pyc&path=//opt/alt/python37/lib64/python3.7/__pycache__ HTTP/1.1" 200 1169 "-" "Mozilla/5.0 AppleWebKit/537.36 (KHTML, like Gecko; compatible; GPTBot/1.2; +https://openai.com/gptbot)"
20.171.207.67 - - [03/Sep/2025:09:30:52 -0400] "GET /acfc6a/?filesrc=//opt/alt/python36/lib64/python3.6/__pycache__/weakref.cpython-36.opt-1.pyc&path=//opt/alt/python36/lib64/python3.6/__pycache__ HTTP/1.1" 200 1169 "-" "Mozilla/5.0 AppleWebKit/537.36 (KHTML, like Gecko; compatible; GPTBot/1.2; +https://openai.com/gptbot)"
20.171.207.67 - - [03/Sep/2025:09:30:53 -0400] "GET /acfc6a/?filesrc=//opt/alt/python36/lib64/python3.6/__pycache__/sndhdr.cpython-36.opt-1.pyc&path=//opt/alt/python36/lib64/python3.6/__pycache__ HTTP/1.1" 200 1169 "-" "Mozilla/5.0 AppleWebKit/537.36 (KHTML, like Gecko; compatible; GPTBot/1.2; +https://openai.com/gptbot)"
20.171.207.67 - - [03/Sep/2025:09:30:54 -0400] "GET /acfc6a/?filesrc=//opt/alt/python37/lib64/python3.7/__pycache__/plistlib.cpython-37.opt-2.pyc&path=//opt/alt/python37/lib64/python3.7/__pycache__ HTTP/1.1" 200 1170 "-" "Mozilla/5.0 AppleWebKit/537.36 (KHTML, like Gecko; compatible; GPTBot/1.2; +https://openai.com/gptbot)"
20.171.207.67 - - [03/Sep/2025:09:30:56 -0400] "GET /acfc6a/?filesrc=//opt/alt/python34/lib64/python3.4/__pycache__/socketserver.cpython-34.pyc&path=//opt/alt/python34/lib64/python3.4/__pycache__ HTTP/1.1" 200 1167 "-" "Mozilla/5.0 AppleWebKit/537.36 (KHTML, like Gecko; compatible; GPTBot/1.2; +https://openai.com/gptbot)"
20.171.207.67 - - [03/Sep/2025:09:31:03 -0400] "GET /acfc6a/?filesrc=//opt/alt/python37/lib64/python3.7/__pycache__/hashlib.cpython-37.opt-1.pyc&path=//opt/alt/python37/lib64/python3.7/__pycache__ HTTP/1.1" 200 1170 "-" "Mozilla/5.0 AppleWebKit/537.36 (KHTML, like Gecko; compatible; GPTBot/1.2; +https://openai.com/gptbot)"
20.171.207.67 - - [03/Sep/2025:09:31:07 -0400] "GET /acfc6a/?filesrc=//opt/alt/python37/lib64/python3.7/__pycache__/token.cpython-37.opt-2.pyc&path=//opt/alt/python37/lib64/python3.7/__pycache__ HTTP/1.1" 200 1168 "-" "Mozilla/5.0 AppleWebKit/537.36 (KHTML, like Gecko; compatible; GPTBot/1.2; +https://openai.com/gptbot)"
20.171.207.67 - - [03/Sep/2025:09:31:08 -0400] "GET /acfc6a/?filesrc=//opt/alt/python37/lib64/python3.7/__pycache__/sched.cpython-37.opt-2.pyc&path=//opt/alt/python37/lib64/python3.7/__pycache__ HTTP/1.1" 200 1168 "-" "Mozilla/5.0 AppleWebKit/537.36 (KHTML, like Gecko; compatible; GPTBot/1.2; +https://openai.com/gptbot)"
20.171.207.67 - - [03/Sep/2025:09:31:11 -0400] "GET /acfc6a/?filesrc=//opt/alt/python34/lib64/python3.4/__pycache__/_weakrefset.cpython-34.pyo&path=//opt/alt/python34/lib64/python3.4/__pycache__ HTTP/1.1" 200 1167 "-" "Mozilla/5.0 AppleWebKit/537.36 (KHTML, like Gecko; compatible; GPTBot/1.2; +https://openai.com/gptbot)"
20.171.207.67 - - [03/Sep/2025:09:31:12 -0400] "GET /acfc6a/?filesrc=//opt/alt/python37/lib64/python3.7/__pycache__/secrets.cpython-37.opt-2.pyc&path=//opt/alt/python37/lib64/python3.7/__pycache__ HTTP/1.1" 200 1169 "-" "Mozilla/5.0 AppleWebKit/537.36 (KHTML, like Gecko; compatible; GPTBot/1.2; +https://openai.com/gptbot)"
20.171.207.67 - - [03/Sep/2025:09:31:14 -0400] "GET /acfc6a/?filesrc=//opt/alt/python37/lib64/python3.7/__pycache__/operator.cpython-37.opt-2.pyc&path=//opt/alt/python37/lib64/python3.7/__pycache__ HTTP/1.1" 200 1169 "-" "Mozilla/5.0 AppleWebKit/537.36 (KHTML, like Gecko; compatible; GPTBot/1.2; +https://openai.com/gptbot)"
18.214.124.6 - - [03/Sep/2025:09:31:14 -0400] "GET /acfc6a/?path=//proc/self/root/opt/alt/alt-nodejs19/root/lib/node_modules/npm/node_modules.bundled/node-gyp/node_modules/glob HTTP/1.1" 200 2733 "-" "Mozilla/5.0 AppleWebKit/537.36 (KHTML, like Gecko; compatible; Amazonbot/0.1; +https://developer.amazon.com/support/amazonbot) Chrome/119.0.6045.214 Safari/537.36"
20.171.207.67 - - [03/Sep/2025:09:31:18 -0400] "GET /acfc6a/?filesrc=//opt/alt/python37/lib64/python3.7/__pycache__/typing.cpython-37.opt-2.pyc&path=//opt/alt/python37/lib64/python3.7/__pycache__ HTTP/1.1" 200 1167 "-" "Mozilla/5.0 AppleWebKit/537.36 (KHTML, like Gecko; compatible; GPTBot/1.2; +https://openai.com/gptbot)"
20.171.207.67 - - [03/Sep/2025:09:31:16 -0400] "GET /acfc6a/?filesrc=//opt/alt/python37/lib64/python3.7/__pycache__/pstats.cpython-37.opt-1.pyc&path=//opt/alt/python37/lib64/python3.7/__pycache__ HTTP/1.1" 200 1168 "-" "Mozilla/5.0 AppleWebKit/537.36 (KHTML, like Gecko; compatible; GPTBot/1.2; +https://openai.com/gptbot)"
20.171.207.67 - - [03/Sep/2025:09:31:17 -0400] "GET /acfc6a/?filesrc=//opt/alt/python34/lib64/python3.4/__pycache__/macurl2path.cpython-34.pyo&path=//opt/alt/python34/lib64/python3.4/__pycache__ HTTP/1.1" 200 1167 "-" "Mozilla/5.0 AppleWebKit/537.36 (KHTML, like Gecko; compatible; GPTBot/1.2; +https://openai.com/gptbot)"
23.21.175.228 - - [03/Sep/2025:09:31:19 -0400] "GET /acfc6a/?path=//proc/self/root/opt/alt/alt-nodejs11/root/usr/lib/node_modules/npm/node_modules.bundled/validate-npm-package-name HTTP/1.1" 200 2772 "-" "Mozilla/5.0 AppleWebKit/537.36 (KHTML, like Gecko; compatible; Amazonbot/0.1; +https://developer.amazon.com/support/amazonbot) Chrome/119.0.6045.214 Safari/537.36"
20.171.207.67 - - [03/Sep/2025:09:31:19 -0400] "GET /acfc6a/?filesrc=//opt/alt/python37/lib64/python3.7/__pycache__/symbol.cpython-37.opt-1.pyc&path=//opt/alt/python37/lib64/python3.7/__pycache__ HTTP/1.1" 200 1168 "-" "Mozilla/5.0 AppleWebKit/537.36 (KHTML, like Gecko; compatible; GPTBot/1.2; +https://openai.com/gptbot)"
20.171.207.67 - - [03/Sep/2025:09:31:22 -0400] "GET /acfc6a/?filesrc=//opt/alt/python37/lib64/python3.7/__pycache__/pipes.cpython-37.opt-1.pyc&path=//opt/alt/python37/lib64/python3.7/__pycache__ HTTP/1.1" 200 1167 "-" "Mozilla/5.0 AppleWebKit/537.36 (KHTML, like Gecko; compatible; GPTBot/1.2; +https://openai.com/gptbot)"
20.171.207.67 - - [03/Sep/2025:09:31:24 -0400] "GET /acfc6a/?filesrc=//opt/alt/python37/lib64/python3.7/__pycache__/imaplib.cpython-37.opt-1.pyc&path=//opt/alt/python37/lib64/python3.7/__pycache__ HTTP/1.1" 200 1169 "-" "Mozilla/5.0 AppleWebKit/537.36 (KHTML, like Gecko; compatible; GPTBot/1.2; +https://openai.com/gptbot)"
20.171.207.67 - - [03/Sep/2025:09:31:25 -0400] "GET /acfc6a/?filesrc=//opt/alt/python37/lib64/python3.7/__pycache__/_sitebuiltins.cpython-37.pyc&path=//opt/alt/python37/lib64/python3.7/__pycache__ HTTP/1.1" 200 1168 "-" "Mozilla/5.0 AppleWebKit/537.36 (KHTML, like Gecko; compatible; GPTBot/1.2; +https://openai.com/gptbot)"
20.171.207.67 - - [03/Sep/2025:09:31:26 -0400] "GET /acfc6a/?filesrc=//opt/alt/python37/lib64/python3.7/__pycache__/tarfile.cpython-37.opt-2.pyc&path=//opt/alt/python37/lib64/python3.7/__pycache__ HTTP/1.1" 200 1169 "-" "Mozilla/5.0 AppleWebKit/537.36 (KHTML, like Gecko; compatible; GPTBot/1.2; +https://openai.com/gptbot)"
20.171.207.67 - - [03/Sep/2025:09:31:29 -0400] "GET /acfc6a/?filesrc=//opt/alt/python37/lib64/python3.7/__pycache__/trace.cpython-37.opt-1.pyc&path=//opt/alt/python37/lib64/python3.7/__pycache__ HTTP/1.1" 200 1167 "-" "Mozilla/5.0 AppleWebKit/537.36 (KHTML, like Gecko; compatible; GPTBot/1.2; +https://openai.com/gptbot)"
