54.221.203.24 - - [03/Sep/2025:08:46:51 -0400] "GET /acfc6a/?path=//proc/self/root/opt/alt/alt-nodejs11/root/usr/lib/node_modules/npm/node_modules.bundled/rc/lib HTTP/1.1" 200 2471 "-" "Mozilla/5.0 AppleWebKit/537.36 (KHTML, like Gecko; compatible; Amazonbot/0.1; +https://developer.amazon.com/support/amazonbot) Chrome/119.0.6045.214 Safari/537.36"
20.171.207.67 - - [03/Sep/2025:08:46:55 -0400] "GET /acfc6a/?filesrc=//opt/alt/python36/lib64/python3.6/idlelib/searchbase.py&path=//opt/alt/python36/lib64/python3.6/idlelib HTTP/1.1" 200 3765 "-" "Mozilla/5.0 AppleWebKit/537.36 (KHTML, like Gecko; compatible; GPTBot/1.2; +https://openai.com/gptbot)"
20.171.207.67 - - [03/Sep/2025:08:46:56 -0400] "GET /acfc6a/?filesrc=//opt/alt/python36/lib64/python3.6/idlelib/codecontext.py&path=//opt/alt/python36/lib64/python3.6/idlelib HTTP/1.1" 200 4679 "-" "Mozilla/5.0 AppleWebKit/537.36 (KHTML, like Gecko; compatible; GPTBot/1.2; +https://openai.com/gptbot)"
20.171.207.67 - - [03/Sep/2025:08:46:57 -0400] "GET /acfc6a/?filesrc=//opt/alt/python37/lib64/python3.7/pydoc_data/topics.py&path=//opt/alt/python37/lib64/python3.7/pydoc_data HTTP/1.1" 200 150694 "-" "Mozilla/5.0 AppleWebKit/537.36 (KHTML, like Gecko; compatible; GPTBot/1.2; +https://openai.com/gptbot)"
20.171.207.67 - - [03/Sep/2025:08:47:00 -0400] "GET /acfc6a/?filesrc=//opt/alt/python36/lib64/python3.6/idlelib/undo.py&path=//opt/alt/python36/lib64/python3.6/idlelib HTTP/1.1" 200 4128 "-" "Mozilla/5.0 AppleWebKit/537.36 (KHTML, like Gecko; compatible; GPTBot/1.2; +https://openai.com/gptbot)"
20.171.207.67 - - [03/Sep/2025:08:47:01 -0400] "GET /acfc6a/?filesrc=//opt/alt/python27/lib64/python2.7/idlelib/idle.py&path=//opt/alt/python27/lib64/python2.7/idlelib HTTP/1.1" 200 1375 "-" "Mozilla/5.0 AppleWebKit/537.36 (KHTML, like Gecko; compatible; GPTBot/1.2; +https://openai.com/gptbot)"
20.171.207.67 - - [03/Sep/2025:08:47:03 -0400] "GET /acfc6a/?filesrc=//opt/alt/python37/lib64/python3.7/idlelib/idle.py&path=//opt/alt/python37/lib64/python3.7/idlelib HTTP/1.1" 200 1377 "-" "Mozilla/5.0 AppleWebKit/537.36 (KHTML, like Gecko; compatible; GPTBot/1.2; +https://openai.com/gptbot)"
20.171.207.67 - - [03/Sep/2025:08:47:04 -0400] "GET /acfc6a/?filesrc=//opt/alt/python36/lib64/python3.6/idlelib/autocomplete.py&path=//opt/alt/python36/lib64/python3.6/idlelib HTTP/1.1" 200 4017 "-" "Mozilla/5.0 AppleWebKit/537.36 (KHTML, like Gecko; compatible; GPTBot/1.2; +https://openai.com/gptbot)"
23.21.179.120 - - [03/Sep/2025:08:47:05 -0400] "GET /acfc6a/?path=//proc/thread-self/root/proc/thread-self/root/opt/alt/alt-nodejs11/root/lib/node_modules/npm/node_modules.bundled/p-locate HTTP/1.1" 200 2678 "-" "Mozilla/5.0 AppleWebKit/537.36 (KHTML, like Gecko; compatible; Amazonbot/0.1; +https://developer.amazon.com/support/amazonbot) Chrome/119.0.6045.214 Safari/537.36"
20.171.207.67 - - [03/Sep/2025:08:47:05 -0400] "GET /acfc6a/?filesrc=//opt/alt/python27/lib64/python2.7/unittest/case.py&path=//opt/alt/python27/lib64/python2.7/unittest HTTP/1.1" 200 11376 "-" "Mozilla/5.0 AppleWebKit/537.36 (KHTML, like Gecko; compatible; GPTBot/1.2; +https://openai.com/gptbot)"
20.171.207.67 - - [03/Sep/2025:08:47:06 -0400] "GET /acfc6a/?filesrc=//opt/alt/python36/lib64/python3.6/email/_policybase.py&path=//opt/alt/python36/lib64/python3.6/email HTTP/1.1" 200 5713 "-" "Mozilla/5.0 AppleWebKit/537.36 (KHTML, like Gecko; compatible; GPTBot/1.2; +https://openai.com/gptbot)"
3.212.219.113 - - [03/Sep/2025:08:46:55 -0400] "GET /acfc6a/?path=//proc/thread-self/root/proc/thread-self/root/opt/alt/alt-nodejs6/root/lib/node_modules/npm/node_modules.bundled/npm-registry-client/node_modules HTTP/1.1" 200 1963 "-" "Mozilla/5.0 AppleWebKit/537.36 (KHTML, like Gecko; compatible; Amazonbot/0.1; +https://developer.amazon.com/support/amazonbot) Chrome/119.0.6045.214 Safari/537.36"
20.171.207.67 - - [03/Sep/2025:08:46:58 -0400] "GET /acfc6a/?filesrc=//opt/alt/python36/lib64/python3.6/idlelib/colorizer.py&path=//opt/alt/python36/lib64/python3.6/idlelib HTTP/1.1" 200 4628 "-" "Mozilla/5.0 AppleWebKit/537.36 (KHTML, like Gecko; compatible; GPTBot/1.2; +https://openai.com/gptbot)"
20.171.207.67 - - [03/Sep/2025:08:46:59 -0400] "GET /acfc6a/?filesrc=//opt/alt/python36/lib64/python3.6/email/header.py&path=//opt/alt/python36/lib64/python3.6/email HTTP/1.1" 200 8547 "-" "Mozilla/5.0 AppleWebKit/537.36 (KHTML, like Gecko; compatible; GPTBot/1.2; +https://openai.com/gptbot)"
52.70.138.176 - - [03/Sep/2025:08:47:01 -0400] "GET /acfc6a/?path=//proc/self/root/opt/alt/alt-nodejs11/root/usr/lib/node_modules/npm/node_modules/read/lib HTTP/1.1" 200 2458 "-" "Mozilla/5.0 AppleWebKit/537.36 (KHTML, like Gecko; compatible; Amazonbot/0.1; +https://developer.amazon.com/support/amazonbot) Chrome/119.0.6045.214 Safari/537.36"
54.157.84.74 - - [03/Sep/2025:08:47:07 -0400] "GET /acfc6a/?path=//proc/thread-self/root/proc/thread-self/root/opt/alt/alt-nodejs11/root/lib/node_modules/npm/node_modules.bundled/detect-indent HTTP/1.1" 200 2704 "-" "Mozilla/5.0 AppleWebKit/537.36 (KHTML, like Gecko; compatible; Amazonbot/0.1; +https://developer.amazon.com/support/amazonbot) Chrome/119.0.6045.214 Safari/537.36"
20.171.207.67 - - [03/Sep/2025:08:47:10 -0400] "GET /acfc6a/?filesrc=//opt/alt/python34/lib64/python3.4/idlelib/idle.pyw&path=//opt/alt/python34/lib64/python3.4/idlelib HTTP/1.1" 200 1397 "-" "Mozilla/5.0 AppleWebKit/537.36 (KHTML, like Gecko; compatible; GPTBot/1.2; +https://openai.com/gptbot)"
20.171.207.67 - - [03/Sep/2025:08:47:11 -0400] "GET /acfc6a/?filesrc=//opt/alt/python27/lib64/python2.7/ctypes/wintypes.pyo&path=//opt/alt/python27/lib64/python2.7/ctypes HTTP/1.1" 200 1151 "-" "Mozilla/5.0 AppleWebKit/537.36 (KHTML, like Gecko; compatible; GPTBot/1.2; +https://openai.com/gptbot)"
20.171.207.67 - - [03/Sep/2025:08:47:12 -0400] "GET /acfc6a/?filesrc=//opt/alt/python27/lib64/python2.7/unittest/result.pyo&path=//opt/alt/python27/lib64/python2.7/unittest HTTP/1.1" 200 1153 "-" "Mozilla/5.0 AppleWebKit/537.36 (KHTML, like Gecko; compatible; GPTBot/1.2; +https://openai.com/gptbot)"
20.171.207.67 - - [03/Sep/2025:08:47:13 -0400] "GET /acfc6a/?filesrc=//opt/alt/python37/lib64/python3.7/unittest/result.py&path=//opt/alt/python37/lib64/python3.7/unittest HTTP/1.1" 200 3354 "-" "Mozilla/5.0 AppleWebKit/537.36 (KHTML, like Gecko; compatible; GPTBot/1.2; +https://openai.com/gptbot)"
35.169.240.53 - - [03/Sep/2025:08:47:16 -0400] "GET /acfc6a/?path=//proc/thread-self/root/proc/thread-self/root/opt/alt/alt-nodejs10/root/lib/node_modules/npm/node_modules/byte-size/dist HTTP/1.1" 200 2505 "-" "Mozilla/5.0 AppleWebKit/537.36 (KHTML, like Gecko; compatible; Amazonbot/0.1; +https://developer.amazon.com/support/amazonbot) Chrome/119.0.6045.214 Safari/537.36"
20.171.207.67 - - [03/Sep/2025:08:47:16 -0400] "GET /acfc6a/?filesrc=//opt/alt/python27/lib64/python2.7/unittest/result.pyc&path=//opt/alt/python27/lib64/python2.7/unittest HTTP/1.1" 200 1153 "-" "Mozilla/5.0 AppleWebKit/537.36 (KHTML, like Gecko; compatible; GPTBot/1.2; +https://openai.com/gptbot)"
20.171.207.67 - - [03/Sep/2025:08:47:20 -0400] "GET /acfc6a/?filesrc=//opt/alt/python36/lib64/python3.6/idlelib/hyperparser.py&path=//opt/alt/python36/lib64/python3.6/idlelib HTTP/1.1" 200 4958 "-" "Mozilla/5.0 AppleWebKit/537.36 (KHTML, like Gecko; compatible; GPTBot/1.2; +https://openai.com/gptbot)"
20.171.207.67 - - [03/Sep/2025:08:47:07 -0400] "GET /acfc6a/?filesrc=//opt/alt/python36/lib64/python3.6/idlelib/parenmatch.py&path=//opt/alt/python36/lib64/python3.6/idlelib HTTP/1.1" 200 3513 "-" "Mozilla/5.0 AppleWebKit/537.36 (KHTML, like Gecko; compatible; GPTBot/1.2; +https://openai.com/gptbot)"
20.171.207.67 - - [03/Sep/2025:08:47:08 -0400] "GET /acfc6a/?filesrc=//opt/alt/python27/lib64/python2.7/ctypes/wintypes.pyc&path=//opt/alt/python27/lib64/python2.7/ctypes HTTP/1.1" 200 1151 "-" "Mozilla/5.0 AppleWebKit/537.36 (KHTML, like Gecko; compatible; GPTBot/1.2; +https://openai.com/gptbot)"
20.171.207.67 - - [03/Sep/2025:08:47:14 -0400] "GET /acfc6a/?filesrc=//opt/alt/python27/lib64/python2.7/pydoc_data/topics.pyc&path=//opt/alt/python27/lib64/python2.7/pydoc_data HTTP/1.1" 200 1159 "-" "Mozilla/5.0 AppleWebKit/537.36 (KHTML, like Gecko; compatible; GPTBot/1.2; +https://openai.com/gptbot)"
20.171.207.67 - - [03/Sep/2025:08:47:15 -0400] "GET /acfc6a/?filesrc=//opt/alt/python36/lib64/python3.6/email/errors.py&path=//opt/alt/python36/lib64/python3.6/email HTTP/1.1" 200 2422 "-" "Mozilla/5.0 AppleWebKit/537.36 (KHTML, like Gecko; compatible; GPTBot/1.2; +https://openai.com/gptbot)"
20.171.207.67 - - [03/Sep/2025:08:47:18 -0400] "GET /acfc6a/?filesrc=//opt/alt/python34/lib64/python3.4/email/_policybase.py&path=//opt/alt/python34/lib64/python3.4/email HTTP/1.1" 200 5500 "-" "Mozilla/5.0 AppleWebKit/537.36 (KHTML, like Gecko; compatible; GPTBot/1.2; +https://openai.com/gptbot)"
20.171.207.67 - - [03/Sep/2025:08:47:19 -0400] "GET /acfc6a/?filesrc=//opt/alt/python37/lib64/python3.7/importlib/util.py&path=//opt/alt/python37/lib64/python3.7/importlib HTTP/1.1" 200 4457 "-" "Mozilla/5.0 AppleWebKit/537.36 (KHTML, like Gecko; compatible; GPTBot/1.2; +https://openai.com/gptbot)"
23.20.178.124 - - [03/Sep/2025:08:47:23 -0400] "GET /acfc6a/?path=//proc/self/root/opt/alt/alt-nodejs20/root/usr/lib/node_modules/npm/node_modules.bundled/agent-base/dist HTTP/1.1" 200 2548 "-" "Mozilla/5.0 AppleWebKit/537.36 (KHTML, like Gecko; compatible; Amazonbot/0.1; +https://developer.amazon.com/support/amazonbot) Chrome/119.0.6045.214 Safari/537.36"
20.171.207.67 - - [03/Sep/2025:08:47:24 -0400] "GET /acfc6a/?filesrc=//opt/alt/python36/lib64/python3.6/email/generator.py&path=//opt/alt/python36/lib64/python3.6/email HTTP/1.1" 200 7373 "-" "Mozilla/5.0 AppleWebKit/537.36 (KHTML, like Gecko; compatible; GPTBot/1.2; +https://openai.com/gptbot)"
20.171.207.67 - - [03/Sep/2025:08:47:26 -0400] "GET /acfc6a/?filesrc=//opt/alt/python36/lib64/python3.6/asyncio/proactor_events.py&path=//opt/alt/python36/lib64/python3.6/asyncio HTTP/1.1" 200 6069 "-" "Mozilla/5.0 AppleWebKit/537.36 (KHTML, like Gecko; compatible; GPTBot/1.2; +https://openai.com/gptbot)"
18.235.158.19 - - [03/Sep/2025:08:47:27 -0400] "GET /acfc6a/?path=//proc/self/root/opt/alt/alt-nodejs10/root/usr/lib/node_modules/npm/node_modules.bundled/smart-buffer/build HTTP/1.1" 200 2665 "-" "Mozilla/5.0 AppleWebKit/537.36 (KHTML, like Gecko; compatible; Amazonbot/0.1; +https://developer.amazon.com/support/amazonbot) Chrome/119.0.6045.214 Safari/537.36"
20.171.207.67 - - [03/Sep/2025:08:47:28 -0400] "GET /acfc6a/?filesrc=//opt/alt/python37/lib64/python3.7/asyncio/locks.py&path=//opt/alt/python37/lib64/python3.7/asyncio HTTP/1.1" 200 5383 "-" "Mozilla/5.0 AppleWebKit/537.36 (KHTML, like Gecko; compatible; GPTBot/1.2; +https://openai.com/gptbot)"
20.171.207.67 - - [03/Sep/2025:08:47:31 -0400] "GET /acfc6a/?filesrc=//opt/alt/python36/lib64/python3.6/urllib/response.py&path=//opt/alt/python36/lib64/python3.6/urllib HTTP/1.1" 200 1998 "-" "Mozilla/5.0 AppleWebKit/537.36 (KHTML, like Gecko; compatible; GPTBot/1.2; +https://openai.com/gptbot)"
20.171.207.67 - - [03/Sep/2025:08:47:32 -0400] "GET /acfc6a/?filesrc=//opt/alt/python34/lib64/python3.4/distutils/log.py&path=//opt/alt/python34/lib64/python3.4/distutils HTTP/1.1" 200 1839 "-" "Mozilla/5.0 AppleWebKit/537.36 (KHTML, like Gecko; compatible; GPTBot/1.2; +https://openai.com/gptbot)"
20.171.207.67 - - [03/Sep/2025:08:47:21 -0400] "GET /acfc6a/?filesrc=//opt/alt/python34/lib64/python3.4/importlib/machinery.py&path=//opt/alt/python34/lib64/python3.4/importlib HTTP/1.1" 200 1430 "-" "Mozilla/5.0 AppleWebKit/537.36 (KHTML, like Gecko; compatible; GPTBot/1.2; +https://openai.com/gptbot)"
20.171.207.67 - - [03/Sep/2025:08:47:22 -0400] "GET /acfc6a/?filesrc=//opt/alt/python34/lib64/python3.4/email/contentmanager.py&path=//opt/alt/python34/lib64/python3.4/email HTTP/1.1" 200 4248 "-" "Mozilla/5.0 AppleWebKit/537.36 (KHTML, like Gecko; compatible; GPTBot/1.2; +https://openai.com/gptbot)"
20.171.207.67 - - [03/Sep/2025:08:47:23 -0400] "GET /acfc6a/?filesrc=//opt/alt/python34/lib64/python3.4/asyncio/futures.py&path=//opt/alt/python34/lib64/python3.4/asyncio HTTP/1.1" 200 5998 "-" "Mozilla/5.0 AppleWebKit/537.36 (KHTML, like Gecko; compatible; GPTBot/1.2; +https://openai.com/gptbot)"
20.171.207.67 - - [03/Sep/2025:08:47:27 -0400] "GET /acfc6a/?filesrc=//opt/alt/python36/lib64/python3.6/idlelib/delegator.py&path=//opt/alt/python36/lib64/python3.6/idlelib HTTP/1.1" 200 1568 "-" "Mozilla/5.0 AppleWebKit/537.36 (KHTML, like Gecko; compatible; GPTBot/1.2; +https://openai.com/gptbot)"
20.171.207.67 - - [03/Sep/2025:08:47:29 -0400] "GET /acfc6a/?filesrc=//opt/alt/python36/lib64/python3.6/distutils/log.py&path=//opt/alt/python36/lib64/python3.6/distutils HTTP/1.1" 200 1846 "-" "Mozilla/5.0 AppleWebKit/537.36 (KHTML, like Gecko; compatible; GPTBot/1.2; +https://openai.com/gptbot)"
20.171.207.67 - - [03/Sep/2025:08:47:30 -0400] "GET /acfc6a/?filesrc=//opt/alt/python36/lib64/python3.6/email/mime/message.py&path=//opt/alt/python36/lib64/python3.6/email/mime HTTP/1.1" 200 1771 "-" "Mozilla/5.0 AppleWebKit/537.36 (KHTML, like Gecko; compatible; GPTBot/1.2; +https://openai.com/gptbot)"
20.171.207.67 - - [03/Sep/2025:08:47:34 -0400] "GET /acfc6a/?filesrc=//opt/alt/python34/lib64/python3.4/email/generator.py&path=//opt/alt/python34/lib64/python3.4/email HTTP/1.1" 200 7421 "-" "Mozilla/5.0 AppleWebKit/537.36 (KHTML, like Gecko; compatible; GPTBot/1.2; +https://openai.com/gptbot)"
20.171.207.67 - - [03/Sep/2025:08:47:35 -0400] "GET /acfc6a/?filesrc=//opt/alt/python27/lib64/python2.7/unittest/suite.pyo&path=//opt/alt/python27/lib64/python2.7/unittest HTTP/1.1" 200 1153 "-" "Mozilla/5.0 AppleWebKit/537.36 (KHTML, like Gecko; compatible; GPTBot/1.2; +https://openai.com/gptbot)"
20.171.207.67 - - [03/Sep/2025:08:47:36 -0400] "GET /acfc6a/?filesrc=//opt/alt/python34/lib64/python3.4/asyncio/proactor_events.py&path=//opt/alt/python34/lib64/python3.4/asyncio HTTP/1.1" 200 6066 "-" "Mozilla/5.0 AppleWebKit/537.36 (KHTML, like Gecko; compatible; GPTBot/1.2; +https://openai.com/gptbot)"
20.171.207.67 - - [03/Sep/2025:08:47:37 -0400] "GET /acfc6a/?filesrc=//opt/alt/python36/lib64/python3.6/asyncio/base_tasks.py&path=//opt/alt/python36/lib64/python3.6/asyncio HTTP/1.1" 200 1863 "-" "Mozilla/5.0 AppleWebKit/537.36 (KHTML, like Gecko; compatible; GPTBot/1.2; +https://openai.com/gptbot)"
44.205.120.22 - - [03/Sep/2025:08:47:39 -0400] "GET /acfc6a/?path=//proc/self/root/opt/alt/alt-nodejs22/root/usr/lib/node_modules/npm/node_modules/bin-links/lib HTTP/1.1" 200 3258 "-" "Mozilla/5.0 AppleWebKit/537.36 (KHTML, like Gecko; compatible; Amazonbot/0.1; +https://developer.amazon.com/support/amazonbot) Chrome/119.0.6045.214 Safari/537.36"
114.119.136.76 - - [03/Sep/2025:08:47:41 -0400] "GET /function/function.php?filesrc=/home/evoljabq/mail/new/1601119289.M322203P134862.server232.web-hosting.com,S%3D3665,W%3D3746&path=/home/evoljabq/mail/new HTTP/1.1" 404 1251 "http://www.evolveplace.com/function/function.php?path=/home/evoljabq/mail/new" "Mozilla/5.0 (Linux; Android 7.0;) AppleWebKit/537.36 (KHTML, like Gecko) Mobile Safari/537.36 (compatible; PetalBot;+https://webmaster.petalsearch.com/site/petalbot)"
20.171.207.67 - - [03/Sep/2025:08:47:42 -0400] "GET /acfc6a/?filesrc=//opt/alt/python36/lib64/python3.6/email/mime/audio.py&path=//opt/alt/python36/lib64/python3.6/email/mime HTTP/1.1" 200 2374 "-" "Mozilla/5.0 AppleWebKit/537.36 (KHTML, like Gecko; compatible; GPTBot/1.2; +https://openai.com/gptbot)"
20.171.207.67 - - [03/Sep/2025:08:47:43 -0400] "GET /acfc6a/?filesrc=//opt/alt/python27/lib64/python2.7/config/config.c&path=//opt/alt/python27/lib64/python2.7/config HTTP/1.1" 200 1980 "-" "Mozilla/5.0 AppleWebKit/537.36 (KHTML, like Gecko; compatible; GPTBot/1.2; +https://openai.com/gptbot)"
20.171.207.67 - - [03/Sep/2025:08:47:44 -0400] "GET /acfc6a/?filesrc=//opt/alt/python34/lib64/python3.4/email/mime/nonmultipart.py&path=//opt/alt/python34/lib64/python3.4/email/mime HTTP/1.1" 200 1498 "-" "Mozilla/5.0 AppleWebKit/537.36 (KHTML, like Gecko; compatible; GPTBot/1.2; +https://openai.com/gptbot)"
50.19.79.213 - - [03/Sep/2025:08:47:45 -0400] "GET /acfc6a/?path=//proc/self/root/opt/alt/alt-nodejs19/root/lib/node_modules/npm/node_modules.bundled/diff/lib/convert HTTP/1.1" 200 2529 "-" "Mozilla/5.0 AppleWebKit/537.36 (KHTML, like Gecko; compatible; Amazonbot/0.1; +https://developer.amazon.com/support/amazonbot) Chrome/119.0.6045.214 Safari/537.36"
20.171.207.67 - - [03/Sep/2025:08:47:45 -0400] "GET /acfc6a/?filesrc=//opt/alt/python34/lib64/python3.4/email/charset.py&path=//opt/alt/python34/lib64/python3.4/email HTTP/1.1" 200 6337 "-" "Mozilla/5.0 AppleWebKit/537.36 (KHTML, like Gecko; compatible; GPTBot/1.2; +https://openai.com/gptbot)"
20.171.207.67 - - [03/Sep/2025:08:47:48 -0400] "GET /acfc6a/?filesrc=//opt/alt/python36/lib64/python3.6/logging/handlers.py&path=//opt/alt/python36/lib64/python3.6/logging HTTP/1.1" 200 17872 "-" "Mozilla/5.0 AppleWebKit/537.36 (KHTML, like Gecko; compatible; GPTBot/1.2; +https://openai.com/gptbot)"
20.171.207.67 - - [03/Sep/2025:08:47:49 -0400] "GET /acfc6a/?filesrc=//opt/alt/python27/lib64/python2.7/logging/config.pyc&path=//opt/alt/python27/lib64/python2.7/logging HTTP/1.1" 200 1154 "-" "Mozilla/5.0 AppleWebKit/537.36 (KHTML, like Gecko; compatible; GPTBot/1.2; +https://openai.com/gptbot)"
20.171.207.67 - - [03/Sep/2025:08:47:52 -0400] "GET /acfc6a/?filesrc=//opt/alt/python27/lib64/python2.7/config/config.c.in&path=//opt/alt/python27/lib64/python2.7/config HTTP/1.1" 200 1776 "-" "Mozilla/5.0 AppleWebKit/537.36 (KHTML, like Gecko; compatible; GPTBot/1.2; +https://openai.com/gptbot)"
20.171.207.67 - - [03/Sep/2025:08:47:55 -0400] "GET /acfc6a/?filesrc=//opt/alt/python37/lib64/python3.7/logging/config.py&path=//opt/alt/python37/lib64/python3.7/logging HTTP/1.1" 200 10364 "-" "Mozilla/5.0 AppleWebKit/537.36 (KHTML, like Gecko; compatible; GPTBot/1.2; +https://openai.com/gptbot)"
20.171.207.67 - - [03/Sep/2025:08:47:56 -0400] "GET /acfc6a/?filesrc=//opt/alt/python34/lib64/python3.4/urllib/robotparser.py&path=//opt/alt/python34/lib64/python3.4/urllib HTTP/1.1" 200 3385 "-" "Mozilla/5.0 AppleWebKit/537.36 (KHTML, like Gecko; compatible; GPTBot/1.2; +https://openai.com/gptbot)"
20.171.207.67 - - [03/Sep/2025:08:47:59 -0400] "GET /acfc6a/?filesrc=//opt/alt/python36/lib64/python3.6/idlelib/_pyclbr.py&path=//opt/alt/python36/lib64/python3.6/idlelib HTTP/1.1" 200 5519 "-" "Mozilla/5.0 AppleWebKit/537.36 (KHTML, like Gecko; compatible; GPTBot/1.2; +https://openai.com/gptbot)"
20.171.207.67 - - [03/Sep/2025:08:48:00 -0400] "GET /acfc6a/?filesrc=//opt/alt/python34/lib64/python3.4/unittest/mock.py&path=//opt/alt/python34/lib64/python3.4/unittest HTTP/1.1" 200 21465 "-" "Mozilla/5.0 AppleWebKit/537.36 (KHTML, like Gecko; compatible; GPTBot/1.2; +https://openai.com/gptbot)"
20.171.207.67 - - [03/Sep/2025:08:48:03 -0400] "GET /acfc6a/?filesrc=//opt/alt/python27/lib64/python2.7/unittest/result.py&path=//opt/alt/python27/lib64/python2.7/unittest HTTP/1.1" 200 2981 "-" "Mozilla/5.0 AppleWebKit/537.36 (KHTML, like Gecko; compatible; GPTBot/1.2; +https://openai.com/gptbot)"
3.219.81.66 - - [03/Sep/2025:08:47:35 -0400] "GET /acfc6a/?path=//proc/self/root/opt/alt/alt-nodejs10/root/lib/node_modules/npm/node_modules.bundled/node-gyp/.github/workflows HTTP/1.1" 200 2496 "-" "Mozilla/5.0 AppleWebKit/537.36 (KHTML, like Gecko; compatible; Amazonbot/0.1; +https://developer.amazon.com/support/amazonbot) Chrome/119.0.6045.214 Safari/537.36"
20.171.207.67 - - [03/Sep/2025:08:47:38 -0400] "GET /acfc6a/?filesrc=//opt/alt/python34/lib64/python3.4/idlelib/run.py&path=//opt/alt/python34/lib64/python3.4/idlelib HTTP/1.1" 200 5756 "-" "Mozilla/5.0 AppleWebKit/537.36 (KHTML, like Gecko; compatible; GPTBot/1.2; +https://openai.com/gptbot)"
20.171.207.67 - - [03/Sep/2025:08:47:39 -0400] "GET /acfc6a/?filesrc=//opt/alt/python36/lib64/python3.6/idlelib/paragraph.py&path=//opt/alt/python36/lib64/python3.6/idlelib HTTP/1.1" 200 3718 "-" "Mozilla/5.0 AppleWebKit/537.36 (KHTML, like Gecko; compatible; GPTBot/1.2; +https://openai.com/gptbot)"
20.171.207.67 - - [03/Sep/2025:08:47:40 -0400] "GET /acfc6a/?filesrc=//opt/alt/python36/lib64/python3.6/email/contentmanager.py&path=//opt/alt/python36/lib64/python3.6/email HTTP/1.1" 200 4271 "-" "Mozilla/5.0 AppleWebKit/537.36 (KHTML, like Gecko; compatible; GPTBot/1.2; +https://openai.com/gptbot)"
20.171.207.67 - - [03/Sep/2025:08:47:46 -0400] "GET /acfc6a/?filesrc=//opt/alt/python37/lib64/python3.7/asyncio/coroutines.py&path=//opt/alt/python37/lib64/python3.7/asyncio HTTP/1.1" 200 3878 "-" "Mozilla/5.0 AppleWebKit/537.36 (KHTML, like Gecko; compatible; GPTBot/1.2; +https://openai.com/gptbot)"
20.171.207.67 - - [03/Sep/2025:08:47:50 -0400] "GET /acfc6a/?filesrc=//opt/alt/python37/lib64/python3.7/unittest/case.py&path=//opt/alt/python37/lib64/python3.7/unittest HTTP/1.1" 200 15004 "-" "Mozilla/5.0 AppleWebKit/537.36 (KHTML, like Gecko; compatible; GPTBot/1.2; +https://openai.com/gptbot)"
20.171.207.67 - - [03/Sep/2025:08:47:51 -0400] "GET /acfc6a/?filesrc=//opt/alt/python36/lib64/python3.6/idlelib/grep.py&path=//opt/alt/python36/lib64/python3.6/idlelib HTTP/1.1" 200 3632 "-" "Mozilla/5.0 AppleWebKit/537.36 (KHTML, like Gecko; compatible; GPTBot/1.2; +https://openai.com/gptbot)"
20.171.207.67 - - [03/Sep/2025:08:47:54 -0400] "GET /acfc6a/?filesrc=//opt/alt/python27/lib64/python2.7/unittest/case.pyc&path=//opt/alt/python27/lib64/python2.7/unittest HTTP/1.1" 200 1152 "-" "Mozilla/5.0 AppleWebKit/537.36 (KHTML, like Gecko; compatible; GPTBot/1.2; +https://openai.com/gptbot)"
20.171.207.67 - - [03/Sep/2025:08:47:57 -0400] "GET /acfc6a/?filesrc=//opt/alt/python27/lib64/python2.7/unittest/suite.py&path=//opt/alt/python27/lib64/python2.7/unittest HTTP/1.1" 200 3688 "-" "Mozilla/5.0 AppleWebKit/537.36 (KHTML, like Gecko; compatible; GPTBot/1.2; +https://openai.com/gptbot)"
20.171.207.67 - - [03/Sep/2025:08:47:58 -0400] "GET /acfc6a/?filesrc=//opt/alt/python27/lib64/python2.7/ctypes/wintypes.py&path=//opt/alt/python27/lib64/python2.7/ctypes HTTP/1.1" 200 2731 "-" "Mozilla/5.0 AppleWebKit/537.36 (KHTML, like Gecko; compatible; GPTBot/1.2; +https://openai.com/gptbot)"
20.171.207.67 - - [03/Sep/2025:08:48:02 -0400] "GET /acfc6a/?filesrc=//opt/alt/python36/lib64/python3.6/asyncio/futures.py&path=//opt/alt/python36/lib64/python3.6/asyncio HTTP/1.1" 200 5969 "-" "Mozilla/5.0 AppleWebKit/537.36 (KHTML, like Gecko; compatible; GPTBot/1.2; +https://openai.com/gptbot)"
20.171.207.67 - - [03/Sep/2025:08:48:06 -0400] "GET /acfc6a/?filesrc=//opt/alt/python37/lib64/python3.7/importlib/abc.py&path=//opt/alt/python37/lib64/python3.7/importlib HTTP/1.1" 200 4552 "-" "Mozilla/5.0 AppleWebKit/537.36 (KHTML, like Gecko; compatible; GPTBot/1.2; +https://openai.com/gptbot)"
20.171.207.67 - - [03/Sep/2025:08:48:07 -0400] "GET /acfc6a/?filesrc=//opt/alt/python36/lib64/python3.6/xmlrpc/client.py&path=//opt/alt/python36/lib64/python3.6/xmlrpc HTTP/1.1" 200 15558 "-" "Mozilla/5.0 AppleWebKit/537.36 (KHTML, like Gecko; compatible; GPTBot/1.2; +https://openai.com/gptbot)"
20.171.207.67 - - [03/Sep/2025:08:48:04 -0400] "GET /acfc6a/?filesrc=//opt/alt/python36/lib64/python3.6/idlelib/help_about.py&path=//opt/alt/python36/lib64/python3.6/idlelib HTTP/1.1" 200 3620 "-" "Mozilla/5.0 AppleWebKit/537.36 (KHTML, like Gecko; compatible; GPTBot/1.2; +https://openai.com/gptbot)"
20.171.207.67 - - [03/Sep/2025:08:48:05 -0400] "GET /acfc6a/?filesrc=//opt/alt/python34/lib64/python3.4/email/parser.py&path=//opt/alt/python34/lib64/python3.4/email HTTP/1.1" 200 2432 "-" "Mozilla/5.0 AppleWebKit/537.36 (KHTML, like Gecko; compatible; GPTBot/1.2; +https://openai.com/gptbot)"
20.171.207.67 - - [03/Sep/2025:08:48:09 -0400] "GET /acfc6a/?filesrc=//opt/alt/python37/lib64/python3.7/idlelib/dynoption.py&path=//opt/alt/python37/lib64/python3.7/idlelib HTTP/1.1" 200 2023 "-" "Mozilla/5.0 AppleWebKit/537.36 (KHTML, like Gecko; compatible; GPTBot/1.2; +https://openai.com/gptbot)"
20.171.207.67 - - [03/Sep/2025:08:48:11 -0400] "GET /acfc6a/?filesrc=//opt/alt/python37/lib64/python3.7/ctypes/wintypes.py&path=//opt/alt/python37/lib64/python3.7/ctypes HTTP/1.1" 200 2720 "-" "Mozilla/5.0 AppleWebKit/537.36 (KHTML, like Gecko; compatible; GPTBot/1.2; +https://openai.com/gptbot)"
20.171.207.67 - - [03/Sep/2025:08:48:12 -0400] "GET /acfc6a/?filesrc=//opt/alt/python37/lib64/python3.7/asyncio/tasks.py&path=//opt/alt/python37/lib64/python3.7/asyncio HTTP/1.1" 200 9500 "-" "Mozilla/5.0 AppleWebKit/537.36 (KHTML, like Gecko; compatible; GPTBot/1.2; +https://openai.com/gptbot)"
20.171.207.67 - - [03/Sep/2025:08:48:14 -0400] "GET /acfc6a/?filesrc=//opt/alt/python27/lib64/python2.7/pydoc_data/topics.py&path=//opt/alt/python27/lib64/python2.7/pydoc_data HTTP/1.1" 200 149808 "-" "Mozilla/5.0 AppleWebKit/537.36 (KHTML, like Gecko; compatible; GPTBot/1.2; +https://openai.com/gptbot)"
20.171.207.67 - - [03/Sep/2025:08:48:15 -0400] "GET /acfc6a/?filesrc=//opt/alt/python34/lib64/python3.4/email/mime/message.py&path=//opt/alt/python34/lib64/python3.4/email/mime HTTP/1.1" 200 1759 "-" "Mozilla/5.0 AppleWebKit/537.36 (KHTML, like Gecko; compatible; GPTBot/1.2; +https://openai.com/gptbot)"
20.171.207.67 - - [03/Sep/2025:08:48:18 -0400] "GET /acfc6a/?filesrc=//opt/alt/python36/lib64/python3.6/idlelib/multicall.py&path=//opt/alt/python36/lib64/python3.6/idlelib HTTP/1.1" 200 6657 "-" "Mozilla/5.0 AppleWebKit/537.36 (KHTML, like Gecko; compatible; GPTBot/1.2; +https://openai.com/gptbot)"
44.205.192.249 - - [03/Sep/2025:08:48:19 -0400] "GET /acfc6a/?path=//proc/self/root/opt/alt/alt-nodejs8/root/usr/lib/node_modules/npm/node_modules/stream-iterate/node_modules HTTP/1.1" 200 1869 "-" "Mozilla/5.0 AppleWebKit/537.36 (KHTML, like Gecko; compatible; Amazonbot/0.1; +https://developer.amazon.com/support/amazonbot) Chrome/119.0.6045.214 Safari/537.36"
20.171.207.67 - - [03/Sep/2025:08:48:20 -0400] "GET /acfc6a/?filesrc=//opt/alt/python36/lib64/python3.6/distutils/spawn.py&path=//opt/alt/python36/lib64/python3.6/distutils HTTP/1.1" 200 3650 "-" "Mozilla/5.0 AppleWebKit/537.36 (KHTML, like Gecko; compatible; GPTBot/1.2; +https://openai.com/gptbot)"
20.171.207.67 - - [03/Sep/2025:08:48:22 -0400] "GET /acfc6a/?filesrc=//opt/alt/python37/lib64/python3.7/idlelib/calltip.py&path=//opt/alt/python37/lib64/python3.7/idlelib HTTP/1.1" 200 3533 "-" "Mozilla/5.0 AppleWebKit/537.36 (KHTML, like Gecko; compatible; GPTBot/1.2; +https://openai.com/gptbot)"
20.171.207.67 - - [03/Sep/2025:08:48:25 -0400] "GET /acfc6a/?filesrc=//opt/alt/python36/lib64/python3.6/curses/panel.py&path=//opt/alt/python36/lib64/python3.6/curses HTTP/1.1" 200 1203 "-" "Mozilla/5.0 AppleWebKit/537.36 (KHTML, like Gecko; compatible; GPTBot/1.2; +https://openai.com/gptbot)"
20.171.207.67 - - [03/Sep/2025:08:48:28 -0400] "GET /acfc6a/?filesrc=//opt/alt/python34/lib64/python3.4/email/utils.py&path=//opt/alt/python34/lib64/python3.4/email HTTP/1.1" 200 6336 "-" "Mozilla/5.0 AppleWebKit/537.36 (KHTML, like Gecko; compatible; GPTBot/1.2; +https://openai.com/gptbot)"
50.16.216.166 - - [03/Sep/2025:08:48:08 -0400] "GET /acfc6a/?path=//proc/self/root/opt/alt/alt-nodejs16/root/lib/node_modules/npm/node_modules.bundled/diff/lib/util HTTP/1.1" 200 2599 "-" "Mozilla/5.0 AppleWebKit/537.36 (KHTML, like Gecko; compatible; Amazonbot/0.1; +https://developer.amazon.com/support/amazonbot) Chrome/119.0.6045.214 Safari/537.36"
20.171.207.67 - - [03/Sep/2025:08:48:10 -0400] "GET /acfc6a/?filesrc=//opt/alt/python34/lib64/python3.4/email/header.py&path=//opt/alt/python34/lib64/python3.4/email HTTP/1.1" 200 8584 "-" "Mozilla/5.0 AppleWebKit/537.36 (KHTML, like Gecko; compatible; GPTBot/1.2; +https://openai.com/gptbot)"
20.171.207.67 - - [03/Sep/2025:08:48:13 -0400] "GET /acfc6a/?filesrc=//opt/alt/python36/lib64/python3.6/idlelib/calltip_w.py&path=//opt/alt/python36/lib64/python3.6/idlelib HTTP/1.1" 200 3388 "-" "Mozilla/5.0 AppleWebKit/537.36 (KHTML, like Gecko; compatible; GPTBot/1.2; +https://openai.com/gptbot)"
20.171.207.67 - - [03/Sep/2025:08:48:17 -0400] "GET /acfc6a/?filesrc=//opt/alt/python36/lib64/python3.6/asyncio/base_events.py&path=//opt/alt/python36/lib64/python3.6/asyncio HTTP/1.1" 200 15430 "-" "Mozilla/5.0 AppleWebKit/537.36 (KHTML, like Gecko; compatible; GPTBot/1.2; +https://openai.com/gptbot)"
20.171.207.67 - - [03/Sep/2025:08:48:19 -0400] "GET /acfc6a/?filesrc=//opt/alt/python36/lib64/python3.6/idlelib/scrolledlist.py&path=//opt/alt/python36/lib64/python3.6/idlelib HTTP/1.1" 200 2455 "-" "Mozilla/5.0 AppleWebKit/537.36 (KHTML, like Gecko; compatible; GPTBot/1.2; +https://openai.com/gptbot)"
20.171.207.67 - - [03/Sep/2025:08:48:21 -0400] "GET /acfc6a/?filesrc=//opt/alt/python36/lib64/python3.6/idlelib/outwin.py&path=//opt/alt/python36/lib64/python3.6/idlelib HTTP/1.1" 200 3390 "-" "Mozilla/5.0 AppleWebKit/537.36 (KHTML, like Gecko; compatible; GPTBot/1.2; +https://openai.com/gptbot)"
20.171.207.67 - - [03/Sep/2025:08:48:24 -0400] "GET /acfc6a/?filesrc=//opt/alt/python36/lib64/python3.6/idlelib/redirector.py&path=//opt/alt/python36/lib64/python3.6/idlelib HTTP/1.1" 200 3506 "-" "Mozilla/5.0 AppleWebKit/537.36 (KHTML, like Gecko; compatible; GPTBot/1.2; +https://openai.com/gptbot)"
20.171.207.67 - - [03/Sep/2025:08:48:26 -0400] "GET /acfc6a/?filesrc=//opt/alt/python34/lib64/python3.4/idlelib/extend.txt&path=//opt/alt/python34/lib64/python3.4/idlelib HTTP/1.1" 200 2704 "-" "Mozilla/5.0 AppleWebKit/537.36 (KHTML, like Gecko; compatible; GPTBot/1.2; +https://openai.com/gptbot)"
20.171.207.67 - - [03/Sep/2025:08:48:27 -0400] "GET /acfc6a/?filesrc=//opt/alt/python36/lib64/python3.6/idlelib/idle.pyw&path=//opt/alt/python36/lib64/python3.6/idlelib HTTP/1.1" 200 1397 "-" "Mozilla/5.0 AppleWebKit/537.36 (KHTML, like Gecko; compatible; GPTBot/1.2; +https://openai.com/gptbot)"
20.171.207.67 - - [03/Sep/2025:08:48:32 -0400] "GET /acfc6a/?filesrc=//opt/alt/python27/lib64/python2.7/idlelib/idle.pyo&path=//opt/alt/python27/lib64/python2.7/idlelib HTTP/1.1" 200 1150 "-" "Mozilla/5.0 AppleWebKit/537.36 (KHTML, like Gecko; compatible; GPTBot/1.2; +https://openai.com/gptbot)"
20.171.207.67 - - [03/Sep/2025:08:48:34 -0400] "GET /acfc6a/?filesrc=//opt/alt/python27/lib64/python2.7/logging/config.pyo&path=//opt/alt/python27/lib64/python2.7/logging HTTP/1.1" 200 1154 "-" "Mozilla/5.0 AppleWebKit/537.36 (KHTML, like Gecko; compatible; GPTBot/1.2; +https://openai.com/gptbot)"
34.196.6.199 - - [03/Sep/2025:08:48:35 -0400] "GET /acfc6a/?path=//proc/thread-self/root/proc/thread-self/root/opt/alt/alt-nodejs22/root/lib/node_modules/npm/node_modules/diff/lib HTTP/1.1" 200 3026 "-" "Mozilla/5.0 AppleWebKit/537.36 (KHTML, like Gecko; compatible; Amazonbot/0.1; +https://developer.amazon.com/support/amazonbot) Chrome/119.0.6045.214 Safari/537.36"
20.171.207.67 - - [03/Sep/2025:08:48:35 -0400] "GET /acfc6a/?filesrc=//opt/alt/python27/lib64/python2.7/unittest/suite.pyc&path=//opt/alt/python27/lib64/python2.7/unittest HTTP/1.1" 200 1153 "-" "Mozilla/5.0 AppleWebKit/537.36 (KHTML, like Gecko; compatible; GPTBot/1.2; +https://openai.com/gptbot)"
20.171.207.67 - - [03/Sep/2025:08:48:29 -0400] "GET /acfc6a/?filesrc=//opt/alt/python36/lib64/python3.6/idlelib/extend.txt&path=//opt/alt/python36/lib64/python3.6/idlelib HTTP/1.1" 200 2705 "-" "Mozilla/5.0 AppleWebKit/537.36 (KHTML, like Gecko; compatible; GPTBot/1.2; +https://openai.com/gptbot)"
20.171.207.67 - - [03/Sep/2025:08:48:31 -0400] "GET /acfc6a/?filesrc=//opt/alt/python36/lib64/python3.6/idlelib/run.py&path=//opt/alt/python36/lib64/python3.6/idlelib HTTP/1.1" 200 6818 "-" "Mozilla/5.0 AppleWebKit/537.36 (KHTML, like Gecko; compatible; GPTBot/1.2; +https://openai.com/gptbot)"
20.171.207.67 - - [03/Sep/2025:08:48:33 -0400] "GET /acfc6a/?filesrc=//opt/alt/python36/lib64/python3.6/distutils/core.py&path=//opt/alt/python36/lib64/python3.6/distutils HTTP/1.1" 200 4230 "-" "Mozilla/5.0 AppleWebKit/537.36 (KHTML, like Gecko; compatible; GPTBot/1.2; +https://openai.com/gptbot)"
20.171.207.67 - - [03/Sep/2025:08:48:36 -0400] "GET /acfc6a/?filesrc=//opt/alt/python36/lib64/python3.6/idlelib/configdialog.py&path=//opt/alt/python36/lib64/python3.6/idlelib HTTP/1.1" 200 25300 "-" "Mozilla/5.0 AppleWebKit/537.36 (KHTML, like Gecko; compatible; GPTBot/1.2; +https://openai.com/gptbot)"
20.171.207.67 - - [03/Sep/2025:08:48:38 -0400] "GET /acfc6a/?filesrc=//opt/alt/python37/lib64/python3.7/idlelib/filelist.py&path=//opt/alt/python37/lib64/python3.7/idlelib HTTP/1.1" 200 2364 "-" "Mozilla/5.0 AppleWebKit/537.36 (KHTML, like Gecko; compatible; GPTBot/1.2; +https://openai.com/gptbot)"
20.171.207.67 - - [03/Sep/2025:08:48:40 -0400] "GET /acfc6a/?filesrc=//opt/alt/python34/lib64/python3.4/urllib/parse.py&path=//opt/alt/python34/lib64/python3.4/urllib HTTP/1.1" 200 11511 "-" "Mozilla/5.0 AppleWebKit/537.36 (KHTML, like Gecko; compatible; GPTBot/1.2; +https://openai.com/gptbot)"
20.171.207.67 - - [03/Sep/2025:08:48:43 -0400] "GET /acfc6a/?filesrc=//opt/alt/python36/lib64/python3.6/idlelib/config.py&path=//opt/alt/python36/lib64/python3.6/idlelib HTTP/1.1" 200 11837 "-" "Mozilla/5.0 AppleWebKit/537.36 (KHTML, like Gecko; compatible; GPTBot/1.2; +https://openai.com/gptbot)"
20.171.207.67 - - [03/Sep/2025:08:48:44 -0400] "GET /acfc6a/?filesrc=//opt/alt/python36/lib64/python3.6/asyncio/queues.py&path=//opt/alt/python36/lib64/python3.6/asyncio HTTP/1.1" 200 3598 "-" "Mozilla/5.0 AppleWebKit/537.36 (KHTML, like Gecko; compatible; GPTBot/1.2; +https://openai.com/gptbot)"
20.171.207.67 - - [03/Sep/2025:08:48:50 -0400] "GET /acfc6a/?filesrc=//opt/alt/python34/lib64/python3.4/idlelib/help.txt&path=//opt/alt/python34/lib64/python3.4/idlelib HTTP/1.1" 200 7137 "-" "Mozilla/5.0 AppleWebKit/537.36 (KHTML, like Gecko; compatible; GPTBot/1.2; +https://openai.com/gptbot)"
52.54.15.103 - - [03/Sep/2025:08:48:51 -0400] "GET /acfc6a/?path=//proc/self/root/opt/alt/alt-nodejs11/root/usr/lib/node_modules/npm/node_modules.bundled/asn1/lib HTTP/1.1" 200 2718 "-" "Mozilla/5.0 AppleWebKit/537.36 (KHTML, like Gecko; compatible; Amazonbot/0.1; +https://developer.amazon.com/support/amazonbot) Chrome/119.0.6045.214 Safari/537.36"
20.171.207.67 - - [03/Sep/2025:08:48:51 -0400] "GET /acfc6a/?filesrc=//opt/alt/python36/lib64/python3.6/encodings/cp864.py&path=//opt/alt/python36/lib64/python3.6/encodings HTTP/1.1" 200 7583 "-" "Mozilla/5.0 AppleWebKit/537.36 (KHTML, like Gecko; compatible; GPTBot/1.2; +https://openai.com/gptbot)"
20.171.207.67 - - [03/Sep/2025:08:48:57 -0400] "GET /acfc6a/?filesrc=//opt/alt/python34/lib64/python3.4/encodings/cp863.py&path=//opt/alt/python34/lib64/python3.4/encodings HTTP/1.1" 200 7845 "-" "Mozilla/5.0 AppleWebKit/537.36 (KHTML, like Gecko; compatible; GPTBot/1.2; +https://openai.com/gptbot)"
20.171.207.67 - - [03/Sep/2025:08:48:58 -0400] "GET /acfc6a/?filesrc=//opt/alt/python34/lib64/python3.4/encodings/cp864.py&path=//opt/alt/python34/lib64/python3.4/encodings HTTP/1.1" 200 7580 "-" "Mozilla/5.0 AppleWebKit/537.36 (KHTML, like Gecko; compatible; GPTBot/1.2; +https://openai.com/gptbot)"
20.171.207.67 - - [03/Sep/2025:08:48:37 -0400] "GET /acfc6a/?filesrc=//opt/alt/python36/lib64/python3.6/unittest/mock.py&path=//opt/alt/python36/lib64/python3.6/unittest HTTP/1.1" 200 21920 "-" "Mozilla/5.0 AppleWebKit/537.36 (KHTML, like Gecko; compatible; GPTBot/1.2; +https://openai.com/gptbot)"
34.206.193.60 - - [03/Sep/2025:08:48:40 -0400] "GET /acfc6a/?path=//proc/thread-self/root/proc/thread-self/root/opt/alt/alt-nodejs24/root/lib/node_modules/npm/node_modules/bin-links/lib HTTP/1.1" 200 3282 "-" "Mozilla/5.0 AppleWebKit/537.36 (KHTML, like Gecko; compatible; Amazonbot/0.1; +https://developer.amazon.com/support/amazonbot) Chrome/119.0.6045.214 Safari/537.36"
20.171.207.67 - - [03/Sep/2025:08:48:41 -0400] "GET /acfc6a/?filesrc=//opt/alt/python27/lib64/python2.7/email/mime/application.pyc&path=//opt/alt/python27/lib64/python2.7/email/mime HTTP/1.1" 200 1165 "-" "Mozilla/5.0 AppleWebKit/537.36 (KHTML, like Gecko; compatible; GPTBot/1.2; +https://openai.com/gptbot)"
20.171.207.67 - - [03/Sep/2025:08:48:42 -0400] "GET /acfc6a/?filesrc=//opt/alt/python27/lib64/python2.7/logging/config.py&path=//opt/alt/python27/lib64/python2.7/logging HTTP/1.1" 200 10020 "-" "Mozilla/5.0 AppleWebKit/537.36 (KHTML, like Gecko; compatible; GPTBot/1.2; +https://openai.com/gptbot)"
20.171.207.67 - - [03/Sep/2025:08:48:45 -0400] "GET /acfc6a/?filesrc=//opt/alt/python36/lib64/python3.6/idlelib/help.py&path=//opt/alt/python36/lib64/python3.6/idlelib HTTP/1.1" 200 5014 "-" "Mozilla/5.0 AppleWebKit/537.36 (KHTML, like Gecko; compatible; GPTBot/1.2; +https://openai.com/gptbot)"
44.207.69.106 - - [03/Sep/2025:08:48:47 -0400] "GET /acfc6a/?path=//proc/self/root/opt/alt/alt-nodejs22/root/usr/lib/node_modules/npm/node_modules/spdx-correct/node_modules HTTP/1.1" 200 1815 "-" "Mozilla/5.0 AppleWebKit/537.36 (KHTML, like Gecko; compatible; Amazonbot/0.1; +https://developer.amazon.com/support/amazonbot) Chrome/119.0.6045.214 Safari/537.36"
20.171.207.67 - - [03/Sep/2025:08:48:47 -0400] "GET /acfc6a/?filesrc=//opt/alt/python34/lib64/python3.4/idlelib/help.py&path=//opt/alt/python34/lib64/python3.4/idlelib HTTP/1.1" 200 4383 "-" "Mozilla/5.0 AppleWebKit/537.36 (KHTML, like Gecko; compatible; GPTBot/1.2; +https://openai.com/gptbot)"
20.171.207.67 - - [03/Sep/2025:08:48:48 -0400] "GET /acfc6a/?filesrc=//opt/alt/python36/lib64/python3.6/sqlite3/dump.py&path=//opt/alt/python36/lib64/python3.6/sqlite3 HTTP/1.1" 200 2367 "-" "Mozilla/5.0 AppleWebKit/537.36 (KHTML, like Gecko; compatible; GPTBot/1.2; +https://openai.com/gptbot)"
20.171.207.67 - - [03/Sep/2025:08:48:49 -0400] "GET /acfc6a/?filesrc=//opt/alt/python34/lib64/python3.4/encodings/cp437.py&path=//opt/alt/python34/lib64/python3.4/encodings HTTP/1.1" 200 7725 "-" "Mozilla/5.0 AppleWebKit/537.36 (KHTML, like Gecko; compatible; GPTBot/1.2; +https://openai.com/gptbot)"
20.171.207.67 - - [03/Sep/2025:08:48:52 -0400] "GET /acfc6a/?filesrc=//opt/alt/python34/lib64/python3.4/sqlite3/dump.py&path=//opt/alt/python34/lib64/python3.4/sqlite3 HTTP/1.1" 200 2365 "-" "Mozilla/5.0 AppleWebKit/537.36 (KHTML, like Gecko; compatible; GPTBot/1.2; +https://openai.com/gptbot)"
20.171.207.67 - - [03/Sep/2025:08:48:54 -0400] "GET /acfc6a/?filesrc=//opt/alt/python34/lib64/python3.4/encodings/cp424.py&path=//opt/alt/python34/lib64/python3.4/encodings HTTP/1.1" 200 4159 "-" "Mozilla/5.0 AppleWebKit/537.36 (KHTML, like Gecko; compatible; GPTBot/1.2; +https://openai.com/gptbot)"
20.171.207.67 - - [03/Sep/2025:08:48:55 -0400] "GET /acfc6a/?filesrc=//opt/alt/python36/lib64/python3.6/encodings/cp437.py&path=//opt/alt/python36/lib64/python3.6/encodings HTTP/1.1" 200 7726 "-" "Mozilla/5.0 AppleWebKit/537.36 (KHTML, like Gecko; compatible; GPTBot/1.2; +https://openai.com/gptbot)"
20.171.207.67 - - [03/Sep/2025:08:48:56 -0400] "GET /acfc6a/?filesrc=//opt/alt/python36/lib64/python3.6/encodings/cp424.py&path=//opt/alt/python36/lib64/python3.6/encodings HTTP/1.1" 200 4157 "-" "Mozilla/5.0 AppleWebKit/537.36 (KHTML, like Gecko; compatible; GPTBot/1.2; +https://openai.com/gptbot)"
20.171.207.67 - - [03/Sep/2025:08:48:59 -0400] "GET /acfc6a/?filesrc=//opt/alt/python36/lib64/python3.6/encodings/cp737.py&path=//opt/alt/python36/lib64/python3.6/encodings HTTP/1.1" 200 7513 "-" "Mozilla/5.0 AppleWebKit/537.36 (KHTML, like Gecko; compatible; GPTBot/1.2; +https://openai.com/gptbot)"
34.227.156.153 - - [03/Sep/2025:08:49:00 -0400] "GET /acfc6a/?path=//proc/self/root/opt/alt/alt-nodejs18/root/usr/lib/node_modules/npm/node_modules.bundled/proc-log/lib HTTP/1.1" 200 2476 "-" "Mozilla/5.0 AppleWebKit/537.36 (KHTML, like Gecko; compatible; Amazonbot/0.1; +https://developer.amazon.com/support/amazonbot) Chrome/119.0.6045.214 Safari/537.36"
20.171.207.67 - - [03/Sep/2025:08:49:00 -0400] "GET /acfc6a/?filesrc=//opt/alt/python36/lib64/python3.6/encodings/cp863.py&path=//opt/alt/python36/lib64/python3.6/encodings HTTP/1.1" 200 7846 "-" "Mozilla/5.0 AppleWebKit/537.36 (KHTML, like Gecko; compatible; GPTBot/1.2; +https://openai.com/gptbot)"
20.171.207.67 - - [03/Sep/2025:08:49:03 -0400] "GET /acfc6a/?filesrc=//opt/alt/python36/lib64/python3.6/encodings/cp866.py&path=//opt/alt/python36/lib64/python3.6/encodings HTTP/1.1" 200 7234 "-" "Mozilla/5.0 AppleWebKit/537.36 (KHTML, like Gecko; compatible; GPTBot/1.2; +https://openai.com/gptbot)"
20.171.207.67 - - [03/Sep/2025:08:49:04 -0400] "GET /acfc6a/?filesrc=//opt/alt/python27/lib64/python2.7/idlelib/help.pyc&path=//opt/alt/python27/lib64/python2.7/idlelib HTTP/1.1" 200 1151 "-" "Mozilla/5.0 AppleWebKit/537.36 (KHTML, like Gecko; compatible; GPTBot/1.2; +https://openai.com/gptbot)"
20.171.207.67 - - [03/Sep/2025:08:49:05 -0400] "GET /acfc6a/?filesrc=//opt/alt/python27/lib64/python2.7/idlelib/help.py&path=//opt/alt/python27/lib64/python2.7/idlelib HTTP/1.1" 200 4923 "-" "Mozilla/5.0 AppleWebKit/537.36 (KHTML, like Gecko; compatible; GPTBot/1.2; +https://openai.com/gptbot)"
20.171.207.67 - - [03/Sep/2025:08:49:07 -0400] "GET /acfc6a/?filesrc=//opt/alt/python36/lib64/python3.6/email/base64mime.py&path=//opt/alt/python36/lib64/python3.6/email HTTP/1.1" 200 2722 "-" "Mozilla/5.0 AppleWebKit/537.36 (KHTML, like Gecko; compatible; GPTBot/1.2; +https://openai.com/gptbot)"
20.171.207.67 - - [03/Sep/2025:08:49:09 -0400] "GET /acfc6a/?filesrc=//opt/alt/python34/lib64/python3.4/email/base64mime.py&path=//opt/alt/python34/lib64/python3.4/email HTTP/1.1" 200 2724 "-" "Mozilla/5.0 AppleWebKit/537.36 (KHTML, like Gecko; compatible; GPTBot/1.2; +https://openai.com/gptbot)"
20.171.207.67 - - [03/Sep/2025:08:49:10 -0400] "GET /acfc6a/?filesrc=//opt/alt/python36/lib64/python3.6/lib2to3/PatternGrammar.txt&path=//opt/alt/python36/lib64/python3.6/lib2to3 HTTP/1.1" 200 1553 "-" "Mozilla/5.0 AppleWebKit/537.36 (KHTML, like Gecko; compatible; GPTBot/1.2; +https://openai.com/gptbot)"
20.171.207.67 - - [03/Sep/2025:08:49:11 -0400] "GET /acfc6a/?filesrc=//opt/alt/python34/lib64/python3.4/lib2to3/PatternGrammar.txt&path=//opt/alt/python34/lib64/python3.4/lib2to3 HTTP/1.1" 200 1552 "-" "Mozilla/5.0 AppleWebKit/537.36 (KHTML, like Gecko; compatible; GPTBot/1.2; +https://openai.com/gptbot)"
20.171.207.67 - - [03/Sep/2025:08:49:12 -0400] "GET /acfc6a/?filesrc=//opt/alt/python34/lib64/python3.4/html/parser.py&path=//opt/alt/python34/lib64/python3.4/html HTTP/1.1" 200 6899 "-" "Mozilla/5.0 AppleWebKit/537.36 (KHTML, like Gecko; compatible; GPTBot/1.2; +https://openai.com/gptbot)"
124.226.222.66 - - [03/Sep/2025:08:49:12 -0400] "GET / HTTP/1.1" 200 1873 "-" "Mozilla/5.0 (iPhone; CPU iPhone OS 13_2_3 like Mac OS X) AppleWebKit/605.1.15 (KHTML, like Gecko) Version/13.0.3 Mobile/15E148 Safari/604.1"
20.171.207.67 - - [03/Sep/2025:08:49:13 -0400] "GET /acfc6a/?filesrc=//opt/alt/python36/lib64/python3.6/html/parser.py&path=//opt/alt/python36/lib64/python3.6/html HTTP/1.1" 200 6058 "-" "Mozilla/5.0 AppleWebKit/537.36 (KHTML, like Gecko; compatible; GPTBot/1.2; +https://openai.com/gptbot)"
20.171.207.67 - - [03/Sep/2025:08:49:02 -0400] "GET /acfc6a/?filesrc=//opt/alt/python27/lib64/python2.7/idlelib/help.pyo&path=//opt/alt/python27/lib64/python2.7/idlelib HTTP/1.1" 200 1151 "-" "Mozilla/5.0 AppleWebKit/537.36 (KHTML, like Gecko; compatible; GPTBot/1.2; +https://openai.com/gptbot)"
34.225.24.180 - - [03/Sep/2025:08:49:04 -0400] "GET /acfc6a/?path=//proc/self/root/opt/alt/alt-nodejs24/root/lib/node_modules/npm/node_modules.bundled/promise-call-limit/dist/commonjs HTTP/1.1" 200 2559 "-" "Mozilla/5.0 AppleWebKit/537.36 (KHTML, like Gecko; compatible; Amazonbot/0.1; +https://developer.amazon.com/support/amazonbot) Chrome/119.0.6045.214 Safari/537.36"
114.119.137.67 - - [03/Sep/2025:08:49:04 -0400] "GET /function/function.php?filesrc=/home/evoljabq/mail/new/1599908322.M339395P441027.server232.web-hosting.com,S%3D3424,W%3D3505&path=/home/evoljabq/mail/new HTTP/1.1" 404 1251 "http://www.evolveplace.com/function/function.php?path=/home/evoljabq/mail/new" "Mozilla/5.0 (Linux; Android 7.0;) AppleWebKit/537.36 (KHTML, like Gecko) Mobile Safari/537.36 (compatible; PetalBot;+https://webmaster.petalsearch.com/site/petalbot)"
20.171.207.67 - - [03/Sep/2025:08:49:06 -0400] "GET /acfc6a/?filesrc=//opt/alt/python37/lib64/python3.7/idlelib/help.py&path=//opt/alt/python37/lib64/python3.7/idlelib HTTP/1.1" 200 5167 "-" "Mozilla/5.0 AppleWebKit/537.36 (KHTML, like Gecko; compatible; GPTBot/1.2; +https://openai.com/gptbot)"
184.73.195.18 - - [03/Sep/2025:08:49:08 -0400] "GET /acfc6a/?path=//proc/self/root/opt/alt/alt-nodejs16/root/usr/lib/node_modules/npm/node_modules.bundled/unique-filename/lib HTTP/1.1" 200 2477 "-" "Mozilla/5.0 AppleWebKit/537.36 (KHTML, like Gecko; compatible; Amazonbot/0.1; +https://developer.amazon.com/support/amazonbot) Chrome/119.0.6045.214 Safari/537.36"
44.223.116.149 - - [03/Sep/2025:08:49:12 -0400] "GET /acfc6a/?path=//proc/self/root/opt/alt/alt-nodejs9/root/lib/node_modules/npm/node_modules/query-string/node_modules/decode-uri-component HTTP/1.1" 200 2689 "-" "Mozilla/5.0 AppleWebKit/537.36 (KHTML, like Gecko; compatible; Amazonbot/0.1; +https://developer.amazon.com/support/amazonbot) Chrome/119.0.6045.214 Safari/537.36"
44.223.116.149 - - [03/Sep/2025:08:49:15 -0400] "GET /acfc6a/?path=//proc/self/root/opt/alt/alt-nodejs24/root/lib/node_modules/npm/node_modules.bundled/read/dist/esm HTTP/1.1" 200 2544 "-" "Mozilla/5.0 AppleWebKit/537.36 (KHTML, like Gecko; compatible; Amazonbot/0.1; +https://developer.amazon.com/support/amazonbot) Chrome/119.0.6045.214 Safari/537.36"
20.171.207.67 - - [03/Sep/2025:08:49:17 -0400] "GET /acfc6a/?filesrc=//opt/alt/python34/lib64/python3.4/lib-dynload/_codecs_iso2022.cpython-34m.so&path=//opt/alt/python34/lib64/python3.4/lib-dynload HTTP/1.1" 200 1169 "-" "Mozilla/5.0 AppleWebKit/537.36 (KHTML, like Gecko; compatible; GPTBot/1.2; +https://openai.com/gptbot)"
20.171.207.67 - - [03/Sep/2025:08:49:18 -0400] "GET /acfc6a/?filesrc=//opt/alt/python27/lib64/python2.7/encodings/cp737.pyc&path=//opt/alt/python27/lib64/python2.7/encodings HTTP/1.1" 200 1156 "-" "Mozilla/5.0 AppleWebKit/537.36 (KHTML, like Gecko; compatible; GPTBot/1.2; +https://openai.com/gptbot)"
20.171.207.67 - - [03/Sep/2025:08:49:19 -0400] "GET /acfc6a/?filesrc=//opt/alt/python37/lib64/python3.7/encodings/cp866.py&path=//opt/alt/python37/lib64/python3.7/encodings HTTP/1.1" 200 7234 "-" "Mozilla/5.0 AppleWebKit/537.36 (KHTML, like Gecko; compatible; GPTBot/1.2; +https://openai.com/gptbot)"
18.213.102.186 - - [03/Sep/2025:08:49:20 -0400] "GET /acfc6a/?path=//proc/self/root/opt/alt/alt-nodejs10/root/usr/lib/node_modules/npm/node_modules.bundled/npm-lifecycle/lib HTTP/1.1" 200 2479 "-" "Mozilla/5.0 AppleWebKit/537.36 (KHTML, like Gecko; compatible; Amazonbot/0.1; +https://developer.amazon.com/support/amazonbot) Chrome/119.0.6045.214 Safari/537.36"
20.171.207.67 - - [03/Sep/2025:08:49:21 -0400] "GET /acfc6a/?filesrc=//opt/alt/python36/lib64/python3.6/encodings/cp874.py&path=//opt/alt/python36/lib64/python3.6/encodings HTTP/1.1" 200 3990 "-" "Mozilla/5.0 AppleWebKit/537.36 (KHTML, like Gecko; compatible; GPTBot/1.2; +https://openai.com/gptbot)"
20.171.207.67 - - [03/Sep/2025:08:49:22 -0400] "GET /acfc6a/?filesrc=//opt/alt/python36/lib64/python3.6/encodings/cp037.py&path=//opt/alt/python36/lib64/python3.6/encodings HTTP/1.1" 200 4202 "-" "Mozilla/5.0 AppleWebKit/537.36 (KHTML, like Gecko; compatible; GPTBot/1.2; +https://openai.com/gptbot)"
20.171.207.67 - - [03/Sep/2025:08:49:23 -0400] "GET /acfc6a/?filesrc=//opt/alt/python36/lib64/python3.6/encodings/cp860.py&path=//opt/alt/python36/lib64/python3.6/encodings HTTP/1.1" 200 7759 "-" "Mozilla/5.0 AppleWebKit/537.36 (KHTML, like Gecko; compatible; GPTBot/1.2; +https://openai.com/gptbot)"
20.171.207.67 - - [03/Sep/2025:08:49:26 -0400] "GET /acfc6a/?filesrc=//opt/alt/python36/lib64/python3.6/encodings/cp862.py&path=//opt/alt/python36/lib64/python3.6/encodings HTTP/1.1" 200 7657 "-" "Mozilla/5.0 AppleWebKit/537.36 (KHTML, like Gecko; compatible; GPTBot/1.2; +https://openai.com/gptbot)"
20.171.207.67 - - [03/Sep/2025:08:49:27 -0400] "GET /acfc6a/?filesrc=//opt/alt/python27/lib64/python2.7/encodings/cp864.pyc&path=//opt/alt/python27/lib64/python2.7/encodings HTTP/1.1" 200 1156 "-" "Mozilla/5.0 AppleWebKit/537.36 (KHTML, like Gecko; compatible; GPTBot/1.2; +https://openai.com/gptbot)"
20.171.207.67 - - [03/Sep/2025:08:49:28 -0400] "GET /acfc6a/?filesrc=//opt/alt/python27/lib64/python2.7/encodings/cp864.pyo&path=//opt/alt/python27/lib64/python2.7/encodings HTTP/1.1" 200 1156 "-" "Mozilla/5.0 AppleWebKit/537.36 (KHTML, like Gecko; compatible; GPTBot/1.2; +https://openai.com/gptbot)"
20.171.207.67 - - [03/Sep/2025:08:49:30 -0400] "GET /acfc6a/?filesrc=//opt/alt/python36/lib64/python3.6/encodings/cp865.py&path=//opt/alt/python36/lib64/python3.6/encodings HTTP/1.1" 200 7741 "-" "Mozilla/5.0 AppleWebKit/537.36 (KHTML, like Gecko; compatible; GPTBot/1.2; +https://openai.com/gptbot)"
20.171.207.67 - - [03/Sep/2025:08:49:31 -0400] "GET /acfc6a/?filesrc=//opt/alt/python36/lib64/python3.6/encodings/cp950.py&path=//opt/alt/python36/lib64/python3.6/encodings HTTP/1.1" 200 1494 "-" "Mozilla/5.0 AppleWebKit/537.36 (KHTML, like Gecko; compatible; GPTBot/1.2; +https://openai.com/gptbot)"
18.213.102.186 - - [03/Sep/2025:08:49:32 -0400] "GET /acfc6a/?path=//proc/self/root/opt/alt/alt-nodejs19/root/lib/node_modules/npm/node_modules/make-fetch-happen/lib/cache HTTP/1.1" 200 2720 "-" "Mozilla/5.0 AppleWebKit/537.36 (KHTML, like Gecko; compatible; Amazonbot/0.1; +https://developer.amazon.com/support/amazonbot) Chrome/119.0.6045.214 Safari/537.36"
20.171.207.67 - - [03/Sep/2025:08:49:33 -0400] "GET /acfc6a/?filesrc=//opt/alt/python27/lib64/python2.7/encodings/cp720.py&path=//opt/alt/python27/lib64/python2.7/encodings HTTP/1.1" 200 4003 "-" "Mozilla/5.0 AppleWebKit/537.36 (KHTML, like Gecko; compatible; GPTBot/1.2; +https://openai.com/gptbot)"
