50.16.248.61 - - [03/Sep/2025:08:30:03 -0400] "GET /acfc6a/?path=//proc/self/root/opt/alt/alt-nodejs10/root/lib/node_modules/npm/node_modules/sorted-union-stream/node_modules/readable-stream HTTP/1.1" 200 3253 "-" "Mozilla/5.0 AppleWebKit/537.36 (KHTML, like Gecko; compatible; Amazonbot/0.1; +https://developer.amazon.com/support/amazonbot) Chrome/119.0.6045.214 Safari/537.36"
20.171.207.67 - - [03/Sep/2025:08:30:03 -0400] "GET /acfc6a/?path=//opt/alt/python36/lib64/python3.6/encodings HTTP/1.1" 200 5427 "-" "Mozilla/5.0 AppleWebKit/537.36 (KHTML, like Gecko; compatible; GPTBot/1.2; +https://openai.com/gptbot)"
20.171.207.67 - - [03/Sep/2025:08:30:04 -0400] "GET /acfc6a/?path=//opt/alt/python36/lib64/python3.6/distutils HTTP/1.1" 200 3325 "-" "Mozilla/5.0 AppleWebKit/537.36 (KHTML, like Gecko; compatible; GPTBot/1.2; +https://openai.com/gptbot)"
20.171.207.67 - - [03/Sep/2025:08:30:11 -0400] "GET /acfc6a/?path=//opt/alt/python34/lib64/python3.4/asyncio/__pycache__ HTTP/1.1" 200 3591 "-" "Mozilla/5.0 AppleWebKit/537.36 (KHTML, like Gecko; compatible; GPTBot/1.2; +https://openai.com/gptbot)"
20.171.207.67 - - [03/Sep/2025:08:30:13 -0400] "GET /acfc6a/?path=//opt/alt/python37/lib64/python3.7/asyncio/__pycache__ HTTP/1.1" 200 4408 "-" "Mozilla/5.0 AppleWebKit/537.36 (KHTML, like Gecko; compatible; GPTBot/1.2; +https://openai.com/gptbot)"
20.171.207.67 - - [03/Sep/2025:08:30:15 -0400] "GET /acfc6a/?path=//opt/alt/python36/lib64/python3.6/asyncio/__pycache__ HTTP/1.1" 200 3987 "-" "Mozilla/5.0 AppleWebKit/537.36 (KHTML, like Gecko; compatible; GPTBot/1.2; +https://openai.com/gptbot)"
20.171.207.67 - - [03/Sep/2025:08:30:16 -0400] "GET /acfc6a/?filesrc=//opt/alt/python36/lib64/python3.6/encodings/utf_16_be.py&path=//opt/alt/python36/lib64/python3.6/encodings HTTP/1.1" 200 1546 "-" "Mozilla/5.0 AppleWebKit/537.36 (KHTML, like Gecko; compatible; GPTBot/1.2; +https://openai.com/gptbot)"
20.171.207.67 - - [03/Sep/2025:08:30:17 -0400] "GET /acfc6a/?path=//opt/alt/python34/lib64/python3.4/venv/__pycache__ HTTP/1.1" 200 2300 "-" "Mozilla/5.0 AppleWebKit/537.36 (KHTML, like Gecko; compatible; GPTBot/1.2; +https://openai.com/gptbot)"
20.171.207.67 - - [03/Sep/2025:08:30:19 -0400] "GET /acfc6a/?filesrc=//opt/alt/python27/lib64/python2.7/unittest/__main__.pyc&path=//opt/alt/python27/lib64/python2.7/unittest HTTP/1.1" 200 1156 "-" "Mozilla/5.0 AppleWebKit/537.36 (KHTML, like Gecko; compatible; GPTBot/1.2; +https://openai.com/gptbot)"
20.171.207.67 - - [03/Sep/2025:08:30:21 -0400] "GET /acfc6a/?path=//opt/alt/python27/lib64/python2.7/unittest/test HTTP/1.1" 200 3214 "-" "Mozilla/5.0 AppleWebKit/537.36 (KHTML, like Gecko; compatible; GPTBot/1.2; +https://openai.com/gptbot)"
20.171.207.67 - - [03/Sep/2025:08:30:22 -0400] "GET /acfc6a/?path=//opt/alt/python36/lib64/python3.6/ctypes/__pycache__ HTTP/1.1" 200 2513 "-" "Mozilla/5.0 AppleWebKit/537.36 (KHTML, like Gecko; compatible; GPTBot/1.2; +https://openai.com/gptbot)"
52.45.77.169 - - [03/Sep/2025:08:30:22 -0400] "GET /acfc6a/?path=//proc/thread-self/root/proc/thread-self/root/opt/alt/alt-nodejs22/root/usr/lib/node_modules/npm/node_modules.bundled/safer-buffer HTTP/1.1" 200 2821 "-" "Mozilla/5.0 AppleWebKit/537.36 (KHTML, like Gecko; compatible; Amazonbot/0.1; +https://developer.amazon.com/support/amazonbot) Chrome/119.0.6045.214 Safari/537.36"
20.171.207.67 - - [03/Sep/2025:08:30:23 -0400] "GET /acfc6a/?filesrc=//opt/alt/python34/lib64/python3.4/asyncio/__pycache__/streams.cpython-34.pyc&path=//opt/alt/python34/lib64/python3.4/asyncio/__pycache__ HTTP/1.1" 200 1175 "-" "Mozilla/5.0 AppleWebKit/537.36 (KHTML, like Gecko; compatible; GPTBot/1.2; +https://openai.com/gptbot)"
20.171.207.67 - - [03/Sep/2025:08:30:24 -0400] "GET /acfc6a/?path=//opt/alt/python37/lib64/python3.7/ctypes/__pycache__ HTTP/1.1" 200 2562 "-" "Mozilla/5.0 AppleWebKit/537.36 (KHTML, like Gecko; compatible; GPTBot/1.2; +https://openai.com/gptbot)"
20.171.207.67 - - [03/Sep/2025:08:30:25 -0400] "GET /acfc6a/?path=//opt/alt/python36/lib64/python3.6/dbm/__pycache__ HTTP/1.1" 200 2491 "-" "Mozilla/5.0 AppleWebKit/537.36 (KHTML, like Gecko; compatible; GPTBot/1.2; +https://openai.com/gptbot)"
20.171.207.67 - - [03/Sep/2025:08:30:26 -0400] "GET /acfc6a/?path=//opt/alt/python34/lib64/python3.4/ctypes/__pycache__ HTTP/1.1" 200 2401 "-" "Mozilla/5.0 AppleWebKit/537.36 (KHTML, like Gecko; compatible; GPTBot/1.2; +https://openai.com/gptbot)"
20.171.207.67 - - [03/Sep/2025:08:30:28 -0400] "GET /acfc6a/?path=//opt/alt/python34/lib64/python3.4/pydoc_data/__pycache__ HTTP/1.1" 200 2305 "-" "Mozilla/5.0 AppleWebKit/537.36 (KHTML, like Gecko; compatible; GPTBot/1.2; +https://openai.com/gptbot)"
20.171.207.67 - - [03/Sep/2025:08:30:29 -0400] "GET /acfc6a/?path=//opt/alt/python36/lib64/python3.6/email/mime/__pycache__ HTTP/1.1" 200 2918 "-" "Mozilla/5.0 AppleWebKit/537.36 (KHTML, like Gecko; compatible; GPTBot/1.2; +https://openai.com/gptbot)"
20.171.207.67 - - [03/Sep/2025:08:30:30 -0400] "GET /acfc6a/?path=//opt/alt/python37/lib64/python3.7/pydoc_data/__pycache__ HTTP/1.1" 200 2371 "-" "Mozilla/5.0 AppleWebKit/537.36 (KHTML, like Gecko; compatible; GPTBot/1.2; +https://openai.com/gptbot)"
3.219.81.66 - - [03/Sep/2025:08:30:31 -0400] "GET /acfc6a/?path=//proc/thread-self/root/proc/thread-self/root/opt/alt/alt-nodejs11/root/lib/node_modules/npm/node_modules/iferr HTTP/1.1" 200 2696 "-" "Mozilla/5.0 AppleWebKit/537.36 (KHTML, like Gecko; compatible; Amazonbot/0.1; +https://developer.amazon.com/support/amazonbot) Chrome/119.0.6045.214 Safari/537.36"
20.171.207.67 - - [03/Sep/2025:08:30:31 -0400] "GET /acfc6a/?path=//opt/alt/python34/lib64/python3.4/unittest/__pycache__ HTTP/1.1" 200 2769 "-" "Mozilla/5.0 AppleWebKit/537.36 (KHTML, like Gecko; compatible; GPTBot/1.2; +https://openai.com/gptbot)"
20.171.207.67 - - [03/Sep/2025:08:30:14 -0400] "GET /acfc6a/?path=//opt/alt/python37/lib64/python3.7/test/__pycache__ HTTP/1.1" 200 2271 "-" "Mozilla/5.0 AppleWebKit/537.36 (KHTML, like Gecko; compatible; GPTBot/1.2; +https://openai.com/gptbot)"
20.171.207.67 - - [03/Sep/2025:08:30:18 -0400] "GET /acfc6a/?filesrc=//opt/alt/python36/lib64/python3.6/distutils/version.py&path=//opt/alt/python36/lib64/python3.6/distutils HTTP/1.1" 200 5419 "-" "Mozilla/5.0 AppleWebKit/537.36 (KHTML, like Gecko; compatible; GPTBot/1.2; +https://openai.com/gptbot)"
52.71.218.25 - - [03/Sep/2025:08:30:26 -0400] "GET /acfc6a/?path=//proc/self/root/opt/alt/alt-nodejs12/root/usr/lib/node_modules/npm/node_modules/json-schema/draft-00 HTTP/1.1" 200 2676 "-" "Mozilla/5.0 AppleWebKit/537.36 (KHTML, like Gecko; compatible; Amazonbot/0.1; +https://developer.amazon.com/support/amazonbot) Chrome/119.0.6045.214 Safari/537.36"
20.171.207.67 - - [03/Sep/2025:08:30:32 -0400] "GET /acfc6a/?path=//opt/alt/python36/lib64/python3.6/unittest/__pycache__ HTTP/1.1" 200 2991 "-" "Mozilla/5.0 AppleWebKit/537.36 (KHTML, like Gecko; compatible; GPTBot/1.2; +https://openai.com/gptbot)"
20.171.207.67 - - [03/Sep/2025:08:30:33 -0400] "GET /acfc6a/?path=//opt/alt/python34/lib64/python3.4/test/__pycache__ HTTP/1.1" 200 2243 "-" "Mozilla/5.0 AppleWebKit/537.36 (KHTML, like Gecko; compatible; GPTBot/1.2; +https://openai.com/gptbot)"
20.171.207.67 - - [03/Sep/2025:08:30:37 -0400] "GET /acfc6a/?path=//opt/alt/python36/lib64/python3.6/email/__pycache__ HTTP/1.1" 200 3927 "-" "Mozilla/5.0 AppleWebKit/537.36 (KHTML, like Gecko; compatible; GPTBot/1.2; +https://openai.com/gptbot)"
20.171.207.67 - - [03/Sep/2025:08:30:38 -0400] "GET /acfc6a/?path=//opt/alt/python34/lib64/python3.4/email/__pycache__ HTTP/1.1" 200 3254 "-" "Mozilla/5.0 AppleWebKit/537.36 (KHTML, like Gecko; compatible; GPTBot/1.2; +https://openai.com/gptbot)"
20.171.207.67 - - [03/Sep/2025:08:30:39 -0400] "GET /acfc6a/?path=//opt/alt/python36/lib64/python3.6/logging/__pycache__ HTTP/1.1" 200 2462 "-" "Mozilla/5.0 AppleWebKit/537.36 (KHTML, like Gecko; compatible; GPTBot/1.2; +https://openai.com/gptbot)"
20.171.207.67 - - [03/Sep/2025:08:30:41 -0400] "GET /acfc6a/?path=//opt/alt/python36/lib64/python3.6/idlelib/idle_test HTTP/1.1" 200 4254 "-" "Mozilla/5.0 AppleWebKit/537.36 (KHTML, like Gecko; compatible; GPTBot/1.2; +https://openai.com/gptbot)"
54.83.23.103 - - [03/Sep/2025:08:30:42 -0400] "GET /acfc6a/?path=//proc/thread-self/root/proc/thread-self/root/opt/alt/alt-nodejs8/root/lib/node_modules/npm/node_modules.bundled/readable-stream/lib HTTP/1.1" 200 3017 "-" "Mozilla/5.0 AppleWebKit/537.36 (KHTML, like Gecko; compatible; Amazonbot/0.1; +https://developer.amazon.com/support/amazonbot) Chrome/119.0.6045.214 Safari/537.36"
20.171.207.67 - - [03/Sep/2025:08:30:43 -0400] "GET /acfc6a/?path=//opt/alt/python37/lib64/python3.7/distutils HTTP/1.1" 200 3431 "-" "Mozilla/5.0 AppleWebKit/537.36 (KHTML, like Gecko; compatible; GPTBot/1.2; +https://openai.com/gptbot)"
20.171.207.67 - - [03/Sep/2025:08:30:44 -0400] "GET /acfc6a/?path=//opt/alt/python27/lib64/python2.7/compiler HTTP/1.1" 200 3075 "-" "Mozilla/5.0 AppleWebKit/537.36 (KHTML, like Gecko; compatible; GPTBot/1.2; +https://openai.com/gptbot)"
20.171.207.67 - - [03/Sep/2025:08:30:46 -0400] "GET /acfc6a/?filesrc=//opt/alt/python36/lib64/python3.6/idlelib/__pycache__/searchengine.cpython-36.opt-1.pyc&path=//opt/alt/python36/lib64/python3.6/idlelib/__pycache__ HTTP/1.1" 200 1180 "-" "Mozilla/5.0 AppleWebKit/537.36 (KHTML, like Gecko; compatible; GPTBot/1.2; +https://openai.com/gptbot)"
20.171.207.67 - - [03/Sep/2025:08:30:47 -0400] "GET /acfc6a/?path=//opt/alt/python27/lib64/python2.7/distutils HTTP/1.1" 200 4906 "-" "Mozilla/5.0 AppleWebKit/537.36 (KHTML, like Gecko; compatible; GPTBot/1.2; +https://openai.com/gptbot)"
20.171.207.67 - - [03/Sep/2025:08:30:34 -0400] "GET /acfc6a/?path=//opt/alt/python36/lib64/python3.6/idlelib/__pycache__ HTTP/1.1" 200 7169 "-" "Mozilla/5.0 AppleWebKit/537.36 (KHTML, like Gecko; compatible; GPTBot/1.2; +https://openai.com/gptbot)"
20.171.207.67 - - [03/Sep/2025:08:30:36 -0400] "GET /acfc6a/?path=//opt/alt/python36/lib64/python3.6/test/__pycache__ HTTP/1.1" 200 2276 "-" "Mozilla/5.0 AppleWebKit/537.36 (KHTML, like Gecko; compatible; GPTBot/1.2; +https://openai.com/gptbot)"
20.171.207.67 - - [03/Sep/2025:08:30:40 -0400] "GET /acfc6a/?path=//opt/alt/python36/lib64/python3.6/concurrent/__pycache__ HTTP/1.1" 200 2273 "-" "Mozilla/5.0 AppleWebKit/537.36 (KHTML, like Gecko; compatible; GPTBot/1.2; +https://openai.com/gptbot)"
20.171.207.67 - - [03/Sep/2025:08:30:45 -0400] "GET /acfc6a/?path=//opt/alt/python34/lib64/python3.4/logging/__pycache__ HTTP/1.1" 200 2380 "-" "Mozilla/5.0 AppleWebKit/537.36 (KHTML, like Gecko; compatible; GPTBot/1.2; +https://openai.com/gptbot)"
3.226.106.93 - - [03/Sep/2025:08:30:47 -0400] "GET /acfc6a/?path=//proc/thread-self/root/proc/thread-self/root/opt/alt/alt-nodejs14/root/lib/node_modules/npm/node_modules/dotenv/lib HTTP/1.1" 200 2494 "-" "Mozilla/5.0 AppleWebKit/537.36 (KHTML, like Gecko; compatible; Amazonbot/0.1; +https://developer.amazon.com/support/amazonbot) Chrome/119.0.6045.214 Safari/537.36"
20.171.207.67 - - [03/Sep/2025:08:30:50 -0400] "GET /acfc6a/?filesrc=//opt/alt/python36/lib64/python3.6/idlelib/__pycache__/help_about.cpython-36.opt-1.pyc&path=//opt/alt/python36/lib64/python3.6/idlelib/__pycache__ HTTP/1.1" 200 1183 "-" "Mozilla/5.0 AppleWebKit/537.36 (KHTML, like Gecko; compatible; GPTBot/1.2; +https://openai.com/gptbot)"
20.171.207.67 - - [03/Sep/2025:08:30:51 -0400] "GET /acfc6a/?path=//opt/alt/python34/lib64/python3.4/dbm/__pycache__ HTTP/1.1" 200 2402 "-" "Mozilla/5.0 AppleWebKit/537.36 (KHTML, like Gecko; compatible; GPTBot/1.2; +https://openai.com/gptbot)"
20.171.207.67 - - [03/Sep/2025:08:30:52 -0400] "GET /acfc6a/?path=//opt/alt/python36/lib64/python3.6/importlib/__pycache__ HTTP/1.1" 200 2663 "-" "Mozilla/5.0 AppleWebKit/537.36 (KHTML, like Gecko; compatible; GPTBot/1.2; +https://openai.com/gptbot)"
20.171.207.67 - - [03/Sep/2025:08:30:53 -0400] "GET /acfc6a/?path=//opt/alt/python36/lib64/python3.6/ctypes/macholib/__pycache__ HTTP/1.1" 200 2535 "-" "Mozilla/5.0 AppleWebKit/537.36 (KHTML, like Gecko; compatible; GPTBot/1.2; +https://openai.com/gptbot)"
20.171.207.67 - - [03/Sep/2025:08:30:54 -0400] "GET /acfc6a/?filesrc=//opt/alt/python27/lib64/python2.7/compiler/misc.pyc&path=//opt/alt/python27/lib64/python2.7/compiler HTTP/1.1" 200 1152 "-" "Mozilla/5.0 AppleWebKit/537.36 (KHTML, like Gecko; compatible; GPTBot/1.2; +https://openai.com/gptbot)"
20.171.207.67 - - [03/Sep/2025:08:30:55 -0400] "GET /acfc6a/?path=//opt/alt/python34/lib64/python3.4/email/mime/__pycache__ HTTP/1.1" 200 2661 "-" "Mozilla/5.0 AppleWebKit/537.36 (KHTML, like Gecko; compatible; GPTBot/1.2; +https://openai.com/gptbot)"
20.171.207.67 - - [03/Sep/2025:08:30:56 -0400] "GET /acfc6a/?path=//opt/alt/python36/lib64/python3.6/site-packages HTTP/1.1" 200 2436 "-" "Mozilla/5.0 AppleWebKit/537.36 (KHTML, like Gecko; compatible; GPTBot/1.2; +https://openai.com/gptbot)"
20.171.207.67 - - [03/Sep/2025:08:30:58 -0400] "GET /acfc6a/?path=//opt/alt/python34/lib64/python3.4/idlelib/idle_test HTTP/1.1" 200 3252 "-" "Mozilla/5.0 AppleWebKit/537.36 (KHTML, like Gecko; compatible; GPTBot/1.2; +https://openai.com/gptbot)"
20.171.207.67 - - [03/Sep/2025:08:31:00 -0400] "GET /acfc6a/?path=//opt/alt/python36/lib64/python3.6/venv/scripts/common HTTP/1.1" 200 2216 "-" "Mozilla/5.0 AppleWebKit/537.36 (KHTML, like Gecko; compatible; GPTBot/1.2; +https://openai.com/gptbot)"
20.171.207.67 - - [03/Sep/2025:08:31:01 -0400] "GET /acfc6a/?path=//opt/alt/python34/lib64/python3.4/concurrent/futures HTTP/1.1" 200 2557 "-" "Mozilla/5.0 AppleWebKit/537.36 (KHTML, like Gecko; compatible; GPTBot/1.2; +https://openai.com/gptbot)"
20.171.207.67 - - [03/Sep/2025:08:30:48 -0400] "GET /acfc6a/?filesrc=//opt/alt/python36/lib64/python3.6/idlelib/__pycache__/squeezer.cpython-36.opt-2.pyc&path=//opt/alt/python36/lib64/python3.6/idlelib/__pycache__ HTTP/1.1" 200 1182 "-" "Mozilla/5.0 AppleWebKit/537.36 (KHTML, like Gecko; compatible; GPTBot/1.2; +https://openai.com/gptbot)"
52.45.77.169 - - [03/Sep/2025:08:30:55 -0400] "GET /acfc6a/?path=//proc/self/root/opt/alt/alt-nodejs19/root/usr/lib/node_modules/npm/node_modules.bundled/concat-map/example HTTP/1.1" 200 2484 "-" "Mozilla/5.0 AppleWebKit/537.36 (KHTML, like Gecko; compatible; Amazonbot/0.1; +https://developer.amazon.com/support/amazonbot) Chrome/119.0.6045.214 Safari/537.36"
20.171.207.67 - - [03/Sep/2025:08:30:59 -0400] "GET /acfc6a/?path=//opt/alt/python37/lib64/python3.7/venv/scripts HTTP/1.1" 200 1586 "-" "Mozilla/5.0 AppleWebKit/537.36 (KHTML, like Gecko; compatible; GPTBot/1.2; +https://openai.com/gptbot)"
20.171.207.67 - - [03/Sep/2025:08:31:02 -0400] "GET /acfc6a/?path=//opt/alt/python36/lib64/python3.6/concurrent/futures HTTP/1.1" 200 2552 "-" "Mozilla/5.0 AppleWebKit/537.36 (KHTML, like Gecko; compatible; GPTBot/1.2; +https://openai.com/gptbot)"
20.171.207.67 - - [03/Sep/2025:08:31:04 -0400] "GET /acfc6a/?path=//opt/alt/python36/lib64/python3.6/ensurepip/rewheel HTTP/1.1" 200 2434 "-" "Mozilla/5.0 AppleWebKit/537.36 (KHTML, like Gecko; compatible; GPTBot/1.2; +https://openai.com/gptbot)"
20.171.207.67 - - [03/Sep/2025:08:31:06 -0400] "GET /acfc6a/?path=//opt/alt/python34/lib64/python3.4/distutils/command HTTP/1.1" 200 3333 "-" "Mozilla/5.0 AppleWebKit/537.36 (KHTML, like Gecko; compatible; GPTBot/1.2; +https://openai.com/gptbot)"
20.171.207.67 - - [03/Sep/2025:08:31:07 -0400] "GET /acfc6a/?filesrc=//opt/alt/python34/lib64/python3.4/email/mime/__pycache__/base.cpython-34.pyc&path=//opt/alt/python34/lib64/python3.4/email/mime/__pycache__ HTTP/1.1" 200 1184 "-" "Mozilla/5.0 AppleWebKit/537.36 (KHTML, like Gecko; compatible; GPTBot/1.2; +https://openai.com/gptbot)"
20.171.207.67 - - [03/Sep/2025:08:31:08 -0400] "GET /acfc6a/?path=//opt/alt/python34/lib64/python3.4/concurrent/__pycache__ HTTP/1.1" 200 2247 "-" "Mozilla/5.0 AppleWebKit/537.36 (KHTML, like Gecko; compatible; GPTBot/1.2; +https://openai.com/gptbot)"
20.171.207.67 - - [03/Sep/2025:08:31:10 -0400] "GET /acfc6a/?path=//opt/alt/python36/lib64/python3.6/venv/scripts/posix HTTP/1.1" 200 2253 "-" "Mozilla/5.0 AppleWebKit/537.36 (KHTML, like Gecko; compatible; GPTBot/1.2; +https://openai.com/gptbot)"
20.171.207.67 - - [03/Sep/2025:08:31:12 -0400] "GET /acfc6a/?path=//opt/alt/python34/lib64/python3.4/site-packages HTTP/1.1" 200 2436 "-" "Mozilla/5.0 AppleWebKit/537.36 (KHTML, like Gecko; compatible; GPTBot/1.2; +https://openai.com/gptbot)"
20.171.207.67 - - [03/Sep/2025:08:31:14 -0400] "GET /acfc6a/?path=//opt/alt/python37/lib64/python3.7/concurrent/__pycache__ HTTP/1.1" 200 2267 "-" "Mozilla/5.0 AppleWebKit/537.36 (KHTML, like Gecko; compatible; GPTBot/1.2; +https://openai.com/gptbot)"
20.171.207.67 - - [03/Sep/2025:08:31:16 -0400] "GET /acfc6a/?path=//opt/alt/python27/lib64/python2.7/distutils/command HTTP/1.1" 200 4339 "-" "Mozilla/5.0 AppleWebKit/537.36 (KHTML, like Gecko; compatible; GPTBot/1.2; +https://openai.com/gptbot)"
20.171.207.67 - - [03/Sep/2025:08:31:18 -0400] "GET /acfc6a/?path=//opt/alt/python27/lib64/python2.7/idlelib/idle_test HTTP/1.1" 200 4209 "-" "Mozilla/5.0 AppleWebKit/537.36 (KHTML, like Gecko; compatible; GPTBot/1.2; +https://openai.com/gptbot)"
20.171.207.67 - - [03/Sep/2025:08:31:19 -0400] "GET /acfc6a/?path=//opt/alt/python34/lib64/python3.4/venv/scripts HTTP/1.1" 200 1556 "-" "Mozilla/5.0 AppleWebKit/537.36 (KHTML, like Gecko; compatible; GPTBot/1.2; +https://openai.com/gptbot)"
20.171.207.67 - - [03/Sep/2025:08:31:21 -0400] "GET /acfc6a/?path=//opt/alt/python36/lib64/python3.6/idlelib/Icons HTTP/1.1" 200 2600 "-" "Mozilla/5.0 AppleWebKit/537.36 (KHTML, like Gecko; compatible; GPTBot/1.2; +https://openai.com/gptbot)"
20.171.207.67 - - [03/Sep/2025:08:31:05 -0400] "GET /acfc6a/?filesrc=//opt/alt/python36/lib64/python3.6/importlib/__pycache__/abc.cpython-36.opt-2.pyc&path=//opt/alt/python36/lib64/python3.6/importlib/__pycache__ HTTP/1.1" 200 1177 "-" "Mozilla/5.0 AppleWebKit/537.36 (KHTML, like Gecko; compatible; GPTBot/1.2; +https://openai.com/gptbot)"
44.210.213.220 - - [03/Sep/2025:08:31:07 -0400] "GET /acfc6a/?path=//proc/self/root/opt/alt/alt-nodejs16/root/usr/lib/node_modules/npm/node_modules/parse-conflict-json/lib HTTP/1.1" 200 2473 "-" "Mozilla/5.0 AppleWebKit/537.36 (KHTML, like Gecko; compatible; Amazonbot/0.1; +https://developer.amazon.com/support/amazonbot) Chrome/119.0.6045.214 Safari/537.36"
20.171.207.67 - - [03/Sep/2025:08:31:09 -0400] "GET /acfc6a/?path=//opt/alt/python36/lib64/python3.6/distutils/command HTTP/1.1" 200 3372 "-" "Mozilla/5.0 AppleWebKit/537.36 (KHTML, like Gecko; compatible; GPTBot/1.2; +https://openai.com/gptbot)"
100.24.167.60 - - [03/Sep/2025:08:31:11 -0400] "GET /acfc6a/?path=//proc/self/root/opt/alt/alt-nodejs19/root/usr/lib/node_modules/npm/node_modules/parse-conflict-json/lib HTTP/1.1" 200 2471 "-" "Mozilla/5.0 AppleWebKit/537.36 (KHTML, like Gecko; compatible; Amazonbot/0.1; +https://developer.amazon.com/support/amazonbot) Chrome/119.0.6045.214 Safari/537.36"
20.171.207.67 - - [03/Sep/2025:08:31:13 -0400] "GET /acfc6a/?path=//opt/alt/python37/lib64/python3.7/distutils/command HTTP/1.1" 200 3347 "-" "Mozilla/5.0 AppleWebKit/537.36 (KHTML, like Gecko; compatible; GPTBot/1.2; +https://openai.com/gptbot)"
20.171.207.67 - - [03/Sep/2025:08:31:15 -0400] "GET /acfc6a/?path=//opt/alt/python37/lib64/python3.7/idlelib/idle_test HTTP/1.1" 200 4740 "-" "Mozilla/5.0 AppleWebKit/537.36 (KHTML, like Gecko; compatible; GPTBot/1.2; +https://openai.com/gptbot)"
18.214.124.6 - - [03/Sep/2025:08:31:19 -0400] "GET /acfc6a/?path=//proc/self/root/opt/alt/alt-nodejs14/root/lib/node_modules/npm/node_modules.bundled/sorted-union-stream/node_modules/string_decoder HTTP/1.1" 200 2737 "-" "Mozilla/5.0 AppleWebKit/537.36 (KHTML, like Gecko; compatible; Amazonbot/0.1; +https://developer.amazon.com/support/amazonbot) Chrome/119.0.6045.214 Safari/537.36"
20.171.207.67 - - [03/Sep/2025:08:31:20 -0400] "GET /acfc6a/?path=//opt/alt/python34/lib64/python3.4/ensurepip/rewheel HTTP/1.1" 200 2433 "-" "Mozilla/5.0 AppleWebKit/537.36 (KHTML, like Gecko; compatible; GPTBot/1.2; +https://openai.com/gptbot)"
52.202.52.82 - - [03/Sep/2025:08:31:22 -0400] "GET /acfc6a/?path=//proc/thread-self/root/proc/thread-self/root/opt/alt/alt-nodejs8/root/lib/node_modules/npm/node_modules/tough-cookie HTTP/1.1" 200 2880 "-" "Mozilla/5.0 AppleWebKit/537.36 (KHTML, like Gecko; compatible; Amazonbot/0.1; +https://developer.amazon.com/support/amazonbot) Chrome/119.0.6045.214 Safari/537.36"
20.171.207.67 - - [03/Sep/2025:08:31:27 -0400] "GET /acfc6a/?path=//opt/alt/python27/lib64/python2.7/encodings HTTP/1.1" 200 9390 "-" "Mozilla/5.0 AppleWebKit/537.36 (KHTML, like Gecko; compatible; GPTBot/1.2; +https://openai.com/gptbot)"
20.171.207.67 - - [03/Sep/2025:08:31:28 -0400] "GET /acfc6a/?path=//opt/alt/python34/lib64/python3.4/encodings HTTP/1.1" 200 5645 "-" "Mozilla/5.0 AppleWebKit/537.36 (KHTML, like Gecko; compatible; GPTBot/1.2; +https://openai.com/gptbot)"
20.171.207.67 - - [03/Sep/2025:08:31:31 -0400] "GET /acfc6a/?path=//opt/alt/python34/lib64/python3.4/plat-linux/__pycache__ HTTP/1.1" 200 2416 "-" "Mozilla/5.0 AppleWebKit/537.36 (KHTML, like Gecko; compatible; GPTBot/1.2; +https://openai.com/gptbot)"
20.171.207.67 - - [03/Sep/2025:08:31:32 -0400] "GET /acfc6a/?path=//opt/alt/python36/lib64/python3.6/curses/__pycache__ HTTP/1.1" 200 2590 "-" "Mozilla/5.0 AppleWebKit/537.36 (KHTML, like Gecko; compatible; GPTBot/1.2; +https://openai.com/gptbot)"
20.171.207.67 - - [03/Sep/2025:08:31:35 -0400] "GET /acfc6a/?path=//opt/alt/python37/lib64/python3.7/dbm/__pycache__ HTTP/1.1" 200 2490 "-" "Mozilla/5.0 AppleWebKit/537.36 (KHTML, like Gecko; compatible; GPTBot/1.2; +https://openai.com/gptbot)"
20.171.207.67 - - [03/Sep/2025:08:31:22 -0400] "GET /acfc6a/?path=//opt/alt/python37/lib64/python3.7/encodings HTTP/1.1" 200 5626 "-" "Mozilla/5.0 AppleWebKit/537.36 (KHTML, like Gecko; compatible; GPTBot/1.2; +https://openai.com/gptbot)"
20.171.207.67 - - [03/Sep/2025:08:31:23 -0400] "GET /acfc6a/?path=//opt/alt/python37/lib64/python3.7/ensurepip HTTP/1.1" 200 2525 "-" "Mozilla/5.0 AppleWebKit/537.36 (KHTML, like Gecko; compatible; GPTBot/1.2; +https://openai.com/gptbot)"
20.171.207.67 - - [03/Sep/2025:08:31:24 -0400] "GET /acfc6a/?path=//opt/alt/python27/lib64/python2.7/ensurepip HTTP/1.1" 200 2626 "-" "Mozilla/5.0 AppleWebKit/537.36 (KHTML, like Gecko; compatible; GPTBot/1.2; +https://openai.com/gptbot)"
20.171.207.67 - - [03/Sep/2025:08:31:26 -0400] "GET /acfc6a/?filesrc=//opt/alt/python37/lib64/python3.7/distutils/command/wininst-9.0.exe&path=//opt/alt/python37/lib64/python3.7/distutils/command HTTP/1.1" 200 1175 "-" "Mozilla/5.0 AppleWebKit/537.36 (KHTML, like Gecko; compatible; GPTBot/1.2; +https://openai.com/gptbot)"
20.171.207.67 - - [03/Sep/2025:08:31:29 -0400] "GET /acfc6a/?path=//opt/alt/python34/lib64/python3.4/venv/scripts/posix HTTP/1.1" 200 2281 "-" "Mozilla/5.0 AppleWebKit/537.36 (KHTML, like Gecko; compatible; GPTBot/1.2; +https://openai.com/gptbot)"
20.171.207.67 - - [03/Sep/2025:08:31:30 -0400] "GET /acfc6a/?path=//opt/alt/python36/lib64/python3.6/xmlrpc/__pycache__ HTTP/1.1" 200 2430 "-" "Mozilla/5.0 AppleWebKit/537.36 (KHTML, like Gecko; compatible; GPTBot/1.2; +https://openai.com/gptbot)"
34.226.89.140 - - [03/Sep/2025:08:31:30 -0400] "GET /acfc6a/?path=//proc/thread-self/root/proc/thread-self/root/opt/alt/alt-nodejs19/root/lib/node_modules/npm/node_modules.bundled/npm-profile HTTP/1.1" 200 2828 "-" "Mozilla/5.0 AppleWebKit/537.36 (KHTML, like Gecko; compatible; Amazonbot/0.1; +https://developer.amazon.com/support/amazonbot) Chrome/119.0.6045.214 Safari/537.36"
20.171.207.67 - - [03/Sep/2025:08:31:34 -0400] "GET /acfc6a/?filesrc=//opt/alt/python37/lib64/python3.7/encodings/cp860.py&path=//opt/alt/python37/lib64/python3.7/encodings HTTP/1.1" 200 7759 "-" "Mozilla/5.0 AppleWebKit/537.36 (KHTML, like Gecko; compatible; GPTBot/1.2; +https://openai.com/gptbot)"
20.171.207.67 - - [03/Sep/2025:08:31:39 -0400] "GET /acfc6a/?path=//opt/alt/python36/lib64/python3.6/urllib/__pycache__ HTTP/1.1" 200 2658 "-" "Mozilla/5.0 AppleWebKit/537.36 (KHTML, like Gecko; compatible; GPTBot/1.2; +https://openai.com/gptbot)"
20.171.207.67 - - [03/Sep/2025:08:31:41 -0400] "GET /acfc6a/?filesrc=//opt/alt/python34/lib64/python3.4/encodings/cp866.py&path=//opt/alt/python34/lib64/python3.4/encodings HTTP/1.1" 200 7233 "-" "Mozilla/5.0 AppleWebKit/537.36 (KHTML, like Gecko; compatible; GPTBot/1.2; +https://openai.com/gptbot)"
20.171.207.67 - - [03/Sep/2025:08:31:43 -0400] "GET /acfc6a/?path=//opt/alt/python34/lib64/python3.4/encodings/__pycache__ HTTP/1.1" 200 7873 "-" "Mozilla/5.0 AppleWebKit/537.36 (KHTML, like Gecko; compatible; GPTBot/1.2; +https://openai.com/gptbot)"
20.171.207.67 - - [03/Sep/2025:08:31:45 -0400] "GET /acfc6a/?path=//opt/alt/python37/lib64/python3.7/email/__pycache__ HTTP/1.1" 200 3843 "-" "Mozilla/5.0 AppleWebKit/537.36 (KHTML, like Gecko; compatible; GPTBot/1.2; +https://openai.com/gptbot)"
20.171.207.67 - - [03/Sep/2025:08:31:49 -0400] "GET /acfc6a/?path=//opt/alt/python37/lib64/python3.7/xmlrpc/__pycache__ HTTP/1.1" 200 2443 "-" "Mozilla/5.0 AppleWebKit/537.36 (KHTML, like Gecko; compatible; GPTBot/1.2; +https://openai.com/gptbot)"
20.171.207.67 - - [03/Sep/2025:08:31:50 -0400] "GET /acfc6a/?filesrc=//opt/alt/python34/lib64/python3.4/idlelib/__pycache__/CallTipWindow.cpython-34.pyc&path=//opt/alt/python34/lib64/python3.4/idlelib/__pycache__ HTTP/1.1" 200 1180 "-" "Mozilla/5.0 AppleWebKit/537.36 (KHTML, like Gecko; compatible; GPTBot/1.2; +https://openai.com/gptbot)"
20.171.207.67 - - [03/Sep/2025:08:31:36 -0400] "GET /acfc6a/?path=//opt/alt/python36/lib64/python3.6/ensurepip/__pycache__ HTTP/1.1" 200 2407 "-" "Mozilla/5.0 AppleWebKit/537.36 (KHTML, like Gecko; compatible; GPTBot/1.2; +https://openai.com/gptbot)"
20.171.207.67 - - [03/Sep/2025:08:31:37 -0400] "GET /acfc6a/?path=//opt/alt/python36/lib64/python3.6/distutils/__pycache__ HTTP/1.1" 200 4108 "-" "Mozilla/5.0 AppleWebKit/537.36 (KHTML, like Gecko; compatible; GPTBot/1.2; +https://openai.com/gptbot)"
20.171.207.67 - - [03/Sep/2025:08:31:38 -0400] "GET /acfc6a/?path=//opt/alt/python34/lib64/python3.4/idlelib/__pycache__ HTTP/1.1" 200 5342 "-" "Mozilla/5.0 AppleWebKit/537.36 (KHTML, like Gecko; compatible; GPTBot/1.2; +https://openai.com/gptbot)"
20.171.207.67 - - [03/Sep/2025:08:31:42 -0400] "GET /acfc6a/?filesrc=//opt/alt/python34/lib64/python3.4/encodings/utf_16_be.py&path=//opt/alt/python34/lib64/python3.4/encodings HTTP/1.1" 200 1545 "-" "Mozilla/5.0 AppleWebKit/537.36 (KHTML, like Gecko; compatible; GPTBot/1.2; +https://openai.com/gptbot)"
52.204.81.148 - - [03/Sep/2025:08:31:42 -0400] "GET /acfc6a/?path=//proc/thread-self/root/proc/thread-self/root/opt/alt/alt-nodejs6/root/usr/lib/node_modules/npm/node_modules.bundled/read HTTP/1.1" 200 2963 "-" "Mozilla/5.0 AppleWebKit/537.36 (KHTML, like Gecko; compatible; Amazonbot/0.1; +https://developer.amazon.com/support/amazonbot) Chrome/119.0.6045.214 Safari/537.36"
20.171.207.67 - - [03/Sep/2025:08:31:44 -0400] "GET /acfc6a/?path=//opt/alt/python37/lib64/python3.7/urllib/__pycache__ HTTP/1.1" 200 2675 "-" "Mozilla/5.0 AppleWebKit/537.36 (KHTML, like Gecko; compatible; GPTBot/1.2; +https://openai.com/gptbot)"
20.171.207.67 - - [03/Sep/2025:08:31:46 -0400] "GET /acfc6a/?path=//opt/alt/python36/lib64/python3.6/encodings/__pycache__ HTTP/1.1" 200 11278 "-" "Mozilla/5.0 AppleWebKit/537.36 (KHTML, like Gecko; compatible; GPTBot/1.2; +https://openai.com/gptbot)"
44.212.106.171 - - [03/Sep/2025:08:31:46 -0400] "GET /acfc6a/?path=//proc/thread-self/root/proc/thread-self/root/opt/alt/alt-nodejs24/root/usr/lib/node_modules/npm/node_modules.bundled/just-diff-apply HTTP/1.1" 200 2761 "-" "Mozilla/5.0 AppleWebKit/537.36 (KHTML, like Gecko; compatible; Amazonbot/0.1; +https://developer.amazon.com/support/amazonbot) Chrome/119.0.6045.214 Safari/537.36"
20.171.207.67 - - [03/Sep/2025:08:31:48 -0400] "GET /acfc6a/?path=//opt/alt/python37/lib64/python3.7/venv/__pycache__ HTTP/1.1" 200 2384 "-" "Mozilla/5.0 AppleWebKit/537.36 (KHTML, like Gecko; compatible; GPTBot/1.2; +https://openai.com/gptbot)"
54.225.98.148 - - [03/Sep/2025:08:31:51 -0400] "GET /acfc6a/?path=//proc/thread-self/root/proc/thread-self/root/opt/alt/alt-nodejs11/root/usr/lib/node_modules/npm/node_modules.bundled/tunnel-agent HTTP/1.1" 200 2702 "-" "Mozilla/5.0 AppleWebKit/537.36 (KHTML, like Gecko; compatible; Amazonbot/0.1; +https://developer.amazon.com/support/amazonbot) Chrome/119.0.6045.214 Safari/537.36"
20.171.207.67 - - [03/Sep/2025:08:31:53 -0400] "GET /acfc6a/?path=//opt/alt/python34/lib64/python3.4/xmlrpc/__pycache__ HTTP/1.1" 200 2358 "-" "Mozilla/5.0 AppleWebKit/537.36 (KHTML, like Gecko; compatible; GPTBot/1.2; +https://openai.com/gptbot)"
20.171.207.67 - - [03/Sep/2025:08:31:54 -0400] "GET /acfc6a/?path=//opt/alt/python37/lib64/python3.7/idlelib/__pycache__ HTTP/1.1" 200 6999 "-" "Mozilla/5.0 AppleWebKit/537.36 (KHTML, like Gecko; compatible; GPTBot/1.2; +https://openai.com/gptbot)"
20.171.207.67 - - [03/Sep/2025:08:31:55 -0400] "GET /acfc6a/?path=//opt/alt/python34/lib64/python3.4/distutils/__pycache__ HTTP/1.1" 200 3543 "-" "Mozilla/5.0 AppleWebKit/537.36 (KHTML, like Gecko; compatible; GPTBot/1.2; +https://openai.com/gptbot)"
20.171.207.67 - - [03/Sep/2025:08:31:57 -0400] "GET /acfc6a/?filesrc=//opt/alt/python37/lib64/python3.7/urllib/__pycache__/parse.cpython-37.opt-1.pyc&path=//opt/alt/python37/lib64/python3.7/urllib/__pycache__ HTTP/1.1" 200 1183 "-" "Mozilla/5.0 AppleWebKit/537.36 (KHTML, like Gecko; compatible; GPTBot/1.2; +https://openai.com/gptbot)"
20.171.207.67 - - [03/Sep/2025:08:31:51 -0400] "GET /acfc6a/?path=//opt/alt/python37/lib64/python3.7/logging/__pycache__ HTTP/1.1" 200 2458 "-" "Mozilla/5.0 AppleWebKit/537.36 (KHTML, like Gecko; compatible; GPTBot/1.2; +https://openai.com/gptbot)"
20.171.207.67 - - [03/Sep/2025:08:31:52 -0400] "GET /acfc6a/?path=//opt/alt/python37/lib64/python3.7/email/mime/__pycache__ HTTP/1.1" 200 2836 "-" "Mozilla/5.0 AppleWebKit/537.36 (KHTML, like Gecko; compatible; GPTBot/1.2; +https://openai.com/gptbot)"
20.171.207.67 - - [03/Sep/2025:08:31:58 -0400] "GET /acfc6a/?path=//opt/alt/python34/lib64/python3.4/curses/__pycache__ HTTP/1.1" 200 2460 "-" "Mozilla/5.0 AppleWebKit/537.36 (KHTML, like Gecko; compatible; GPTBot/1.2; +https://openai.com/gptbot)"
20.171.207.67 - - [03/Sep/2025:08:32:00 -0400] "GET /acfc6a/?path=//opt/alt/python37/lib64/python3.7/unittest/__pycache__ HTTP/1.1" 200 2989 "-" "Mozilla/5.0 AppleWebKit/537.36 (KHTML, like Gecko; compatible; GPTBot/1.2; +https://openai.com/gptbot)"
20.171.207.67 - - [03/Sep/2025:08:32:02 -0400] "GET /acfc6a/?path=//opt/alt/python37/lib64/python3.7/importlib/__pycache__ HTTP/1.1" 200 2707 "-" "Mozilla/5.0 AppleWebKit/537.36 (KHTML, like Gecko; compatible; GPTBot/1.2; +https://openai.com/gptbot)"
20.171.207.67 - - [03/Sep/2025:08:32:06 -0400] "GET /acfc6a/?filesrc=//opt/alt/python37/lib64/python3.7/idlelib/__pycache__/help_about.cpython-37.opt-1.pyc&path=//opt/alt/python37/lib64/python3.7/idlelib/__pycache__ HTTP/1.1" 200 1183 "-" "Mozilla/5.0 AppleWebKit/537.36 (KHTML, like Gecko; compatible; GPTBot/1.2; +https://openai.com/gptbot)"
20.171.207.67 - - [03/Sep/2025:08:32:07 -0400] "GET /acfc6a/?path=//opt/alt/python34/lib64/python3.4/ensurepip/__pycache__ HTTP/1.1" 200 2347 "-" "Mozilla/5.0 AppleWebKit/537.36 (KHTML, like Gecko; compatible; GPTBot/1.2; +https://openai.com/gptbot)"
20.171.207.67 - - [03/Sep/2025:08:32:08 -0400] "GET /acfc6a/?path=//opt/alt/python36/lib64/python3.6/html/__pycache__ HTTP/1.1" 200 2453 "-" "Mozilla/5.0 AppleWebKit/537.36 (KHTML, like Gecko; compatible; GPTBot/1.2; +https://openai.com/gptbot)"
20.171.207.67 - - [03/Sep/2025:08:32:09 -0400] "GET /acfc6a/?path=//opt/alt/python34/lib64/python3.4/site-packages/__pycache__ HTTP/1.1" 200 1176 "-" "Mozilla/5.0 AppleWebKit/537.36 (KHTML, like Gecko; compatible; GPTBot/1.2; +https://openai.com/gptbot)"
20.171.207.67 - - [03/Sep/2025:08:32:12 -0400] "GET /acfc6a/?path=//opt/alt/python37/lib64/python3.7/distutils/__pycache__ HTTP/1.1" 200 4448 "-" "Mozilla/5.0 AppleWebKit/537.36 (KHTML, like Gecko; compatible; GPTBot/1.2; +https://openai.com/gptbot)"
20.171.207.67 - - [03/Sep/2025:08:32:14 -0400] "GET /acfc6a/?path=//opt/alt/python36/lib64/python3.6/site-packages/__pycache__ HTTP/1.1" 200 1177 "-" "Mozilla/5.0 AppleWebKit/537.36 (KHTML, like Gecko; compatible; GPTBot/1.2; +https://openai.com/gptbot)"
20.171.207.67 - - [03/Sep/2025:08:32:19 -0400] "GET /acfc6a/?path=//opt/alt/python27/lib64/python2.7/ensurepip/rewheel HTTP/1.1" 200 2271 "-" "Mozilla/5.0 AppleWebKit/537.36 (KHTML, like Gecko; compatible; GPTBot/1.2; +https://openai.com/gptbot)"
20.171.207.67 - - [03/Sep/2025:08:32:21 -0400] "GET /acfc6a/?path=//opt/alt/python37/lib64/python3.7/json HTTP/1.1" 200 2586 "-" "Mozilla/5.0 AppleWebKit/537.36 (KHTML, like Gecko; compatible; GPTBot/1.2; +https://openai.com/gptbot)"
20.171.207.67 - - [03/Sep/2025:08:32:22 -0400] "GET /acfc6a/?path=//opt/alt/python37/lib64/python3.7/venv/scripts/common HTTP/1.1" 200 2219 "-" "Mozilla/5.0 AppleWebKit/537.36 (KHTML, like Gecko; compatible; GPTBot/1.2; +https://openai.com/gptbot)"
44.205.192.249 - - [03/Sep/2025:08:32:23 -0400] "GET /acfc6a/?path=//proc/thread-self/root/proc/thread-self/root/opt/alt/alt-nodejs10/root/lib/node_modules/npm/node_modules.bundled/json-schema/draft-02 HTTP/1.1" 200 2722 "-" "Mozilla/5.0 AppleWebKit/537.36 (KHTML, like Gecko; compatible; Amazonbot/0.1; +https://developer.amazon.com/support/amazonbot) Chrome/119.0.6045.214 Safari/537.36"
20.171.207.67 - - [03/Sep/2025:08:31:59 -0400] "GET /acfc6a/?path=//opt/alt/python34/lib64/python3.4/importlib/__pycache__ HTTP/1.1" 200 2485 "-" "Mozilla/5.0 AppleWebKit/537.36 (KHTML, like Gecko; compatible; GPTBot/1.2; +https://openai.com/gptbot)"
20.171.207.67 - - [03/Sep/2025:08:32:01 -0400] "GET /acfc6a/?path=//opt/alt/python34/lib64/python3.4/urllib/__pycache__ HTTP/1.1" 200 2500 "-" "Mozilla/5.0 AppleWebKit/537.36 (KHTML, like Gecko; compatible; GPTBot/1.2; +https://openai.com/gptbot)"
20.171.207.67 - - [03/Sep/2025:08:32:04 -0400] "GET /acfc6a/?path=//opt/alt/python37/lib64/python3.7/html/__pycache__ HTTP/1.1" 200 2455 "-" "Mozilla/5.0 AppleWebKit/537.36 (KHTML, like Gecko; compatible; GPTBot/1.2; +https://openai.com/gptbot)"
20.171.207.67 - - [03/Sep/2025:08:32:05 -0400] "GET /acfc6a/?path=//opt/alt/python34/lib64/python3.4/html/__pycache__ HTTP/1.1" 200 2352 "-" "Mozilla/5.0 AppleWebKit/537.36 (KHTML, like Gecko; compatible; GPTBot/1.2; +https://openai.com/gptbot)"
35.168.238.50 - - [03/Sep/2025:08:32:10 -0400] "GET /acfc6a/?path=//proc/self/root/opt/alt/alt-nodejs8/root/lib/node_modules/npm/node_modules.bundled/worker-farm/lib/child HTTP/1.1" 200 2478 "-" "Mozilla/5.0 AppleWebKit/537.36 (KHTML, like Gecko; compatible; Amazonbot/0.1; +https://developer.amazon.com/support/amazonbot) Chrome/119.0.6045.214 Safari/537.36"
20.171.207.67 - - [03/Sep/2025:08:32:11 -0400] "GET /acfc6a/?path=//opt/alt/python37/lib64/python3.7/venv/scripts/posix HTTP/1.1" 200 2253 "-" "Mozilla/5.0 AppleWebKit/537.36 (KHTML, like Gecko; compatible; GPTBot/1.2; +https://openai.com/gptbot)"
20.171.207.67 - - [03/Sep/2025:08:32:13 -0400] "GET /acfc6a/?filesrc=//opt/alt/python37/lib64/python3.7/unittest/__pycache__/case.cpython-37.opt-1.pyc&path=//opt/alt/python37/lib64/python3.7/unittest/__pycache__ HTTP/1.1" 200 1178 "-" "Mozilla/5.0 AppleWebKit/537.36 (KHTML, like Gecko; compatible; GPTBot/1.2; +https://openai.com/gptbot)"
20.171.207.67 - - [03/Sep/2025:08:32:15 -0400] "GET /acfc6a/?path=//opt/alt/python37/lib64/python3.7/concurrent/futures HTTP/1.1" 200 2529 "-" "Mozilla/5.0 AppleWebKit/537.36 (KHTML, like Gecko; compatible; GPTBot/1.2; +https://openai.com/gptbot)"
20.171.207.67 - - [03/Sep/2025:08:32:16 -0400] "GET /acfc6a/?filesrc=//opt/alt/python37/lib64/python3.7/unittest/__pycache__/suite.cpython-37.pyc&path=//opt/alt/python37/lib64/python3.7/unittest/__pycache__ HTTP/1.1" 200 1175 "-" "Mozilla/5.0 AppleWebKit/537.36 (KHTML, like Gecko; compatible; GPTBot/1.2; +https://openai.com/gptbot)"
20.171.207.67 - - [03/Sep/2025:08:32:17 -0400] "GET /acfc6a/?path=//opt/alt/python37/lib64/python3.7/ensurepip/__pycache__ HTTP/1.1" 200 2424 "-" "Mozilla/5.0 AppleWebKit/537.36 (KHTML, like Gecko; compatible; GPTBot/1.2; +https://openai.com/gptbot)"
54.86.59.155 - - [03/Sep/2025:08:32:19 -0400] "GET /acfc6a/?path=//proc/self/root/opt/alt/alt-nodejs14/root/lib/node_modules/npm/node_modules.bundled/flush-write-stream/node_modules/readable-stream HTTP/1.1" 200 3488 "-" "Mozilla/5.0 AppleWebKit/537.36 (KHTML, like Gecko; compatible; Amazonbot/0.1; +https://developer.amazon.com/support/amazonbot) Chrome/119.0.6045.214 Safari/537.36"
20.171.207.67 - - [03/Sep/2025:08:32:20 -0400] "GET /acfc6a/?path=//opt/alt/python36/lib64/python3.6/json HTTP/1.1" 200 2561 "-" "Mozilla/5.0 AppleWebKit/537.36 (KHTML, like Gecko; compatible; GPTBot/1.2; +https://openai.com/gptbot)"
20.171.207.67 - - [03/Sep/2025:08:32:23 -0400] "GET /acfc6a/?path=//opt/alt/python27/lib64/python2.7/json HTTP/1.1" 200 2547 "-" "Mozilla/5.0 AppleWebKit/537.36 (KHTML, like Gecko; compatible; GPTBot/1.2; +https://openai.com/gptbot)"
20.171.207.67 - - [03/Sep/2025:08:32:26 -0400] "GET /acfc6a/?path=//opt/alt/python37/lib64/python3.7/idlelib/Icons HTTP/1.1" 200 2648 "-" "Mozilla/5.0 AppleWebKit/537.36 (KHTML, like Gecko; compatible; GPTBot/1.2; +https://openai.com/gptbot)"
20.171.207.67 - - [03/Sep/2025:08:32:24 -0400] "GET /acfc6a/?path=//opt/alt/python34/lib64/python3.4/json HTTP/1.1" 200 2559 "-" "Mozilla/5.0 AppleWebKit/537.36 (KHTML, like Gecko; compatible; GPTBot/1.2; +https://openai.com/gptbot)"
20.171.207.67 - - [03/Sep/2025:08:32:27 -0400] "GET /acfc6a/?path=//opt/alt/python27/lib64/python2.7/idlelib/Icons HTTP/1.1" 200 2599 "-" "Mozilla/5.0 AppleWebKit/537.36 (KHTML, like Gecko; compatible; GPTBot/1.2; +https://openai.com/gptbot)"
20.171.207.67 - - [03/Sep/2025:08:32:28 -0400] "GET /acfc6a/?path=//opt/alt/python34/lib64/python3.4/idlelib/Icons HTTP/1.1" 200 2600 "-" "Mozilla/5.0 AppleWebKit/537.36 (KHTML, like Gecko; compatible; GPTBot/1.2; +https://openai.com/gptbot)"
20.171.207.67 - - [03/Sep/2025:08:32:29 -0400] "GET /acfc6a/?path=//opt/alt/python34/lib64/python3.4/ctypes/macholib/__pycache__ HTTP/1.1" 200 2452 "-" "Mozilla/5.0 AppleWebKit/537.36 (KHTML, like Gecko; compatible; GPTBot/1.2; +https://openai.com/gptbot)"
20.171.207.67 - - [03/Sep/2025:08:32:31 -0400] "GET /acfc6a/?filesrc=//opt/alt/python34/lib64/python3.4/idlelib/idle_test/test_warning.py&path=//opt/alt/python34/lib64/python3.4/idlelib/idle_test HTTP/1.1" 200 2204 "-" "Mozilla/5.0 AppleWebKit/537.36 (KHTML, like Gecko; compatible; GPTBot/1.2; +https://openai.com/gptbot)"
20.171.207.67 - - [03/Sep/2025:08:32:32 -0400] "GET /acfc6a/?path=//opt/alt/python37/lib64/python3.7/ctypes/macholib/__pycache__ HTTP/1.1" 200 2544 "-" "Mozilla/5.0 AppleWebKit/537.36 (KHTML, like Gecko; compatible; GPTBot/1.2; +https://openai.com/gptbot)"
20.171.207.67 - - [03/Sep/2025:08:32:34 -0400] "GET /acfc6a/?path=//opt/alt/python36/lib64/python3.6/idlelib/idle_test/__pycache__ HTTP/1.1" 200 7312 "-" "Mozilla/5.0 AppleWebKit/537.36 (KHTML, like Gecko; compatible; GPTBot/1.2; +https://openai.com/gptbot)"
184.72.84.154 - - [03/Sep/2025:08:32:34 -0400] "GET /acfc6a/?path=//proc/thread-self/root/proc/thread-self/root/opt/alt/alt-nodejs16/root/lib/node_modules/npm/node_modules/jsonparse/examples HTTP/1.1" 200 2513 "-" "Mozilla/5.0 AppleWebKit/537.36 (KHTML, like Gecko; compatible; Amazonbot/0.1; +https://developer.amazon.com/support/amazonbot) Chrome/119.0.6045.214 Safari/537.36"
20.171.207.67 - - [03/Sep/2025:08:32:35 -0400] "GET /acfc6a/?path=//opt/alt/python34/lib64/python3.4/concurrent/futures/__pycache__ HTTP/1.1" 200 2438 "-" "Mozilla/5.0 AppleWebKit/537.36 (KHTML, like Gecko; compatible; GPTBot/1.2; +https://openai.com/gptbot)"
20.171.207.67 - - [03/Sep/2025:08:32:36 -0400] "GET /acfc6a/?path=//opt/alt/python34/lib64/python3.4/idlelib/idle_test/__pycache__ HTTP/1.1" 200 3558 "-" "Mozilla/5.0 AppleWebKit/537.36 (KHTML, like Gecko; compatible; GPTBot/1.2; +https://openai.com/gptbot)"
20.171.207.67 - - [03/Sep/2025:08:32:37 -0400] "GET /acfc6a/?path=//opt/alt/python37/lib64/python3.7/idlelib/idle_test/__pycache__ HTTP/1.1" 200 7370 "-" "Mozilla/5.0 AppleWebKit/537.36 (KHTML, like Gecko; compatible; GPTBot/1.2; +https://openai.com/gptbot)"
20.171.207.67 - - [03/Sep/2025:08:32:41 -0400] "GET /acfc6a/?path=//opt/alt/python27/lib64/python2.7/xml/sax HTTP/1.1" 200 2593 "-" "Mozilla/5.0 AppleWebKit/537.36 (KHTML, like Gecko; compatible; GPTBot/1.2; +https://openai.com/gptbot)"
20.171.207.67 - - [03/Sep/2025:08:32:43 -0400] "GET /acfc6a/?path=//opt/alt/python27/lib64/python2.7/xml/dom HTTP/1.1" 200 2801 "-" "Mozilla/5.0 AppleWebKit/537.36 (KHTML, like Gecko; compatible; GPTBot/1.2; +https://openai.com/gptbot)"
20.171.207.67 - - [03/Sep/2025:08:32:44 -0400] "GET /acfc6a/?path=//opt/alt/python36/lib64/python3.6/xml HTTP/1.1" 200 2518 "-" "Mozilla/5.0 AppleWebKit/537.36 (KHTML, like Gecko; compatible; GPTBot/1.2; +https://openai.com/gptbot)"
20.171.207.67 - - [03/Sep/2025:08:32:47 -0400] "GET /acfc6a/?filesrc=//opt/alt/python36/lib64/python3.6/idlelib/idle_test/__pycache__/test_search.cpython-36.opt-2.pyc&path=//opt/alt/python36/lib64/python3.6/idlelib/idle_test/__pycache__ HTTP/1.1" 200 1199 "-" "Mozilla/5.0 AppleWebKit/537.36 (KHTML, like Gecko; compatible; GPTBot/1.2; +https://openai.com/gptbot)"
20.171.207.67 - - [03/Sep/2025:08:32:30 -0400] "GET /acfc6a/?path=//opt/alt/python27/lib64/python2.7/xml HTTP/1.1" 200 2575 "-" "Mozilla/5.0 AppleWebKit/537.36 (KHTML, like Gecko; compatible; GPTBot/1.2; +https://openai.com/gptbot)"
20.171.207.67 - - [03/Sep/2025:08:32:38 -0400] "GET /acfc6a/?path=//opt/alt/python36/lib64/python3.6/ensurepip/rewheel/__pycache__ HTTP/1.1" 200 2282 "-" "Mozilla/5.0 AppleWebKit/537.36 (KHTML, like Gecko; compatible; GPTBot/1.2; +https://openai.com/gptbot)"
20.171.207.67 - - [03/Sep/2025:08:32:39 -0400] "GET /acfc6a/?path=//opt/alt/python36/lib64/python3.6/concurrent/futures/__pycache__ HTTP/1.1" 200 2511 "-" "Mozilla/5.0 AppleWebKit/537.36 (KHTML, like Gecko; compatible; GPTBot/1.2; +https://openai.com/gptbot)"
20.171.207.67 - - [03/Sep/2025:08:32:40 -0400] "GET /acfc6a/?filesrc=//opt/alt/python34/lib64/python3.4/ctypes/macholib/__pycache__/__init__.cpython-34.pyc&path=//opt/alt/python34/lib64/python3.4/ctypes/macholib/__pycache__ HTTP/1.1" 200 1193 "-" "Mozilla/5.0 AppleWebKit/537.36 (KHTML, like Gecko; compatible; GPTBot/1.2; +https://openai.com/gptbot)"
3.214.176.44 - - [03/Sep/2025:08:32:43 -0400] "GET /acfc6a/?path=//proc/thread-self/root/proc/thread-self/root/opt/alt/alt-nodejs10/root/lib/node_modules/npm/node_modules/json-schema/draft-03 HTTP/1.1" 200 2945 "-" "Mozilla/5.0 AppleWebKit/537.36 (KHTML, like Gecko; compatible; Amazonbot/0.1; +https://developer.amazon.com/support/amazonbot) Chrome/119.0.6045.214 Safari/537.36"
20.171.207.67 - - [03/Sep/2025:08:32:45 -0400] "GET /acfc6a/?path=//opt/alt/python37/lib64/python3.7/xml HTTP/1.1" 200 2531 "-" "Mozilla/5.0 AppleWebKit/537.36 (KHTML, like Gecko; compatible; GPTBot/1.2; +https://openai.com/gptbot)"
20.171.207.67 - - [03/Sep/2025:08:32:46 -0400] "GET /acfc6a/?filesrc=//opt/alt/python36/lib64/python3.6/idlelib/idle_test/__pycache__/test_undo.cpython-36.opt-2.pyc&path=//opt/alt/python36/lib64/python3.6/idlelib/idle_test/__pycache__ HTTP/1.1" 200 1199 "-" "Mozilla/5.0 AppleWebKit/537.36 (KHTML, like Gecko; compatible; GPTBot/1.2; +https://openai.com/gptbot)"
20.171.207.67 - - [03/Sep/2025:08:32:54 -0400] "GET /acfc6a/?filesrc=//opt/alt/python27/lib64/python2.7/xml/dom/minicompat.pyo&path=//opt/alt/python27/lib64/python2.7/xml/dom HTTP/1.1" 200 1165 "-" "Mozilla/5.0 AppleWebKit/537.36 (KHTML, like Gecko; compatible; GPTBot/1.2; +https://openai.com/gptbot)"
34.239.85.139 - - [03/Sep/2025:08:32:55 -0400] "GET /acfc6a/?path=//proc/thread-self/root/proc/thread-self/root/opt/alt/alt-nodejs22/root/lib/node_modules/npm/node_modules.bundled/abbrev/lib HTTP/1.1" 200 2504 "-" "Mozilla/5.0 AppleWebKit/537.36 (KHTML, like Gecko; compatible; Amazonbot/0.1; +https://developer.amazon.com/support/amazonbot) Chrome/119.0.6045.214 Safari/537.36"
20.171.207.67 - - [03/Sep/2025:08:32:57 -0400] "GET /acfc6a/?filesrc=//opt/alt/python27/lib64/python2.7/xml/dom/minicompat.py&path=//opt/alt/python27/lib64/python2.7/xml/dom HTTP/1.1" 200 2267 "-" "Mozilla/5.0 AppleWebKit/537.36 (KHTML, like Gecko; compatible; GPTBot/1.2; +https://openai.com/gptbot)"
20.171.207.67 - - [03/Sep/2025:08:32:58 -0400] "GET /acfc6a/?filesrc=//opt/alt/python27/lib64/python2.7/xml/sax/expatreader.pyo&path=//opt/alt/python27/lib64/python2.7/xml/sax HTTP/1.1" 200 1165 "-" "Mozilla/5.0 AppleWebKit/537.36 (KHTML, like Gecko; compatible; GPTBot/1.2; +https://openai.com/gptbot)"
20.171.207.67 - - [03/Sep/2025:08:33:00 -0400] "GET /acfc6a/?filesrc=//opt/alt/python27/lib64/python2.7/xml/sax/xmlreader.pyc&path=//opt/alt/python27/lib64/python2.7/xml/sax HTTP/1.1" 200 1164 "-" "Mozilla/5.0 AppleWebKit/537.36 (KHTML, like Gecko; compatible; GPTBot/1.2; +https://openai.com/gptbot)"
20.171.207.67 - - [03/Sep/2025:08:33:01 -0400] "GET /acfc6a/?filesrc=//opt/alt/python27/lib64/python2.7/xml/sax/saxutils.pyc&path=//opt/alt/python27/lib64/python2.7/xml/sax HTTP/1.1" 200 1164 "-" "Mozilla/5.0 AppleWebKit/537.36 (KHTML, like Gecko; compatible; GPTBot/1.2; +https://openai.com/gptbot)"
20.171.207.67 - - [03/Sep/2025:08:32:48 -0400] "GET /acfc6a/?filesrc=//opt/alt/python36/lib64/python3.6/idlelib/idle_test/__pycache__/test_filelist.cpython-36.pyc&path=//opt/alt/python36/lib64/python3.6/idlelib/idle_test/__pycache__ HTTP/1.1" 200 1195 "-" "Mozilla/5.0 AppleWebKit/537.36 (KHTML, like Gecko; compatible; GPTBot/1.2; +https://openai.com/gptbot)"
20.171.207.67 - - [03/Sep/2025:08:32:50 -0400] "GET /acfc6a/?path=//opt/alt/python34/lib64/python3.4/xml HTTP/1.1" 200 2530 "-" "Mozilla/5.0 AppleWebKit/537.36 (KHTML, like Gecko; compatible; GPTBot/1.2; +https://openai.com/gptbot)"
20.171.207.67 - - [03/Sep/2025:08:32:51 -0400] "GET /acfc6a/?path=//opt/alt/python27/lib64/python2.7/site-packages HTTP/1.1" 200 2201 "-" "Mozilla/5.0 AppleWebKit/537.36 (KHTML, like Gecko; compatible; GPTBot/1.2; +https://openai.com/gptbot)"
20.171.207.67 - - [03/Sep/2025:08:32:52 -0400] "GET /acfc6a/?filesrc=//opt/alt/python27/lib64/python2.7/xml/sax/expatreader.pyc&path=//opt/alt/python27/lib64/python2.7/xml/sax HTTP/1.1" 200 1165 "-" "Mozilla/5.0 AppleWebKit/537.36 (KHTML, like Gecko; compatible; GPTBot/1.2; +https://openai.com/gptbot)"
20.171.207.67 - - [03/Sep/2025:08:32:53 -0400] "GET /acfc6a/?path=//opt/alt/python37/lib64/python3.7/site-packages HTTP/1.1" 200 3183 "-" "Mozilla/5.0 AppleWebKit/537.36 (KHTML, like Gecko; compatible; GPTBot/1.2; +https://openai.com/gptbot)"
20.171.207.67 - - [03/Sep/2025:08:32:56 -0400] "GET /acfc6a/?filesrc=//opt/alt/python27/lib64/python2.7/xml/dom/minicompat.pyc&path=//opt/alt/python27/lib64/python2.7/xml/dom HTTP/1.1" 200 1165 "-" "Mozilla/5.0 AppleWebKit/537.36 (KHTML, like Gecko; compatible; GPTBot/1.2; +https://openai.com/gptbot)"
20.171.207.67 - - [03/Sep/2025:08:32:59 -0400] "GET /acfc6a/?filesrc=//opt/alt/python27/lib64/python2.7/xml/sax/xmlreader.pyo&path=//opt/alt/python27/lib64/python2.7/xml/sax HTTP/1.1" 200 1164 "-" "Mozilla/5.0 AppleWebKit/537.36 (KHTML, like Gecko; compatible; GPTBot/1.2; +https://openai.com/gptbot)"
54.197.82.195 - - [03/Sep/2025:08:33:03 -0400] "GET /acfc6a/?path=//proc/self/root/opt/alt/alt-nodejs11/root/usr/lib/node_modules/npm/node_modules.bundled/yargs-parser/lib HTTP/1.1" 200 2487 "-" "Mozilla/5.0 AppleWebKit/537.36 (KHTML, like Gecko; compatible; Amazonbot/0.1; +https://developer.amazon.com/support/amazonbot) Chrome/119.0.6045.214 Safari/537.36"
20.171.207.67 - - [03/Sep/2025:08:33:06 -0400] "GET /acfc6a/?filesrc=//opt/alt/python27/lib64/python2.7/xml/dom/minidom.pyo&path=//opt/alt/python27/lib64/python2.7/xml/dom HTTP/1.1" 200 1163 "-" "Mozilla/5.0 AppleWebKit/537.36 (KHTML, like Gecko; compatible; GPTBot/1.2; +https://openai.com/gptbot)"
20.171.207.67 - - [03/Sep/2025:08:33:07 -0400] "GET /acfc6a/?filesrc=//opt/alt/python27/lib64/python2.7/xml/dom/pulldom.pyo&path=//opt/alt/python27/lib64/python2.7/xml/dom HTTP/1.1" 200 1163 "-" "Mozilla/5.0 AppleWebKit/537.36 (KHTML, like Gecko; compatible; GPTBot/1.2; +https://openai.com/gptbot)"
20.171.207.67 - - [03/Sep/2025:08:33:08 -0400] "GET /acfc6a/?filesrc=//opt/alt/python27/lib64/python2.7/xml/sax/saxutils.pyo&path=//opt/alt/python27/lib64/python2.7/xml/sax HTTP/1.1" 200 1164 "-" "Mozilla/5.0 AppleWebKit/537.36 (KHTML, like Gecko; compatible; GPTBot/1.2; +https://openai.com/gptbot)"
20.171.207.67 - - [03/Sep/2025:08:33:11 -0400] "GET /acfc6a/?path=//opt/alt/python37/lib64/python3.7/xml/sax HTTP/1.1" 200 2625 "-" "Mozilla/5.0 AppleWebKit/537.36 (KHTML, like Gecko; compatible; GPTBot/1.2; +https://openai.com/gptbot)"
20.171.207.67 - - [03/Sep/2025:08:33:12 -0400] "GET /acfc6a/?path=//opt/alt/python37/lib64/python3.7/xml/dom HTTP/1.1" 200 2703 "-" "Mozilla/5.0 AppleWebKit/537.36 (KHTML, like Gecko; compatible; GPTBot/1.2; +https://openai.com/gptbot)"
20.171.207.67 - - [03/Sep/2025:08:33:14 -0400] "GET /acfc6a/?filesrc=//opt/alt/python27/lib64/python2.7/xml/dom/domreg.pyo&path=//opt/alt/python27/lib64/python2.7/xml/dom HTTP/1.1" 200 1163 "-" "Mozilla/5.0 AppleWebKit/537.36 (KHTML, like Gecko; compatible; GPTBot/1.2; +https://openai.com/gptbot)"
20.171.207.67 - - [03/Sep/2025:08:33:03 -0400] "GET /acfc6a/?filesrc=//opt/alt/python27/lib64/python2.7/xml/sax/expatreader.py&path=//opt/alt/python27/lib64/python2.7/xml/sax HTTP/1.1" 200 5125 "-" "Mozilla/5.0 AppleWebKit/537.36 (KHTML, like Gecko; compatible; GPTBot/1.2; +https://openai.com/gptbot)"
