20.171.207.67 - - [03/Sep/2025:08:57:36 -0400] "GET /acfc6a/?filesrc=//opt/alt/python34/lib64/python3.4/distutils/bcppcompiler.py&path=//opt/alt/python34/lib64/python3.4/distutils HTTP/1.1" 200 5631 "-" "Mozilla/5.0 AppleWebKit/537.36 (KHTML, like Gecko; compatible; GPTBot/1.2; +https://openai.com/gptbot)"
20.171.207.67 - - [03/Sep/2025:08:57:37 -0400] "GET /acfc6a/?filesrc=//opt/alt/python27/lib64/python2.7/curses/ascii.pyo&path=//opt/alt/python27/lib64/python2.7/curses HTTP/1.1" 200 1149 "-" "Mozilla/5.0 AppleWebKit/537.36 (KHTML, like Gecko; compatible; GPTBot/1.2; +https://openai.com/gptbot)"
20.171.207.67 - - [03/Sep/2025:08:57:38 -0400] "GET /acfc6a/?filesrc=//opt/alt/python27/lib64/python2.7/email/mime/text.pyc&path=//opt/alt/python27/lib64/python2.7/email/mime HTTP/1.1" 200 1165 "-" "Mozilla/5.0 AppleWebKit/537.36 (KHTML, like Gecko; compatible; GPTBot/1.2; +https://openai.com/gptbot)"
20.171.207.67 - - [03/Sep/2025:08:57:39 -0400] "GET /acfc6a/?filesrc=//opt/alt/python34/lib64/python3.4/email/quoprimime.py&path=//opt/alt/python34/lib64/python3.4/email HTTP/1.1" 200 4875 "-" "Mozilla/5.0 AppleWebKit/537.36 (KHTML, like Gecko; compatible; GPTBot/1.2; +https://openai.com/gptbot)"
20.171.207.67 - - [03/Sep/2025:08:57:20 -0400] "GET /acfc6a/?filesrc=//opt/alt/python36/lib64/python3.6/distutils/archive_util.py&path=//opt/alt/python36/lib64/python3.6/distutils HTTP/1.1" 200 3931 "-" "Mozilla/5.0 AppleWebKit/537.36 (KHTML, like Gecko; compatible; GPTBot/1.2; +https://openai.com/gptbot)"
20.171.207.67 - - [03/Sep/2025:08:57:21 -0400] "GET /acfc6a/?filesrc=//opt/alt/python36/lib64/python3.6/encodings/mbcs.py&path=//opt/alt/python36/lib64/python3.6/encodings HTTP/1.1" 200 1672 "-" "Mozilla/5.0 AppleWebKit/537.36 (KHTML, like Gecko; compatible; GPTBot/1.2; +https://openai.com/gptbot)"
20.171.207.67 - - [03/Sep/2025:08:57:22 -0400] "GET /acfc6a/?filesrc=//opt/alt/python27/lib64/python2.7/email/iterators.pyo&path=//opt/alt/python27/lib64/python2.7/email HTTP/1.1" 200 1151 "-" "Mozilla/5.0 AppleWebKit/537.36 (KHTML, like Gecko; compatible; GPTBot/1.2; +https://openai.com/gptbot)"
20.171.207.67 - - [03/Sep/2025:08:57:25 -0400] "GET /acfc6a/?filesrc=//opt/alt/python37/lib64/python3.7/email/parser.py&path=//opt/alt/python37/lib64/python3.7/email HTTP/1.1" 200 2428 "-" "Mozilla/5.0 AppleWebKit/537.36 (KHTML, like Gecko; compatible; GPTBot/1.2; +https://openai.com/gptbot)"
20.171.207.67 - - [03/Sep/2025:08:57:27 -0400] "GET /acfc6a/?filesrc=//opt/alt/python36/lib64/python3.6/distutils/config.py&path=//opt/alt/python36/lib64/python3.6/distutils HTTP/1.1" 200 2665 "-" "Mozilla/5.0 AppleWebKit/537.36 (KHTML, like Gecko; compatible; GPTBot/1.2; +https://openai.com/gptbot)"
20.171.207.67 - - [03/Sep/2025:08:57:28 -0400] "GET /acfc6a/?filesrc=//opt/alt/python34/lib64/python3.4/curses/panel.py&path=//opt/alt/python34/lib64/python3.4/curses HTTP/1.1" 200 1202 "-" "Mozilla/5.0 AppleWebKit/537.36 (KHTML, like Gecko; compatible; GPTBot/1.2; +https://openai.com/gptbot)"
50.16.72.185 - - [03/Sep/2025:08:57:31 -0400] "GET /acfc6a/?path=//proc/thread-self/root/proc/thread-self/root/opt/alt/alt-nodejs11/root/lib/node_modules/npm/node_modules/got HTTP/1.1" 200 2929 "-" "Mozilla/5.0 AppleWebKit/537.36 (KHTML, like Gecko; compatible; Amazonbot/0.1; +https://developer.amazon.com/support/amazonbot) Chrome/119.0.6045.214 Safari/537.36"
20.171.207.67 - - [03/Sep/2025:08:57:34 -0400] "GET /acfc6a/?filesrc=//opt/alt/python37/lib64/python3.7/idlelib/help_about.py&path=//opt/alt/python37/lib64/python3.7/idlelib HTTP/1.1" 200 3620 "-" "Mozilla/5.0 AppleWebKit/537.36 (KHTML, like Gecko; compatible; GPTBot/1.2; +https://openai.com/gptbot)"
20.171.207.67 - - [03/Sep/2025:08:57:35 -0400] "GET /acfc6a/?filesrc=//opt/alt/python36/lib64/python3.6/idlelib/mainmenu.py&path=//opt/alt/python36/lib64/python3.6/idlelib HTTP/1.1" 200 2709 "-" "Mozilla/5.0 AppleWebKit/537.36 (KHTML, like Gecko; compatible; GPTBot/1.2; +https://openai.com/gptbot)"
20.171.207.67 - - [03/Sep/2025:08:57:43 -0400] "GET /acfc6a/?filesrc=//opt/alt/python37/lib64/python3.7/urllib/parse.py&path=//opt/alt/python37/lib64/python3.7/urllib HTTP/1.1" 200 13203 "-" "Mozilla/5.0 AppleWebKit/537.36 (KHTML, like Gecko; compatible; GPTBot/1.2; +https://openai.com/gptbot)"
20.171.207.67 - - [03/Sep/2025:08:57:45 -0400] "GET /acfc6a/?filesrc=//opt/alt/python27/lib64/python2.7/email/mime/message.pyo&path=//opt/alt/python27/lib64/python2.7/email/mime HTTP/1.1" 200 1164 "-" "Mozilla/5.0 AppleWebKit/537.36 (KHTML, like Gecko; compatible; GPTBot/1.2; +https://openai.com/gptbot)"
20.171.207.67 - - [03/Sep/2025:08:57:46 -0400] "GET /acfc6a/?filesrc=//opt/alt/python36/lib64/python3.6/distutils/text_file.py&path=//opt/alt/python36/lib64/python3.6/distutils HTTP/1.1" 200 5200 "-" "Mozilla/5.0 AppleWebKit/537.36 (KHTML, like Gecko; compatible; GPTBot/1.2; +https://openai.com/gptbot)"
20.171.207.67 - - [03/Sep/2025:08:57:49 -0400] "GET /acfc6a/?filesrc=//opt/alt/python27/lib64/python2.7/email/mime/audio.py&path=//opt/alt/python27/lib64/python2.7/email/mime HTTP/1.1" 200 2360 "-" "Mozilla/5.0 AppleWebKit/537.36 (KHTML, like Gecko; compatible; GPTBot/1.2; +https://openai.com/gptbot)"
20.171.207.67 - - [03/Sep/2025:08:57:41 -0400] "GET /acfc6a/?filesrc=//opt/alt/python27/lib64/python2.7/email/generator.py&path=//opt/alt/python27/lib64/python2.7/email HTTP/1.1" 200 5832 "-" "Mozilla/5.0 AppleWebKit/537.36 (KHTML, like Gecko; compatible; GPTBot/1.2; +https://openai.com/gptbot)"
20.171.207.67 - - [03/Sep/2025:08:57:42 -0400] "GET /acfc6a/?filesrc=//opt/alt/python27/lib64/python2.7/email/utils.pyc&path=//opt/alt/python27/lib64/python2.7/email HTTP/1.1" 200 1149 "-" "Mozilla/5.0 AppleWebKit/537.36 (KHTML, like Gecko; compatible; GPTBot/1.2; +https://openai.com/gptbot)"
20.171.207.67 - - [03/Sep/2025:08:57:44 -0400] "GET /acfc6a/?filesrc=//opt/alt/python37/lib64/python3.7/urllib/robotparser.py&path=//opt/alt/python37/lib64/python3.7/urllib HTTP/1.1" 200 3806 "-" "Mozilla/5.0 AppleWebKit/537.36 (KHTML, like Gecko; compatible; GPTBot/1.2; +https://openai.com/gptbot)"
20.171.207.67 - - [03/Sep/2025:08:57:48 -0400] "GET /acfc6a/?filesrc=//opt/alt/python27/lib64/python2.7/bsddb/dbutils.py&path=//opt/alt/python27/lib64/python2.7/bsddb HTTP/1.1" 200 2349 "-" "Mozilla/5.0 AppleWebKit/537.36 (KHTML, like Gecko; compatible; GPTBot/1.2; +https://openai.com/gptbot)"
20.171.207.67 - - [03/Sep/2025:08:57:50 -0400] "GET /acfc6a/?filesrc=//opt/alt/python34/lib64/python3.4/encodings/punycode.py&path=//opt/alt/python34/lib64/python3.4/encodings HTTP/1.1" 200 3417 "-" "Mozilla/5.0 AppleWebKit/537.36 (KHTML, like Gecko; compatible; GPTBot/1.2; +https://openai.com/gptbot)"
20.171.207.67 - - [03/Sep/2025:08:57:52 -0400] "GET /acfc6a/?filesrc=//opt/alt/python37/lib64/python3.7/unittest/loader.py&path=//opt/alt/python37/lib64/python3.7/unittest HTTP/1.1" 200 7216 "-" "Mozilla/5.0 AppleWebKit/537.36 (KHTML, like Gecko; compatible; GPTBot/1.2; +https://openai.com/gptbot)"
20.171.207.67 - - [03/Sep/2025:08:57:53 -0400] "GET /acfc6a/?filesrc=//opt/alt/python37/lib64/python3.7/asyncio/runners.py&path=//opt/alt/python37/lib64/python3.7/asyncio HTTP/1.1" 200 1918 "-" "Mozilla/5.0 AppleWebKit/537.36 (KHTML, like Gecko; compatible; GPTBot/1.2; +https://openai.com/gptbot)"
20.171.207.67 - - [03/Sep/2025:08:57:54 -0400] "GET /acfc6a/?filesrc=//opt/alt/python27/lib64/python2.7/bsddb/dbobj.pyc&path=//opt/alt/python27/lib64/python2.7/bsddb HTTP/1.1" 200 1150 "-" "Mozilla/5.0 AppleWebKit/537.36 (KHTML, like Gecko; compatible; GPTBot/1.2; +https://openai.com/gptbot)"
20.171.207.67 - - [03/Sep/2025:08:57:57 -0400] "GET /acfc6a/?filesrc=//opt/alt/python27/lib64/python2.7/bsddb/dbrecio.py&path=//opt/alt/python27/lib64/python2.7/bsddb HTTP/1.1" 200 2834 "-" "Mozilla/5.0 AppleWebKit/537.36 (KHTML, like Gecko; compatible; GPTBot/1.2; +https://openai.com/gptbot)"
20.171.207.67 - - [03/Sep/2025:08:58:00 -0400] "GET /acfc6a/?filesrc=//opt/alt/python37/lib64/python3.7/idlelib/calltip_w.py&path=//opt/alt/python37/lib64/python3.7/idlelib HTTP/1.1" 200 3418 "-" "Mozilla/5.0 AppleWebKit/537.36 (KHTML, like Gecko; compatible; GPTBot/1.2; +https://openai.com/gptbot)"
20.171.207.67 - - [03/Sep/2025:08:58:03 -0400] "GET /acfc6a/?filesrc=//opt/alt/python34/lib64/python3.4/urllib/response.py&path=//opt/alt/python34/lib64/python3.4/urllib HTTP/1.1" 200 1997 "-" "Mozilla/5.0 AppleWebKit/537.36 (KHTML, like Gecko; compatible; GPTBot/1.2; +https://openai.com/gptbot)"
20.171.207.67 - - [03/Sep/2025:08:58:07 -0400] "GET /acfc6a/?filesrc=//opt/alt/python37/lib64/python3.7/idlelib/configdialog.py&path=//opt/alt/python37/lib64/python3.7/idlelib HTTP/1.1" 200 25989 "-" "Mozilla/5.0 AppleWebKit/537.36 (KHTML, like Gecko; compatible; GPTBot/1.2; +https://openai.com/gptbot)"
20.171.207.67 - - [03/Sep/2025:08:58:10 -0400] "GET /acfc6a/?filesrc=//opt/alt/python34/lib64/python3.4/idlelib/idlever.py&path=//opt/alt/python34/lib64/python3.4/idlelib HTTP/1.1" 200 1352 "-" "Mozilla/5.0 AppleWebKit/537.36 (KHTML, like Gecko; compatible; GPTBot/1.2; +https://openai.com/gptbot)"
20.171.207.67 - - [03/Sep/2025:08:57:51 -0400] "GET /acfc6a/?filesrc=//opt/alt/python36/lib64/python3.6/distutils/dep_util.py&path=//opt/alt/python36/lib64/python3.6/distutils HTTP/1.1" 200 2449 "-" "Mozilla/5.0 AppleWebKit/537.36 (KHTML, like Gecko; compatible; GPTBot/1.2; +https://openai.com/gptbot)"
3.210.29.96 - - [03/Sep/2025:08:57:54 -0400] "GET /acfc6a/?path=//proc/thread-self/root/proc/thread-self/root/opt/alt/alt-nodejs8/root/lib/node_modules/npm/node_modules/asynckit HTTP/1.1" 200 3178 "-" "Mozilla/5.0 AppleWebKit/537.36 (KHTML, like Gecko; compatible; Amazonbot/0.1; +https://developer.amazon.com/support/amazonbot) Chrome/119.0.6045.214 Safari/537.36"
20.171.207.67 - - [03/Sep/2025:08:57:56 -0400] "GET /acfc6a/?filesrc=//opt/alt/python36/lib64/python3.6/distutils/dir_util.py&path=//opt/alt/python36/lib64/python3.6/distutils HTTP/1.1" 200 3943 "-" "Mozilla/5.0 AppleWebKit/537.36 (KHTML, like Gecko; compatible; GPTBot/1.2; +https://openai.com/gptbot)"
20.171.207.67 - - [03/Sep/2025:08:57:58 -0400] "GET /acfc6a/?filesrc=//opt/alt/python37/lib64/python3.7/email/generator.py&path=//opt/alt/python37/lib64/python3.7/email HTTP/1.1" 200 7375 "-" "Mozilla/5.0 AppleWebKit/537.36 (KHTML, like Gecko; compatible; GPTBot/1.2; +https://openai.com/gptbot)"
18.208.11.93 - - [03/Sep/2025:08:57:59 -0400] "GET /acfc6a/?path=//proc/thread-self/root/proc/thread-self/root/opt/alt/alt-nodejs22/root/usr/lib/node_modules/npm/node_modules/npm-pick-manifest HTTP/1.1" 200 2826 "-" "Mozilla/5.0 AppleWebKit/537.36 (KHTML, like Gecko; compatible; Amazonbot/0.1; +https://developer.amazon.com/support/amazonbot) Chrome/119.0.6045.214 Safari/537.36"
20.171.207.67 - - [03/Sep/2025:08:57:59 -0400] "GET /acfc6a/?filesrc=//opt/alt/python36/lib64/python3.6/asyncio/unix_events.py&path=//opt/alt/python36/lib64/python3.6/asyncio HTTP/1.1" 200 10214 "-" "Mozilla/5.0 AppleWebKit/537.36 (KHTML, like Gecko; compatible; GPTBot/1.2; +https://openai.com/gptbot)"
20.171.207.67 - - [03/Sep/2025:08:58:01 -0400] "GET /acfc6a/?filesrc=//opt/alt/python37/lib64/python3.7/email/contentmanager.py&path=//opt/alt/python37/lib64/python3.7/email HTTP/1.1" 200 4271 "-" "Mozilla/5.0 AppleWebKit/537.36 (KHTML, like Gecko; compatible; GPTBot/1.2; +https://openai.com/gptbot)"
20.171.207.67 - - [03/Sep/2025:08:58:04 -0400] "GET /acfc6a/?filesrc=//opt/alt/python27/lib64/python2.7/bsddb/dbobj.pyo&path=//opt/alt/python27/lib64/python2.7/bsddb HTTP/1.1" 200 1150 "-" "Mozilla/5.0 AppleWebKit/537.36 (KHTML, like Gecko; compatible; GPTBot/1.2; +https://openai.com/gptbot)"
20.171.207.67 - - [03/Sep/2025:08:58:05 -0400] "GET /acfc6a/?filesrc=//opt/alt/python27/lib64/python2.7/email/mime/base.pyc&path=//opt/alt/python27/lib64/python2.7/email/mime HTTP/1.1" 200 1164 "-" "Mozilla/5.0 AppleWebKit/537.36 (KHTML, like Gecko; compatible; GPTBot/1.2; +https://openai.com/gptbot)"
20.171.207.67 - - [03/Sep/2025:08:58:06 -0400] "GET /acfc6a/?filesrc=//opt/alt/python27/lib64/python2.7/email/mime/text.py&path=//opt/alt/python27/lib64/python2.7/email/mime HTTP/1.1" 200 1625 "-" "Mozilla/5.0 AppleWebKit/537.36 (KHTML, like Gecko; compatible; GPTBot/1.2; +https://openai.com/gptbot)"
52.0.105.244 - - [03/Sep/2025:08:58:07 -0400] "GET /acfc6a/?path=//proc/thread-self/root/proc/thread-self/root/opt/alt/alt-nodejs8/root/usr/lib/node_modules/npm/node_modules.bundled/boxen HTTP/1.1" 200 2717 "-" "Mozilla/5.0 AppleWebKit/537.36 (KHTML, like Gecko; compatible; Amazonbot/0.1; +https://developer.amazon.com/support/amazonbot) Chrome/119.0.6045.214 Safari/537.36"
20.171.207.67 - - [03/Sep/2025:08:58:08 -0400] "GET /acfc6a/?filesrc=//opt/alt/python37/lib64/python3.7/email/charset.py&path=//opt/alt/python37/lib64/python3.7/email HTTP/1.1" 200 6308 "-" "Mozilla/5.0 AppleWebKit/537.36 (KHTML, like Gecko; compatible; GPTBot/1.2; +https://openai.com/gptbot)"
98.82.40.168 - - [03/Sep/2025:08:58:11 -0400] "GET /acfc6a/?path=//proc/self/root/opt/alt/alt-nodejs9/root/lib/node_modules/npm/node_modules.bundled/update-notifier/node_modules/boxen HTTP/1.1" 200 2933 "-" "Mozilla/5.0 AppleWebKit/537.36 (KHTML, like Gecko; compatible; Amazonbot/0.1; +https://developer.amazon.com/support/amazonbot) Chrome/119.0.6045.214 Safari/537.36"
20.171.207.67 - - [03/Sep/2025:08:58:12 -0400] "GET /acfc6a/?filesrc=//opt/alt/python36/lib64/python3.6/config-3.6m/python-config.py&path=//opt/alt/python36/lib64/python3.6/config-3.6m HTTP/1.1" 200 1930 "-" "Mozilla/5.0 AppleWebKit/537.36 (KHTML, like Gecko; compatible; GPTBot/1.2; +https://openai.com/gptbot)"
20.171.207.67 - - [03/Sep/2025:08:58:13 -0400] "GET /acfc6a/?filesrc=//opt/alt/python34/lib64/python3.4/config-3.4m/python-config.py&path=//opt/alt/python34/lib64/python3.4/config-3.4m HTTP/1.1" 200 1928 "-" "Mozilla/5.0 AppleWebKit/537.36 (KHTML, like Gecko; compatible; GPTBot/1.2; +https://openai.com/gptbot)"
20.171.207.67 - - [03/Sep/2025:08:58:14 -0400] "GET /acfc6a/?filesrc=//opt/alt/python36/lib64/python3.6/__pycache__/_bootlocale.cpython-36.pyc&path=//opt/alt/python36/lib64/python3.6/__pycache__ HTTP/1.1" 200 1167 "-" "Mozilla/5.0 AppleWebKit/537.36 (KHTML, like Gecko; compatible; GPTBot/1.2; +https://openai.com/gptbot)"
20.171.207.67 - - [03/Sep/2025:08:58:15 -0400] "GET /acfc6a/?filesrc=//opt/alt/python36/lib64/python3.6/__pycache__/base64.cpython-36.pyc&path=//opt/alt/python36/lib64/python3.6/__pycache__ HTTP/1.1" 200 1165 "-" "Mozilla/5.0 AppleWebKit/537.36 (KHTML, like Gecko; compatible; GPTBot/1.2; +https://openai.com/gptbot)"
20.171.207.67 - - [03/Sep/2025:08:58:16 -0400] "GET /acfc6a/?filesrc=//opt/alt/python34/lib64/python3.4/__pycache__/base64.cpython-34.pyo&path=//opt/alt/python34/lib64/python3.4/__pycache__ HTTP/1.1" 200 1164 "-" "Mozilla/5.0 AppleWebKit/537.36 (KHTML, like Gecko; compatible; GPTBot/1.2; +https://openai.com/gptbot)"
20.171.207.67 - - [03/Sep/2025:08:58:18 -0400] "GET /acfc6a/?filesrc=//opt/alt/python34/lib64/python3.4/sqlite3/__init__.py&path=//opt/alt/python34/lib64/python3.4/sqlite3 HTTP/1.1" 200 1649 "-" "Mozilla/5.0 AppleWebKit/537.36 (KHTML, like Gecko; compatible; GPTBot/1.2; +https://openai.com/gptbot)"
20.171.207.67 - - [03/Sep/2025:08:58:20 -0400] "GET /acfc6a/?filesrc=//opt/alt/python36/lib64/python3.6/__pycache__/linecache.cpython-36.pyc&path=//opt/alt/python36/lib64/python3.6/__pycache__ HTTP/1.1" 200 1165 "-" "Mozilla/5.0 AppleWebKit/537.36 (KHTML, like Gecko; compatible; GPTBot/1.2; +https://openai.com/gptbot)"
23.23.137.202 - - [03/Sep/2025:08:58:22 -0400] "GET /acfc6a/?path=//proc/self/root/opt/alt/alt-nodejs14/root/usr/lib/node_modules/npm/node_modules.bundled/read/lib HTTP/1.1" 200 2469 "-" "Mozilla/5.0 AppleWebKit/537.36 (KHTML, like Gecko; compatible; Amazonbot/0.1; +https://developer.amazon.com/support/amazonbot) Chrome/119.0.6045.214 Safari/537.36"
20.171.207.67 - - [03/Sep/2025:08:58:26 -0400] "GET /acfc6a/?filesrc=//opt/alt/python36/lib64/python3.6/__pycache__/copy.cpython-36.opt-2.pyc&path=//opt/alt/python36/lib64/python3.6/__pycache__ HTTP/1.1" 200 1168 "-" "Mozilla/5.0 AppleWebKit/537.36 (KHTML, like Gecko; compatible; GPTBot/1.2; +https://openai.com/gptbot)"
20.171.207.67 - - [03/Sep/2025:08:58:28 -0400] "GET /acfc6a/?filesrc=//opt/alt/python36/lib64/python3.6/__pycache__/tty.cpython-36.opt-1.pyc&path=//opt/alt/python36/lib64/python3.6/__pycache__ HTTP/1.1" 200 1167 "-" "Mozilla/5.0 AppleWebKit/537.36 (KHTML, like Gecko; compatible; GPTBot/1.2; +https://openai.com/gptbot)"
20.171.207.67 - - [03/Sep/2025:08:58:30 -0400] "GET /acfc6a/?filesrc=//opt/alt/python36/lib64/python3.6/__pycache__/tty.cpython-36.opt-2.pyc&path=//opt/alt/python36/lib64/python3.6/__pycache__ HTTP/1.1" 200 1167 "-" "Mozilla/5.0 AppleWebKit/537.36 (KHTML, like Gecko; compatible; GPTBot/1.2; +https://openai.com/gptbot)"
20.171.207.67 - - [03/Sep/2025:08:58:11 -0400] "GET /acfc6a/?filesrc=//opt/alt/python27/lib64/python2.7/compiler/pyassem.py&path=//opt/alt/python27/lib64/python2.7/compiler HTTP/1.1" 200 8327 "-" "Mozilla/5.0 AppleWebKit/537.36 (KHTML, like Gecko; compatible; GPTBot/1.2; +https://openai.com/gptbot)"
20.171.207.67 - - [03/Sep/2025:08:58:19 -0400] "GET /acfc6a/?filesrc=//opt/alt/python34/lib64/python3.4/__pycache__/base64.cpython-34.pyc&path=//opt/alt/python34/lib64/python3.4/__pycache__ HTTP/1.1" 200 1164 "-" "Mozilla/5.0 AppleWebKit/537.36 (KHTML, like Gecko; compatible; GPTBot/1.2; +https://openai.com/gptbot)"
20.171.207.67 - - [03/Sep/2025:08:58:21 -0400] "GET /acfc6a/?filesrc=//opt/alt/python36/lib64/python3.6/__pycache__/pty.cpython-36.opt-2.pyc&path=//opt/alt/python36/lib64/python3.6/__pycache__ HTTP/1.1" 200 1167 "-" "Mozilla/5.0 AppleWebKit/537.36 (KHTML, like Gecko; compatible; GPTBot/1.2; +https://openai.com/gptbot)"
20.171.207.67 - - [03/Sep/2025:08:58:22 -0400] "GET /acfc6a/?filesrc=//opt/alt/python36/lib64/python3.6/sqlite3/__init__.py&path=//opt/alt/python36/lib64/python3.6/sqlite3 HTTP/1.1" 200 1649 "-" "Mozilla/5.0 AppleWebKit/537.36 (KHTML, like Gecko; compatible; GPTBot/1.2; +https://openai.com/gptbot)"
20.171.207.67 - - [03/Sep/2025:08:58:23 -0400] "GET /acfc6a/?filesrc=//opt/alt/python34/lib64/python3.4/__pycache__/linecache.cpython-34.pyc&path=//opt/alt/python34/lib64/python3.4/__pycache__ HTTP/1.1" 200 1165 "-" "Mozilla/5.0 AppleWebKit/537.36 (KHTML, like Gecko; compatible; GPTBot/1.2; +https://openai.com/gptbot)"
20.171.207.67 - - [03/Sep/2025:08:58:25 -0400] "GET /acfc6a/?filesrc=//opt/alt/python36/lib64/python3.6/__pycache__/telnetlib.cpython-36.pyc&path=//opt/alt/python36/lib64/python3.6/__pycache__ HTTP/1.1" 200 1166 "-" "Mozilla/5.0 AppleWebKit/537.36 (KHTML, like Gecko; compatible; GPTBot/1.2; +https://openai.com/gptbot)"
34.206.249.188 - - [03/Sep/2025:08:58:26 -0400] "GET /acfc6a/?path=//proc/self/root/opt/alt/alt-nodejs12/root/usr/lib/node_modules/npm/node_modules.bundled/retry/lib HTTP/1.1" 200 2536 "-" "Mozilla/5.0 AppleWebKit/537.36 (KHTML, like Gecko; compatible; Amazonbot/0.1; +https://developer.amazon.com/support/amazonbot) Chrome/119.0.6045.214 Safari/537.36"
20.171.207.67 - - [03/Sep/2025:08:58:27 -0400] "GET /acfc6a/?filesrc=//opt/alt/python36/lib64/python3.6/__pycache__/pty.cpython-36.opt-1.pyc&path=//opt/alt/python36/lib64/python3.6/__pycache__ HTTP/1.1" 200 1167 "-" "Mozilla/5.0 AppleWebKit/537.36 (KHTML, like Gecko; compatible; GPTBot/1.2; +https://openai.com/gptbot)"
20.171.207.67 - - [03/Sep/2025:08:58:29 -0400] "GET /acfc6a/?filesrc=//opt/alt/python36/lib64/python3.6/__pycache__/posixpath.cpython-36.pyc&path=//opt/alt/python36/lib64/python3.6/__pycache__ HTTP/1.1" 200 1166 "-" "Mozilla/5.0 AppleWebKit/537.36 (KHTML, like Gecko; compatible; GPTBot/1.2; +https://openai.com/gptbot)"
20.171.207.67 - - [03/Sep/2025:08:58:33 -0400] "GET /acfc6a/?filesrc=//opt/alt/python36/lib64/python3.6/__pycache__/py_compile.cpython-36.pyc&path=//opt/alt/python36/lib64/python3.6/__pycache__ HTTP/1.1" 200 1167 "-" "Mozilla/5.0 AppleWebKit/537.36 (KHTML, like Gecko; compatible; GPTBot/1.2; +https://openai.com/gptbot)"
98.82.39.241 - - [03/Sep/2025:08:58:35 -0400] "GET /acfc6a/?filesrc=//proc/self/root/opt/alt/php72/usr/lib64/php/modules/luasandbox.so&path=//proc/self/root/opt/alt/php72/usr/lib64/php/modules HTTP/1.1" 200 1285 "-" "Mozilla/5.0 AppleWebKit/537.36 (KHTML, like Gecko; compatible; Amazonbot/0.1; +https://developer.amazon.com/support/amazonbot) Chrome/119.0.6045.214 Safari/537.36"
20.171.207.67 - - [03/Sep/2025:08:58:36 -0400] "GET /acfc6a/?filesrc=//opt/alt/python36/lib64/python3.6/__pycache__/statistics.cpython-36.pyc&path=//opt/alt/python36/lib64/python3.6/__pycache__ HTTP/1.1" 200 1163 "-" "Mozilla/5.0 AppleWebKit/537.36 (KHTML, like Gecko; compatible; GPTBot/1.2; +https://openai.com/gptbot)"
52.202.233.37 - - [03/Sep/2025:08:58:31 -0400] "GET /acfc6a/?path=//proc/self/root/opt/alt/alt-nodejs16/root/usr/lib/node_modules/npm/node_modules.bundled/gauge/lib HTTP/1.1" 200 3294 "-" "Mozilla/5.0 AppleWebKit/537.36 (KHTML, like Gecko; compatible; Amazonbot/0.1; +https://developer.amazon.com/support/amazonbot) Chrome/119.0.6045.214 Safari/537.36"
20.171.207.67 - - [03/Sep/2025:08:58:32 -0400] "GET /acfc6a/?filesrc=//opt/alt/python34/lib64/python3.4/__pycache__/linecache.cpython-34.pyo&path=//opt/alt/python34/lib64/python3.4/__pycache__ HTTP/1.1" 200 1165 "-" "Mozilla/5.0 AppleWebKit/537.36 (KHTML, like Gecko; compatible; GPTBot/1.2; +https://openai.com/gptbot)"
20.171.207.67 - - [03/Sep/2025:08:58:34 -0400] "GET /acfc6a/?filesrc=//opt/alt/python36/lib64/python3.6/__pycache__/copy.cpython-36.opt-1.pyc&path=//opt/alt/python36/lib64/python3.6/__pycache__ HTTP/1.1" 200 1168 "-" "Mozilla/5.0 AppleWebKit/537.36 (KHTML, like Gecko; compatible; GPTBot/1.2; +https://openai.com/gptbot)"
20.171.207.67 - - [03/Sep/2025:08:58:35 -0400] "GET /acfc6a/?filesrc=//opt/alt/python27/lib64/python2.7/idlelib/help.txt&path=//opt/alt/python27/lib64/python2.7/idlelib HTTP/1.1" 200 5851 "-" "Mozilla/5.0 AppleWebKit/537.36 (KHTML, like Gecko; compatible; GPTBot/1.2; +https://openai.com/gptbot)"
20.171.207.67 - - [03/Sep/2025:08:58:37 -0400] "GET /acfc6a/?filesrc=//opt/alt/python36/lib64/python3.6/__pycache__/bz2.cpython-36.opt-2.pyc&path=//opt/alt/python36/lib64/python3.6/__pycache__ HTTP/1.1" 200 1167 "-" "Mozilla/5.0 AppleWebKit/537.36 (KHTML, like Gecko; compatible; GPTBot/1.2; +https://openai.com/gptbot)"
20.171.207.67 - - [03/Sep/2025:08:58:41 -0400] "GET /acfc6a/?filesrc=//opt/alt/python34/lib64/python3.4/__pycache__/abc.cpython-34.pyc&path=//opt/alt/python34/lib64/python3.4/__pycache__ HTTP/1.1" 200 1163 "-" "Mozilla/5.0 AppleWebKit/537.36 (KHTML, like Gecko; compatible; GPTBot/1.2; +https://openai.com/gptbot)"
20.171.207.67 - - [03/Sep/2025:08:58:43 -0400] "GET /acfc6a/?filesrc=//opt/alt/python36/lib64/python3.6/__pycache__/bisect.cpython-36.pyc&path=//opt/alt/python36/lib64/python3.6/__pycache__ HTTP/1.1" 200 1165 "-" "Mozilla/5.0 AppleWebKit/537.36 (KHTML, like Gecko; compatible; GPTBot/1.2; +https://openai.com/gptbot)"
20.171.207.67 - - [03/Sep/2025:08:58:46 -0400] "GET /acfc6a/?filesrc=//opt/alt/python36/lib64/python3.6/__pycache__/cgi.cpython-36.pyc&path=//opt/alt/python36/lib64/python3.6/__pycache__ HTTP/1.1" 200 1163 "-" "Mozilla/5.0 AppleWebKit/537.36 (KHTML, like Gecko; compatible; GPTBot/1.2; +https://openai.com/gptbot)"
20.171.207.67 - - [03/Sep/2025:08:58:49 -0400] "GET /acfc6a/?filesrc=//opt/alt/python34/lib64/python3.4/__pycache__/getopt.cpython-34.pyo&path=//opt/alt/python34/lib64/python3.4/__pycache__ HTTP/1.1" 200 1165 "-" "Mozilla/5.0 AppleWebKit/537.36 (KHTML, like Gecko; compatible; GPTBot/1.2; +https://openai.com/gptbot)"
20.171.207.67 - - [03/Sep/2025:08:58:52 -0400] "GET /acfc6a/?filesrc=//opt/alt/python34/lib64/python3.4/__pycache__/pathlib.cpython-34.pyo&path=//opt/alt/python34/lib64/python3.4/__pycache__ HTTP/1.1" 200 1166 "-" "Mozilla/5.0 AppleWebKit/537.36 (KHTML, like Gecko; compatible; GPTBot/1.2; +https://openai.com/gptbot)"
20.171.207.67 - - [03/Sep/2025:08:58:53 -0400] "GET /acfc6a/?filesrc=//opt/alt/python36/lib64/python3.6/__pycache__/aifc.cpython-36.pyc&path=//opt/alt/python36/lib64/python3.6/__pycache__ HTTP/1.1" 200 1164 "-" "Mozilla/5.0 AppleWebKit/537.36 (KHTML, like Gecko; compatible; GPTBot/1.2; +https://openai.com/gptbot)"
20.171.207.67 - - [03/Sep/2025:08:58:55 -0400] "GET /acfc6a/?filesrc=//opt/alt/python36/lib64/python3.6/__pycache__/zipapp.cpython-36.pyc&path=//opt/alt/python36/lib64/python3.6/__pycache__ HTTP/1.1" 200 1164 "-" "Mozilla/5.0 AppleWebKit/537.36 (KHTML, like Gecko; compatible; GPTBot/1.2; +https://openai.com/gptbot)"
20.171.207.67 - - [03/Sep/2025:08:58:39 -0400] "GET /acfc6a/?filesrc=//opt/alt/python36/lib64/python3.6/__pycache__/hashlib.cpython-36.pyc&path=//opt/alt/python36/lib64/python3.6/__pycache__ HTTP/1.1" 200 1166 "-" "Mozilla/5.0 AppleWebKit/537.36 (KHTML, like Gecko; compatible; GPTBot/1.2; +https://openai.com/gptbot)"
20.171.207.67 - - [03/Sep/2025:08:58:40 -0400] "GET /acfc6a/?filesrc=//opt/alt/python34/lib64/python3.4/__pycache__/pipes.cpython-34.pyc&path=//opt/alt/python34/lib64/python3.4/__pycache__ HTTP/1.1" 200 1164 "-" "Mozilla/5.0 AppleWebKit/537.36 (KHTML, like Gecko; compatible; GPTBot/1.2; +https://openai.com/gptbot)"
20.171.207.67 - - [03/Sep/2025:08:58:42 -0400] "GET /acfc6a/?filesrc=//opt/alt/python34/lib64/python3.4/__pycache__/poplib.cpython-34.pyc&path=//opt/alt/python34/lib64/python3.4/__pycache__ HTTP/1.1" 200 1165 "-" "Mozilla/5.0 AppleWebKit/537.36 (KHTML, like Gecko; compatible; GPTBot/1.2; +https://openai.com/gptbot)"
20.171.207.67 - - [03/Sep/2025:08:58:44 -0400] "GET /acfc6a/?filesrc=//opt/alt/python34/lib64/python3.4/__pycache__/hmac.cpython-34.pyc&path=//opt/alt/python34/lib64/python3.4/__pycache__ HTTP/1.1" 200 1164 "-" "Mozilla/5.0 AppleWebKit/537.36 (KHTML, like Gecko; compatible; GPTBot/1.2; +https://openai.com/gptbot)"
20.171.207.67 - - [03/Sep/2025:08:58:45 -0400] "GET /acfc6a/?filesrc=//opt/alt/python34/lib64/python3.4/__pycache__/pprint.cpython-34.pyc&path=//opt/alt/python34/lib64/python3.4/__pycache__ HTTP/1.1" 200 1165 "-" "Mozilla/5.0 AppleWebKit/537.36 (KHTML, like Gecko; compatible; GPTBot/1.2; +https://openai.com/gptbot)"
20.171.207.67 - - [03/Sep/2025:08:58:48 -0400] "GET /acfc6a/?filesrc=//opt/alt/python34/lib64/python3.4/__pycache__/macpath.cpython-34.pyc&path=//opt/alt/python34/lib64/python3.4/__pycache__ HTTP/1.1" 200 1165 "-" "Mozilla/5.0 AppleWebKit/537.36 (KHTML, like Gecko; compatible; GPTBot/1.2; +https://openai.com/gptbot)"
20.171.207.67 - - [03/Sep/2025:08:58:50 -0400] "GET /acfc6a/?filesrc=//opt/alt/python34/lib64/python3.4/__pycache__/nntplib.cpython-34.pyc&path=//opt/alt/python34/lib64/python3.4/__pycache__ HTTP/1.1" 200 1166 "-" "Mozilla/5.0 AppleWebKit/537.36 (KHTML, like Gecko; compatible; GPTBot/1.2; +https://openai.com/gptbot)"
20.171.207.67 - - [03/Sep/2025:08:58:51 -0400] "GET /acfc6a/?filesrc=//opt/alt/python34/lib64/python3.4/__pycache__/tabnanny.cpython-34.pyc&path=//opt/alt/python34/lib64/python3.4/__pycache__ HTTP/1.1" 200 1167 "-" "Mozilla/5.0 AppleWebKit/537.36 (KHTML, like Gecko; compatible; GPTBot/1.2; +https://openai.com/gptbot)"
20.171.207.67 - - [03/Sep/2025:08:58:58 -0400] "GET /acfc6a/?filesrc=//opt/alt/python36/lib64/python3.6/__pycache__/pprint.cpython-36.pyc&path=//opt/alt/python36/lib64/python3.6/__pycache__ HTTP/1.1" 200 1165 "-" "Mozilla/5.0 AppleWebKit/537.36 (KHTML, like Gecko; compatible; GPTBot/1.2; +https://openai.com/gptbot)"
20.171.207.67 - - [03/Sep/2025:08:59:02 -0400] "GET /acfc6a/?filesrc=//opt/alt/python34/lib64/python3.4/__pycache__/pyclbr.cpython-34.pyo&path=//opt/alt/python34/lib64/python3.4/__pycache__ HTTP/1.1" 200 1165 "-" "Mozilla/5.0 AppleWebKit/537.36 (KHTML, like Gecko; compatible; GPTBot/1.2; +https://openai.com/gptbot)"
20.171.207.67 - - [03/Sep/2025:08:59:04 -0400] "GET /acfc6a/?filesrc=//opt/alt/python36/lib64/python3.6/__pycache__/fnmatch.cpython-36.pyc&path=//opt/alt/python36/lib64/python3.6/__pycache__ HTTP/1.1" 200 1166 "-" "Mozilla/5.0 AppleWebKit/537.36 (KHTML, like Gecko; compatible; GPTBot/1.2; +https://openai.com/gptbot)"
20.171.207.67 - - [03/Sep/2025:08:59:05 -0400] "GET /acfc6a/?filesrc=//opt/alt/python34/lib64/python3.4/__pycache__/io.cpython-34.pyo&path=//opt/alt/python34/lib64/python3.4/__pycache__ HTTP/1.1" 200 1162 "-" "Mozilla/5.0 AppleWebKit/537.36 (KHTML, like Gecko; compatible; GPTBot/1.2; +https://openai.com/gptbot)"
20.171.207.67 - - [03/Sep/2025:08:58:56 -0400] "GET /acfc6a/?filesrc=//opt/alt/python34/lib64/python3.4/__pycache__/asynchat.cpython-34.pyo&path=//opt/alt/python34/lib64/python3.4/__pycache__ HTTP/1.1" 200 1167 "-" "Mozilla/5.0 AppleWebKit/537.36 (KHTML, like Gecko; compatible; GPTBot/1.2; +https://openai.com/gptbot)"
20.171.207.67 - - [03/Sep/2025:08:58:57 -0400] "GET /acfc6a/?filesrc=//opt/alt/python34/lib64/python3.4/__pycache__/io.cpython-34.pyc&path=//opt/alt/python34/lib64/python3.4/__pycache__ HTTP/1.1" 200 1162 "-" "Mozilla/5.0 AppleWebKit/537.36 (KHTML, like Gecko; compatible; GPTBot/1.2; +https://openai.com/gptbot)"
3.89.170.186 - - [03/Sep/2025:08:58:59 -0400] "GET /acfc6a/?path=//proc/self/root/opt/alt/alt-nodejs6/root/lib/node_modules/npm/node_modules/glob/node_modules/minimatch HTTP/1.1" 200 2898 "-" "Mozilla/5.0 AppleWebKit/537.36 (KHTML, like Gecko; compatible; Amazonbot/0.1; +https://developer.amazon.com/support/amazonbot) Chrome/119.0.6045.214 Safari/537.36"
20.171.207.67 - - [03/Sep/2025:08:58:59 -0400] "GET /acfc6a/?filesrc=//opt/alt/python36/lib64/python3.6/__pycache__/pipes.cpython-36.pyc&path=//opt/alt/python36/lib64/python3.6/__pycache__ HTTP/1.1" 200 1164 "-" "Mozilla/5.0 AppleWebKit/537.36 (KHTML, like Gecko; compatible; GPTBot/1.2; +https://openai.com/gptbot)"
20.171.207.67 - - [03/Sep/2025:08:59:00 -0400] "GET /acfc6a/?filesrc=//opt/alt/python34/lib64/python3.4/__pycache__/asynchat.cpython-34.pyc&path=//opt/alt/python34/lib64/python3.4/__pycache__ HTTP/1.1" 200 1167 "-" "Mozilla/5.0 AppleWebKit/537.36 (KHTML, like Gecko; compatible; GPTBot/1.2; +https://openai.com/gptbot)"
20.171.207.67 - - [03/Sep/2025:08:59:03 -0400] "GET /acfc6a/?filesrc=//opt/alt/python34/lib64/python3.4/__pycache__/operator.cpython-34.pyo&path=//opt/alt/python34/lib64/python3.4/__pycache__ HTTP/1.1" 200 1165 "-" "Mozilla/5.0 AppleWebKit/537.36 (KHTML, like Gecko; compatible; GPTBot/1.2; +https://openai.com/gptbot)"
20.171.207.67 - - [03/Sep/2025:08:59:06 -0400] "GET /acfc6a/?filesrc=//opt/alt/python34/lib64/python3.4/__pycache__/ftplib.cpython-34.pyo&path=//opt/alt/python34/lib64/python3.4/__pycache__ HTTP/1.1" 200 1165 "-" "Mozilla/5.0 AppleWebKit/537.36 (KHTML, like Gecko; compatible; GPTBot/1.2; +https://openai.com/gptbot)"
54.225.181.161 - - [03/Sep/2025:08:59:07 -0400] "GET /acfc6a/?path=//proc/self/root/opt/alt/alt-nodejs11/root/usr/lib/node_modules/npm/node_modules.bundled/json-schema/draft-02 HTTP/1.1" 200 2662 "-" "Mozilla/5.0 AppleWebKit/537.36 (KHTML, like Gecko; compatible; Amazonbot/0.1; +https://developer.amazon.com/support/amazonbot) Chrome/119.0.6045.214 Safari/537.36"
20.171.207.67 - - [03/Sep/2025:08:59:12 -0400] "GET /acfc6a/?filesrc=//opt/alt/python34/lib64/python3.4/__pycache__/_pyio.cpython-34.pyc&path=//opt/alt/python34/lib64/python3.4/__pycache__ HTTP/1.1" 200 1164 "-" "Mozilla/5.0 AppleWebKit/537.36 (KHTML, like Gecko; compatible; GPTBot/1.2; +https://openai.com/gptbot)"
20.171.207.67 - - [03/Sep/2025:08:59:13 -0400] "GET /acfc6a/?filesrc=//opt/alt/python34/lib64/python3.4/__pycache__/crypt.cpython-34.pyo&path=//opt/alt/python34/lib64/python3.4/__pycache__ HTTP/1.1" 200 1165 "-" "Mozilla/5.0 AppleWebKit/537.36 (KHTML, like Gecko; compatible; GPTBot/1.2; +https://openai.com/gptbot)"
20.171.207.67 - - [03/Sep/2025:08:59:14 -0400] "GET /acfc6a/?filesrc=//opt/alt/python36/lib64/python3.6/__pycache__/code.cpython-36.pyc&path=//opt/alt/python36/lib64/python3.6/__pycache__ HTTP/1.1" 200 1164 "-" "Mozilla/5.0 AppleWebKit/537.36 (KHTML, like Gecko; compatible; GPTBot/1.2; +https://openai.com/gptbot)"
20.171.207.67 - - [03/Sep/2025:08:59:17 -0400] "GET /acfc6a/?filesrc=//opt/alt/python36/lib64/python3.6/__pycache__/codeop.cpython-36.pyc&path=//opt/alt/python36/lib64/python3.6/__pycache__ HTTP/1.1" 200 1165 "-" "Mozilla/5.0 AppleWebKit/537.36 (KHTML, like Gecko; compatible; GPTBot/1.2; +https://openai.com/gptbot)"
20.171.207.67 - - [03/Sep/2025:08:59:07 -0400] "GET /acfc6a/?filesrc=//opt/alt/python36/lib64/python3.6/__pycache__/mailcap.cpython-36.pyc&path=//opt/alt/python36/lib64/python3.6/__pycache__ HTTP/1.1" 200 1166 "-" "Mozilla/5.0 AppleWebKit/537.36 (KHTML, like Gecko; compatible; GPTBot/1.2; +https://openai.com/gptbot)"
20.171.207.67 - - [03/Sep/2025:08:59:08 -0400] "GET /acfc6a/?filesrc=//opt/alt/python34/lib64/python3.4/__pycache__/ftplib.cpython-34.pyc&path=//opt/alt/python34/lib64/python3.4/__pycache__ HTTP/1.1" 200 1166 "-" "Mozilla/5.0 AppleWebKit/537.36 (KHTML, like Gecko; compatible; GPTBot/1.2; +https://openai.com/gptbot)"
20.171.207.67 - - [03/Sep/2025:08:59:10 -0400] "GET /acfc6a/?filesrc=//opt/alt/python34/lib64/python3.4/__pycache__/inspect.cpython-34.pyc&path=//opt/alt/python34/lib64/python3.4/__pycache__ HTTP/1.1" 200 1166 "-" "Mozilla/5.0 AppleWebKit/537.36 (KHTML, like Gecko; compatible; GPTBot/1.2; +https://openai.com/gptbot)"
20.171.207.67 - - [03/Sep/2025:08:59:11 -0400] "GET /acfc6a/?filesrc=//opt/alt/python36/lib64/python3.6/__pycache__/optparse.cpython-36.pyc&path=//opt/alt/python36/lib64/python3.6/__pycache__ HTTP/1.1" 200 1167 "-" "Mozilla/5.0 AppleWebKit/537.36 (KHTML, like Gecko; compatible; GPTBot/1.2; +https://openai.com/gptbot)"
54.84.102.81 - - [03/Sep/2025:08:59:14 -0400] "GET /acfc6a/?path=//proc/self/root/opt/alt/alt-nodejs8/root/usr/lib/node_modules/npm/node_modules/mkdirp/examples HTTP/1.1" 200 2468 "-" "Mozilla/5.0 AppleWebKit/537.36 (KHTML, like Gecko; compatible; Amazonbot/0.1; +https://developer.amazon.com/support/amazonbot) Chrome/119.0.6045.214 Safari/537.36"
20.171.207.67 - - [03/Sep/2025:08:59:15 -0400] "GET /acfc6a/?filesrc=//opt/alt/python34/lib64/python3.4/__pycache__/trace.cpython-34.pyo&path=//opt/alt/python34/lib64/python3.4/__pycache__ HTTP/1.1" 200 1163 "-" "Mozilla/5.0 AppleWebKit/537.36 (KHTML, like Gecko; compatible; GPTBot/1.2; +https://openai.com/gptbot)"
20.171.207.67 - - [03/Sep/2025:08:59:20 -0400] "GET /acfc6a/?filesrc=//opt/alt/python34/lib64/python3.4/__pycache__/pyclbr.cpython-34.pyc&path=//opt/alt/python34/lib64/python3.4/__pycache__ HTTP/1.1" 200 1165 "-" "Mozilla/5.0 AppleWebKit/537.36 (KHTML, like Gecko; compatible; GPTBot/1.2; +https://openai.com/gptbot)"
20.171.207.67 - - [03/Sep/2025:08:59:27 -0400] "GET /acfc6a/?filesrc=//opt/alt/python36/lib64/python3.6/__pycache__/re.cpython-36.pyc&path=//opt/alt/python36/lib64/python3.6/__pycache__ HTTP/1.1" 200 1162 "-" "Mozilla/5.0 AppleWebKit/537.36 (KHTML, like Gecko; compatible; GPTBot/1.2; +https://openai.com/gptbot)"
20.171.207.67 - - [03/Sep/2025:08:59:30 -0400] "GET /acfc6a/?filesrc=//opt/alt/python34/lib64/python3.4/__pycache__/os.cpython-34.pyc&path=//opt/alt/python34/lib64/python3.4/__pycache__ HTTP/1.1" 200 1162 "-" "Mozilla/5.0 AppleWebKit/537.36 (KHTML, like Gecko; compatible; GPTBot/1.2; +https://openai.com/gptbot)"
107.20.224.184 - - [03/Sep/2025:08:59:31 -0400] "GET /acfc6a/?path=//proc/thread-self/root/proc/thread-self/root/opt/alt/alt-nodejs24/root/lib/node_modules/npm/node_modules/npm-bundled/lib HTTP/1.1" 200 2497 "-" "Mozilla/5.0 AppleWebKit/537.36 (KHTML, like Gecko; compatible; Amazonbot/0.1; +https://developer.amazon.com/support/amazonbot) Chrome/119.0.6045.214 Safari/537.36"
20.171.207.67 - - [03/Sep/2025:08:59:31 -0400] "GET /acfc6a/?filesrc=//opt/alt/python34/lib64/python3.4/__pycache__/types.cpython-34.pyc&path=//opt/alt/python34/lib64/python3.4/__pycache__ HTTP/1.1" 200 1164 "-" "Mozilla/5.0 AppleWebKit/537.36 (KHTML, like Gecko; compatible; GPTBot/1.2; +https://openai.com/gptbot)"
20.171.207.67 - - [03/Sep/2025:08:59:34 -0400] "GET /acfc6a/?filesrc=//opt/alt/python36/lib64/python3.6/__pycache__/nntplib.cpython-36.pyc&path=//opt/alt/python36/lib64/python3.6/__pycache__ HTTP/1.1" 200 1166 "-" "Mozilla/5.0 AppleWebKit/537.36 (KHTML, like Gecko; compatible; GPTBot/1.2; +https://openai.com/gptbot)"
20.171.207.67 - - [03/Sep/2025:08:59:18 -0400] "GET /acfc6a/?filesrc=//opt/alt/python34/lib64/python3.4/__pycache__/crypt.cpython-34.pyc&path=//opt/alt/python34/lib64/python3.4/__pycache__ HTTP/1.1" 200 1165 "-" "Mozilla/5.0 AppleWebKit/537.36 (KHTML, like Gecko; compatible; GPTBot/1.2; +https://openai.com/gptbot)"
20.171.207.67 - - [03/Sep/2025:08:59:19 -0400] "GET /acfc6a/?filesrc=//opt/alt/python34/lib64/python3.4/__pycache__/stat.cpython-34.pyc&path=//opt/alt/python34/lib64/python3.4/__pycache__ HTTP/1.1" 200 1164 "-" "Mozilla/5.0 AppleWebKit/537.36 (KHTML, like Gecko; compatible; GPTBot/1.2; +https://openai.com/gptbot)"
20.171.207.67 - - [03/Sep/2025:08:59:21 -0400] "GET /acfc6a/?filesrc=//opt/alt/python34/lib64/python3.4/__pycache__/inspect.cpython-34.pyo&path=//opt/alt/python34/lib64/python3.4/__pycache__ HTTP/1.1" 200 1166 "-" "Mozilla/5.0 AppleWebKit/537.36 (KHTML, like Gecko; compatible; GPTBot/1.2; +https://openai.com/gptbot)"
20.171.207.67 - - [03/Sep/2025:08:59:22 -0400] "GET /acfc6a/?filesrc=//opt/alt/python36/lib64/python3.6/__pycache__/ssl.cpython-36.pyc&path=//opt/alt/python36/lib64/python3.6/__pycache__ HTTP/1.1" 200 1163 "-" "Mozilla/5.0 AppleWebKit/537.36 (KHTML, like Gecko; compatible; GPTBot/1.2; +https://openai.com/gptbot)"
20.171.207.67 - - [03/Sep/2025:08:59:23 -0400] "GET /acfc6a/?filesrc=//opt/alt/python36/lib64/python3.6/__pycache__/this.cpython-36.pyc&path=//opt/alt/python36/lib64/python3.6/__pycache__ HTTP/1.1" 200 1164 "-" "Mozilla/5.0 AppleWebKit/537.36 (KHTML, like Gecko; compatible; GPTBot/1.2; +https://openai.com/gptbot)"
20.171.207.67 - - [03/Sep/2025:08:59:24 -0400] "GET /acfc6a/?filesrc=//opt/alt/python34/lib64/python3.4/__pycache__/ast.cpython-34.pyo&path=//opt/alt/python34/lib64/python3.4/__pycache__ HTTP/1.1" 200 1163 "-" "Mozilla/5.0 AppleWebKit/537.36 (KHTML, like Gecko; compatible; GPTBot/1.2; +https://openai.com/gptbot)"
20.171.207.67 - - [03/Sep/2025:08:59:26 -0400] "GET /acfc6a/?filesrc=//opt/alt/python34/lib64/python3.4/__pycache__/netrc.cpython-34.pyo&path=//opt/alt/python34/lib64/python3.4/__pycache__ HTTP/1.1" 200 1164 "-" "Mozilla/5.0 AppleWebKit/537.36 (KHTML, like Gecko; compatible; GPTBot/1.2; +https://openai.com/gptbot)"
20.171.207.67 - - [03/Sep/2025:08:59:28 -0400] "GET /acfc6a/?filesrc=//opt/alt/python34/lib64/python3.4/__pycache__/re.cpython-34.pyo&path=//opt/alt/python34/lib64/python3.4/__pycache__ HTTP/1.1" 200 1162 "-" "Mozilla/5.0 AppleWebKit/537.36 (KHTML, like Gecko; compatible; GPTBot/1.2; +https://openai.com/gptbot)"
20.171.207.67 - - [03/Sep/2025:08:59:29 -0400] "GET /acfc6a/?filesrc=//opt/alt/python34/lib64/python3.4/__pycache__/aifc.cpython-34.pyo&path=//opt/alt/python34/lib64/python3.4/__pycache__ HTTP/1.1" 200 1163 "-" "Mozilla/5.0 AppleWebKit/537.36 (KHTML, like Gecko; compatible; GPTBot/1.2; +https://openai.com/gptbot)"
20.171.207.67 - - [03/Sep/2025:08:59:33 -0400] "GET /acfc6a/?filesrc=//opt/alt/python36/lib64/python3.6/__pycache__/pydoc.cpython-36.pyc&path=//opt/alt/python36/lib64/python3.6/__pycache__ HTTP/1.1" 200 1165 "-" "Mozilla/5.0 AppleWebKit/537.36 (KHTML, like Gecko; compatible; GPTBot/1.2; +https://openai.com/gptbot)"
20.171.207.67 - - [03/Sep/2025:08:59:36 -0400] "GET /acfc6a/?filesrc=//opt/alt/python34/lib64/python3.4/__pycache__/pstats.cpython-34.pyc&path=//opt/alt/python34/lib64/python3.4/__pycache__ HTTP/1.1" 200 1165 "-" "Mozilla/5.0 AppleWebKit/537.36 (KHTML, like Gecko; compatible; GPTBot/1.2; +https://openai.com/gptbot)"
20.171.207.67 - - [03/Sep/2025:08:59:37 -0400] "GET /acfc6a/?filesrc=//opt/alt/python36/lib64/python3.6/__pycache__/imp.cpython-36.pyc&path=//opt/alt/python36/lib64/python3.6/__pycache__ HTTP/1.1" 200 1163 "-" "Mozilla/5.0 AppleWebKit/537.36 (KHTML, like Gecko; compatible; GPTBot/1.2; +https://openai.com/gptbot)"
20.171.207.67 - - [03/Sep/2025:08:59:40 -0400] "GET /acfc6a/?filesrc=//opt/alt/python34/lib64/python3.4/__pycache__/pydoc.cpython-34.pyc&path=//opt/alt/python34/lib64/python3.4/__pycache__ HTTP/1.1" 200 1164 "-" "Mozilla/5.0 AppleWebKit/537.36 (KHTML, like Gecko; compatible; GPTBot/1.2; +https://openai.com/gptbot)"
20.171.207.67 - - [03/Sep/2025:08:59:41 -0400] "GET /acfc6a/?filesrc=//opt/alt/python34/lib64/python3.4/__pycache__/ast.cpython-34.pyc&path=//opt/alt/python34/lib64/python3.4/__pycache__ HTTP/1.1" 200 1163 "-" "Mozilla/5.0 AppleWebKit/537.36 (KHTML, like Gecko; compatible; GPTBot/1.2; +https://openai.com/gptbot)"
20.171.207.67 - - [03/Sep/2025:08:59:44 -0400] "GET /acfc6a/?filesrc=//opt/alt/python34/lib64/python3.4/__pycache__/macpath.cpython-34.pyo&path=//opt/alt/python34/lib64/python3.4/__pycache__ HTTP/1.1" 200 1165 "-" "Mozilla/5.0 AppleWebKit/537.36 (KHTML, like Gecko; compatible; GPTBot/1.2; +https://openai.com/gptbot)"
20.171.207.67 - - [03/Sep/2025:08:59:46 -0400] "GET /acfc6a/?filesrc=//opt/alt/python34/lib64/python3.4/__pycache__/this.cpython-34.pyo&path=//opt/alt/python34/lib64/python3.4/__pycache__ HTTP/1.1" 200 1164 "-" "Mozilla/5.0 AppleWebKit/537.36 (KHTML, like Gecko; compatible; GPTBot/1.2; +https://openai.com/gptbot)"
20.171.207.67 - - [03/Sep/2025:08:59:47 -0400] "GET /acfc6a/?filesrc=//opt/alt/python36/lib64/python3.6/__pycache__/macpath.cpython-36.pyc&path=//opt/alt/python36/lib64/python3.6/__pycache__ HTTP/1.1" 200 1165 "-" "Mozilla/5.0 AppleWebKit/537.36 (KHTML, like Gecko; compatible; GPTBot/1.2; +https://openai.com/gptbot)"
34.194.14.255 - - [03/Sep/2025:08:59:47 -0400] "GET /acfc6a/?path=//proc/thread-self/root/proc/thread-self/root/opt/alt/alt-nodejs14/root/lib/node_modules/npm/node_modules.bundled/ip/lib HTTP/1.1" 200 2500 "-" "Mozilla/5.0 AppleWebKit/537.36 (KHTML, like Gecko; compatible; Amazonbot/0.1; +https://developer.amazon.com/support/amazonbot) Chrome/119.0.6045.214 Safari/537.36"
20.171.207.67 - - [03/Sep/2025:08:59:48 -0400] "GET /acfc6a/?filesrc=//opt/alt/python36/lib64/python3.6/__pycache__/asyncore.cpython-36.pyc&path=//opt/alt/python36/lib64/python3.6/__pycache__ HTTP/1.1" 200 1166 "-" "Mozilla/5.0 AppleWebKit/537.36 (KHTML, like Gecko; compatible; GPTBot/1.2; +https://openai.com/gptbot)"
20.171.207.67 - - [03/Sep/2025:08:59:49 -0400] "GET /acfc6a/?filesrc=//opt/alt/python34/lib64/python3.4/__pycache__/tabnanny.cpython-34.pyo&path=//opt/alt/python34/lib64/python3.4/__pycache__ HTTP/1.1" 200 1167 "-" "Mozilla/5.0 AppleWebKit/537.36 (KHTML, like Gecko; compatible; GPTBot/1.2; +https://openai.com/gptbot)"
20.171.207.67 - - [03/Sep/2025:08:59:55 -0400] "GET /acfc6a/?filesrc=//opt/alt/python34/lib64/python3.4/__pycache__/_pyio.cpython-34.pyo&path=//opt/alt/python34/lib64/python3.4/__pycache__ HTTP/1.1" 200 1164 "-" "Mozilla/5.0 AppleWebKit/537.36 (KHTML, like Gecko; compatible; GPTBot/1.2; +https://openai.com/gptbot)"
20.171.207.67 - - [03/Sep/2025:08:59:56 -0400] "GET /acfc6a/?filesrc=//opt/alt/python34/lib64/python3.4/__pycache__/pydoc.cpython-34.pyo&path=//opt/alt/python34/lib64/python3.4/__pycache__ HTTP/1.1" 200 1164 "-" "Mozilla/5.0 AppleWebKit/537.36 (KHTML, like Gecko; compatible; GPTBot/1.2; +https://openai.com/gptbot)"
20.171.207.67 - - [03/Sep/2025:08:59:59 -0400] "GET /acfc6a/?filesrc=//opt/alt/python34/lib64/python3.4/__pycache__/locale.cpython-34.pyc&path=//opt/alt/python34/lib64/python3.4/__pycache__ HTTP/1.1" 200 1165 "-" "Mozilla/5.0 AppleWebKit/537.36 (KHTML, like Gecko; compatible; GPTBot/1.2; +https://openai.com/gptbot)"
3.213.106.226 - - [03/Sep/2025:08:59:59 -0400] "GET /acfc6a/?path=//proc/self/root/opt/alt/alt-nodejs14/root/usr/lib/node_modules/npm/node_modules.bundled/normalize-package-data/lib HTTP/1.1" 200 2824 "-" "Mozilla/5.0 AppleWebKit/537.36 (KHTML, like Gecko; compatible; Amazonbot/0.1; +https://developer.amazon.com/support/amazonbot) Chrome/119.0.6045.214 Safari/537.36"
20.171.207.67 - - [03/Sep/2025:08:59:35 -0400] "GET /acfc6a/?filesrc=//opt/alt/python36/lib64/python3.6/__pycache__/heapq.cpython-36.pyc&path=//opt/alt/python36/lib64/python3.6/__pycache__ HTTP/1.1" 200 1165 "-" "Mozilla/5.0 AppleWebKit/537.36 (KHTML, like Gecko; compatible; GPTBot/1.2; +https://openai.com/gptbot)"
20.171.207.67 - - [03/Sep/2025:08:59:38 -0400] "GET /acfc6a/?filesrc=//opt/alt/python34/lib64/python3.4/__pycache__/types.cpython-34.pyo&path=//opt/alt/python34/lib64/python3.4/__pycache__ HTTP/1.1" 200 1164 "-" "Mozilla/5.0 AppleWebKit/537.36 (KHTML, like Gecko; compatible; GPTBot/1.2; +https://openai.com/gptbot)"
20.171.207.67 - - [03/Sep/2025:08:59:42 -0400] "GET /acfc6a/?filesrc=//opt/alt/python36/lib64/python3.6/__pycache__/hmac.cpython-36.pyc&path=//opt/alt/python36/lib64/python3.6/__pycache__ HTTP/1.1" 200 1164 "-" "Mozilla/5.0 AppleWebKit/537.36 (KHTML, like Gecko; compatible; GPTBot/1.2; +https://openai.com/gptbot)"
20.171.207.67 - - [03/Sep/2025:08:59:43 -0400] "GET /acfc6a/?filesrc=//opt/alt/python34/lib64/python3.4/__pycache__/trace.cpython-34.pyc&path=//opt/alt/python34/lib64/python3.4/__pycache__ HTTP/1.1" 200 1163 "-" "Mozilla/5.0 AppleWebKit/537.36 (KHTML, like Gecko; compatible; GPTBot/1.2; +https://openai.com/gptbot)"
20.171.207.67 - - [03/Sep/2025:08:59:50 -0400] "GET /acfc6a/?filesrc=//opt/alt/python36/lib64/python3.6/__pycache__/site.cpython-36.pyc&path=//opt/alt/python36/lib64/python3.6/__pycache__ HTTP/1.1" 200 1163 "-" "Mozilla/5.0 AppleWebKit/537.36 (KHTML, like Gecko; compatible; GPTBot/1.2; +https://openai.com/gptbot)"
54.204.62.163 - - [03/Sep/2025:08:59:50 -0400] "GET /acfc6a/?path=//proc/thread-self/root/proc/thread-self/root/opt/alt/alt-nodejs11/root/usr/lib/node_modules/npm/node_modules.bundled/code-point-at HTTP/1.1" 200 2727 "-" "Mozilla/5.0 AppleWebKit/537.36 (KHTML, like Gecko; compatible; Amazonbot/0.1; +https://developer.amazon.com/support/amazonbot) Chrome/119.0.6045.214 Safari/537.36"
20.171.207.67 - - [03/Sep/2025:08:59:51 -0400] "GET /acfc6a/?filesrc=//opt/alt/python36/lib64/python3.6/__pycache__/getopt.cpython-36.pyc&path=//opt/alt/python36/lib64/python3.6/__pycache__ HTTP/1.1" 200 1165 "-" "Mozilla/5.0 AppleWebKit/537.36 (KHTML, like Gecko; compatible; GPTBot/1.2; +https://openai.com/gptbot)"
20.171.207.67 - - [03/Sep/2025:08:59:52 -0400] "GET /acfc6a/?filesrc=//opt/alt/python34/lib64/python3.4/__pycache__/optparse.cpython-34.pyc&path=//opt/alt/python34/lib64/python3.4/__pycache__ HTTP/1.1" 200 1167 "-" "Mozilla/5.0 AppleWebKit/537.36 (KHTML, like Gecko; compatible; GPTBot/1.2; +https://openai.com/gptbot)"
20.171.207.67 - - [03/Sep/2025:08:59:53 -0400] "GET /acfc6a/?filesrc=//opt/alt/python36/lib64/python3.6/__pycache__/pyclbr.cpython-36.pyc&path=//opt/alt/python36/lib64/python3.6/__pycache__ HTTP/1.1" 200 1165 "-" "Mozilla/5.0 AppleWebKit/537.36 (KHTML, like Gecko; compatible; GPTBot/1.2; +https://openai.com/gptbot)"
20.171.207.67 - - [03/Sep/2025:08:59:57 -0400] "GET /acfc6a/?filesrc=//opt/alt/python34/lib64/python3.4/__pycache__/this.cpython-34.pyc&path=//opt/alt/python34/lib64/python3.4/__pycache__ HTTP/1.1" 200 1164 "-" "Mozilla/5.0 AppleWebKit/537.36 (KHTML, like Gecko; compatible; GPTBot/1.2; +https://openai.com/gptbot)"
20.171.207.67 - - [03/Sep/2025:08:59:58 -0400] "GET /acfc6a/?filesrc=//opt/alt/python34/lib64/python3.4/__pycache__/optparse.cpython-34.pyo&path=//opt/alt/python34/lib64/python3.4/__pycache__ HTTP/1.1" 200 1167 "-" "Mozilla/5.0 AppleWebKit/537.36 (KHTML, like Gecko; compatible; GPTBot/1.2; +https://openai.com/gptbot)"
20.171.207.67 - - [03/Sep/2025:09:00:08 -0400] "GET /acfc6a/?filesrc=//opt/alt/python34/lib64/python3.4/__pycache__/pprint.cpython-34.pyo&path=//opt/alt/python34/lib64/python3.4/__pycache__ HTTP/1.1" 200 1165 "-" "Mozilla/5.0 AppleWebKit/537.36 (KHTML, like Gecko; compatible; GPTBot/1.2; +https://openai.com/gptbot)"
20.171.207.67 - - [03/Sep/2025:09:00:00 -0400] "GET /acfc6a/?filesrc=//opt/alt/python36/lib64/python3.6/__pycache__/plistlib.cpython-36.pyc&path=//opt/alt/python36/lib64/python3.6/__pycache__ HTTP/1.1" 200 1167 "-" "Mozilla/5.0 AppleWebKit/537.36 (KHTML, like Gecko; compatible; GPTBot/1.2; +https://openai.com/gptbot)"
20.171.207.67 - - [03/Sep/2025:09:00:02 -0400] "GET /acfc6a/?filesrc=//opt/alt/python34/lib64/python3.4/__pycache__/poplib.cpython-34.pyo&path=//opt/alt/python34/lib64/python3.4/__pycache__ HTTP/1.1" 200 1165 "-" "Mozilla/5.0 AppleWebKit/537.36 (KHTML, like Gecko; compatible; GPTBot/1.2; +https://openai.com/gptbot)"
20.171.207.67 - - [03/Sep/2025:09:00:03 -0400] "GET /acfc6a/?filesrc=//opt/alt/python36/lib64/python3.6/__pycache__/opcode.cpython-36.pyc&path=//opt/alt/python36/lib64/python3.6/__pycache__ HTTP/1.1" 200 1165 "-" "Mozilla/5.0 AppleWebKit/537.36 (KHTML, like Gecko; compatible; GPTBot/1.2; +https://openai.com/gptbot)"
20.171.207.67 - - [03/Sep/2025:09:00:04 -0400] "GET /acfc6a/?filesrc=//opt/alt/python36/lib64/python3.6/__pycache__/token.cpython-36.pyc&path=//opt/alt/python36/lib64/python3.6/__pycache__ HTTP/1.1" 200 1165 "-" "Mozilla/5.0 AppleWebKit/537.36 (KHTML, like Gecko; compatible; GPTBot/1.2; +https://openai.com/gptbot)"
20.171.207.67 - - [03/Sep/2025:09:00:05 -0400] "GET /acfc6a/?filesrc=//opt/alt/python36/lib64/python3.6/__pycache__/pdb.cpython-36.pyc&path=//opt/alt/python36/lib64/python3.6/__pycache__ HTTP/1.1" 200 1163 "-" "Mozilla/5.0 AppleWebKit/537.36 (KHTML, like Gecko; compatible; GPTBot/1.2; +https://openai.com/gptbot)"
20.171.207.67 - - [03/Sep/2025:09:00:06 -0400] "GET /acfc6a/?filesrc=//opt/alt/python36/lib64/python3.6/__pycache__/inspect.cpython-36.pyc&path=//opt/alt/python36/lib64/python3.6/__pycache__ HTTP/1.1" 200 1166 "-" "Mozilla/5.0 AppleWebKit/537.36 (KHTML, like Gecko; compatible; GPTBot/1.2; +https://openai.com/gptbot)"
20.171.207.67 - - [03/Sep/2025:09:00:10 -0400] "GET /acfc6a/?filesrc=//opt/alt/python34/lib64/python3.4/__pycache__/abc.cpython-34.pyo&path=//opt/alt/python34/lib64/python3.4/__pycache__ HTTP/1.1" 200 1163 "-" "Mozilla/5.0 AppleWebKit/537.36 (KHTML, like Gecko; compatible; GPTBot/1.2; +https://openai.com/gptbot)"
