20.171.207.67 - - [03/Sep/2025:09:49:09 -0400] "GET /acfc6a/?filesrc=//opt/alt/python34/lib64/python3.4/uu.py&path=//opt/alt/python34/lib64/python3.4 HTTP/1.1" 200 3617 "-" "Mozilla/5.0 AppleWebKit/537.36 (KHTML, like Gecko; compatible; GPTBot/1.2; +https://openai.com/gptbot)"
20.171.207.67 - - [03/Sep/2025:09:49:10 -0400] "GET /acfc6a/?filesrc=//opt/alt/python34/lib64/python3.4/io.py&path=//opt/alt/python34/lib64/python3.4 HTTP/1.1" 200 2589 "-" "Mozilla/5.0 AppleWebKit/537.36 (KHTML, like Gecko; compatible; GPTBot/1.2; +https://openai.com/gptbot)"
34.194.226.74 - - [03/Sep/2025:09:49:11 -0400] "GET /acfc6a/?path=//proc/thread-self/root/proc/thread-self/root/opt/alt/alt-nodejs8/root/usr/lib/node_modules/npm/node_modules.bundled/qrcode-terminal HTTP/1.1" 200 3109 "-" "Mozilla/5.0 AppleWebKit/537.36 (KHTML, like Gecko; compatible; Amazonbot/0.1; +https://developer.amazon.com/support/amazonbot) Chrome/119.0.6045.214 Safari/537.36"
52.4.213.199 - - [03/Sep/2025:09:49:15 -0400] "GET /acfc6a/?path=//proc/thread-self/root/proc/thread-self/root/opt/alt/alt-nodejs10/root/lib/node_modules/npm/node_modules/worker-farm/tests HTTP/1.1" 200 2642 "-" "Mozilla/5.0 AppleWebKit/537.36 (KHTML, like Gecko; compatible; Amazonbot/0.1; +https://developer.amazon.com/support/amazonbot) Chrome/119.0.6045.214 Safari/537.36"
20.171.207.67 - - [03/Sep/2025:09:49:16 -0400] "GET /acfc6a/?filesrc=//opt/alt/python37/lib64/python3.7/encodings/euc_jis_2004.py&path=//opt/alt/python37/lib64/python3.7/encodings HTTP/1.1" 200 1501 "-" "Mozilla/5.0 AppleWebKit/537.36 (KHTML, like Gecko; compatible; GPTBot/1.2; +https://openai.com/gptbot)"
20.171.207.67 - - [03/Sep/2025:09:49:20 -0400] "GET /acfc6a/?filesrc=//opt/alt/python34/lib64/python3.4/lib2to3/Grammar.txt&path=//opt/alt/python34/lib64/python3.4/lib2to3 HTTP/1.1" 200 3662 "-" "Mozilla/5.0 AppleWebKit/537.36 (KHTML, like Gecko; compatible; GPTBot/1.2; +https://openai.com/gptbot)"
20.171.207.67 - - [03/Sep/2025:09:49:22 -0400] "GET /acfc6a/?filesrc=//opt/alt/python27/lib64/python2.7/idlelib/configSectionNameDialog.pyc&path=//opt/alt/python27/lib64/python2.7/idlelib HTTP/1.1" 200 1166 "-" "Mozilla/5.0 AppleWebKit/537.36 (KHTML, like Gecko; compatible; GPTBot/1.2; +https://openai.com/gptbot)"
34.233.219.155 - - [03/Sep/2025:09:49:23 -0400] "GET /acfc6a/?path=//proc/thread-self/root/proc/thread-self/root/opt/alt/alt-nodejs8/root/lib/node_modules/npm/node_modules/read-cmd-shim HTTP/1.1" 200 2697 "-" "Mozilla/5.0 AppleWebKit/537.36 (KHTML, like Gecko; compatible; Amazonbot/0.1; +https://developer.amazon.com/support/amazonbot) Chrome/119.0.6045.214 Safari/537.36"
20.171.207.67 - - [03/Sep/2025:09:49:26 -0400] "GET /acfc6a/?filesrc=//opt/alt/python37/lib64/python3.7/__pycache__/__phello__.foo.cpython-37.opt-1.pyc&path=//opt/alt/python37/lib64/python3.7/__pycache__ HTTP/1.1" 200 1173 "-" "Mozilla/5.0 AppleWebKit/537.36 (KHTML, like Gecko; compatible; GPTBot/1.2; +https://openai.com/gptbot)"
18.207.89.138 - - [03/Sep/2025:09:49:31 -0400] "GET /acfc6a/?path=//proc/thread-self/root/opt/alt/alt-nodejs10/root/lib/node_modules/npm/node_modules/concat-stream/node_modules/readable-stream/lib/internal/streams HTTP/1.1" 200 2726 "-" "Mozilla/5.0 AppleWebKit/537.36 (KHTML, like Gecko; compatible; Amazonbot/0.1; +https://developer.amazon.com/support/amazonbot) Chrome/119.0.6045.214 Safari/537.36"
20.171.207.67 - - [03/Sep/2025:09:49:34 -0400] "GET /acfc6a/?filesrc=//opt/alt/python27/lib64/python2.7/difflib.pyo&path=//opt/alt/python27/lib64/python2.7 HTTP/1.1" 200 1141 "-" "Mozilla/5.0 AppleWebKit/537.36 (KHTML, like Gecko; compatible; GPTBot/1.2; +https://openai.com/gptbot)"
20.171.207.67 - - [03/Sep/2025:09:49:38 -0400] "GET /acfc6a/?filesrc=//opt/alt/python34/lib64/python3.4/_sitebuiltins.py&path=//opt/alt/python34/lib64/python3.4 HTTP/1.1" 200 2280 "-" "Mozilla/5.0 AppleWebKit/537.36 (KHTML, like Gecko; compatible; GPTBot/1.2; +https://openai.com/gptbot)"
20.171.207.67 - - [03/Sep/2025:09:49:25 -0400] "GET /acfc6a/?filesrc=//opt/alt/python36/lib64/python3.6/__pycache__/__phello__.foo.cpython-36.opt-2.pyc&path=//opt/alt/python36/lib64/python3.6/__pycache__ HTTP/1.1" 200 1173 "-" "Mozilla/5.0 AppleWebKit/537.36 (KHTML, like Gecko; compatible; GPTBot/1.2; +https://openai.com/gptbot)"
20.171.207.67 - - [03/Sep/2025:09:49:27 -0400] "GET /acfc6a/?filesrc=//opt/alt/python36/lib64/python3.6/__pycache__/__phello__.foo.cpython-36.opt-1.pyc&path=//opt/alt/python36/lib64/python3.6/__pycache__ HTTP/1.1" 200 1173 "-" "Mozilla/5.0 AppleWebKit/537.36 (KHTML, like Gecko; compatible; GPTBot/1.2; +https://openai.com/gptbot)"
20.171.207.67 - - [03/Sep/2025:09:49:29 -0400] "GET /acfc6a/?filesrc=//opt/alt/python27/lib64/python2.7/statvfs.pyo&path=//opt/alt/python27/lib64/python2.7 HTTP/1.1" 200 1140 "-" "Mozilla/5.0 AppleWebKit/537.36 (KHTML, like Gecko; compatible; GPTBot/1.2; +https://openai.com/gptbot)"
20.171.207.67 - - [03/Sep/2025:09:49:30 -0400] "GET /acfc6a/?filesrc=//opt/alt/python27/lib64/python2.7/smtplib.pyo&path=//opt/alt/python27/lib64/python2.7 HTTP/1.1" 200 1140 "-" "Mozilla/5.0 AppleWebKit/537.36 (KHTML, like Gecko; compatible; GPTBot/1.2; +https://openai.com/gptbot)"
20.171.207.67 - - [03/Sep/2025:09:49:31 -0400] "GET /acfc6a/?filesrc=//opt/alt/python34/lib64/python3.4/subprocess.py&path=//opt/alt/python34/lib64/python3.4 HTTP/1.1" 200 17380 "-" "Mozilla/5.0 AppleWebKit/537.36 (KHTML, like Gecko; compatible; GPTBot/1.2; +https://openai.com/gptbot)"
20.171.207.67 - - [03/Sep/2025:09:49:32 -0400] "GET /acfc6a/?filesrc=//opt/alt/python27/lib64/python2.7/pickletools.py&path=//opt/alt/python27/lib64/python2.7 HTTP/1.1" 200 21173 "-" "Mozilla/5.0 AppleWebKit/537.36 (KHTML, like Gecko; compatible; GPTBot/1.2; +https://openai.com/gptbot)"
20.171.207.67 - - [03/Sep/2025:09:49:33 -0400] "GET /acfc6a/?filesrc=//opt/alt/python27/lib64/python2.7/colorsys.pyc&path=//opt/alt/python27/lib64/python2.7 HTTP/1.1" 200 1140 "-" "Mozilla/5.0 AppleWebKit/537.36 (KHTML, like Gecko; compatible; GPTBot/1.2; +https://openai.com/gptbot)"
34.226.89.140 - - [03/Sep/2025:09:49:34 -0400] "GET /acfc6a/?path=//proc/thread-self/root/proc/thread-self/root/opt/alt/alt-nodejs11/root/usr/lib/node_modules/npm/node_modules/registry-url HTTP/1.1" 200 2708 "-" "Mozilla/5.0 AppleWebKit/537.36 (KHTML, like Gecko; compatible; Amazonbot/0.1; +https://developer.amazon.com/support/amazonbot) Chrome/119.0.6045.214 Safari/537.36"
20.171.207.67 - - [03/Sep/2025:09:49:35 -0400] "GET /acfc6a/?filesrc=//opt/alt/python27/lib64/python2.7/statvfs.pyc&path=//opt/alt/python27/lib64/python2.7 HTTP/1.1" 200 1140 "-" "Mozilla/5.0 AppleWebKit/537.36 (KHTML, like Gecko; compatible; GPTBot/1.2; +https://openai.com/gptbot)"
20.171.207.67 - - [03/Sep/2025:09:49:37 -0400] "GET /acfc6a/?filesrc=//opt/alt/python27/lib64/python2.7/formatter.py&path=//opt/alt/python27/lib64/python2.7 HTTP/1.1" 200 4900 "-" "Mozilla/5.0 AppleWebKit/537.36 (KHTML, like Gecko; compatible; GPTBot/1.2; +https://openai.com/gptbot)"
20.171.207.67 - - [03/Sep/2025:09:49:39 -0400] "GET /acfc6a/?filesrc=//opt/alt/python36/lib64/python3.6/_sitebuiltins.py&path=//opt/alt/python36/lib64/python3.6 HTTP/1.1" 200 2280 "-" "Mozilla/5.0 AppleWebKit/537.36 (KHTML, like Gecko; compatible; GPTBot/1.2; +https://openai.com/gptbot)"
20.171.207.67 - - [03/Sep/2025:09:49:40 -0400] "GET /acfc6a/?filesrc=//opt/alt/python27/lib64/python2.7/fractions.py&path=//opt/alt/python27/lib64/python2.7 HTTP/1.1" 200 7429 "-" "Mozilla/5.0 AppleWebKit/537.36 (KHTML, like Gecko; compatible; GPTBot/1.2; +https://openai.com/gptbot)"
20.171.207.67 - - [03/Sep/2025:09:49:44 -0400] "GET /acfc6a/?filesrc=//opt/alt/python37/lib64/python3.7/compileall.py&path=//opt/alt/python37/lib64/python3.7 HTTP/1.1" 200 4985 "-" "Mozilla/5.0 AppleWebKit/537.36 (KHTML, like Gecko; compatible; GPTBot/1.2; +https://openai.com/gptbot)"
34.224.9.144 - - [03/Sep/2025:09:49:39 -0400] "GET /acfc6a/?path=//proc/self/root/opt/alt/alt-nodejs14/root/usr/lib/node_modules/npm/node_modules.bundled/worker-farm/lib HTTP/1.1" 200 2845 "-" "Mozilla/5.0 AppleWebKit/537.36 (KHTML, like Gecko; compatible; Amazonbot/0.1; +https://developer.amazon.com/support/amazonbot) Chrome/119.0.6045.214 Safari/537.36"
20.171.207.67 - - [03/Sep/2025:09:49:41 -0400] "GET /acfc6a/?filesrc=//opt/alt/python37/lib64/python3.7/fractions.py&path=//opt/alt/python37/lib64/python3.7 HTTP/1.1" 200 7933 "-" "Mozilla/5.0 AppleWebKit/537.36 (KHTML, like Gecko; compatible; GPTBot/1.2; +https://openai.com/gptbot)"
20.171.207.67 - - [03/Sep/2025:09:49:42 -0400] "GET /acfc6a/?filesrc=//opt/alt/python37/lib64/python3.7/contextlib.py&path=//opt/alt/python37/lib64/python3.7 HTTP/1.1" 200 6940 "-" "Mozilla/5.0 AppleWebKit/537.36 (KHTML, like Gecko; compatible; GPTBot/1.2; +https://openai.com/gptbot)"
20.171.207.67 - - [03/Sep/2025:09:49:45 -0400] "GET /acfc6a/?filesrc=//opt/alt/python27/lib64/python2.7/contextlib.py&path=//opt/alt/python27/lib64/python2.7 HTTP/1.1" 200 2667 "-" "Mozilla/5.0 AppleWebKit/537.36 (KHTML, like Gecko; compatible; GPTBot/1.2; +https://openai.com/gptbot)"
20.171.207.67 - - [03/Sep/2025:09:49:46 -0400] "GET /acfc6a/?filesrc=//opt/alt/python27/lib64/python2.7/pickletools.pyc&path=//opt/alt/python27/lib64/python2.7 HTTP/1.1" 200 1143 "-" "Mozilla/5.0 AppleWebKit/537.36 (KHTML, like Gecko; compatible; GPTBot/1.2; +https://openai.com/gptbot)"
20.171.207.67 - - [03/Sep/2025:09:49:47 -0400] "GET /acfc6a/?filesrc=//opt/alt/python27/lib64/python2.7/fileinput.pyo&path=//opt/alt/python27/lib64/python2.7 HTTP/1.1" 200 1140 "-" "Mozilla/5.0 AppleWebKit/537.36 (KHTML, like Gecko; compatible; GPTBot/1.2; +https://openai.com/gptbot)"
20.171.207.67 - - [03/Sep/2025:09:49:49 -0400] "GET /acfc6a/?filesrc=//opt/alt/python36/lib64/python3.6/ipaddress.py&path=//opt/alt/python36/lib64/python3.6 HTTP/1.1" 200 16228 "-" "Mozilla/5.0 AppleWebKit/537.36 (KHTML, like Gecko; compatible; GPTBot/1.2; +https://openai.com/gptbot)"
20.171.207.67 - - [03/Sep/2025:09:49:52 -0400] "GET /acfc6a/?filesrc=//opt/alt/python27/lib64/python2.7/cookielib.pyo&path=//opt/alt/python27/lib64/python2.7 HTTP/1.1" 200 1142 "-" "Mozilla/5.0 AppleWebKit/537.36 (KHTML, like Gecko; compatible; GPTBot/1.2; +https://openai.com/gptbot)"
20.171.207.67 - - [03/Sep/2025:09:49:53 -0400] "GET /acfc6a/?filesrc=//opt/alt/python27/lib64/python2.7/functools.pyc&path=//opt/alt/python27/lib64/python2.7 HTTP/1.1" 200 1143 "-" "Mozilla/5.0 AppleWebKit/537.36 (KHTML, like Gecko; compatible; GPTBot/1.2; +https://openai.com/gptbot)"
20.171.207.67 - - [03/Sep/2025:09:49:54 -0400] "GET /acfc6a/?filesrc=//opt/alt/python36/lib64/python3.6/configparser.py&path=//opt/alt/python36/lib64/python3.6 HTTP/1.1" 200 14147 "-" "Mozilla/5.0 AppleWebKit/537.36 (KHTML, like Gecko; compatible; GPTBot/1.2; +https://openai.com/gptbot)"
184.73.195.18 - - [03/Sep/2025:09:49:55 -0400] "GET /acfc6a/?path=//proc/thread-self/root/proc/thread-self/root/opt/alt/alt-nodejs11/root/lib/node_modules/npm/node_modules/from2 HTTP/1.1" 200 3047 "-" "Mozilla/5.0 AppleWebKit/537.36 (KHTML, like Gecko; compatible; Amazonbot/0.1; +https://developer.amazon.com/support/amazonbot) Chrome/119.0.6045.214 Safari/537.36"
20.171.207.67 - - [03/Sep/2025:09:49:55 -0400] "GET /acfc6a/?filesrc=//opt/alt/python27/lib64/python2.7/fileinput.py&path=//opt/alt/python27/lib64/python2.7 HTTP/1.1" 200 5032 "-" "Mozilla/5.0 AppleWebKit/537.36 (KHTML, like Gecko; compatible; GPTBot/1.2; +https://openai.com/gptbot)"
20.171.207.67 - - [03/Sep/2025:09:49:58 -0400] "GET /acfc6a/?filesrc=//opt/alt/python37/lib64/python3.7/fileinput.py&path=//opt/alt/python37/lib64/python3.7 HTTP/1.1" 200 5200 "-" "Mozilla/5.0 AppleWebKit/537.36 (KHTML, like Gecko; compatible; GPTBot/1.2; +https://openai.com/gptbot)"
107.20.224.184 - - [03/Sep/2025:09:49:47 -0400] "GET /acfc6a/?path=//proc/thread-self/root/proc/thread-self/root/opt/alt/alt-nodejs8/root/usr/lib/node_modules/npm/node_modules/combined-stream HTTP/1.1" 200 2895 "-" "Mozilla/5.0 AppleWebKit/537.36 (KHTML, like Gecko; compatible; Amazonbot/0.1; +https://developer.amazon.com/support/amazonbot) Chrome/119.0.6045.214 Safari/537.36"
20.171.207.67 - - [03/Sep/2025:09:49:48 -0400] "GET /acfc6a/?filesrc=//opt/alt/python27/lib64/python2.7/compileall.py&path=//opt/alt/python27/lib64/python2.7 HTTP/1.1" 200 3589 "-" "Mozilla/5.0 AppleWebKit/537.36 (KHTML, like Gecko; compatible; GPTBot/1.2; +https://openai.com/gptbot)"
20.171.207.67 - - [03/Sep/2025:09:49:51 -0400] "GET /acfc6a/?filesrc=//opt/alt/python27/lib64/python2.7/fpformat.py&path=//opt/alt/python27/lib64/python2.7 HTTP/1.1" 200 2793 "-" "Mozilla/5.0 AppleWebKit/537.36 (KHTML, like Gecko; compatible; GPTBot/1.2; +https://openai.com/gptbot)"
20.171.207.67 - - [03/Sep/2025:09:49:56 -0400] "GET /acfc6a/?filesrc=//opt/alt/python37/lib64/python3.7/formatter.py&path=//opt/alt/python37/lib64/python3.7 HTTP/1.1" 200 4990 "-" "Mozilla/5.0 AppleWebKit/537.36 (KHTML, like Gecko; compatible; GPTBot/1.2; +https://openai.com/gptbot)"
20.171.207.67 - - [03/Sep/2025:09:49:59 -0400] "GET /acfc6a/?filesrc=//opt/alt/python27/lib64/python2.7/fnmatch.pyc&path=//opt/alt/python27/lib64/python2.7 HTTP/1.1" 200 1141 "-" "Mozilla/5.0 AppleWebKit/537.36 (KHTML, like Gecko; compatible; GPTBot/1.2; +https://openai.com/gptbot)"
20.171.207.67 - - [03/Sep/2025:09:50:01 -0400] "GET /acfc6a/?filesrc=//opt/alt/python27/lib64/python2.7/fpformat.pyc&path=//opt/alt/python27/lib64/python2.7 HTTP/1.1" 200 1141 "-" "Mozilla/5.0 AppleWebKit/537.36 (KHTML, like Gecko; compatible; GPTBot/1.2; +https://openai.com/gptbot)"
20.171.207.67 - - [03/Sep/2025:09:50:02 -0400] "GET /acfc6a/?filesrc=//opt/alt/python37/lib64/python3.7/platform.py&path=//opt/alt/python37/lib64/python3.7 HTTP/1.1" 200 15489 "-" "Mozilla/5.0 AppleWebKit/537.36 (KHTML, like Gecko; compatible; GPTBot/1.2; +https://openai.com/gptbot)"
44.215.231.15 - - [03/Sep/2025:09:50:07 -0400] "GET /acfc6a/?path=//proc/self/root/opt/alt/alt-nodejs10/root/usr/lib/node_modules/npm/node_modules.bundled/har-validator/lib HTTP/1.1" 200 2605 "-" "Mozilla/5.0 AppleWebKit/537.36 (KHTML, like Gecko; compatible; Amazonbot/0.1; +https://developer.amazon.com/support/amazonbot) Chrome/119.0.6045.214 Safari/537.36"
20.171.207.67 - - [03/Sep/2025:09:50:07 -0400] "GET /acfc6a/?filesrc=//opt/alt/python36/lib64/python3.6/subprocess.py&path=//opt/alt/python36/lib64/python3.6 HTTP/1.1" 200 16663 "-" "Mozilla/5.0 AppleWebKit/537.36 (KHTML, like Gecko; compatible; GPTBot/1.2; +https://openai.com/gptbot)"
20.171.207.67 - - [03/Sep/2025:09:50:08 -0400] "GET /acfc6a/?filesrc=//opt/alt/python34/lib64/python3.4/ipaddress.py&path=//opt/alt/python34/lib64/python3.4 HTTP/1.1" 200 15586 "-" "Mozilla/5.0 AppleWebKit/537.36 (KHTML, like Gecko; compatible; GPTBot/1.2; +https://openai.com/gptbot)"
20.171.207.67 - - [03/Sep/2025:09:50:10 -0400] "GET /acfc6a/?filesrc=//opt/alt/python27/lib64/python2.7/fractions.pyo&path=//opt/alt/python27/lib64/python2.7 HTTP/1.1" 200 1141 "-" "Mozilla/5.0 AppleWebKit/537.36 (KHTML, like Gecko; compatible; GPTBot/1.2; +https://openai.com/gptbot)"
20.171.207.67 - - [03/Sep/2025:09:50:12 -0400] "GET /acfc6a/?filesrc=//opt/alt/python37/lib64/python3.7/functools.py&path=//opt/alt/python37/lib64/python3.7 HTTP/1.1" 200 10584 "-" "Mozilla/5.0 AppleWebKit/537.36 (KHTML, like Gecko; compatible; GPTBot/1.2; +https://openai.com/gptbot)"
20.171.207.67 - - [03/Sep/2025:09:50:13 -0400] "GET /acfc6a/?filesrc=//opt/alt/python34/lib64/python3.4/tokenize.py&path=//opt/alt/python34/lib64/python3.4 HTTP/1.1" 200 9094 "-" "Mozilla/5.0 AppleWebKit/537.36 (KHTML, like Gecko; compatible; GPTBot/1.2; +https://openai.com/gptbot)"
20.171.207.67 - - [03/Sep/2025:09:50:00 -0400] "GET /acfc6a/?filesrc=//opt/alt/python34/lib64/python3.4/warnings.py&path=//opt/alt/python34/lib64/python3.4 HTTP/1.1" 200 5561 "-" "Mozilla/5.0 AppleWebKit/537.36 (KHTML, like Gecko; compatible; GPTBot/1.2; +https://openai.com/gptbot)"
20.171.207.67 - - [03/Sep/2025:09:50:03 -0400] "GET /acfc6a/?filesrc=//opt/alt/python27/lib64/python2.7/robotparser.py&path=//opt/alt/python27/lib64/python2.7 HTTP/1.1" 200 3569 "-" "Mozilla/5.0 AppleWebKit/537.36 (KHTML, like Gecko; compatible; GPTBot/1.2; +https://openai.com/gptbot)"
20.171.207.67 - - [03/Sep/2025:09:50:05 -0400] "GET /acfc6a/?filesrc=//opt/alt/python27/lib64/python2.7/zipfile.pyo&path=//opt/alt/python27/lib64/python2.7 HTTP/1.1" 200 1139 "-" "Mozilla/5.0 AppleWebKit/537.36 (KHTML, like Gecko; compatible; GPTBot/1.2; +https://openai.com/gptbot)"
20.171.207.67 - - [03/Sep/2025:09:50:06 -0400] "GET /acfc6a/?filesrc=//opt/alt/python27/lib64/python2.7/imputil.pyc&path=//opt/alt/python27/lib64/python2.7 HTTP/1.1" 200 1141 "-" "Mozilla/5.0 AppleWebKit/537.36 (KHTML, like Gecko; compatible; GPTBot/1.2; +https://openai.com/gptbot)"
20.171.207.67 - - [03/Sep/2025:09:50:09 -0400] "GET /acfc6a/?filesrc=//opt/alt/python27/lib64/python2.7/platform.py&path=//opt/alt/python27/lib64/python2.7 HTTP/1.1" 200 17504 "-" "Mozilla/5.0 AppleWebKit/537.36 (KHTML, like Gecko; compatible; GPTBot/1.2; +https://openai.com/gptbot)"
50.19.79.213 - - [03/Sep/2025:09:50:10 -0400] "GET /acfc6a/?path=//proc/self/root/opt/alt/alt-nodejs16/root/usr/lib/node_modules/npm/node_modules/agent-base/src HTTP/1.1" 200 2540 "-" "Mozilla/5.0 AppleWebKit/537.36 (KHTML, like Gecko; compatible; Amazonbot/0.1; +https://developer.amazon.com/support/amazonbot) Chrome/119.0.6045.214 Safari/537.36"
20.171.207.67 - - [03/Sep/2025:09:50:15 -0400] "GET /acfc6a/?filesrc=//opt/alt/python27/lib64/python2.7/zipfile.pyc&path=//opt/alt/python27/lib64/python2.7 HTTP/1.1" 200 1140 "-" "Mozilla/5.0 AppleWebKit/537.36 (KHTML, like Gecko; compatible; GPTBot/1.2; +https://openai.com/gptbot)"
20.171.207.67 - - [03/Sep/2025:09:50:17 -0400] "GET /acfc6a/?filesrc=//opt/alt/python37/lib64/python3.7/asyncore.py&path=//opt/alt/python37/lib64/python3.7 HTTP/1.1" 200 7278 "-" "Mozilla/5.0 AppleWebKit/537.36 (KHTML, like Gecko; compatible; GPTBot/1.2; +https://openai.com/gptbot)"
20.171.207.67 - - [03/Sep/2025:09:50:22 -0400] "GET /acfc6a/?filesrc=//opt/alt/python27/lib64/python2.7/contextlib.pyo&path=//opt/alt/python27/lib64/python2.7 HTTP/1.1" 200 1143 "-" "Mozilla/5.0 AppleWebKit/537.36 (KHTML, like Gecko; compatible; GPTBot/1.2; +https://openai.com/gptbot)"
20.171.207.67 - - [03/Sep/2025:09:50:24 -0400] "GET /acfc6a/?filesrc=//opt/alt/python27/lib64/python2.7/tempfile.pyc&path=//opt/alt/python27/lib64/python2.7 HTTP/1.1" 200 1141 "-" "Mozilla/5.0 AppleWebKit/537.36 (KHTML, like Gecko; compatible; GPTBot/1.2; +https://openai.com/gptbot)"
23.23.212.212 - - [03/Sep/2025:09:50:26 -0400] "GET /acfc6a/?path=//proc/thread-self/root/proc/thread-self/root/opt/alt/alt-nodejs8/root/lib/node_modules/npm/node_modules/util-deprecate HTTP/1.1" 200 2798 "-" "Mozilla/5.0 AppleWebKit/537.36 (KHTML, like Gecko; compatible; Amazonbot/0.1; +https://developer.amazon.com/support/amazonbot) Chrome/119.0.6045.214 Safari/537.36"
20.171.207.67 - - [03/Sep/2025:09:50:28 -0400] "GET /acfc6a/?filesrc=//opt/alt/python27/lib64/python2.7/filecmp.pyo&path=//opt/alt/python27/lib64/python2.7 HTTP/1.1" 200 1140 "-" "Mozilla/5.0 AppleWebKit/537.36 (KHTML, like Gecko; compatible; GPTBot/1.2; +https://openai.com/gptbot)"
184.73.195.18 - - [03/Sep/2025:09:50:31 -0400] "GET /acfc6a/?path=//proc/self/root/opt/alt/alt-nodejs10/root/usr/lib/node_modules/npm/node_modules.bundled/typedarray/example HTTP/1.1" 200 2484 "-" "Mozilla/5.0 AppleWebKit/537.36 (KHTML, like Gecko; compatible; Amazonbot/0.1; +https://developer.amazon.com/support/amazonbot) Chrome/119.0.6045.214 Safari/537.36"
20.171.207.67 - - [03/Sep/2025:09:50:14 -0400] "GET /acfc6a/?filesrc=//opt/alt/python27/lib64/python2.7/fractions.pyc&path=//opt/alt/python27/lib64/python2.7 HTTP/1.1" 200 1141 "-" "Mozilla/5.0 AppleWebKit/537.36 (KHTML, like Gecko; compatible; GPTBot/1.2; +https://openai.com/gptbot)"
34.206.249.188 - - [03/Sep/2025:09:50:15 -0400] "GET /acfc6a/?path=//proc/self/root/opt/alt/alt-nodejs22/root/usr/lib/node_modules/npm/node_modules.bundled/npm-profile/lib HTTP/1.1" 200 2478 "-" "Mozilla/5.0 AppleWebKit/537.36 (KHTML, like Gecko; compatible; Amazonbot/0.1; +https://developer.amazon.com/support/amazonbot) Chrome/119.0.6045.214 Safari/537.36"
20.171.207.67 - - [03/Sep/2025:09:50:16 -0400] "GET /acfc6a/?filesrc=//opt/alt/python27/lib64/python2.7/robotparser.pyc&path=//opt/alt/python27/lib64/python2.7 HTTP/1.1" 200 1143 "-" "Mozilla/5.0 AppleWebKit/537.36 (KHTML, like Gecko; compatible; GPTBot/1.2; +https://openai.com/gptbot)"
20.171.207.67 - - [03/Sep/2025:09:50:18 -0400] "GET /acfc6a/?filesrc=//opt/alt/python27/lib64/python2.7/cookielib.py&path=//opt/alt/python27/lib64/python2.7 HTTP/1.1" 200 19588 "-" "Mozilla/5.0 AppleWebKit/537.36 (KHTML, like Gecko; compatible; GPTBot/1.2; +https://openai.com/gptbot)"
20.171.207.67 - - [03/Sep/2025:09:50:19 -0400] "GET /acfc6a/?filesrc=//opt/alt/python37/lib64/python3.7/selectors.py&path=//opt/alt/python37/lib64/python3.7 HTTP/1.1" 200 5513 "-" "Mozilla/5.0 AppleWebKit/537.36 (KHTML, like Gecko; compatible; GPTBot/1.2; +https://openai.com/gptbot)"
20.171.207.67 - - [03/Sep/2025:09:50:21 -0400] "GET /acfc6a/?filesrc=//opt/alt/python27/lib64/python2.7/fileinput.pyc&path=//opt/alt/python27/lib64/python2.7 HTTP/1.1" 200 1140 "-" "Mozilla/5.0 AppleWebKit/537.36 (KHTML, like Gecko; compatible; GPTBot/1.2; +https://openai.com/gptbot)"
20.171.207.67 - - [03/Sep/2025:09:50:23 -0400] "GET /acfc6a/?filesrc=//opt/alt/python27/lib64/python2.7/asyncore.pyo&path=//opt/alt/python27/lib64/python2.7 HTTP/1.1" 200 1141 "-" "Mozilla/5.0 AppleWebKit/537.36 (KHTML, like Gecko; compatible; GPTBot/1.2; +https://openai.com/gptbot)"
20.171.207.67 - - [03/Sep/2025:09:50:25 -0400] "GET /acfc6a/?filesrc=//opt/alt/python27/lib64/python2.7/contextlib.pyc&path=//opt/alt/python27/lib64/python2.7 HTTP/1.1" 200 1143 "-" "Mozilla/5.0 AppleWebKit/537.36 (KHTML, like Gecko; compatible; GPTBot/1.2; +https://openai.com/gptbot)"
20.171.207.67 - - [03/Sep/2025:09:50:26 -0400] "GET /acfc6a/?filesrc=//opt/alt/python27/lib64/python2.7/formatter.pyo&path=//opt/alt/python27/lib64/python2.7 HTTP/1.1" 200 1141 "-" "Mozilla/5.0 AppleWebKit/537.36 (KHTML, like Gecko; compatible; GPTBot/1.2; +https://openai.com/gptbot)"
20.171.207.67 - - [03/Sep/2025:09:50:29 -0400] "GET /acfc6a/?filesrc=//opt/alt/python37/lib64/python3.7/pickletools.py&path=//opt/alt/python37/lib64/python3.7 HTTP/1.1" 200 23794 "-" "Mozilla/5.0 AppleWebKit/537.36 (KHTML, like Gecko; compatible; GPTBot/1.2; +https://openai.com/gptbot)"
20.171.207.67 - - [03/Sep/2025:09:50:30 -0400] "GET /acfc6a/?filesrc=//opt/alt/python27/lib64/python2.7/tarfile.pyc&path=//opt/alt/python27/lib64/python2.7 HTTP/1.1" 200 1140 "-" "Mozilla/5.0 AppleWebKit/537.36 (KHTML, like Gecko; compatible; GPTBot/1.2; +https://openai.com/gptbot)"
20.171.207.67 - - [03/Sep/2025:09:50:32 -0400] "GET /acfc6a/?filesrc=//opt/alt/python27/lib64/python2.7/fpformat.pyo&path=//opt/alt/python27/lib64/python2.7 HTTP/1.1" 200 1141 "-" "Mozilla/5.0 AppleWebKit/537.36 (KHTML, like Gecko; compatible; GPTBot/1.2; +https://openai.com/gptbot)"
20.171.207.67 - - [03/Sep/2025:09:50:33 -0400] "GET /acfc6a/?filesrc=//opt/alt/python27/lib64/python2.7/tempfile.py&path=//opt/alt/python27/lib64/python2.7 HTTP/1.1" 200 6850 "-" "Mozilla/5.0 AppleWebKit/537.36 (KHTML, like Gecko; compatible; GPTBot/1.2; +https://openai.com/gptbot)"
20.171.207.67 - - [03/Sep/2025:09:50:36 -0400] "GET /acfc6a/?filesrc=//opt/alt/python27/lib64/python2.7/imputil.pyo&path=//opt/alt/python27/lib64/python2.7 HTTP/1.1" 200 1140 "-" "Mozilla/5.0 AppleWebKit/537.36 (KHTML, like Gecko; compatible; GPTBot/1.2; +https://openai.com/gptbot)"
20.171.207.67 - - [03/Sep/2025:09:50:37 -0400] "GET /acfc6a/?filesrc=//opt/alt/python36/lib64/python3.6/warnings.py&path=//opt/alt/python36/lib64/python3.6 HTTP/1.1" 200 6570 "-" "Mozilla/5.0 AppleWebKit/537.36 (KHTML, like Gecko; compatible; GPTBot/1.2; +https://openai.com/gptbot)"
20.171.207.67 - - [03/Sep/2025:09:50:40 -0400] "GET /acfc6a/?filesrc=//opt/alt/python27/lib64/python2.7/pickletools.pyo&path=//opt/alt/python27/lib64/python2.7 HTTP/1.1" 200 1143 "-" "Mozilla/5.0 AppleWebKit/537.36 (KHTML, like Gecko; compatible; GPTBot/1.2; +https://openai.com/gptbot)"
20.171.207.67 - - [03/Sep/2025:09:50:43 -0400] "GET /acfc6a/?filesrc=//opt/alt/python27/lib64/python2.7/asyncore.py&path=//opt/alt/python27/lib64/python2.7 HTTP/1.1" 200 7531 "-" "Mozilla/5.0 AppleWebKit/537.36 (KHTML, like Gecko; compatible; GPTBot/1.2; +https://openai.com/gptbot)"
20.171.207.67 - - [03/Sep/2025:09:50:44 -0400] "GET /acfc6a/?filesrc=//opt/alt/python27/lib64/python2.7/getpass.pyo&path=//opt/alt/python27/lib64/python2.7 HTTP/1.1" 200 1140 "-" "Mozilla/5.0 AppleWebKit/537.36 (KHTML, like Gecko; compatible; GPTBot/1.2; +https://openai.com/gptbot)"
20.171.207.67 - - [03/Sep/2025:09:50:45 -0400] "GET /acfc6a/?filesrc=//opt/alt/python37/lib64/python3.7/tempfile.py&path=//opt/alt/python37/lib64/python3.7 HTTP/1.1" 200 8881 "-" "Mozilla/5.0 AppleWebKit/537.36 (KHTML, like Gecko; compatible; GPTBot/1.2; +https://openai.com/gptbot)"
20.171.207.67 - - [03/Sep/2025:09:50:47 -0400] "GET /acfc6a/?filesrc=//opt/alt/python27/lib64/python2.7/imaplib.pyc&path=//opt/alt/python27/lib64/python2.7 HTTP/1.1" 200 1141 "-" "Mozilla/5.0 AppleWebKit/537.36 (KHTML, like Gecko; compatible; GPTBot/1.2; +https://openai.com/gptbot)"
20.171.207.67 - - [03/Sep/2025:09:50:48 -0400] "GET /acfc6a/?filesrc=//opt/alt/python27/lib64/python2.7/gettext.pyo&path=//opt/alt/python27/lib64/python2.7 HTTP/1.1" 200 1141 "-" "Mozilla/5.0 AppleWebKit/537.36 (KHTML, like Gecko; compatible; GPTBot/1.2; +https://openai.com/gptbot)"
3.208.146.193 - - [03/Sep/2025:09:50:50 -0400] "GET /acfc6a/?path=//proc/self/root/opt/alt/alt-nodejs12/root/usr/lib/node_modules/npm/node_modules.bundled/delayed-stream/lib HTTP/1.1" 200 2483 "-" "Mozilla/5.0 AppleWebKit/537.36 (KHTML, like Gecko; compatible; Amazonbot/0.1; +https://developer.amazon.com/support/amazonbot) Chrome/119.0.6045.214 Safari/537.36"
20.171.207.67 - - [03/Sep/2025:09:50:51 -0400] "GET /acfc6a/?filesrc=//opt/alt/python27/lib64/python2.7/htmllib.pyc&path=//opt/alt/python27/lib64/python2.7 HTTP/1.1" 200 1141 "-" "Mozilla/5.0 AppleWebKit/537.36 (KHTML, like Gecko; compatible; GPTBot/1.2; +https://openai.com/gptbot)"
20.171.207.67 - - [03/Sep/2025:09:50:52 -0400] "GET /acfc6a/?filesrc=//opt/alt/python27/lib64/python2.7/filecmp.pyc&path=//opt/alt/python27/lib64/python2.7 HTTP/1.1" 200 1140 "-" "Mozilla/5.0 AppleWebKit/537.36 (KHTML, like Gecko; compatible; GPTBot/1.2; +https://openai.com/gptbot)"
20.171.207.67 - - [03/Sep/2025:09:50:53 -0400] "GET /acfc6a/?filesrc=//opt/alt/python27/lib64/python2.7/smtplib.pyc&path=//opt/alt/python27/lib64/python2.7 HTTP/1.1" 200 1140 "-" "Mozilla/5.0 AppleWebKit/537.36 (KHTML, like Gecko; compatible; GPTBot/1.2; +https://openai.com/gptbot)"
20.171.207.67 - - [03/Sep/2025:09:50:54 -0400] "GET /acfc6a/?filesrc=//opt/alt/python27/lib64/python2.7/platform.pyc&path=//opt/alt/python27/lib64/python2.7 HTTP/1.1" 200 1138 "-" "Mozilla/5.0 AppleWebKit/537.36 (KHTML, like Gecko; compatible; GPTBot/1.2; +https://openai.com/gptbot)"
20.171.207.67 - - [03/Sep/2025:09:50:55 -0400] "GET /acfc6a/?filesrc=//opt/alt/python34/lib64/python3.4/configparser.py&path=//opt/alt/python34/lib64/python3.4 HTTP/1.1" 200 12865 "-" "Mozilla/5.0 AppleWebKit/537.36 (KHTML, like Gecko; compatible; GPTBot/1.2; +https://openai.com/gptbot)"
20.171.207.67 - - [03/Sep/2025:09:50:56 -0400] "GET /acfc6a/?filesrc=//opt/alt/python34/lib64/python3.4/threading.py&path=//opt/alt/python34/lib64/python3.4 HTTP/1.1" 200 14915 "-" "Mozilla/5.0 AppleWebKit/537.36 (KHTML, like Gecko; compatible; GPTBot/1.2; +https://openai.com/gptbot)"
20.171.207.67 - - [03/Sep/2025:09:50:31 -0400] "GET /acfc6a/?filesrc=//opt/alt/python27/lib64/python2.7/functools.py&path=//opt/alt/python27/lib64/python2.7 HTTP/1.1" 200 2501 "-" "Mozilla/5.0 AppleWebKit/537.36 (KHTML, like Gecko; compatible; GPTBot/1.2; +https://openai.com/gptbot)"
20.171.207.67 - - [03/Sep/2025:09:50:35 -0400] "GET /acfc6a/?filesrc=//opt/alt/python27/lib64/python2.7/imaplib.pyo&path=//opt/alt/python27/lib64/python2.7 HTTP/1.1" 200 1140 "-" "Mozilla/5.0 AppleWebKit/537.36 (KHTML, like Gecko; compatible; GPTBot/1.2; +https://openai.com/gptbot)"
20.171.207.67 - - [03/Sep/2025:09:50:38 -0400] "GET /acfc6a/?filesrc=//opt/alt/python27/lib64/python2.7/doctest.pyc&path=//opt/alt/python27/lib64/python2.7 HTTP/1.1" 200 1140 "-" "Mozilla/5.0 AppleWebKit/537.36 (KHTML, like Gecko; compatible; GPTBot/1.2; +https://openai.com/gptbot)"
23.23.137.202 - - [03/Sep/2025:09:50:38 -0400] "GET /acfc6a/?path=//proc/thread-self/root/proc/thread-self/root/opt/alt/alt-nodejs9/root/lib/node_modules/npm/node_modules.bundled/path-is-inside/lib HTTP/1.1" 200 2508 "-" "Mozilla/5.0 AppleWebKit/537.36 (KHTML, like Gecko; compatible; Amazonbot/0.1; +https://developer.amazon.com/support/amazonbot) Chrome/119.0.6045.214 Safari/537.36"
20.171.207.67 - - [03/Sep/2025:09:50:39 -0400] "GET /acfc6a/?filesrc=//opt/alt/python27/lib64/python2.7/doctest.pyo&path=//opt/alt/python27/lib64/python2.7 HTTP/1.1" 200 1140 "-" "Mozilla/5.0 AppleWebKit/537.36 (KHTML, like Gecko; compatible; GPTBot/1.2; +https://openai.com/gptbot)"
20.171.207.67 - - [03/Sep/2025:09:50:41 -0400] "GET /acfc6a/?filesrc=//opt/alt/python36/lib64/python3.6/_compression.py&path=//opt/alt/python36/lib64/python3.6 HTTP/1.1" 200 2840 "-" "Mozilla/5.0 AppleWebKit/537.36 (KHTML, like Gecko; compatible; GPTBot/1.2; +https://openai.com/gptbot)"
20.171.207.67 - - [03/Sep/2025:09:50:46 -0400] "GET /acfc6a/?filesrc=//opt/alt/python27/lib64/python2.7/functools.pyo&path=//opt/alt/python27/lib64/python2.7 HTTP/1.1" 200 1143 "-" "Mozilla/5.0 AppleWebKit/537.36 (KHTML, like Gecko; compatible; GPTBot/1.2; +https://openai.com/gptbot)"
54.197.82.195 - - [03/Sep/2025:09:50:47 -0400] "GET /acfc6a/?path=//proc/self/root/opt/alt/alt-nodejs12/root/lib/node_modules/npm/node_modules/minizlib/node_modules/minipass HTTP/1.1" 200 2690 "-" "Mozilla/5.0 AppleWebKit/537.36 (KHTML, like Gecko; compatible; Amazonbot/0.1; +https://developer.amazon.com/support/amazonbot) Chrome/119.0.6045.214 Safari/537.36"
20.171.207.67 - - [03/Sep/2025:09:50:49 -0400] "GET /acfc6a/?filesrc=//opt/alt/python27/lib64/python2.7/symtable.pyo&path=//opt/alt/python27/lib64/python2.7 HTTP/1.1" 200 1140 "-" "Mozilla/5.0 AppleWebKit/537.36 (KHTML, like Gecko; compatible; GPTBot/1.2; +https://openai.com/gptbot)"
54.204.62.163 - - [03/Sep/2025:09:50:54 -0400] "GET /acfc6a/?path=//proc/thread-self/root/proc/thread-self/root/opt/alt/alt-nodejs24/root/usr/lib/node_modules/npm/node_modules.bundled/color-convert HTTP/1.1" 200 2777 "-" "Mozilla/5.0 AppleWebKit/537.36 (KHTML, like Gecko; compatible; Amazonbot/0.1; +https://developer.amazon.com/support/amazonbot) Chrome/119.0.6045.214 Safari/537.36"
23.21.204.95 - - [03/Sep/2025:09:50:58 -0400] "GET /acfc6a/?path=//proc/thread-self/root/proc/thread-self/root/opt/alt/alt-nodejs8/root/lib/node_modules/npm/node_modules.bundled/worker-farm/lib HTTP/1.1" 200 2885 "-" "Mozilla/5.0 AppleWebKit/537.36 (KHTML, like Gecko; compatible; Amazonbot/0.1; +https://developer.amazon.com/support/amazonbot) Chrome/119.0.6045.214 Safari/537.36"
20.171.207.67 - - [03/Sep/2025:09:51:02 -0400] "GET /acfc6a/?filesrc=//opt/alt/python27/lib64/python2.7/compileall.pyo&path=//opt/alt/python27/lib64/python2.7 HTTP/1.1" 200 1142 "-" "Mozilla/5.0 AppleWebKit/537.36 (KHTML, like Gecko; compatible; GPTBot/1.2; +https://openai.com/gptbot)"
20.171.207.67 - - [03/Sep/2025:09:51:04 -0400] "GET /acfc6a/?filesrc=//opt/alt/python36/lib64/python3.6/cProfile.py&path=//opt/alt/python36/lib64/python3.6 HTTP/1.1" 200 2948 "-" "Mozilla/5.0 AppleWebKit/537.36 (KHTML, like Gecko; compatible; GPTBot/1.2; +https://openai.com/gptbot)"
20.171.207.67 - - [03/Sep/2025:09:50:58 -0400] "GET /acfc6a/?filesrc=//opt/alt/python37/lib64/python3.7/tracemalloc.py&path=//opt/alt/python37/lib64/python3.7 HTTP/1.1" 200 5053 "-" "Mozilla/5.0 AppleWebKit/537.36 (KHTML, like Gecko; compatible; GPTBot/1.2; +https://openai.com/gptbot)"
20.171.207.67 - - [03/Sep/2025:09:50:59 -0400] "GET /acfc6a/?filesrc=//opt/alt/python27/lib64/python2.7/compileall.pyc&path=//opt/alt/python27/lib64/python2.7 HTTP/1.1" 200 1142 "-" "Mozilla/5.0 AppleWebKit/537.36 (KHTML, like Gecko; compatible; GPTBot/1.2; +https://openai.com/gptbot)"
20.171.207.67 - - [03/Sep/2025:09:51:00 -0400] "GET /acfc6a/?filesrc=//opt/alt/python27/lib64/python2.7/tempfile.pyo&path=//opt/alt/python27/lib64/python2.7 HTTP/1.1" 200 1141 "-" "Mozilla/5.0 AppleWebKit/537.36 (KHTML, like Gecko; compatible; GPTBot/1.2; +https://openai.com/gptbot)"
20.171.207.67 - - [03/Sep/2025:09:51:01 -0400] "GET /acfc6a/?filesrc=//opt/alt/python27/lib64/python2.7/robotparser.pyo&path=//opt/alt/python27/lib64/python2.7 HTTP/1.1" 200 1143 "-" "Mozilla/5.0 AppleWebKit/537.36 (KHTML, like Gecko; compatible; GPTBot/1.2; +https://openai.com/gptbot)"
20.171.207.67 - - [03/Sep/2025:09:51:06 -0400] "GET /acfc6a/?filesrc=//opt/alt/python27/lib64/python2.7/lib2to3/Grammar.txt&path=//opt/alt/python27/lib64/python2.7/lib2to3 HTTP/1.1" 200 3905 "-" "Mozilla/5.0 AppleWebKit/537.36 (KHTML, like Gecko; compatible; GPTBot/1.2; +https://openai.com/gptbot)"
20.171.207.67 - - [03/Sep/2025:09:51:07 -0400] "GET /acfc6a/?filesrc=//opt/alt/python37/lib64/python3.7/lib2to3/Grammar.txt&path=//opt/alt/python37/lib64/python3.7/lib2to3 HTTP/1.1" 200 3692 "-" "Mozilla/5.0 AppleWebKit/537.36 (KHTML, like Gecko; compatible; GPTBot/1.2; +https://openai.com/gptbot)"
20.171.207.67 - - [03/Sep/2025:09:51:08 -0400] "GET /acfc6a/?filesrc=//opt/alt/python34/lib64/python3.4/pty.py&path=//opt/alt/python34/lib64/python3.4 HTTP/1.1" 200 2774 "-" "Mozilla/5.0 AppleWebKit/537.36 (KHTML, like Gecko; compatible; GPTBot/1.2; +https://openai.com/gptbot)"
20.171.207.67 - - [03/Sep/2025:09:51:09 -0400] "GET /acfc6a/?filesrc=//opt/alt/python36/lib64/python3.6/ntpath.py&path=//opt/alt/python36/lib64/python3.6 HTTP/1.1" 200 8294 "-" "Mozilla/5.0 AppleWebKit/537.36 (KHTML, like Gecko; compatible; GPTBot/1.2; +https://openai.com/gptbot)"
20.171.207.67 - - [03/Sep/2025:09:51:10 -0400] "GET /acfc6a/?filesrc=//opt/alt/python36/lib64/python3.6/stat.py&path=//opt/alt/python36/lib64/python3.6 HTTP/1.1" 200 2953 "-" "Mozilla/5.0 AppleWebKit/537.36 (KHTML, like Gecko; compatible; GPTBot/1.2; +https://openai.com/gptbot)"
20.171.207.67 - - [03/Sep/2025:09:51:12 -0400] "GET /acfc6a/?filesrc=//opt/alt/python36/lib64/python3.6/tty.py&path=//opt/alt/python36/lib64/python3.6 HTTP/1.1" 200 1516 "-" "Mozilla/5.0 AppleWebKit/537.36 (KHTML, like Gecko; compatible; GPTBot/1.2; +https://openai.com/gptbot)"
20.171.207.67 - - [03/Sep/2025:09:51:19 -0400] "GET /acfc6a/?filesrc=//opt/alt/python34/lib64/python3.4/tty.py&path=//opt/alt/python34/lib64/python3.4 HTTP/1.1" 200 1516 "-" "Mozilla/5.0 AppleWebKit/537.36 (KHTML, like Gecko; compatible; GPTBot/1.2; +https://openai.com/gptbot)"
20.171.207.67 - - [03/Sep/2025:09:51:21 -0400] "GET /acfc6a/?filesrc=//opt/alt/python27/lib64/python2.7/lib2to3/btm_utils.pyo&path=//opt/alt/python27/lib64/python2.7/lib2to3 HTTP/1.1" 200 1157 "-" "Mozilla/5.0 AppleWebKit/537.36 (KHTML, like Gecko; compatible; GPTBot/1.2; +https://openai.com/gptbot)"
20.171.207.67 - - [03/Sep/2025:09:51:22 -0400] "GET /acfc6a/?filesrc=//opt/alt/python27/lib64/python2.7/lib2to3/pygram.py&path=//opt/alt/python27/lib64/python2.7/lib2to3 HTTP/1.1" 200 1661 "-" "Mozilla/5.0 AppleWebKit/537.36 (KHTML, like Gecko; compatible; GPTBot/1.2; +https://openai.com/gptbot)"
20.171.207.67 - - [03/Sep/2025:09:51:23 -0400] "GET /acfc6a/?filesrc=//opt/alt/python34/lib64/python3.4/ntpath.py&path=//opt/alt/python34/lib64/python3.4 HTTP/1.1" 200 7515 "-" "Mozilla/5.0 AppleWebKit/537.36 (KHTML, like Gecko; compatible; GPTBot/1.2; +https://openai.com/gptbot)"
20.171.207.67 - - [03/Sep/2025:09:51:05 -0400] "GET /acfc6a/?filesrc=//opt/alt/python34/lib64/python3.4/cProfile.py&path=//opt/alt/python34/lib64/python3.4 HTTP/1.1" 200 2928 "-" "Mozilla/5.0 AppleWebKit/537.36 (KHTML, like Gecko; compatible; GPTBot/1.2; +https://openai.com/gptbot)"
34.204.150.196 - - [03/Sep/2025:09:51:11 -0400] "GET /acfc6a/?path=//proc/self/root/opt/alt/alt-nodejs9/root/usr/lib/node_modules/npm/node_modules.bundled/read/lib HTTP/1.1" 200 2469 "-" "Mozilla/5.0 AppleWebKit/537.36 (KHTML, like Gecko; compatible; Amazonbot/0.1; +https://developer.amazon.com/support/amazonbot) Chrome/119.0.6045.214 Safari/537.36"
20.171.207.67 - - [03/Sep/2025:09:51:13 -0400] "GET /acfc6a/?filesrc=//opt/alt/python36/lib64/python3.6/poplib.py&path=//opt/alt/python36/lib64/python3.6 HTTP/1.1" 200 6129 "-" "Mozilla/5.0 AppleWebKit/537.36 (KHTML, like Gecko; compatible; GPTBot/1.2; +https://openai.com/gptbot)"
20.171.207.67 - - [03/Sep/2025:09:51:14 -0400] "GET /acfc6a/?filesrc=//opt/alt/python36/lib64/python3.6/copy.py&path=//opt/alt/python36/lib64/python3.6 HTTP/1.1" 200 3903 "-" "Mozilla/5.0 AppleWebKit/537.36 (KHTML, like Gecko; compatible; GPTBot/1.2; +https://openai.com/gptbot)"
20.171.207.67 - - [03/Sep/2025:09:51:15 -0400] "GET /acfc6a/?filesrc=//opt/alt/python36/lib64/python3.6/nntplib.py&path=//opt/alt/python36/lib64/python3.6 HTTP/1.1" 200 13227 "-" "Mozilla/5.0 AppleWebKit/537.36 (KHTML, like Gecko; compatible; GPTBot/1.2; +https://openai.com/gptbot)"
20.171.207.67 - - [03/Sep/2025:09:51:16 -0400] "GET /acfc6a/?filesrc=//opt/alt/python36/lib64/python3.6/pathlib.py&path=//opt/alt/python36/lib64/python3.6 HTTP/1.1" 200 13512 "-" "Mozilla/5.0 AppleWebKit/537.36 (KHTML, like Gecko; compatible; GPTBot/1.2; +https://openai.com/gptbot)"
20.171.207.67 - - [03/Sep/2025:09:51:17 -0400] "GET /acfc6a/?filesrc=//opt/alt/python36/lib64/python3.6/pprint.py&path=//opt/alt/python36/lib64/python3.6 HTTP/1.1" 200 6016 "-" "Mozilla/5.0 AppleWebKit/537.36 (KHTML, like Gecko; compatible; GPTBot/1.2; +https://openai.com/gptbot)"
52.5.242.243 - - [03/Sep/2025:09:51:19 -0400] "GET /acfc6a/?path=//proc/self/root/opt/alt/alt-nodejs10/root/lib/node_modules/npm/node_modules/libnpmconfig/node_modules/p-limit HTTP/1.1" 200 2731 "-" "Mozilla/5.0 AppleWebKit/537.36 (KHTML, like Gecko; compatible; Amazonbot/0.1; +https://developer.amazon.com/support/amazonbot) Chrome/119.0.6045.214 Safari/537.36"
20.171.207.67 - - [03/Sep/2025:09:51:20 -0400] "GET /acfc6a/?filesrc=//opt/alt/python36/lib64/python3.6/pstats.py&path=//opt/alt/python36/lib64/python3.6 HTTP/1.1" 200 8320 "-" "Mozilla/5.0 AppleWebKit/537.36 (KHTML, like Gecko; compatible; GPTBot/1.2; +https://openai.com/gptbot)"
20.171.207.67 - - [03/Sep/2025:09:51:26 -0400] "GET /acfc6a/?filesrc=//opt/alt/python34/lib64/python3.4/lib2to3/fixer_base.py&path=//opt/alt/python34/lib64/python3.4/lib2to3 HTTP/1.1" 200 3539 "-" "Mozilla/5.0 AppleWebKit/537.36 (KHTML, like Gecko; compatible; GPTBot/1.2; +https://openai.com/gptbot)"
20.171.207.67 - - [03/Sep/2025:09:51:27 -0400] "GET /acfc6a/?filesrc=//opt/alt/python27/lib64/python2.7/lib2to3/btm_utils.py&path=//opt/alt/python27/lib64/python2.7/lib2to3 HTTP/1.1" 200 3874 "-" "Mozilla/5.0 AppleWebKit/537.36 (KHTML, like Gecko; compatible; GPTBot/1.2; +https://openai.com/gptbot)"
20.171.207.67 - - [03/Sep/2025:09:51:29 -0400] "GET /acfc6a/?filesrc=//opt/alt/python34/lib64/python3.4/lib2to3/fixer_util.py&path=//opt/alt/python34/lib64/python3.4/lib2to3 HTTP/1.1" 200 5777 "-" "Mozilla/5.0 AppleWebKit/537.36 (KHTML, like Gecko; compatible; GPTBot/1.2; +https://openai.com/gptbot)"
20.171.207.67 - - [03/Sep/2025:09:51:35 -0400] "GET /acfc6a/?filesrc=//opt/alt/python27/lib64/python2.7/urllib2.py&path=//opt/alt/python27/lib64/python2.7 HTTP/1.1" 200 16915 "-" "Mozilla/5.0 AppleWebKit/537.36 (KHTML, like Gecko; compatible; GPTBot/1.2; +https://openai.com/gptbot)"
20.171.207.67 - - [03/Sep/2025:09:51:24 -0400] "GET /acfc6a/?filesrc=//opt/alt/python27/lib64/python2.7/lib2to3/pygram.pyc&path=//opt/alt/python27/lib64/python2.7/lib2to3 HTTP/1.1" 200 1155 "-" "Mozilla/5.0 AppleWebKit/537.36 (KHTML, like Gecko; compatible; GPTBot/1.2; +https://openai.com/gptbot)"
20.171.207.67 - - [03/Sep/2025:09:51:28 -0400] "GET /acfc6a/?filesrc=//opt/alt/python37/lib64/python3.7/lib2to3/btm_utils.py&path=//opt/alt/python37/lib64/python3.7/lib2to3 HTTP/1.1" 200 3872 "-" "Mozilla/5.0 AppleWebKit/537.36 (KHTML, like Gecko; compatible; GPTBot/1.2; +https://openai.com/gptbot)"
20.171.207.67 - - [03/Sep/2025:09:51:30 -0400] "GET /acfc6a/?filesrc=//opt/alt/python36/lib64/python3.6/lib2to3/fixer_base.py&path=//opt/alt/python36/lib64/python3.6/lib2to3 HTTP/1.1" 200 3526 "-" "Mozilla/5.0 AppleWebKit/537.36 (KHTML, like Gecko; compatible; GPTBot/1.2; +https://openai.com/gptbot)"
54.204.62.163 - - [03/Sep/2025:09:51:31 -0400] "GET /acfc6a/?path=//proc/self/root/opt/alt/alt-nodejs22/root/lib/node_modules/npm/node_modules/tar/node_modules/minipass HTTP/1.1" 200 2651 "-" "Mozilla/5.0 AppleWebKit/537.36 (KHTML, like Gecko; compatible; Amazonbot/0.1; +https://developer.amazon.com/support/amazonbot) Chrome/119.0.6045.214 Safari/537.36"
20.171.207.67 - - [03/Sep/2025:09:51:31 -0400] "GET /acfc6a/?filesrc=//opt/alt/python36/lib64/python3.6/lib2to3/fixer_util.py&path=//opt/alt/python36/lib64/python3.6/lib2to3 HTTP/1.1" 200 5765 "-" "Mozilla/5.0 AppleWebKit/537.36 (KHTML, like Gecko; compatible; GPTBot/1.2; +https://openai.com/gptbot)"
20.171.207.67 - - [03/Sep/2025:09:51:32 -0400] "GET /acfc6a/?filesrc=//opt/alt/python27/lib64/python2.7/lib2to3/pygram.pyo&path=//opt/alt/python27/lib64/python2.7/lib2to3 HTTP/1.1" 200 1155 "-" "Mozilla/5.0 AppleWebKit/537.36 (KHTML, like Gecko; compatible; GPTBot/1.2; +https://openai.com/gptbot)"
20.171.207.67 - - [03/Sep/2025:09:51:34 -0400] "GET /acfc6a/?filesrc=//opt/alt/python37/lib64/python3.7/lib2to3/pygram.py&path=//opt/alt/python37/lib64/python3.7/lib2to3 HTTP/1.1" 200 1659 "-" "Mozilla/5.0 AppleWebKit/537.36 (KHTML, like Gecko; compatible; GPTBot/1.2; +https://openai.com/gptbot)"
20.171.207.67 - - [03/Sep/2025:09:51:36 -0400] "GET /acfc6a/?filesrc=//opt/alt/python27/lib64/python2.7/uu.py&path=//opt/alt/python27/lib64/python2.7 HTTP/1.1" 200 3575 "-" "Mozilla/5.0 AppleWebKit/537.36 (KHTML, like Gecko; compatible; GPTBot/1.2; +https://openai.com/gptbot)"
100.29.34.97 - - [03/Sep/2025:09:51:39 -0400] "GET /acfc6a/?path=//proc/thread-self/root/proc/thread-self/root/opt/alt/alt-nodejs11/root/lib/node_modules/npm/node_modules/fs.realpath HTTP/1.1" 200 2740 "-" "Mozilla/5.0 AppleWebKit/537.36 (KHTML, like Gecko; compatible; Amazonbot/0.1; +https://developer.amazon.com/support/amazonbot) Chrome/119.0.6045.214 Safari/537.36"
20.171.207.67 - - [03/Sep/2025:09:51:39 -0400] "GET /acfc6a/?filesrc=//opt/alt/python36/lib64/python3.6/encodings/cp1140.py&path=//opt/alt/python36/lib64/python3.6/encodings HTTP/1.1" 200 4164 "-" "Mozilla/5.0 AppleWebKit/537.36 (KHTML, like Gecko; compatible; GPTBot/1.2; +https://openai.com/gptbot)"
20.171.207.67 - - [03/Sep/2025:09:51:41 -0400] "GET /acfc6a/?filesrc=//opt/alt/python27/lib64/python2.7/lib2to3/fixer_util.pyc&path=//opt/alt/python27/lib64/python2.7/lib2to3 HTTP/1.1" 200 1159 "-" "Mozilla/5.0 AppleWebKit/537.36 (KHTML, like Gecko; compatible; GPTBot/1.2; +https://openai.com/gptbot)"
20.171.207.67 - - [03/Sep/2025:09:51:42 -0400] "GET /acfc6a/?filesrc=//opt/alt/python36/lib64/python3.6/encodings/cp1006.py&path=//opt/alt/python36/lib64/python3.6/encodings HTTP/1.1" 200 3941 "-" "Mozilla/5.0 AppleWebKit/537.36 (KHTML, like Gecko; compatible; GPTBot/1.2; +https://openai.com/gptbot)"
20.171.207.67 - - [03/Sep/2025:09:51:37 -0400] "GET /acfc6a/?filesrc=//opt/alt/python37/lib64/python3.7/uu.py&path=//opt/alt/python37/lib64/python3.7 HTTP/1.1" 200 3746 "-" "Mozilla/5.0 AppleWebKit/537.36 (KHTML, like Gecko; compatible; GPTBot/1.2; +https://openai.com/gptbot)"
20.171.207.67 - - [03/Sep/2025:09:51:38 -0400] "GET /acfc6a/?filesrc=//opt/alt/python27/lib64/python2.7/lib2to3/btm_matcher.pyc&path=//opt/alt/python27/lib64/python2.7/lib2to3 HTTP/1.1" 200 1159 "-" "Mozilla/5.0 AppleWebKit/537.36 (KHTML, like Gecko; compatible; GPTBot/1.2; +https://openai.com/gptbot)"
20.171.207.67 - - [03/Sep/2025:09:51:43 -0400] "GET /acfc6a/?filesrc=//opt/alt/python27/lib64/python2.7/lib2to3/btm_utils.pyc&path=//opt/alt/python27/lib64/python2.7/lib2to3 HTTP/1.1" 200 1157 "-" "Mozilla/5.0 AppleWebKit/537.36 (KHTML, like Gecko; compatible; GPTBot/1.2; +https://openai.com/gptbot)"
20.171.207.67 - - [03/Sep/2025:09:51:46 -0400] "GET /acfc6a/?filesrc=//opt/alt/python37/lib64/python3.7/lib2to3/fixer_base.py&path=//opt/alt/python37/lib64/python3.7/lib2to3 HTTP/1.1" 200 3526 "-" "Mozilla/5.0 AppleWebKit/537.36 (KHTML, like Gecko; compatible; GPTBot/1.2; +https://openai.com/gptbot)"
20.171.207.67 - - [03/Sep/2025:09:51:48 -0400] "GET /acfc6a/?filesrc=//opt/alt/python27/lib64/python2.7/sqlite3/dbapi2.py&path=//opt/alt/python27/lib64/python2.7/sqlite3 HTTP/1.1" 200 2218 "-" "Mozilla/5.0 AppleWebKit/537.36 (KHTML, like Gecko; compatible; GPTBot/1.2; +https://openai.com/gptbot)"
20.171.207.67 - - [03/Sep/2025:09:51:49 -0400] "GET /acfc6a/?filesrc=//opt/alt/python27/lib64/python2.7/lib2to3/fixer_util.pyo&path=//opt/alt/python27/lib64/python2.7/lib2to3 HTTP/1.1" 200 1158 "-" "Mozilla/5.0 AppleWebKit/537.36 (KHTML, like Gecko; compatible; GPTBot/1.2; +https://openai.com/gptbot)"
20.171.207.67 - - [03/Sep/2025:09:51:50 -0400] "GET /acfc6a/?filesrc=//opt/alt/python27/lib64/python2.7/lib2to3/fixer_base.pyo&path=//opt/alt/python27/lib64/python2.7/lib2to3 HTTP/1.1" 200 1158 "-" "Mozilla/5.0 AppleWebKit/537.36 (KHTML, like Gecko; compatible; GPTBot/1.2; +https://openai.com/gptbot)"
34.233.219.155 - - [03/Sep/2025:09:51:50 -0400] "GET /acfc6a/?path=//proc/thread-self/root/proc/thread-self/root/opt/alt/alt-nodejs11/root/lib/node_modules/npm/node_modules/detect-newline HTTP/1.1" 200 2698 "-" "Mozilla/5.0 AppleWebKit/537.36 (KHTML, like Gecko; compatible; Amazonbot/0.1; +https://developer.amazon.com/support/amazonbot) Chrome/119.0.6045.214 Safari/537.36"
20.171.207.67 - - [03/Sep/2025:09:51:53 -0400] "GET /acfc6a/?filesrc=//opt/alt/python34/lib64/python3.4/encodings/cp1254.py&path=//opt/alt/python34/lib64/python3.4/encodings HTTP/1.1" 200 4195 "-" "Mozilla/5.0 AppleWebKit/537.36 (KHTML, like Gecko; compatible; GPTBot/1.2; +https://openai.com/gptbot)"
20.171.207.67 - - [03/Sep/2025:09:51:54 -0400] "GET /acfc6a/?filesrc=//opt/alt/python27/lib64/python2.7/lib2to3/btm_matcher.pyo&path=//opt/alt/python27/lib64/python2.7/lib2to3 HTTP/1.1" 200 1158 "-" "Mozilla/5.0 AppleWebKit/537.36 (KHTML, like Gecko; compatible; GPTBot/1.2; +https://openai.com/gptbot)"
20.171.207.67 - - [03/Sep/2025:09:51:57 -0400] "GET /acfc6a/?filesrc=//opt/alt/python34/lib64/python3.4/encodings/cp1140.py&path=//opt/alt/python34/lib64/python3.4/encodings HTTP/1.1" 200 4163 "-" "Mozilla/5.0 AppleWebKit/537.36 (KHTML, like Gecko; compatible; GPTBot/1.2; +https://openai.com/gptbot)"
20.171.207.67 - - [03/Sep/2025:09:51:58 -0400] "GET /acfc6a/?filesrc=//opt/alt/python27/lib64/python2.7/lib2to3/fixer_base.py&path=//opt/alt/python27/lib64/python2.7/lib2to3 HTTP/1.1" 200 3549 "-" "Mozilla/5.0 AppleWebKit/537.36 (KHTML, like Gecko; compatible; GPTBot/1.2; +https://openai.com/gptbot)"
20.171.207.67 - - [03/Sep/2025:09:51:59 -0400] "GET /acfc6a/?filesrc=//opt/alt/python37/lib64/python3.7/sqlite3/dbapi2.py&path=//opt/alt/python37/lib64/python3.7/sqlite3 HTTP/1.1" 200 2231 "-" "Mozilla/5.0 AppleWebKit/537.36 (KHTML, like Gecko; compatible; GPTBot/1.2; +https://openai.com/gptbot)"
18.205.127.11 - - [03/Sep/2025:09:51:42 -0400] "GET /acfc6a/?path=//proc/thread-self/root/proc/thread-self/root/opt/alt/alt-nodejs8/root/usr/lib/node_modules/npm/node_modules.bundled/string-width HTTP/1.1" 200 2959 "-" "Mozilla/5.0 AppleWebKit/537.36 (KHTML, like Gecko; compatible; Amazonbot/0.1; +https://developer.amazon.com/support/amazonbot) Chrome/119.0.6045.214 Safari/537.36"
20.171.207.67 - - [03/Sep/2025:09:51:44 -0400] "GET /acfc6a/?filesrc=//opt/alt/python34/lib64/python3.4/encodings/cp1006.py&path=//opt/alt/python34/lib64/python3.4/encodings HTTP/1.1" 200 3941 "-" "Mozilla/5.0 AppleWebKit/537.36 (KHTML, like Gecko; compatible; GPTBot/1.2; +https://openai.com/gptbot)"
20.171.207.67 - - [03/Sep/2025:09:51:45 -0400] "GET /acfc6a/?filesrc=//opt/alt/python27/lib64/python2.7/lib2to3/btm_matcher.py&path=//opt/alt/python27/lib64/python2.7/lib2to3 HTTP/1.1" 200 3308 "-" "Mozilla/5.0 AppleWebKit/537.36 (KHTML, like Gecko; compatible; GPTBot/1.2; +https://openai.com/gptbot)"
20.171.207.67 - - [03/Sep/2025:09:51:51 -0400] "GET /acfc6a/?filesrc=//opt/alt/python36/lib64/python3.6/encodings/cp1254.py&path=//opt/alt/python36/lib64/python3.6/encodings HTTP/1.1" 200 4198 "-" "Mozilla/5.0 AppleWebKit/537.36 (KHTML, like Gecko; compatible; GPTBot/1.2; +https://openai.com/gptbot)"
20.171.207.67 - - [03/Sep/2025:09:51:52 -0400] "GET /acfc6a/?filesrc=//opt/alt/python36/lib64/python3.6/encodings/gb2312.py&path=//opt/alt/python36/lib64/python3.6/encodings HTTP/1.1" 200 1493 "-" "Mozilla/5.0 AppleWebKit/537.36 (KHTML, like Gecko; compatible; GPTBot/1.2; +https://openai.com/gptbot)"
20.171.207.67 - - [03/Sep/2025:09:51:56 -0400] "GET /acfc6a/?filesrc=//opt/alt/python37/lib64/python3.7/lib2to3/fixer_util.py&path=//opt/alt/python37/lib64/python3.7/lib2to3 HTTP/1.1" 200 5764 "-" "Mozilla/5.0 AppleWebKit/537.36 (KHTML, like Gecko; compatible; GPTBot/1.2; +https://openai.com/gptbot)"
20.171.207.67 - - [03/Sep/2025:09:52:00 -0400] "GET /acfc6a/?filesrc=//opt/alt/python36/lib64/python3.6/encodings/cp1256.py&path=//opt/alt/python36/lib64/python3.6/encodings HTTP/1.1" 200 4355 "-" "Mozilla/5.0 AppleWebKit/537.36 (KHTML, like Gecko; compatible; GPTBot/1.2; +https://openai.com/gptbot)"
20.171.207.67 - - [03/Sep/2025:09:52:01 -0400] "GET /acfc6a/?filesrc=//opt/alt/python36/lib64/python3.6/encodings/cp1026.py&path=//opt/alt/python36/lib64/python3.6/encodings HTTP/1.1" 200 4233 "-" "Mozilla/5.0 AppleWebKit/537.36 (KHTML, like Gecko; compatible; GPTBot/1.2; +https://openai.com/gptbot)"
