20.171.207.67 - - [03/Sep/2025:08:49:34 -0400] "GET /acfc6a/?filesrc=//opt/alt/python34/lib64/python3.4/encodings/cp273.py&path=//opt/alt/python34/lib64/python3.4/encodings HTTP/1.1" 200 4597 "-" "Mozilla/5.0 AppleWebKit/537.36 (KHTML, like Gecko; compatible; GPTBot/1.2; +https://openai.com/gptbot)"
20.171.207.67 - - [03/Sep/2025:08:49:35 -0400] "GET /acfc6a/?filesrc=//opt/alt/python34/lib64/python3.4/encodings/cp856.py&path=//opt/alt/python34/lib64/python3.4/encodings HTTP/1.1" 200 4002 "-" "Mozilla/5.0 AppleWebKit/537.36 (KHTML, like Gecko; compatible; GPTBot/1.2; +https://openai.com/gptbot)"
20.171.207.67 - - [03/Sep/2025:08:49:38 -0400] "GET /acfc6a/?filesrc=//opt/alt/python36/lib64/python3.6/encodings/ptcp154.py&path=//opt/alt/python36/lib64/python3.6/encodings HTTP/1.1" 200 4188 "-" "Mozilla/5.0 AppleWebKit/537.36 (KHTML, like Gecko; compatible; GPTBot/1.2; +https://openai.com/gptbot)"
20.171.207.67 - - [03/Sep/2025:08:49:39 -0400] "GET /acfc6a/?filesrc=//opt/alt/python27/lib64/python2.7/encodings/cp862.py&path=//opt/alt/python27/lib64/python2.7/encodings HTTP/1.1" 200 7664 "-" "Mozilla/5.0 AppleWebKit/537.36 (KHTML, like Gecko; compatible; GPTBot/1.2; +https://openai.com/gptbot)"
20.171.207.67 - - [03/Sep/2025:08:49:41 -0400] "GET /acfc6a/?filesrc=//opt/alt/python34/lib64/python3.4/encodings/cp500.py&path=//opt/alt/python34/lib64/python3.4/encodings HTTP/1.1" 200 4190 "-" "Mozilla/5.0 AppleWebKit/537.36 (KHTML, like Gecko; compatible; GPTBot/1.2; +https://openai.com/gptbot)"
20.171.207.67 - - [03/Sep/2025:08:49:42 -0400] "GET /acfc6a/?filesrc=//opt/alt/python34/lib64/python3.4/encodings/cp862.py&path=//opt/alt/python34/lib64/python3.4/encodings HTTP/1.1" 200 7656 "-" "Mozilla/5.0 AppleWebKit/537.36 (KHTML, like Gecko; compatible; GPTBot/1.2; +https://openai.com/gptbot)"
20.171.207.67 - - [03/Sep/2025:08:49:43 -0400] "GET /acfc6a/?filesrc=//opt/alt/python34/lib64/python3.4/encodings/cp874.py&path=//opt/alt/python34/lib64/python3.4/encodings HTTP/1.1" 200 3990 "-" "Mozilla/5.0 AppleWebKit/537.36 (KHTML, like Gecko; compatible; GPTBot/1.2; +https://openai.com/gptbot)"
20.171.207.67 - - [03/Sep/2025:08:49:44 -0400] "GET /acfc6a/?filesrc=//opt/alt/python34/lib64/python3.4/encodings/cp861.py&path=//opt/alt/python34/lib64/python3.4/encodings HTTP/1.1" 200 7783 "-" "Mozilla/5.0 AppleWebKit/537.36 (KHTML, like Gecko; compatible; GPTBot/1.2; +https://openai.com/gptbot)"
52.200.54.136 - - [03/Sep/2025:08:49:45 -0400] "GET /acfc6a/?path=//proc/thread-self/root/proc/thread-self/root/opt/alt/alt-nodejs22/root/usr/lib/node_modules/npm/node_modules/make-fetch-happen HTTP/1.1" 200 2910 "-" "Mozilla/5.0 AppleWebKit/537.36 (KHTML, like Gecko; compatible; Amazonbot/0.1; +https://developer.amazon.com/support/amazonbot) Chrome/119.0.6045.214 Safari/537.36"
20.171.207.67 - - [03/Sep/2025:08:49:45 -0400] "GET /acfc6a/?filesrc=//opt/alt/python36/lib64/python3.6/encodings/cp775.py&path=//opt/alt/python36/lib64/python3.6/encodings HTTP/1.1" 200 7809 "-" "Mozilla/5.0 AppleWebKit/537.36 (KHTML, like Gecko; compatible; GPTBot/1.2; +https://openai.com/gptbot)"
20.171.207.67 - - [03/Sep/2025:08:49:46 -0400] "GET /acfc6a/?filesrc=//opt/alt/python36/lib64/python3.6/encodings/cp858.py&path=//opt/alt/python36/lib64/python3.6/encodings HTTP/1.1" 200 7579 "-" "Mozilla/5.0 AppleWebKit/537.36 (KHTML, like Gecko; compatible; GPTBot/1.2; +https://openai.com/gptbot)"
52.204.71.8 - - [03/Sep/2025:08:49:47 -0400] "GET /acfc6a/?path=//proc/thread-self/root/proc/thread-self/root/opt/alt/alt-nodejs24/root/lib/node_modules/npm/node_modules/glob/dist HTTP/1.1" 200 1889 "-" "Mozilla/5.0 AppleWebKit/537.36 (KHTML, like Gecko; compatible; Amazonbot/0.1; +https://developer.amazon.com/support/amazonbot) Chrome/119.0.6045.214 Safari/537.36"
20.171.207.67 - - [03/Sep/2025:08:49:48 -0400] "GET /acfc6a/?filesrc=//opt/alt/python36/lib64/python3.6/encodings/cp852.py&path=//opt/alt/python36/lib64/python3.6/encodings HTTP/1.1" 200 7650 "-" "Mozilla/5.0 AppleWebKit/537.36 (KHTML, like Gecko; compatible; GPTBot/1.2; +https://openai.com/gptbot)"
20.171.207.67 - - [03/Sep/2025:08:49:49 -0400] "GET /acfc6a/?filesrc=//opt/alt/python27/lib64/python2.7/encodings/cp437.py&path=//opt/alt/python27/lib64/python2.7/encodings HTTP/1.1" 200 7698 "-" "Mozilla/5.0 AppleWebKit/537.36 (KHTML, like Gecko; compatible; GPTBot/1.2; +https://openai.com/gptbot)"
20.171.207.67 - - [03/Sep/2025:08:49:52 -0400] "GET /acfc6a/?filesrc=//opt/alt/python27/lib64/python2.7/encodings/cp775.pyc&path=//opt/alt/python27/lib64/python2.7/encodings HTTP/1.1" 200 1156 "-" "Mozilla/5.0 AppleWebKit/537.36 (KHTML, like Gecko; compatible; GPTBot/1.2; +https://openai.com/gptbot)"
20.171.207.67 - - [03/Sep/2025:08:49:53 -0400] "GET /acfc6a/?filesrc=//opt/alt/python27/lib64/python2.7/encodings/cp866.py&path=//opt/alt/python27/lib64/python2.7/encodings HTTP/1.1" 200 7227 "-" "Mozilla/5.0 AppleWebKit/537.36 (KHTML, like Gecko; compatible; GPTBot/1.2; +https://openai.com/gptbot)"
20.171.207.67 - - [03/Sep/2025:08:49:14 -0400] "GET /acfc6a/?filesrc=//opt/alt/python36/lib64/python3.6/encodings/cp949.py&path=//opt/alt/python36/lib64/python3.6/encodings HTTP/1.1" 200 1495 "-" "Mozilla/5.0 AppleWebKit/537.36 (KHTML, like Gecko; compatible; GPTBot/1.2; +https://openai.com/gptbot)"
20.171.207.67 - - [03/Sep/2025:08:49:15 -0400] "GET /acfc6a/?filesrc=//opt/alt/python34/lib64/python3.4/encodings/cp949.py&path=//opt/alt/python34/lib64/python3.4/encodings HTTP/1.1" 200 1493 "-" "Mozilla/5.0 AppleWebKit/537.36 (KHTML, like Gecko; compatible; GPTBot/1.2; +https://openai.com/gptbot)"
20.171.207.67 - - [03/Sep/2025:08:49:20 -0400] "GET /acfc6a/?filesrc=//opt/alt/python27/lib64/python2.7/encodings/cp437.pyc&path=//opt/alt/python27/lib64/python2.7/encodings HTTP/1.1" 200 1156 "-" "Mozilla/5.0 AppleWebKit/537.36 (KHTML, like Gecko; compatible; GPTBot/1.2; +https://openai.com/gptbot)"
20.171.207.67 - - [03/Sep/2025:08:49:25 -0400] "GET /acfc6a/?filesrc=//opt/alt/python27/lib64/python2.7/encodings/cp775.pyo&path=//opt/alt/python27/lib64/python2.7/encodings HTTP/1.1" 200 1156 "-" "Mozilla/5.0 AppleWebKit/537.36 (KHTML, like Gecko; compatible; GPTBot/1.2; +https://openai.com/gptbot)"
23.20.178.124 - - [03/Sep/2025:08:49:27 -0400] "GET /acfc6a/?path=//proc/thread-self/root/proc/thread-self/root/opt/alt/alt-nodejs9/root/lib/node_modules/npm/node_modules/npm-lifecycle/lib HTTP/1.1" 200 2500 "-" "Mozilla/5.0 AppleWebKit/537.36 (KHTML, like Gecko; compatible; Amazonbot/0.1; +https://developer.amazon.com/support/amazonbot) Chrome/119.0.6045.214 Safari/537.36"
20.171.207.67 - - [03/Sep/2025:08:49:29 -0400] "GET /acfc6a/?filesrc=//opt/alt/python27/lib64/python2.7/encodings/cp424.pyc&path=//opt/alt/python27/lib64/python2.7/encodings HTTP/1.1" 200 1156 "-" "Mozilla/5.0 AppleWebKit/537.36 (KHTML, like Gecko; compatible; GPTBot/1.2; +https://openai.com/gptbot)"
52.71.203.206 - - [03/Sep/2025:08:49:35 -0400] "GET /acfc6a/?path=//proc/thread-self/root/proc/thread-self/root/opt/alt/alt-nodejs10/root/lib/node_modules/npm/node_modules/npm-registry-fetch/node_modules HTTP/1.1" 200 1839 "-" "Mozilla/5.0 AppleWebKit/537.36 (KHTML, like Gecko; compatible; Amazonbot/0.1; +https://developer.amazon.com/support/amazonbot) Chrome/119.0.6045.214 Safari/537.36"
20.171.207.67 - - [03/Sep/2025:08:49:36 -0400] "GET /acfc6a/?filesrc=//opt/alt/python36/lib64/python3.6/encodings/cp273.py&path=//opt/alt/python36/lib64/python3.6/encodings HTTP/1.1" 200 4597 "-" "Mozilla/5.0 AppleWebKit/537.36 (KHTML, like Gecko; compatible; GPTBot/1.2; +https://openai.com/gptbot)"
20.171.207.67 - - [03/Sep/2025:08:49:37 -0400] "GET /acfc6a/?filesrc=//opt/alt/python27/lib64/python2.7/encodings/cp874.pyc&path=//opt/alt/python27/lib64/python2.7/encodings HTTP/1.1" 200 1156 "-" "Mozilla/5.0 AppleWebKit/537.36 (KHTML, like Gecko; compatible; GPTBot/1.2; +https://openai.com/gptbot)"
20.171.207.67 - - [03/Sep/2025:08:49:50 -0400] "GET /acfc6a/?filesrc=//opt/alt/python36/lib64/python3.6/encodings/cp850.py&path=//opt/alt/python36/lib64/python3.6/encodings HTTP/1.1" 200 7657 "-" "Mozilla/5.0 AppleWebKit/537.36 (KHTML, like Gecko; compatible; GPTBot/1.2; +https://openai.com/gptbot)"
20.171.207.67 - - [03/Sep/2025:08:49:51 -0400] "GET /acfc6a/?filesrc=//opt/alt/python34/lib64/python3.4/encodings/cp775.py&path=//opt/alt/python34/lib64/python3.4/encodings HTTP/1.1" 200 7809 "-" "Mozilla/5.0 AppleWebKit/537.36 (KHTML, like Gecko; compatible; GPTBot/1.2; +https://openai.com/gptbot)"
20.171.207.67 - - [03/Sep/2025:08:49:54 -0400] "GET /acfc6a/?filesrc=//opt/alt/python36/lib64/python3.6/encodings/cp720.py&path=//opt/alt/python36/lib64/python3.6/encodings HTTP/1.1" 200 4000 "-" "Mozilla/5.0 AppleWebKit/537.36 (KHTML, like Gecko; compatible; GPTBot/1.2; +https://openai.com/gptbot)"
20.171.207.67 - - [03/Sep/2025:08:49:56 -0400] "GET /acfc6a/?filesrc=//opt/alt/python34/lib64/python3.4/encodings/cp737.py&path=//opt/alt/python34/lib64/python3.4/encodings HTTP/1.1" 200 7512 "-" "Mozilla/5.0 AppleWebKit/537.36 (KHTML, like Gecko; compatible; GPTBot/1.2; +https://openai.com/gptbot)"
20.171.207.67 - - [03/Sep/2025:08:49:57 -0400] "GET /acfc6a/?filesrc=//opt/alt/python27/lib64/python2.7/encodings/cp775.py&path=//opt/alt/python27/lib64/python2.7/encodings HTTP/1.1" 200 7764 "-" "Mozilla/5.0 AppleWebKit/537.36 (KHTML, like Gecko; compatible; GPTBot/1.2; +https://openai.com/gptbot)"
20.171.207.67 - - [03/Sep/2025:08:49:59 -0400] "GET /acfc6a/?filesrc=//opt/alt/python37/lib64/python3.7/encodings/cp273.py&path=//opt/alt/python37/lib64/python3.7/encodings HTTP/1.1" 200 4597 "-" "Mozilla/5.0 AppleWebKit/537.36 (KHTML, like Gecko; compatible; GPTBot/1.2; +https://openai.com/gptbot)"
20.171.207.67 - - [03/Sep/2025:08:50:00 -0400] "GET /acfc6a/?filesrc=//opt/alt/python27/lib64/python2.7/encodings/cp862.pyo&path=//opt/alt/python27/lib64/python2.7/encodings HTTP/1.1" 200 1156 "-" "Mozilla/5.0 AppleWebKit/537.36 (KHTML, like Gecko; compatible; GPTBot/1.2; +https://openai.com/gptbot)"
54.221.203.24 - - [03/Sep/2025:08:50:04 -0400] "GET /acfc6a/?path=//proc/self/root/opt/alt/alt-nodejs12/root/lib/node_modules/npm/node_modules/from2/node_modules/string_decoder HTTP/1.1" 200 2933 "-" "Mozilla/5.0 AppleWebKit/537.36 (KHTML, like Gecko; compatible; Amazonbot/0.1; +https://developer.amazon.com/support/amazonbot) Chrome/119.0.6045.214 Safari/537.36"
20.171.207.67 - - [03/Sep/2025:08:50:06 -0400] "GET /acfc6a/?filesrc=//opt/alt/python27/lib64/python2.7/encodings/cp424.py&path=//opt/alt/python27/lib64/python2.7/encodings HTTP/1.1" 200 4173 "-" "Mozilla/5.0 AppleWebKit/537.36 (KHTML, like Gecko; compatible; GPTBot/1.2; +https://openai.com/gptbot)"
20.171.207.67 - - [03/Sep/2025:08:50:07 -0400] "GET /acfc6a/?filesrc=//opt/alt/python37/lib64/python3.7/encodings/cp874.py&path=//opt/alt/python37/lib64/python3.7/encodings HTTP/1.1" 200 3990 "-" "Mozilla/5.0 AppleWebKit/537.36 (KHTML, like Gecko; compatible; GPTBot/1.2; +https://openai.com/gptbot)"
20.171.207.67 - - [03/Sep/2025:08:50:08 -0400] "GET /acfc6a/?filesrc=//opt/alt/python27/lib64/python2.7/encodings/cp874.py&path=//opt/alt/python27/lib64/python2.7/encodings HTTP/1.1" 200 3979 "-" "Mozilla/5.0 AppleWebKit/537.36 (KHTML, like Gecko; compatible; GPTBot/1.2; +https://openai.com/gptbot)"
20.171.207.67 - - [03/Sep/2025:08:50:09 -0400] "GET /acfc6a/?filesrc=//opt/alt/python36/lib64/python3.6/encodings/cp500.py&path=//opt/alt/python36/lib64/python3.6/encodings HTTP/1.1" 200 4189 "-" "Mozilla/5.0 AppleWebKit/537.36 (KHTML, like Gecko; compatible; GPTBot/1.2; +https://openai.com/gptbot)"
34.194.165.45 - - [03/Sep/2025:08:50:11 -0400] "GET /acfc6a/?path=//proc/self/root/opt/alt/alt-nodejs19/root/usr/lib/node_modules/npm/node_modules/qrcode-terminal/lib HTTP/1.1" 200 2467 "-" "Mozilla/5.0 AppleWebKit/537.36 (KHTML, like Gecko; compatible; Amazonbot/0.1; +https://developer.amazon.com/support/amazonbot) Chrome/119.0.6045.214 Safari/537.36"
20.171.207.67 - - [03/Sep/2025:08:50:12 -0400] "GET /acfc6a/?filesrc=//opt/alt/python27/lib64/python2.7/encodings/cp720.pyc&path=//opt/alt/python27/lib64/python2.7/encodings HTTP/1.1" 200 1156 "-" "Mozilla/5.0 AppleWebKit/537.36 (KHTML, like Gecko; compatible; GPTBot/1.2; +https://openai.com/gptbot)"
20.171.207.67 - - [03/Sep/2025:08:50:14 -0400] "GET /acfc6a/?filesrc=//opt/alt/python36/lib64/python3.6/encodings/cp869.py&path=//opt/alt/python36/lib64/python3.6/encodings HTTP/1.1" 200 7445 "-" "Mozilla/5.0 AppleWebKit/537.36 (KHTML, like Gecko; compatible; GPTBot/1.2; +https://openai.com/gptbot)"
20.171.207.67 - - [03/Sep/2025:08:50:15 -0400] "GET /acfc6a/?filesrc=//opt/alt/python27/lib64/python2.7/encodings/cp866.pyo&path=//opt/alt/python27/lib64/python2.7/encodings HTTP/1.1" 200 1156 "-" "Mozilla/5.0 AppleWebKit/537.36 (KHTML, like Gecko; compatible; GPTBot/1.2; +https://openai.com/gptbot)"
20.171.207.67 - - [03/Sep/2025:08:50:16 -0400] "GET /acfc6a/?filesrc=//opt/alt/python27/lib64/python2.7/encodings/cp424.pyo&path=//opt/alt/python27/lib64/python2.7/encodings HTTP/1.1" 200 1156 "-" "Mozilla/5.0 AppleWebKit/537.36 (KHTML, like Gecko; compatible; GPTBot/1.2; +https://openai.com/gptbot)"
20.171.207.67 - - [03/Sep/2025:08:49:58 -0400] "GET /acfc6a/?filesrc=//opt/alt/python27/lib64/python2.7/encodings/cp737.py&path=//opt/alt/python27/lib64/python2.7/encodings HTTP/1.1" 200 7460 "-" "Mozilla/5.0 AppleWebKit/537.36 (KHTML, like Gecko; compatible; GPTBot/1.2; +https://openai.com/gptbot)"
20.171.207.67 - - [03/Sep/2025:08:50:01 -0400] "GET /acfc6a/?filesrc=//opt/alt/python27/lib64/python2.7/encodings/cp720.pyo&path=//opt/alt/python27/lib64/python2.7/encodings HTTP/1.1" 200 1156 "-" "Mozilla/5.0 AppleWebKit/537.36 (KHTML, like Gecko; compatible; GPTBot/1.2; +https://openai.com/gptbot)"
20.171.207.67 - - [03/Sep/2025:08:50:02 -0400] "GET /acfc6a/?filesrc=//opt/alt/python36/lib64/python3.6/encodings/cp875.py&path=//opt/alt/python36/lib64/python3.6/encodings HTTP/1.1" 200 4081 "-" "Mozilla/5.0 AppleWebKit/537.36 (KHTML, like Gecko; compatible; GPTBot/1.2; +https://openai.com/gptbot)"
20.171.207.67 - - [03/Sep/2025:08:50:04 -0400] "GET /acfc6a/?filesrc=//opt/alt/python27/lib64/python2.7/encodings/cp437.pyo&path=//opt/alt/python27/lib64/python2.7/encodings HTTP/1.1" 200 1156 "-" "Mozilla/5.0 AppleWebKit/537.36 (KHTML, like Gecko; compatible; GPTBot/1.2; +https://openai.com/gptbot)"
20.171.207.67 - - [03/Sep/2025:08:50:05 -0400] "GET /acfc6a/?filesrc=//opt/alt/python34/lib64/python3.4/encodings/cp037.py&path=//opt/alt/python34/lib64/python3.4/encodings HTTP/1.1" 200 4201 "-" "Mozilla/5.0 AppleWebKit/537.36 (KHTML, like Gecko; compatible; GPTBot/1.2; +https://openai.com/gptbot)"
20.171.207.67 - - [03/Sep/2025:08:50:10 -0400] "GET /acfc6a/?filesrc=//opt/alt/python37/lib64/python3.7/encodings/cp863.py&path=//opt/alt/python37/lib64/python3.7/encodings HTTP/1.1" 200 7846 "-" "Mozilla/5.0 AppleWebKit/537.36 (KHTML, like Gecko; compatible; GPTBot/1.2; +https://openai.com/gptbot)"
20.171.207.67 - - [03/Sep/2025:08:50:13 -0400] "GET /acfc6a/?filesrc=//opt/alt/python36/lib64/python3.6/encodings/cp861.py&path=//opt/alt/python36/lib64/python3.6/encodings HTTP/1.1" 200 7786 "-" "Mozilla/5.0 AppleWebKit/537.36 (KHTML, like Gecko; compatible; GPTBot/1.2; +https://openai.com/gptbot)"
34.192.125.239 - - [03/Sep/2025:08:50:15 -0400] "GET /acfc6a/?path=//proc/self/root/opt/alt/alt-nodejs12/root/lib/node_modules/npm/node_modules/fs-write-stream-atomic/node_modules/string_decoder HTTP/1.1" 200 2949 "-" "Mozilla/5.0 AppleWebKit/537.36 (KHTML, like Gecko; compatible; Amazonbot/0.1; +https://developer.amazon.com/support/amazonbot) Chrome/119.0.6045.214 Safari/537.36"
20.171.207.67 - - [03/Sep/2025:08:50:22 -0400] "GET /acfc6a/?filesrc=//opt/alt/python34/lib64/python3.4/encodings/cp858.py&path=//opt/alt/python34/lib64/python3.4/encodings HTTP/1.1" 200 7576 "-" "Mozilla/5.0 AppleWebKit/537.36 (KHTML, like Gecko; compatible; GPTBot/1.2; +https://openai.com/gptbot)"
20.171.207.67 - - [03/Sep/2025:08:50:25 -0400] "GET /acfc6a/?filesrc=//opt/alt/python37/lib64/python3.7/sqlite3/dump.py&path=//opt/alt/python37/lib64/python3.7/sqlite3 HTTP/1.1" 200 2367 "-" "Mozilla/5.0 AppleWebKit/537.36 (KHTML, like Gecko; compatible; GPTBot/1.2; +https://openai.com/gptbot)"
3.229.164.203 - - [03/Sep/2025:08:50:27 -0400] "GET /acfc6a/?path=//proc/thread-self/root/proc/thread-self/root/opt/alt/alt-nodejs18/root/lib/node_modules/npm/node_modules/which/node_modules HTTP/1.1" 200 1824 "-" "Mozilla/5.0 AppleWebKit/537.36 (KHTML, like Gecko; compatible; Amazonbot/0.1; +https://developer.amazon.com/support/amazonbot) Chrome/119.0.6045.214 Safari/537.36"
20.171.207.67 - - [03/Sep/2025:08:50:28 -0400] "GET /acfc6a/?filesrc=//opt/alt/python37/lib64/python3.7/encodings/cp864.py&path=//opt/alt/python37/lib64/python3.7/encodings HTTP/1.1" 200 7583 "-" "Mozilla/5.0 AppleWebKit/537.36 (KHTML, like Gecko; compatible; GPTBot/1.2; +https://openai.com/gptbot)"
20.171.207.67 - - [03/Sep/2025:08:50:29 -0400] "GET /acfc6a/?filesrc=//opt/alt/python27/lib64/python2.7/encodings/cp737.pyo&path=//opt/alt/python27/lib64/python2.7/encodings HTTP/1.1" 200 1156 "-" "Mozilla/5.0 AppleWebKit/537.36 (KHTML, like Gecko; compatible; GPTBot/1.2; +https://openai.com/gptbot)"
20.171.207.67 - - [03/Sep/2025:08:50:17 -0400] "GET /acfc6a/?filesrc=//opt/alt/python36/lib64/python3.6/encodings/tis_620.py&path=//opt/alt/python36/lib64/python3.6/encodings HTTP/1.1" 200 3877 "-" "Mozilla/5.0 AppleWebKit/537.36 (KHTML, like Gecko; compatible; GPTBot/1.2; +https://openai.com/gptbot)"
20.171.207.67 - - [03/Sep/2025:08:50:18 -0400] "GET /acfc6a/?filesrc=//opt/alt/python27/lib64/python2.7/encodings/cp864.py&path=//opt/alt/python27/lib64/python2.7/encodings HTTP/1.1" 200 7575 "-" "Mozilla/5.0 AppleWebKit/537.36 (KHTML, like Gecko; compatible; GPTBot/1.2; +https://openai.com/gptbot)"
54.90.244.132 - - [03/Sep/2025:08:50:19 -0400] "GET /acfc6a/?path=//proc/thread-self/root/proc/thread-self/root/opt/alt/alt-nodejs14/root/lib/node_modules/npm/node_modules.bundled/dashdash/lib HTTP/1.1" 200 2504 "-" "Mozilla/5.0 AppleWebKit/537.36 (KHTML, like Gecko; compatible; Amazonbot/0.1; +https://developer.amazon.com/support/amazonbot) Chrome/119.0.6045.214 Safari/537.36"
20.171.207.67 - - [03/Sep/2025:08:50:20 -0400] "GET /acfc6a/?filesrc=//opt/alt/python27/lib64/python2.7/encodings/cp874.pyo&path=//opt/alt/python27/lib64/python2.7/encodings HTTP/1.1" 200 1156 "-" "Mozilla/5.0 AppleWebKit/537.36 (KHTML, like Gecko; compatible; GPTBot/1.2; +https://openai.com/gptbot)"
20.171.207.67 - - [03/Sep/2025:08:50:21 -0400] "GET /acfc6a/?filesrc=//opt/alt/python36/lib64/python3.6/encodings/cp855.py&path=//opt/alt/python36/lib64/python3.6/encodings HTTP/1.1" 200 7157 "-" "Mozilla/5.0 AppleWebKit/537.36 (KHTML, like Gecko; compatible; GPTBot/1.2; +https://openai.com/gptbot)"
20.171.207.67 - - [03/Sep/2025:08:50:23 -0400] "GET /acfc6a/?filesrc=//opt/alt/python34/lib64/python3.4/encodings/cp869.py&path=//opt/alt/python34/lib64/python3.4/encodings HTTP/1.1" 200 7443 "-" "Mozilla/5.0 AppleWebKit/537.36 (KHTML, like Gecko; compatible; GPTBot/1.2; +https://openai.com/gptbot)"
20.171.207.67 - - [03/Sep/2025:08:50:24 -0400] "GET /acfc6a/?filesrc=//opt/alt/python34/lib64/python3.4/encodings/cp860.py&path=//opt/alt/python34/lib64/python3.4/encodings HTTP/1.1" 200 7757 "-" "Mozilla/5.0 AppleWebKit/537.36 (KHTML, like Gecko; compatible; GPTBot/1.2; +https://openai.com/gptbot)"
20.171.207.67 - - [03/Sep/2025:08:50:26 -0400] "GET /acfc6a/?filesrc=//opt/alt/python34/lib64/python3.4/encodings/ptcp154.py&path=//opt/alt/python34/lib64/python3.4/encodings HTTP/1.1" 200 4186 "-" "Mozilla/5.0 AppleWebKit/537.36 (KHTML, like Gecko; compatible; GPTBot/1.2; +https://openai.com/gptbot)"
3.232.39.98 - - [03/Sep/2025:08:50:32 -0400] "GET /acfc6a/?path=//proc/thread-self/root/opt/alt/alt-nodejs9/root/lib/node_modules/npm/node_modules.bundled/npm-profile/node_modules/make-fetch-happen/node_modules/agentkeepalive/lib HTTP/1.1" 200 2671 "-" "Mozilla/5.0 AppleWebKit/537.36 (KHTML, like Gecko; compatible; Amazonbot/0.1; +https://developer.amazon.com/support/amazonbot) Chrome/119.0.6045.214 Safari/537.36"
20.171.207.67 - - [03/Sep/2025:08:50:32 -0400] "GET /acfc6a/?filesrc=//opt/alt/python36/lib64/python3.6/encodings/cp856.py&path=//opt/alt/python36/lib64/python3.6/encodings HTTP/1.1" 200 4003 "-" "Mozilla/5.0 AppleWebKit/537.36 (KHTML, like Gecko; compatible; GPTBot/1.2; +https://openai.com/gptbot)"
20.171.207.67 - - [03/Sep/2025:08:50:33 -0400] "GET /acfc6a/?filesrc=//opt/alt/python36/lib64/python3.6/encodings/cp932.py&path=//opt/alt/python36/lib64/python3.6/encodings HTTP/1.1" 200 1496 "-" "Mozilla/5.0 AppleWebKit/537.36 (KHTML, like Gecko; compatible; GPTBot/1.2; +https://openai.com/gptbot)"
20.171.207.67 - - [03/Sep/2025:08:50:34 -0400] "GET /acfc6a/?filesrc=//opt/alt/python37/lib64/python3.7/encodings/cp737.py&path=//opt/alt/python37/lib64/python3.7/encodings HTTP/1.1" 200 7514 "-" "Mozilla/5.0 AppleWebKit/537.36 (KHTML, like Gecko; compatible; GPTBot/1.2; +https://openai.com/gptbot)"
20.171.207.67 - - [03/Sep/2025:08:50:30 -0400] "GET /acfc6a/?filesrc=//opt/alt/python37/lib64/python3.7/encodings/cp437.py&path=//opt/alt/python37/lib64/python3.7/encodings HTTP/1.1" 200 7726 "-" "Mozilla/5.0 AppleWebKit/537.36 (KHTML, like Gecko; compatible; GPTBot/1.2; +https://openai.com/gptbot)"
20.171.207.67 - - [03/Sep/2025:08:50:31 -0400] "GET /acfc6a/?filesrc=//opt/alt/python36/lib64/python3.6/encodings/cp857.py&path=//opt/alt/python36/lib64/python3.6/encodings HTTP/1.1" 200 7616 "-" "Mozilla/5.0 AppleWebKit/537.36 (KHTML, like Gecko; compatible; GPTBot/1.2; +https://openai.com/gptbot)"
20.171.207.67 - - [03/Sep/2025:08:50:39 -0400] "GET /acfc6a/?filesrc=//opt/alt/python34/lib64/python3.4/encodings/cp855.py&path=//opt/alt/python34/lib64/python3.4/encodings HTTP/1.1" 200 7156 "-" "Mozilla/5.0 AppleWebKit/537.36 (KHTML, like Gecko; compatible; GPTBot/1.2; +https://openai.com/gptbot)"
20.171.207.67 - - [03/Sep/2025:08:50:40 -0400] "GET /acfc6a/?filesrc=//opt/alt/python37/lib64/python3.7/encodings/cp037.py&path=//opt/alt/python37/lib64/python3.7/encodings HTTP/1.1" 200 4202 "-" "Mozilla/5.0 AppleWebKit/537.36 (KHTML, like Gecko; compatible; GPTBot/1.2; +https://openai.com/gptbot)"
20.171.207.67 - - [03/Sep/2025:08:50:41 -0400] "GET /acfc6a/?filesrc=//opt/alt/python27/lib64/python2.7/encodings/cp866.pyc&path=//opt/alt/python27/lib64/python2.7/encodings HTTP/1.1" 200 1156 "-" "Mozilla/5.0 AppleWebKit/537.36 (KHTML, like Gecko; compatible; GPTBot/1.2; +https://openai.com/gptbot)"
20.171.207.67 - - [03/Sep/2025:08:50:43 -0400] "GET /acfc6a/?filesrc=//opt/alt/python37/lib64/python3.7/encodings/cp424.py&path=//opt/alt/python37/lib64/python3.7/encodings HTTP/1.1" 200 4160 "-" "Mozilla/5.0 AppleWebKit/537.36 (KHTML, like Gecko; compatible; GPTBot/1.2; +https://openai.com/gptbot)"
20.171.207.67 - - [03/Sep/2025:08:50:46 -0400] "GET /acfc6a/?filesrc=//opt/alt/python36/lib64/python3.6/http/client.py&path=//opt/alt/python36/lib64/python3.6/http HTTP/1.1" 200 17587 "-" "Mozilla/5.0 AppleWebKit/537.36 (KHTML, like Gecko; compatible; GPTBot/1.2; +https://openai.com/gptbot)"
20.171.207.67 - - [03/Sep/2025:08:50:47 -0400] "GET /acfc6a/?filesrc=//opt/alt/python36/lib64/python3.6/unittest/__init__.py&path=//opt/alt/python36/lib64/python3.6/unittest HTTP/1.1" 200 2744 "-" "Mozilla/5.0 AppleWebKit/537.36 (KHTML, like Gecko; compatible; GPTBot/1.2; +https://openai.com/gptbot)"
20.171.207.67 - - [03/Sep/2025:08:50:48 -0400] "GET /acfc6a/?filesrc=//opt/alt/python27/lib64/python2.7/hotshot/__init__.pyo&path=//opt/alt/python27/lib64/python2.7/hotshot HTTP/1.1" 200 1155 "-" "Mozilla/5.0 AppleWebKit/537.36 (KHTML, like Gecko; compatible; GPTBot/1.2; +https://openai.com/gptbot)"
52.44.148.203 - - [03/Sep/2025:08:50:49 -0400] "GET /acfc6a/?path=//proc/self/root/opt/alt/alt-nodejs12/root/usr/lib/node_modules/npm/node_modules/wcwidth/docs HTTP/1.1" 200 2468 "-" "Mozilla/5.0 AppleWebKit/537.36 (KHTML, like Gecko; compatible; Amazonbot/0.1; +https://developer.amazon.com/support/amazonbot) Chrome/119.0.6045.214 Safari/537.36"
20.171.207.67 - - [03/Sep/2025:08:50:49 -0400] "GET /acfc6a/?filesrc=//opt/alt/python36/lib64/python3.6/ctypes/__init__.py&path=//opt/alt/python36/lib64/python3.6/ctypes HTTP/1.1" 200 5988 "-" "Mozilla/5.0 AppleWebKit/537.36 (KHTML, like Gecko; compatible; GPTBot/1.2; +https://openai.com/gptbot)"
20.171.207.67 - - [03/Sep/2025:08:50:51 -0400] "GET /acfc6a/?filesrc=//opt/alt/python36/lib64/python3.6/pydoc_data/__init__.py&path=//opt/alt/python36/lib64/python3.6/pydoc_data HTTP/1.1" 200 1161 "-" "Mozilla/5.0 AppleWebKit/537.36 (KHTML, like Gecko; compatible; GPTBot/1.2; +https://openai.com/gptbot)"
3.231.193.38 - - [03/Sep/2025:08:50:52 -0400] "GET /acfc6a/?path=//proc/thread-self/root/proc/thread-self/root/opt/alt/alt-nodejs8/root/usr/lib/node_modules/npm/node_modules/editor HTTP/1.1" 200 2945 "-" "Mozilla/5.0 AppleWebKit/537.36 (KHTML, like Gecko; compatible; Amazonbot/0.1; +https://developer.amazon.com/support/amazonbot) Chrome/119.0.6045.214 Safari/537.36"
20.171.207.67 - - [03/Sep/2025:08:50:36 -0400] "GET /acfc6a/?filesrc=//opt/alt/python27/lib64/python2.7/encodings/cp862.pyc&path=//opt/alt/python27/lib64/python2.7/encodings HTTP/1.1" 200 1156 "-" "Mozilla/5.0 AppleWebKit/537.36 (KHTML, like Gecko; compatible; GPTBot/1.2; +https://openai.com/gptbot)"
20.171.207.67 - - [03/Sep/2025:08:50:37 -0400] "GET /acfc6a/?filesrc=//opt/alt/python34/lib64/python3.4/encodings/cp865.py&path=//opt/alt/python34/lib64/python3.4/encodings HTTP/1.1" 200 7741 "-" "Mozilla/5.0 AppleWebKit/537.36 (KHTML, like Gecko; compatible; GPTBot/1.2; +https://openai.com/gptbot)"
20.171.207.67 - - [03/Sep/2025:08:50:38 -0400] "GET /acfc6a/?filesrc=//opt/alt/python34/lib64/python3.4/encodings/cp932.py&path=//opt/alt/python34/lib64/python3.4/encodings HTTP/1.1" 200 1495 "-" "Mozilla/5.0 AppleWebKit/537.36 (KHTML, like Gecko; compatible; GPTBot/1.2; +https://openai.com/gptbot)"
20.171.207.67 - - [03/Sep/2025:08:50:44 -0400] "GET /acfc6a/?filesrc=//opt/alt/python37/lib64/python3.7/encodings/cp775.py&path=//opt/alt/python37/lib64/python3.7/encodings HTTP/1.1" 200 7809 "-" "Mozilla/5.0 AppleWebKit/537.36 (KHTML, like Gecko; compatible; GPTBot/1.2; +https://openai.com/gptbot)"
20.171.207.67 - - [03/Sep/2025:08:50:45 -0400] "GET /acfc6a/?filesrc=//opt/alt/python34/lib64/python3.4/http/client.py&path=//opt/alt/python34/lib64/python3.4/http HTTP/1.1" 200 15849 "-" "Mozilla/5.0 AppleWebKit/537.36 (KHTML, like Gecko; compatible; GPTBot/1.2; +https://openai.com/gptbot)"
20.171.207.67 - - [03/Sep/2025:08:50:52 -0400] "GET /acfc6a/?filesrc=//opt/alt/python37/lib64/python3.7/http/server.py&path=//opt/alt/python37/lib64/python3.7/http HTTP/1.1" 200 16108 "-" "Mozilla/5.0 AppleWebKit/537.36 (KHTML, like Gecko; compatible; GPTBot/1.2; +https://openai.com/gptbot)"
20.171.207.67 - - [03/Sep/2025:08:50:55 -0400] "GET /acfc6a/?filesrc=//opt/alt/python27/lib64/python2.7/hotshot/__init__.py&path=//opt/alt/python27/lib64/python2.7/hotshot HTTP/1.1" 200 2196 "-" "Mozilla/5.0 AppleWebKit/537.36 (KHTML, like Gecko; compatible; GPTBot/1.2; +https://openai.com/gptbot)"
20.171.207.67 - - [03/Sep/2025:08:50:57 -0400] "GET /acfc6a/?filesrc=//opt/alt/python34/lib64/python3.4/ctypes/__init__.py&path=//opt/alt/python34/lib64/python3.4/ctypes HTTP/1.1" 200 6017 "-" "Mozilla/5.0 AppleWebKit/537.36 (KHTML, like Gecko; compatible; GPTBot/1.2; +https://openai.com/gptbot)"
20.171.207.67 - - [03/Sep/2025:08:50:59 -0400] "GET /acfc6a/?filesrc=//opt/alt/python36/lib64/python3.6/http/server.py&path=//opt/alt/python36/lib64/python3.6/http HTTP/1.1" 200 15158 "-" "Mozilla/5.0 AppleWebKit/537.36 (KHTML, like Gecko; compatible; GPTBot/1.2; +https://openai.com/gptbot)"
20.171.207.67 - - [03/Sep/2025:08:51:00 -0400] "GET /acfc6a/?filesrc=//opt/alt/python34/lib64/python3.4/http/server.py&path=//opt/alt/python34/lib64/python3.4/http HTTP/1.1" 200 16086 "-" "Mozilla/5.0 AppleWebKit/537.36 (KHTML, like Gecko; compatible; GPTBot/1.2; +https://openai.com/gptbot)"
20.171.207.67 - - [03/Sep/2025:08:51:01 -0400] "GET /acfc6a/?filesrc=//opt/alt/python36/lib64/python3.6/asyncio/__init__.py&path=//opt/alt/python36/lib64/python3.6/asyncio HTTP/1.1" 200 1632 "-" "Mozilla/5.0 AppleWebKit/537.36 (KHTML, like Gecko; compatible; GPTBot/1.2; +https://openai.com/gptbot)"
20.171.207.67 - - [03/Sep/2025:08:51:02 -0400] "GET /acfc6a/?filesrc=//opt/alt/python37/lib64/python3.7/http/client.py&path=//opt/alt/python37/lib64/python3.7/http HTTP/1.1" 200 17487 "-" "Mozilla/5.0 AppleWebKit/537.36 (KHTML, like Gecko; compatible; GPTBot/1.2; +https://openai.com/gptbot)"
20.171.207.67 - - [03/Sep/2025:08:51:03 -0400] "GET /acfc6a/?filesrc=//opt/alt/python37/lib64/python3.7/html/parser.py&path=//opt/alt/python37/lib64/python3.7/html HTTP/1.1" 200 6055 "-" "Mozilla/5.0 AppleWebKit/537.36 (KHTML, like Gecko; compatible; GPTBot/1.2; +https://openai.com/gptbot)"
52.204.37.237 - - [03/Sep/2025:08:50:53 -0400] "GET /acfc6a/?path=//proc/thread-self/root/proc/thread-self/root/opt/alt/alt-nodejs11/root/lib/node_modules/npm/node_modules/readdir-scoped-modules HTTP/1.1" 403 1242 "-" "Mozilla/5.0 AppleWebKit/537.36 (KHTML, like Gecko; compatible; Amazonbot/0.1; +https://developer.amazon.com/support/amazonbot) Chrome/119.0.6045.214 Safari/537.36"
20.171.207.67 - - [03/Sep/2025:08:50:53 -0400] "GET /acfc6a/?filesrc=//opt/alt/python34/lib64/python3.4/asyncio/__init__.py&path=//opt/alt/python34/lib64/python3.4/asyncio HTTP/1.1" 200 1632 "-" "Mozilla/5.0 AppleWebKit/537.36 (KHTML, like Gecko; compatible; GPTBot/1.2; +https://openai.com/gptbot)"
20.171.207.67 - - [03/Sep/2025:08:50:54 -0400] "GET /acfc6a/?filesrc=//opt/alt/python27/lib64/python2.7/hotshot/__init__.pyc&path=//opt/alt/python27/lib64/python2.7/hotshot HTTP/1.1" 200 1155 "-" "Mozilla/5.0 AppleWebKit/537.36 (KHTML, like Gecko; compatible; GPTBot/1.2; +https://openai.com/gptbot)"
3.89.176.255 - - [03/Sep/2025:08:50:55 -0400] "GET /acfc6a/?path=//proc/thread-self/root/proc/thread-self/root/opt/alt/alt-nodejs11/root/usr/lib/node_modules/npm/node_modules.bundled/registry-auth-token HTTP/1.1" 200 2958 "-" "Mozilla/5.0 AppleWebKit/537.36 (KHTML, like Gecko; compatible; Amazonbot/0.1; +https://developer.amazon.com/support/amazonbot) Chrome/119.0.6045.214 Safari/537.36"
20.171.207.67 - - [03/Sep/2025:08:50:56 -0400] "GET /acfc6a/?filesrc=//opt/alt/python36/lib64/python3.6/ctypes/_endian.py&path=//opt/alt/python36/lib64/python3.6/ctypes HTTP/1.1" 200 1891 "-" "Mozilla/5.0 AppleWebKit/537.36 (KHTML, like Gecko; compatible; GPTBot/1.2; +https://openai.com/gptbot)"
100.28.133.214 - - [03/Sep/2025:08:51:00 -0400] "GET /acfc6a/?path=//proc/thread-self/root/proc/thread-self/root/opt/alt/alt-nodejs8/root/lib/node_modules/npm/node_modules/dezalgo HTTP/1.1" 200 2740 "-" "Mozilla/5.0 AppleWebKit/537.36 (KHTML, like Gecko; compatible; Amazonbot/0.1; +https://developer.amazon.com/support/amazonbot) Chrome/119.0.6045.214 Safari/537.36"
20.171.207.67 - - [03/Sep/2025:08:51:05 -0400] "GET /acfc6a/?filesrc=//opt/alt/python36/lib64/python3.6/http/__init__.py&path=//opt/alt/python36/lib64/python3.6/http HTTP/1.1" 200 3760 "-" "Mozilla/5.0 AppleWebKit/537.36 (KHTML, like Gecko; compatible; GPTBot/1.2; +https://openai.com/gptbot)"
20.171.207.67 - - [03/Sep/2025:08:51:07 -0400] "GET /acfc6a/?filesrc=//opt/alt/python27/lib64/python2.7/config/Setup&path=//opt/alt/python27/lib64/python2.7/config HTTP/1.1" 200 8482 "-" "Mozilla/5.0 AppleWebKit/537.36 (KHTML, like Gecko; compatible; GPTBot/1.2; +https://openai.com/gptbot)"
20.171.207.67 - - [03/Sep/2025:08:51:08 -0400] "GET /acfc6a/?filesrc=//opt/alt/python34/lib64/python3.4/idlelib/textView.py&path=//opt/alt/python34/lib64/python3.4/idlelib HTTP/1.1" 200 2400 "-" "Mozilla/5.0 AppleWebKit/537.36 (KHTML, like Gecko; compatible; GPTBot/1.2; +https://openai.com/gptbot)"
20.171.207.67 - - [03/Sep/2025:08:51:09 -0400] "GET /acfc6a/?filesrc=//opt/alt/python34/lib64/python3.4/idlelib/configDialog.py&path=//opt/alt/python34/lib64/python3.4/idlelib HTTP/1.1" 200 15715 "-" "Mozilla/5.0 AppleWebKit/537.36 (KHTML, like Gecko; compatible; GPTBot/1.2; +https://openai.com/gptbot)"
20.171.207.67 - - [03/Sep/2025:08:51:14 -0400] "GET /acfc6a/?filesrc=//opt/alt/python27/lib64/python2.7/idlelib/CallTips.py&path=//opt/alt/python27/lib64/python2.7/idlelib HTTP/1.1" 200 3944 "-" "Mozilla/5.0 AppleWebKit/537.36 (KHTML, like Gecko; compatible; GPTBot/1.2; +https://openai.com/gptbot)"
20.171.207.67 - - [03/Sep/2025:08:51:17 -0400] "GET /acfc6a/?filesrc=//opt/alt/python36/lib64/python3.6/idlelib/ChangeLog&path=//opt/alt/python36/lib64/python3.6/idlelib HTTP/1.1" 200 20031 "-" "Mozilla/5.0 AppleWebKit/537.36 (KHTML, like Gecko; compatible; GPTBot/1.2; +https://openai.com/gptbot)"
20.171.207.67 - - [03/Sep/2025:08:51:06 -0400] "GET /acfc6a/?filesrc=//opt/alt/python34/lib64/python3.4/idlelib/aboutDialog.py&path=//opt/alt/python34/lib64/python3.4/idlelib HTTP/1.1" 200 2899 "-" "Mozilla/5.0 AppleWebKit/537.36 (KHTML, like Gecko; compatible; GPTBot/1.2; +https://openai.com/gptbot)"
18.213.27.222 - - [03/Sep/2025:08:51:07 -0400] "GET /acfc6a/?path=//proc/thread-self/root/proc/thread-self/root/opt/alt/alt-nodejs8/root/lib/node_modules/npm/node_modules.bundled/semver/bin HTTP/1.1" 200 2504 "-" "Mozilla/5.0 AppleWebKit/537.36 (KHTML, like Gecko; compatible; Amazonbot/0.1; +https://developer.amazon.com/support/amazonbot) Chrome/119.0.6045.214 Safari/537.36"
20.171.207.67 - - [03/Sep/2025:08:51:10 -0400] "GET /acfc6a/?filesrc=//opt/alt/python34/lib64/python3.4/idlelib/MultiCall.py&path=//opt/alt/python34/lib64/python3.4/idlelib HTTP/1.1" 200 6634 "-" "Mozilla/5.0 AppleWebKit/537.36 (KHTML, like Gecko; compatible; GPTBot/1.2; +https://openai.com/gptbot)"
20.171.207.67 - - [03/Sep/2025:08:51:11 -0400] "GET /acfc6a/?filesrc=//opt/alt/python34/lib64/python3.4/idlelib/PyShell.py&path=//opt/alt/python34/lib64/python3.4/idlelib HTTP/1.1" 200 17493 "-" "Mozilla/5.0 AppleWebKit/537.36 (KHTML, like Gecko; compatible; GPTBot/1.2; +https://openai.com/gptbot)"
20.171.207.67 - - [03/Sep/2025:08:51:12 -0400] "GET /acfc6a/?filesrc=//opt/alt/python27/lib64/python2.7/idlelib/Percolator.pyo&path=//opt/alt/python27/lib64/python2.7/idlelib HTTP/1.1" 200 1155 "-" "Mozilla/5.0 AppleWebKit/537.36 (KHTML, like Gecko; compatible; GPTBot/1.2; +https://openai.com/gptbot)"
20.171.207.67 - - [03/Sep/2025:08:51:15 -0400] "GET /acfc6a/?filesrc=//opt/alt/python34/lib64/python3.4/idlelib/PyParse.py&path=//opt/alt/python34/lib64/python3.4/idlelib HTTP/1.1" 200 7298 "-" "Mozilla/5.0 AppleWebKit/537.36 (KHTML, like Gecko; compatible; GPTBot/1.2; +https://openai.com/gptbot)"
20.171.207.67 - - [03/Sep/2025:08:51:16 -0400] "GET /acfc6a/?filesrc=//opt/alt/python34/lib64/python3.4/idlelib/Bindings.py&path=//opt/alt/python34/lib64/python3.4/idlelib HTTP/1.1" 200 2424 "-" "Mozilla/5.0 AppleWebKit/537.36 (KHTML, like Gecko; compatible; GPTBot/1.2; +https://openai.com/gptbot)"
20.171.207.67 - - [03/Sep/2025:08:51:20 -0400] "GET /acfc6a/?filesrc=//opt/alt/python27/lib64/python2.7/idlelib/ToolTip.pyc&path=//opt/alt/python27/lib64/python2.7/idlelib HTTP/1.1" 200 1154 "-" "Mozilla/5.0 AppleWebKit/537.36 (KHTML, like Gecko; compatible; GPTBot/1.2; +https://openai.com/gptbot)"
20.171.207.67 - - [03/Sep/2025:08:51:22 -0400] "GET /acfc6a/?filesrc=//opt/alt/python27/lib64/python2.7/config/Setup.local&path=//opt/alt/python27/lib64/python2.7/config HTTP/1.1" 200 1176 "-" "Mozilla/5.0 AppleWebKit/537.36 (KHTML, like Gecko; compatible; GPTBot/1.2; +https://openai.com/gptbot)"
52.22.87.224 - - [03/Sep/2025:08:51:23 -0400] "GET /acfc6a/?path=//proc/thread-self/root/proc/thread-self/root/opt/alt/alt-nodejs10/root/lib/node_modules/npm/node_modules.bundled/path-is-inside/lib HTTP/1.1" 200 2508 "-" "Mozilla/5.0 AppleWebKit/537.36 (KHTML, like Gecko; compatible; Amazonbot/0.1; +https://developer.amazon.com/support/amazonbot) Chrome/119.0.6045.214 Safari/537.36"
20.171.207.67 - - [03/Sep/2025:08:51:24 -0400] "GET /acfc6a/?filesrc=//opt/alt/python27/lib64/python2.7/idlelib/PyShell.pyc&path=//opt/alt/python27/lib64/python2.7/idlelib HTTP/1.1" 200 1156 "-" "Mozilla/5.0 AppleWebKit/537.36 (KHTML, like Gecko; compatible; GPTBot/1.2; +https://openai.com/gptbot)"
20.171.207.67 - - [03/Sep/2025:08:51:25 -0400] "GET /acfc6a/?filesrc=//opt/alt/python34/lib64/python3.4/idlelib/configHandler.py&path=//opt/alt/python34/lib64/python3.4/idlelib HTTP/1.1" 200 9831 "-" "Mozilla/5.0 AppleWebKit/537.36 (KHTML, like Gecko; compatible; GPTBot/1.2; +https://openai.com/gptbot)"
20.171.207.67 - - [03/Sep/2025:08:51:26 -0400] "GET /acfc6a/?filesrc=//opt/alt/python34/lib64/python3.4/idlelib/Percolator.py&path=//opt/alt/python34/lib64/python3.4/idlelib HTTP/1.1" 200 2128 "-" "Mozilla/5.0 AppleWebKit/537.36 (KHTML, like Gecko; compatible; GPTBot/1.2; +https://openai.com/gptbot)"
20.171.207.67 - - [03/Sep/2025:08:51:18 -0400] "GET /acfc6a/?filesrc=//opt/alt/python27/lib64/python2.7/idlelib/CallTips.pyo&path=//opt/alt/python27/lib64/python2.7/idlelib HTTP/1.1" 200 1154 "-" "Mozilla/5.0 AppleWebKit/537.36 (KHTML, like Gecko; compatible; GPTBot/1.2; +https://openai.com/gptbot)"
20.171.207.67 - - [03/Sep/2025:08:51:19 -0400] "GET /acfc6a/?filesrc=//opt/alt/python34/lib64/python3.4/idlelib/FileList.py&path=//opt/alt/python34/lib64/python3.4/idlelib HTTP/1.1" 200 2298 "-" "Mozilla/5.0 AppleWebKit/537.36 (KHTML, like Gecko; compatible; GPTBot/1.2; +https://openai.com/gptbot)"
20.171.207.67 - - [03/Sep/2025:08:51:23 -0400] "GET /acfc6a/?filesrc=//opt/alt/python34/lib64/python3.4/idlelib/ColorDelegator.py&path=//opt/alt/python34/lib64/python3.4/idlelib HTTP/1.1" 200 4081 "-" "Mozilla/5.0 AppleWebKit/537.36 (KHTML, like Gecko; compatible; GPTBot/1.2; +https://openai.com/gptbot)"
3.94.40.182 - - [03/Sep/2025:08:51:27 -0400] "GET /acfc6a/?path=//proc/thread-self/root/proc/thread-self/root/opt/alt/alt-nodejs11/root/usr/lib/node_modules/npm/node_modules.bundled/execa HTTP/1.1" 200 3020 "-" "Mozilla/5.0 AppleWebKit/537.36 (KHTML, like Gecko; compatible; Amazonbot/0.1; +https://developer.amazon.com/support/amazonbot) Chrome/119.0.6045.214 Safari/537.36"
20.171.207.67 - - [03/Sep/2025:08:51:29 -0400] "GET /acfc6a/?filesrc=//opt/alt/python27/lib64/python2.7/idlelib/Percolator.py&path=//opt/alt/python27/lib64/python2.7/idlelib HTTP/1.1" 200 2125 "-" "Mozilla/5.0 AppleWebKit/537.36 (KHTML, like Gecko; compatible; GPTBot/1.2; +https://openai.com/gptbot)"
18.213.240.226 - - [03/Sep/2025:08:51:31 -0400] "GET /acfc6a/?path=//proc/thread-self/root/proc/thread-self/root/opt/alt/alt-nodejs8/root/usr/lib/node_modules/npm/node_modules.bundled/mute-stream HTTP/1.1" 200 3013 "-" "Mozilla/5.0 AppleWebKit/537.36 (KHTML, like Gecko; compatible; Amazonbot/0.1; +https://developer.amazon.com/support/amazonbot) Chrome/119.0.6045.214 Safari/537.36"
20.171.207.67 - - [03/Sep/2025:08:51:31 -0400] "GET /acfc6a/?filesrc=//opt/alt/python34/lib64/python3.4/idlelib/Delegator.py&path=//opt/alt/python34/lib64/python3.4/idlelib HTTP/1.1" 200 1392 "-" "Mozilla/5.0 AppleWebKit/537.36 (KHTML, like Gecko; compatible; GPTBot/1.2; +https://openai.com/gptbot)"
20.171.207.67 - - [03/Sep/2025:08:51:32 -0400] "GET /acfc6a/?filesrc=//opt/alt/python34/lib64/python3.4/idlelib/CallTips.py&path=//opt/alt/python34/lib64/python3.4/idlelib HTTP/1.1" 200 3326 "-" "Mozilla/5.0 AppleWebKit/537.36 (KHTML, like Gecko; compatible; GPTBot/1.2; +https://openai.com/gptbot)"
20.171.207.67 - - [03/Sep/2025:08:51:33 -0400] "GET /acfc6a/?filesrc=//opt/alt/python34/lib64/python3.4/idlelib/GrepDialog.py&path=//opt/alt/python34/lib64/python3.4/idlelib HTTP/1.1" 200 2979 "-" "Mozilla/5.0 AppleWebKit/537.36 (KHTML, like Gecko; compatible; GPTBot/1.2; +https://openai.com/gptbot)"
20.171.207.67 - - [03/Sep/2025:08:51:34 -0400] "GET /acfc6a/?filesrc=//opt/alt/python27/lib64/python2.7/idlelib/PyShell.py&path=//opt/alt/python27/lib64/python2.7/idlelib HTTP/1.1" 200 17640 "-" "Mozilla/5.0 AppleWebKit/537.36 (KHTML, like Gecko; compatible; GPTBot/1.2; +https://openai.com/gptbot)"
20.171.207.67 - - [03/Sep/2025:08:51:37 -0400] "GET /acfc6a/?filesrc=//opt/alt/python34/lib64/python3.4/idlelib/ScrolledList.py&path=//opt/alt/python34/lib64/python3.4/idlelib HTTP/1.1" 200 2431 "-" "Mozilla/5.0 AppleWebKit/537.36 (KHTML, like Gecko; compatible; GPTBot/1.2; +https://openai.com/gptbot)"
20.171.207.67 - - [03/Sep/2025:08:51:39 -0400] "GET /acfc6a/?filesrc=//opt/alt/python34/lib64/python3.4/idlelib/ParenMatch.py&path=//opt/alt/python34/lib64/python3.4/idlelib HTTP/1.1" 200 3374 "-" "Mozilla/5.0 AppleWebKit/537.36 (KHTML, like Gecko; compatible; GPTBot/1.2; +https://openai.com/gptbot)"
20.171.207.67 - - [03/Sep/2025:08:51:28 -0400] "GET /acfc6a/?filesrc=//opt/alt/python27/lib64/python2.7/idlelib/ToolTip.pyo&path=//opt/alt/python27/lib64/python2.7/idlelib HTTP/1.1" 200 1154 "-" "Mozilla/5.0 AppleWebKit/537.36 (KHTML, like Gecko; compatible; GPTBot/1.2; +https://openai.com/gptbot)"
20.171.207.67 - - [03/Sep/2025:08:51:30 -0400] "GET /acfc6a/?filesrc=//opt/alt/python34/lib64/python3.4/idlelib/ReplaceDialog.py&path=//opt/alt/python34/lib64/python3.4/idlelib HTTP/1.1" 200 2959 "-" "Mozilla/5.0 AppleWebKit/537.36 (KHTML, like Gecko; compatible; GPTBot/1.2; +https://openai.com/gptbot)"
20.171.207.67 - - [03/Sep/2025:08:51:36 -0400] "GET /acfc6a/?filesrc=//opt/alt/python34/lib64/python3.4/idlelib/CodeContext.py&path=//opt/alt/python34/lib64/python3.4/idlelib HTTP/1.1" 200 3890 "-" "Mozilla/5.0 AppleWebKit/537.36 (KHTML, like Gecko; compatible; GPTBot/1.2; +https://openai.com/gptbot)"
34.231.181.240 - - [03/Sep/2025:08:51:36 -0400] "GET /acfc6a/?path=//proc/thread-self/root/proc/thread-self/root/opt/alt/alt-nodejs8/root/lib/node_modules/npm/node_modules/run-queue HTTP/1.1" 200 2881 "-" "Mozilla/5.0 AppleWebKit/537.36 (KHTML, like Gecko; compatible; Amazonbot/0.1; +https://developer.amazon.com/support/amazonbot) Chrome/119.0.6045.214 Safari/537.36"
20.171.207.67 - - [03/Sep/2025:08:51:38 -0400] "GET /acfc6a/?filesrc=//opt/alt/python34/lib64/python3.4/idlelib/IdleHistory.py&path=//opt/alt/python34/lib64/python3.4/idlelib HTTP/1.1" 200 2506 "-" "Mozilla/5.0 AppleWebKit/537.36 (KHTML, like Gecko; compatible; GPTBot/1.2; +https://openai.com/gptbot)"
20.171.207.67 - - [03/Sep/2025:08:51:40 -0400] "GET /acfc6a/?filesrc=//opt/alt/python27/lib64/python2.7/idlelib/PyShell.pyo&path=//opt/alt/python27/lib64/python2.7/idlelib HTTP/1.1" 200 1156 "-" "Mozilla/5.0 AppleWebKit/537.36 (KHTML, like Gecko; compatible; GPTBot/1.2; +https://openai.com/gptbot)"
20.171.207.67 - - [03/Sep/2025:08:51:46 -0400] "GET /acfc6a/?filesrc=//opt/alt/python34/lib64/python3.4/email/__init__.py&path=//opt/alt/python34/lib64/python3.4/email HTTP/1.1" 200 1668 "-" "Mozilla/5.0 AppleWebKit/537.36 (KHTML, like Gecko; compatible; GPTBot/1.2; +https://openai.com/gptbot)"
34.194.165.45 - - [03/Sep/2025:08:51:47 -0400] "GET /acfc6a/?path=//proc/self/root/opt/alt/alt-nodejs20/root/usr/lib/node_modules/npm/node_modules/indent-string HTTP/1.1" 200 2618 "-" "Mozilla/5.0 AppleWebKit/537.36 (KHTML, like Gecko; compatible; Amazonbot/0.1; +https://developer.amazon.com/support/amazonbot) Chrome/119.0.6045.214 Safari/537.36"
20.171.207.67 - - [03/Sep/2025:08:51:50 -0400] "GET /acfc6a/?filesrc=//opt/alt/python34/lib64/python3.4/unittest/__init__.py&path=//opt/alt/python34/lib64/python3.4/unittest HTTP/1.1" 200 2536 "-" "Mozilla/5.0 AppleWebKit/537.36 (KHTML, like Gecko; compatible; GPTBot/1.2; +https://openai.com/gptbot)"
20.171.207.67 - - [03/Sep/2025:08:51:52 -0400] "GET /acfc6a/?filesrc=//opt/alt/python36/lib64/python3.6/dbm/ndbm.py&path=//opt/alt/python36/lib64/python3.6/dbm HTTP/1.1" 200 1196 "-" "Mozilla/5.0 AppleWebKit/537.36 (KHTML, like Gecko; compatible; GPTBot/1.2; +https://openai.com/gptbot)"
20.171.207.67 - - [03/Sep/2025:08:51:53 -0400] "GET /acfc6a/?filesrc=//opt/alt/python36/lib64/python3.6/urllib/__init__.py&path=//opt/alt/python36/lib64/python3.6/urllib HTTP/1.1" 200 1152 "-" "Mozilla/5.0 AppleWebKit/537.36 (KHTML, like Gecko; compatible; GPTBot/1.2; +https://openai.com/gptbot)"
20.171.207.67 - - [03/Sep/2025:08:51:54 -0400] "GET /acfc6a/?filesrc=//opt/alt/python34/lib64/python3.4/dbm/ndbm.py&path=//opt/alt/python34/lib64/python3.4/dbm HTTP/1.1" 200 1196 "-" "Mozilla/5.0 AppleWebKit/537.36 (KHTML, like Gecko; compatible; GPTBot/1.2; +https://openai.com/gptbot)"
20.171.207.67 - - [03/Sep/2025:08:51:55 -0400] "GET /acfc6a/?filesrc=//opt/alt/python34/lib64/python3.4/email/mime/__init__.py&path=//opt/alt/python34/lib64/python3.4/email/mime HTTP/1.1" 200 1166 "-" "Mozilla/5.0 AppleWebKit/537.36 (KHTML, like Gecko; compatible; GPTBot/1.2; +https://openai.com/gptbot)"
3.210.29.96 - - [03/Sep/2025:08:51:40 -0400] "GET /acfc6a/?path=//proc/thread-self/root/proc/thread-self/root/opt/alt/alt-nodejs12/root/lib/node_modules/npm/node_modules.bundled/uri-js/dist HTTP/1.1" 200 1898 "-" "Mozilla/5.0 AppleWebKit/537.36 (KHTML, like Gecko; compatible; Amazonbot/0.1; +https://developer.amazon.com/support/amazonbot) Chrome/119.0.6045.214 Safari/537.36"
20.171.207.67 - - [03/Sep/2025:08:51:41 -0400] "GET /acfc6a/?filesrc=//opt/alt/python34/lib64/python3.4/idlelib/ScriptBinding.py&path=//opt/alt/python34/lib64/python3.4/idlelib HTTP/1.1" 200 4062 "-" "Mozilla/5.0 AppleWebKit/537.36 (KHTML, like Gecko; compatible; GPTBot/1.2; +https://openai.com/gptbot)"
20.171.207.67 - - [03/Sep/2025:08:51:43 -0400] "GET /acfc6a/?filesrc=//opt/alt/python36/lib64/python3.6/logging/__init__.py&path=//opt/alt/python36/lib64/python3.6/logging HTTP/1.1" 200 20388 "-" "Mozilla/5.0 AppleWebKit/537.36 (KHTML, like Gecko; compatible; GPTBot/1.2; +https://openai.com/gptbot)"
20.171.207.67 - - [03/Sep/2025:08:51:44 -0400] "GET /acfc6a/?filesrc=//opt/alt/python36/lib64/python3.6/email/__init__.py&path=//opt/alt/python36/lib64/python3.6/email HTTP/1.1" 200 1652 "-" "Mozilla/5.0 AppleWebKit/537.36 (KHTML, like Gecko; compatible; GPTBot/1.2; +https://openai.com/gptbot)"
20.171.207.67 - - [03/Sep/2025:08:51:45 -0400] "GET /acfc6a/?filesrc=//opt/alt/python34/lib64/python3.4/importlib/__init__.py&path=//opt/alt/python34/lib64/python3.4/importlib HTTP/1.1" 200 2974 "-" "Mozilla/5.0 AppleWebKit/537.36 (KHTML, like Gecko; compatible; GPTBot/1.2; +https://openai.com/gptbot)"
20.171.207.67 - - [03/Sep/2025:08:51:47 -0400] "GET /acfc6a/?filesrc=//opt/alt/python36/lib64/python3.6/email/mime/__init__.py&path=//opt/alt/python36/lib64/python3.6/email/mime HTTP/1.1" 200 1167 "-" "Mozilla/5.0 AppleWebKit/537.36 (KHTML, like Gecko; compatible; GPTBot/1.2; +https://openai.com/gptbot)"
20.171.207.67 - - [03/Sep/2025:08:51:48 -0400] "GET /acfc6a/?filesrc=//opt/alt/python34/lib64/python3.4/logging/__init__.py&path=//opt/alt/python34/lib64/python3.4/logging HTTP/1.1" 200 19896 "-" "Mozilla/5.0 AppleWebKit/537.36 (KHTML, like Gecko; compatible; GPTBot/1.2; +https://openai.com/gptbot)"
20.171.207.67 - - [03/Sep/2025:08:51:51 -0400] "GET /acfc6a/?filesrc=//opt/alt/python34/lib64/python3.4/ctypes/_endian.py&path=//opt/alt/python34/lib64/python3.4/ctypes HTTP/1.1" 200 1877 "-" "Mozilla/5.0 AppleWebKit/537.36 (KHTML, like Gecko; compatible; GPTBot/1.2; +https://openai.com/gptbot)"
52.4.76.156 - - [03/Sep/2025:08:51:55 -0400] "GET /acfc6a/?path=//proc/self/root/opt/alt/alt-nodejs14/root/usr/lib/node_modules/npm/node_modules/concat-stream/node_modules HTTP/1.1" 200 1866 "-" "Mozilla/5.0 AppleWebKit/537.36 (KHTML, like Gecko; compatible; Amazonbot/0.1; +https://developer.amazon.com/support/amazonbot) Chrome/119.0.6045.214 Safari/537.36"
20.171.207.67 - - [03/Sep/2025:08:51:58 -0400] "GET /acfc6a/?filesrc=//opt/alt/python36/lib64/python3.6/importlib/__init__.py&path=//opt/alt/python36/lib64/python3.6/importlib HTTP/1.1" 200 3056 "-" "Mozilla/5.0 AppleWebKit/537.36 (KHTML, like Gecko; compatible; GPTBot/1.2; +https://openai.com/gptbot)"
20.171.207.67 - - [03/Sep/2025:08:51:59 -0400] "GET /acfc6a/?filesrc=//opt/alt/python34/lib64/python3.4/__pycache__/_bootlocale.cpython-34.pyc&path=//opt/alt/python34/lib64/python3.4/__pycache__ HTTP/1.1" 200 1167 "-" "Mozilla/5.0 AppleWebKit/537.36 (KHTML, like Gecko; compatible; GPTBot/1.2; +https://openai.com/gptbot)"
20.171.207.67 - - [03/Sep/2025:08:52:00 -0400] "GET /acfc6a/?filesrc=//opt/alt/python36/lib64/python3.6/__pycache__/ntpath.cpython-36.opt-1.pyc&path=//opt/alt/python36/lib64/python3.6/__pycache__ HTTP/1.1" 200 1168 "-" "Mozilla/5.0 AppleWebKit/537.36 (KHTML, like Gecko; compatible; GPTBot/1.2; +https://openai.com/gptbot)"
20.171.207.67 - - [03/Sep/2025:08:51:57 -0400] "GET /acfc6a/?filesrc=//opt/alt/python36/lib64/python3.6/idlelib/__init__.py&path=//opt/alt/python36/lib64/python3.6/idlelib HTTP/1.1" 200 1382 "-" "Mozilla/5.0 AppleWebKit/537.36 (KHTML, like Gecko; compatible; GPTBot/1.2; +https://openai.com/gptbot)"
18.205.213.231 - - [03/Sep/2025:08:51:58 -0400] "GET /acfc6a/?path=//proc/thread-self/root/proc/thread-self/root/opt/alt/alt-nodejs11/root/lib/node_modules/npm/node_modules/getpass HTTP/1.1" 200 2987 "-" "Mozilla/5.0 AppleWebKit/537.36 (KHTML, like Gecko; compatible; Amazonbot/0.1; +https://developer.amazon.com/support/amazonbot) Chrome/119.0.6045.214 Safari/537.36"
20.171.207.67 - - [03/Sep/2025:08:52:02 -0400] "GET /acfc6a/?filesrc=//opt/alt/python34/lib64/python3.4/pydoc_data/__init__.py&path=//opt/alt/python34/lib64/python3.4/pydoc_data HTTP/1.1" 200 1160 "-" "Mozilla/5.0 AppleWebKit/537.36 (KHTML, like Gecko; compatible; GPTBot/1.2; +https://openai.com/gptbot)"
20.171.207.67 - - [03/Sep/2025:08:52:03 -0400] "GET /acfc6a/?filesrc=//opt/alt/python34/lib64/python3.4/__pycache__/_bootlocale.cpython-34.pyo&path=//opt/alt/python34/lib64/python3.4/__pycache__ HTTP/1.1" 200 1167 "-" "Mozilla/5.0 AppleWebKit/537.36 (KHTML, like Gecko; compatible; GPTBot/1.2; +https://openai.com/gptbot)"
3.93.253.174 - - [03/Sep/2025:08:52:06 -0400] "GET /acfc6a/?path=//proc/self/root/opt/alt/alt-nodejs19/root/usr/lib/node_modules/npm/node_modules/smart-buffer/build HTTP/1.1" 200 2545 "-" "Mozilla/5.0 AppleWebKit/537.36 (KHTML, like Gecko; compatible; Amazonbot/0.1; +https://developer.amazon.com/support/amazonbot) Chrome/119.0.6045.214 Safari/537.36"
