20.171.207.67 - - [03/Sep/2025:09:02:48 -0400] "GET /acfc6a/?filesrc=//opt/alt/python27/lib64/python2.7/idlelib/HyperParser.pyo&path=//opt/alt/python27/lib64/python2.7/idlelib HTTP/1.1" 200 1157 "-" "Mozilla/5.0 AppleWebKit/537.36 (KHTML, like Gecko; compatible; GPTBot/1.2; +https://openai.com/gptbot)"
50.16.72.185 - - [03/Sep/2025:09:02:55 -0400] "GET /acfc6a/?filesrc=//proc/self/root/opt/alt/alt-nodejs11/root/usr/lib/node_modules/npm/node_modules.bundled/isexe/windows.js&path=//proc/self/root/opt/alt/alt-nodejs11/root/usr/lib/node_modules/npm/node_modules.bundled/isexe HTTP/1.1" 200 1722 "-" "Mozilla/5.0 AppleWebKit/537.36 (KHTML, like Gecko; compatible; Amazonbot/0.1; +https://developer.amazon.com/support/amazonbot) Chrome/119.0.6045.214 Safari/537.36"
20.171.207.67 - - [03/Sep/2025:09:02:55 -0400] "GET /acfc6a/?filesrc=//opt/alt/python34/lib64/python3.4/idlelib/NEWS.txt&path=//opt/alt/python34/lib64/python3.4/idlelib HTTP/1.1" 200 16709 "-" "Mozilla/5.0 AppleWebKit/537.36 (KHTML, like Gecko; compatible; GPTBot/1.2; +https://openai.com/gptbot)"
20.171.207.67 - - [03/Sep/2025:09:02:56 -0400] "GET /acfc6a/?filesrc=//opt/alt/python34/lib64/python3.4/idlelib/MultiStatusBar.py&path=//opt/alt/python34/lib64/python3.4/idlelib HTTP/1.1" 200 1731 "-" "Mozilla/5.0 AppleWebKit/537.36 (KHTML, like Gecko; compatible; GPTBot/1.2; +https://openai.com/gptbot)"
20.171.207.67 - - [03/Sep/2025:09:02:59 -0400] "GET /acfc6a/?filesrc=//opt/alt/python27/lib64/python2.7/idlelib/Bindings.pyc&path=//opt/alt/python27/lib64/python2.7/idlelib HTTP/1.1" 200 1155 "-" "Mozilla/5.0 AppleWebKit/537.36 (KHTML, like Gecko; compatible; GPTBot/1.2; +https://openai.com/gptbot)"
20.171.207.67 - - [03/Sep/2025:09:03:01 -0400] "GET /acfc6a/?filesrc=//opt/alt/python27/lib64/python2.7/idlelib/ZoomHeight.pyo&path=//opt/alt/python27/lib64/python2.7/idlelib HTTP/1.1" 200 1154 "-" "Mozilla/5.0 AppleWebKit/537.36 (KHTML, like Gecko; compatible; GPTBot/1.2; +https://openai.com/gptbot)"
3.208.146.193 - - [03/Sep/2025:09:02:50 -0400] "GET /acfc6a/?path=//proc/self/root/opt/alt/alt-nodejs10/root/lib/node_modules/npm/node_modules.bundled/har-validator/node_modules/ajv HTTP/1.1" 200 3033 "-" "Mozilla/5.0 AppleWebKit/537.36 (KHTML, like Gecko; compatible; Amazonbot/0.1; +https://developer.amazon.com/support/amazonbot) Chrome/119.0.6045.214 Safari/537.36"
20.171.207.67 - - [03/Sep/2025:09:02:50 -0400] "GET /acfc6a/?filesrc=//opt/alt/python27/lib64/python2.7/idlelib/keybindingDialog.pyo&path=//opt/alt/python27/lib64/python2.7/idlelib HTTP/1.1" 200 1161 "-" "Mozilla/5.0 AppleWebKit/537.36 (KHTML, like Gecko; compatible; GPTBot/1.2; +https://openai.com/gptbot)"
20.171.207.67 - - [03/Sep/2025:09:02:52 -0400] "GET /acfc6a/?filesrc=//opt/alt/python27/lib64/python2.7/idlelib/CodeContext.pyc&path=//opt/alt/python27/lib64/python2.7/idlelib HTTP/1.1" 200 1157 "-" "Mozilla/5.0 AppleWebKit/537.36 (KHTML, like Gecko; compatible; GPTBot/1.2; +https://openai.com/gptbot)"
20.171.207.67 - - [03/Sep/2025:09:02:53 -0400] "GET /acfc6a/?filesrc=//opt/alt/python34/lib64/python3.4/idlelib/RstripExtension.py&path=//opt/alt/python34/lib64/python3.4/idlelib HTTP/1.1" 200 1672 "-" "Mozilla/5.0 AppleWebKit/537.36 (KHTML, like Gecko; compatible; GPTBot/1.2; +https://openai.com/gptbot)"
20.171.207.67 - - [03/Sep/2025:09:02:54 -0400] "GET /acfc6a/?filesrc=//opt/alt/python37/lib64/python3.7/idlelib/ChangeLog&path=//opt/alt/python37/lib64/python3.7/idlelib HTTP/1.1" 200 20031 "-" "Mozilla/5.0 AppleWebKit/537.36 (KHTML, like Gecko; compatible; GPTBot/1.2; +https://openai.com/gptbot)"
20.171.207.67 - - [03/Sep/2025:09:02:58 -0400] "GET /acfc6a/?filesrc=//opt/alt/python34/lib64/python3.4/idlelib/TreeWidget.py&path=//opt/alt/python34/lib64/python3.4/idlelib HTTP/1.1" 200 5548 "-" "Mozilla/5.0 AppleWebKit/537.36 (KHTML, like Gecko; compatible; GPTBot/1.2; +https://openai.com/gptbot)"
20.171.207.67 - - [03/Sep/2025:09:03:00 -0400] "GET /acfc6a/?filesrc=//opt/alt/python27/lib64/python2.7/idlelib/GrepDialog.pyc&path=//opt/alt/python27/lib64/python2.7/idlelib HTTP/1.1" 200 1156 "-" "Mozilla/5.0 AppleWebKit/537.36 (KHTML, like Gecko; compatible; GPTBot/1.2; +https://openai.com/gptbot)"
20.171.207.67 - - [03/Sep/2025:09:03:02 -0400] "GET /acfc6a/?filesrc=//opt/alt/python34/lib64/python3.4/idlelib/WidgetRedirector.py&path=//opt/alt/python34/lib64/python3.4/idlelib HTTP/1.1" 200 3528 "-" "Mozilla/5.0 AppleWebKit/537.36 (KHTML, like Gecko; compatible; GPTBot/1.2; +https://openai.com/gptbot)"
20.171.207.67 - - [03/Sep/2025:09:03:03 -0400] "GET /acfc6a/?filesrc=//opt/alt/python34/lib64/python3.4/idlelib/OutputWindow.py&path=//opt/alt/python34/lib64/python3.4/idlelib HTTP/1.1" 200 2800 "-" "Mozilla/5.0 AppleWebKit/537.36 (KHTML, like Gecko; compatible; GPTBot/1.2; +https://openai.com/gptbot)"
20.171.207.67 - - [03/Sep/2025:09:03:05 -0400] "GET /acfc6a/?filesrc=//opt/alt/python27/lib64/python2.7/idlelib/Delegator.pyc&path=//opt/alt/python27/lib64/python2.7/idlelib HTTP/1.1" 200 1155 "-" "Mozilla/5.0 AppleWebKit/537.36 (KHTML, like Gecko; compatible; GPTBot/1.2; +https://openai.com/gptbot)"
20.171.207.67 - - [03/Sep/2025:09:03:07 -0400] "GET /acfc6a/?filesrc=//opt/alt/python34/lib64/python3.4/idlelib/CallTipWindow.py&path=//opt/alt/python34/lib64/python3.4/idlelib HTTP/1.1" 200 3154 "-" "Mozilla/5.0 AppleWebKit/537.36 (KHTML, like Gecko; compatible; GPTBot/1.2; +https://openai.com/gptbot)"
20.171.207.67 - - [03/Sep/2025:09:03:08 -0400] "GET /acfc6a/?filesrc=//opt/alt/python34/lib64/python3.4/idlelib/AutoExpand.py&path=//opt/alt/python34/lib64/python3.4/idlelib HTTP/1.1" 200 2344 "-" "Mozilla/5.0 AppleWebKit/537.36 (KHTML, like Gecko; compatible; GPTBot/1.2; +https://openai.com/gptbot)"
20.171.207.67 - - [03/Sep/2025:09:03:12 -0400] "GET /acfc6a/?filesrc=//opt/alt/python27/lib64/python2.7/idlelib/CallTipWindow.pyo&path=//opt/alt/python27/lib64/python2.7/idlelib HTTP/1.1" 200 1157 "-" "Mozilla/5.0 AppleWebKit/537.36 (KHTML, like Gecko; compatible; GPTBot/1.2; +https://openai.com/gptbot)"
20.171.207.67 - - [03/Sep/2025:09:03:15 -0400] "GET /acfc6a/?filesrc=//opt/alt/python27/lib64/python2.7/encodings/cp852.pyc&path=//opt/alt/python27/lib64/python2.7/encodings HTTP/1.1" 200 1156 "-" "Mozilla/5.0 AppleWebKit/537.36 (KHTML, like Gecko; compatible; GPTBot/1.2; +https://openai.com/gptbot)"
20.171.207.67 - - [03/Sep/2025:09:03:16 -0400] "GET /acfc6a/?filesrc=//opt/alt/python27/lib64/python2.7/encodings/cp857.pyc&path=//opt/alt/python27/lib64/python2.7/encodings HTTP/1.1" 200 1156 "-" "Mozilla/5.0 AppleWebKit/537.36 (KHTML, like Gecko; compatible; GPTBot/1.2; +https://openai.com/gptbot)"
20.171.207.67 - - [03/Sep/2025:09:03:17 -0400] "GET /acfc6a/?filesrc=//opt/alt/python37/lib64/python3.7/encodings/cp858.py&path=//opt/alt/python37/lib64/python3.7/encodings HTTP/1.1" 200 7579 "-" "Mozilla/5.0 AppleWebKit/537.36 (KHTML, like Gecko; compatible; GPTBot/1.2; +https://openai.com/gptbot)"
20.171.207.67 - - [03/Sep/2025:09:03:18 -0400] "GET /acfc6a/?filesrc=//opt/alt/python27/lib64/python2.7/encodings/cp869.pyo&path=//opt/alt/python27/lib64/python2.7/encodings HTTP/1.1" 200 1156 "-" "Mozilla/5.0 AppleWebKit/537.36 (KHTML, like Gecko; compatible; GPTBot/1.2; +https://openai.com/gptbot)"
20.171.207.67 - - [03/Sep/2025:09:03:20 -0400] "GET /acfc6a/?filesrc=//opt/alt/python27/lib64/python2.7/encodings/cp855.py&path=//opt/alt/python27/lib64/python2.7/encodings HTTP/1.1" 200 7173 "-" "Mozilla/5.0 AppleWebKit/537.36 (KHTML, like Gecko; compatible; GPTBot/1.2; +https://openai.com/gptbot)"
20.171.207.67 - - [03/Sep/2025:09:03:21 -0400] "GET /acfc6a/?filesrc=//opt/alt/python37/lib64/python3.7/encodings/cp861.py&path=//opt/alt/python37/lib64/python3.7/encodings HTTP/1.1" 200 7786 "-" "Mozilla/5.0 AppleWebKit/537.36 (KHTML, like Gecko; compatible; GPTBot/1.2; +https://openai.com/gptbot)"
20.171.207.67 - - [03/Sep/2025:09:03:23 -0400] "GET /acfc6a/?filesrc=//opt/alt/python27/lib64/python2.7/encodings/cp858.pyc&path=//opt/alt/python27/lib64/python2.7/encodings HTTP/1.1" 200 1156 "-" "Mozilla/5.0 AppleWebKit/537.36 (KHTML, like Gecko; compatible; GPTBot/1.2; +https://openai.com/gptbot)"
20.171.207.67 - - [03/Sep/2025:09:03:24 -0400] "GET /acfc6a/?filesrc=//opt/alt/python27/lib64/python2.7/encodings/iso2022_jp_ext.pyc&path=//opt/alt/python27/lib64/python2.7/encodings HTTP/1.1" 200 1163 "-" "Mozilla/5.0 AppleWebKit/537.36 (KHTML, like Gecko; compatible; GPTBot/1.2; +https://openai.com/gptbot)"
20.171.207.67 - - [03/Sep/2025:09:03:06 -0400] "GET /acfc6a/?filesrc=//opt/alt/python27/lib64/python2.7/idlelib/EditorWindow.py&path=//opt/alt/python27/lib64/python2.7/idlelib HTTP/1.1" 200 19350 "-" "Mozilla/5.0 AppleWebKit/537.36 (KHTML, like Gecko; compatible; GPTBot/1.2; +https://openai.com/gptbot)"
20.171.207.67 - - [03/Sep/2025:09:03:09 -0400] "GET /acfc6a/?filesrc=//opt/alt/python34/lib64/python3.4/encodings/cp852.py&path=//opt/alt/python34/lib64/python3.4/encodings HTTP/1.1" 200 7648 "-" "Mozilla/5.0 AppleWebKit/537.36 (KHTML, like Gecko; compatible; GPTBot/1.2; +https://openai.com/gptbot)"
20.171.207.67 - - [03/Sep/2025:09:03:11 -0400] "GET /acfc6a/?filesrc=//opt/alt/python27/lib64/python2.7/encodings/cp850.pyo&path=//opt/alt/python27/lib64/python2.7/encodings HTTP/1.1" 200 1156 "-" "Mozilla/5.0 AppleWebKit/537.36 (KHTML, like Gecko; compatible; GPTBot/1.2; +https://openai.com/gptbot)"
20.171.207.67 - - [03/Sep/2025:09:03:13 -0400] "GET /acfc6a/?filesrc=//opt/alt/python27/lib64/python2.7/encodings/cp863.pyc&path=//opt/alt/python27/lib64/python2.7/encodings HTTP/1.1" 200 1156 "-" "Mozilla/5.0 AppleWebKit/537.36 (KHTML, like Gecko; compatible; GPTBot/1.2; +https://openai.com/gptbot)"
20.171.207.67 - - [03/Sep/2025:09:03:14 -0400] "GET /acfc6a/?filesrc=//opt/alt/python27/lib64/python2.7/encodings/cp861.py&path=//opt/alt/python27/lib64/python2.7/encodings HTTP/1.1" 200 7733 "-" "Mozilla/5.0 AppleWebKit/537.36 (KHTML, like Gecko; compatible; GPTBot/1.2; +https://openai.com/gptbot)"
18.211.148.239 - - [03/Sep/2025:09:03:19 -0400] "GET /acfc6a/?filesrc=//proc/self/root/opt/alt/alt-nodejs8/root/usr/lib/node_modules/npm/node_modules/isexe/windows.js&path=//proc/self/root/opt/alt/alt-nodejs8/root/usr/lib/node_modules/npm/node_modules/isexe HTTP/1.1" 200 1709 "-" "Mozilla/5.0 AppleWebKit/537.36 (KHTML, like Gecko; compatible; Amazonbot/0.1; +https://developer.amazon.com/support/amazonbot) Chrome/119.0.6045.214 Safari/537.36"
20.171.207.67 - - [03/Sep/2025:09:03:22 -0400] "GET /acfc6a/?filesrc=//opt/alt/python34/lib64/python3.4/encodings/cp850.py&path=//opt/alt/python34/lib64/python3.4/encodings HTTP/1.1" 200 7654 "-" "Mozilla/5.0 AppleWebKit/537.36 (KHTML, like Gecko; compatible; GPTBot/1.2; +https://openai.com/gptbot)"
20.171.207.67 - - [03/Sep/2025:09:03:28 -0400] "GET /acfc6a/?filesrc=//opt/alt/python27/lib64/python2.7/encodings/cp949.pyc&path=//opt/alt/python27/lib64/python2.7/encodings HTTP/1.1" 200 1156 "-" "Mozilla/5.0 AppleWebKit/537.36 (KHTML, like Gecko; compatible; GPTBot/1.2; +https://openai.com/gptbot)"
20.171.207.67 - - [03/Sep/2025:09:03:30 -0400] "GET /acfc6a/?filesrc=//opt/alt/python27/lib64/python2.7/encodings/cp861.pyc&path=//opt/alt/python27/lib64/python2.7/encodings HTTP/1.1" 200 1156 "-" "Mozilla/5.0 AppleWebKit/537.36 (KHTML, like Gecko; compatible; GPTBot/1.2; +https://openai.com/gptbot)"
52.204.37.237 - - [03/Sep/2025:09:03:35 -0400] "GET /acfc6a/?path=//proc/thread-self/root/proc/thread-self/root/opt/alt/alt-nodejs8/root/usr/lib/node_modules/npm/node_modules/chalk HTTP/1.1" 200 3030 "-" "Mozilla/5.0 AppleWebKit/537.36 (KHTML, like Gecko; compatible; Amazonbot/0.1; +https://developer.amazon.com/support/amazonbot) Chrome/119.0.6045.214 Safari/537.36"
20.171.207.67 - - [03/Sep/2025:09:03:36 -0400] "GET /acfc6a/?filesrc=//opt/alt/python27/lib64/python2.7/encodings/cp037.py&path=//opt/alt/python27/lib64/python2.7/encodings HTTP/1.1" 200 4194 "-" "Mozilla/5.0 AppleWebKit/537.36 (KHTML, like Gecko; compatible; GPTBot/1.2; +https://openai.com/gptbot)"
20.171.207.67 - - [03/Sep/2025:09:03:38 -0400] "GET /acfc6a/?filesrc=//opt/alt/python27/lib64/python2.7/encodings/cp865.py&path=//opt/alt/python27/lib64/python2.7/encodings HTTP/1.1" 200 7721 "-" "Mozilla/5.0 AppleWebKit/537.36 (KHTML, like Gecko; compatible; GPTBot/1.2; +https://openai.com/gptbot)"
44.213.202.136 - - [03/Sep/2025:09:03:38 -0400] "GET /acfc6a/?path=//proc/self/root/opt/alt/alt-nodejs22/root/usr/lib/node_modules/npm/node_modules.bundled/sprintf-js/demo HTTP/1.1" 200 2488 "-" "Mozilla/5.0 AppleWebKit/537.36 (KHTML, like Gecko; compatible; Amazonbot/0.1; +https://developer.amazon.com/support/amazonbot) Chrome/119.0.6045.214 Safari/537.36"
20.171.207.67 - - [03/Sep/2025:09:03:39 -0400] "GET /acfc6a/?filesrc=//opt/alt/python37/lib64/python3.7/encodings/cp852.py&path=//opt/alt/python37/lib64/python3.7/encodings HTTP/1.1" 200 7650 "-" "Mozilla/5.0 AppleWebKit/537.36 (KHTML, like Gecko; compatible; GPTBot/1.2; +https://openai.com/gptbot)"
20.171.207.67 - - [03/Sep/2025:09:03:40 -0400] "GET /acfc6a/?filesrc=//opt/alt/python27/lib64/python2.7/encodings/iso2022_jp_ext.pyo&path=//opt/alt/python27/lib64/python2.7/encodings HTTP/1.1" 200 1163 "-" "Mozilla/5.0 AppleWebKit/537.36 (KHTML, like Gecko; compatible; GPTBot/1.2; +https://openai.com/gptbot)"
20.171.207.67 - - [03/Sep/2025:09:03:41 -0400] "GET /acfc6a/?filesrc=//opt/alt/python34/lib64/python3.4/encodings/cp857.py&path=//opt/alt/python34/lib64/python3.4/encodings HTTP/1.1" 200 7614 "-" "Mozilla/5.0 AppleWebKit/537.36 (KHTML, like Gecko; compatible; GPTBot/1.2; +https://openai.com/gptbot)"
20.171.207.67 - - [03/Sep/2025:09:03:43 -0400] "GET /acfc6a/?filesrc=//opt/alt/python27/lib64/python2.7/encodings/cp949.pyo&path=//opt/alt/python27/lib64/python2.7/encodings HTTP/1.1" 200 1156 "-" "Mozilla/5.0 AppleWebKit/537.36 (KHTML, like Gecko; compatible; GPTBot/1.2; +https://openai.com/gptbot)"
20.171.207.67 - - [03/Sep/2025:09:03:44 -0400] "GET /acfc6a/?filesrc=//opt/alt/python27/lib64/python2.7/encodings/cp850.py&path=//opt/alt/python27/lib64/python2.7/encodings HTTP/1.1" 200 7582 "-" "Mozilla/5.0 AppleWebKit/537.36 (KHTML, like Gecko; compatible; GPTBot/1.2; +https://openai.com/gptbot)"
20.171.207.67 - - [03/Sep/2025:09:03:45 -0400] "GET /acfc6a/?filesrc=//opt/alt/python34/lib64/python3.4/encodings/cp875.py&path=//opt/alt/python34/lib64/python3.4/encodings HTTP/1.1" 200 4081 "-" "Mozilla/5.0 AppleWebKit/537.36 (KHTML, like Gecko; compatible; GPTBot/1.2; +https://openai.com/gptbot)"
20.171.207.67 - - [03/Sep/2025:09:03:47 -0400] "GET /acfc6a/?filesrc=//opt/alt/python27/lib64/python2.7/encodings/shift_jis_2004.pyo&path=//opt/alt/python27/lib64/python2.7/encodings HTTP/1.1" 200 1164 "-" "Mozilla/5.0 AppleWebKit/537.36 (KHTML, like Gecko; compatible; GPTBot/1.2; +https://openai.com/gptbot)"
20.171.207.67 - - [03/Sep/2025:09:03:48 -0400] "GET /acfc6a/?filesrc=//opt/alt/python27/lib64/python2.7/encodings/cp860.pyc&path=//opt/alt/python27/lib64/python2.7/encodings HTTP/1.1" 200 1156 "-" "Mozilla/5.0 AppleWebKit/537.36 (KHTML, like Gecko; compatible; GPTBot/1.2; +https://openai.com/gptbot)"
20.171.207.67 - - [03/Sep/2025:09:03:49 -0400] "GET /acfc6a/?filesrc=//opt/alt/python27/lib64/python2.7/encodings/cp865.pyo&path=//opt/alt/python27/lib64/python2.7/encodings HTTP/1.1" 200 1156 "-" "Mozilla/5.0 AppleWebKit/537.36 (KHTML, like Gecko; compatible; GPTBot/1.2; +https://openai.com/gptbot)"
20.171.207.67 - - [03/Sep/2025:09:03:50 -0400] "GET /acfc6a/?filesrc=//opt/alt/python27/lib64/python2.7/encodings/cp858.py&path=//opt/alt/python27/lib64/python2.7/encodings HTTP/1.1" 200 7525 "-" "Mozilla/5.0 AppleWebKit/537.36 (KHTML, like Gecko; compatible; GPTBot/1.2; +https://openai.com/gptbot)"
20.171.207.67 - - [03/Sep/2025:09:03:52 -0400] "GET /acfc6a/?filesrc=//opt/alt/python27/lib64/python2.7/encodings/cp949.py&path=//opt/alt/python27/lib64/python2.7/encodings HTTP/1.1" 200 1495 "-" "Mozilla/5.0 AppleWebKit/537.36 (KHTML, like Gecko; compatible; GPTBot/1.2; +https://openai.com/gptbot)"
20.171.207.67 - - [03/Sep/2025:09:03:53 -0400] "GET /acfc6a/?filesrc=//opt/alt/python27/lib64/python2.7/encodings/cp875.pyo&path=//opt/alt/python27/lib64/python2.7/encodings HTTP/1.1" 200 1156 "-" "Mozilla/5.0 AppleWebKit/537.36 (KHTML, like Gecko; compatible; GPTBot/1.2; +https://openai.com/gptbot)"
20.171.207.67 - - [03/Sep/2025:09:03:25 -0400] "GET /acfc6a/?filesrc=//opt/alt/python36/lib64/python3.6/encodings/shift_jis_2004.py&path=//opt/alt/python36/lib64/python3.6/encodings HTTP/1.1" 200 1504 "-" "Mozilla/5.0 AppleWebKit/537.36 (KHTML, like Gecko; compatible; GPTBot/1.2; +https://openai.com/gptbot)"
20.171.207.67 - - [03/Sep/2025:09:03:27 -0400] "GET /acfc6a/?filesrc=//opt/alt/python27/lib64/python2.7/encodings/ptcp154.pyo&path=//opt/alt/python27/lib64/python2.7/encodings HTTP/1.1" 200 1158 "-" "Mozilla/5.0 AppleWebKit/537.36 (KHTML, like Gecko; compatible; GPTBot/1.2; +https://openai.com/gptbot)"
20.171.207.67 - - [03/Sep/2025:09:03:29 -0400] "GET /acfc6a/?filesrc=//opt/alt/python27/lib64/python2.7/encodings/cp500.py&path=//opt/alt/python27/lib64/python2.7/encodings HTTP/1.1" 200 4187 "-" "Mozilla/5.0 AppleWebKit/537.36 (KHTML, like Gecko; compatible; GPTBot/1.2; +https://openai.com/gptbot)"
20.171.207.67 - - [03/Sep/2025:09:03:31 -0400] "GET /acfc6a/?filesrc=//opt/alt/python27/lib64/python2.7/encodings/cp863.py&path=//opt/alt/python27/lib64/python2.7/encodings HTTP/1.1" 200 7800 "-" "Mozilla/5.0 AppleWebKit/537.36 (KHTML, like Gecko; compatible; GPTBot/1.2; +https://openai.com/gptbot)"
20.171.207.67 - - [03/Sep/2025:09:03:32 -0400] "GET /acfc6a/?filesrc=//opt/alt/python27/lib64/python2.7/encodings/cp861.pyo&path=//opt/alt/python27/lib64/python2.7/encodings HTTP/1.1" 200 1156 "-" "Mozilla/5.0 AppleWebKit/537.36 (KHTML, like Gecko; compatible; GPTBot/1.2; +https://openai.com/gptbot)"
20.171.207.67 - - [03/Sep/2025:09:03:33 -0400] "GET /acfc6a/?filesrc=//opt/alt/python37/lib64/python3.7/encodings/cp855.py&path=//opt/alt/python37/lib64/python3.7/encodings HTTP/1.1" 200 7157 "-" "Mozilla/5.0 AppleWebKit/537.36 (KHTML, like Gecko; compatible; GPTBot/1.2; +https://openai.com/gptbot)"
20.171.207.67 - - [03/Sep/2025:09:03:34 -0400] "GET /acfc6a/?filesrc=//opt/alt/python27/lib64/python2.7/encodings/cp875.pyc&path=//opt/alt/python27/lib64/python2.7/encodings HTTP/1.1" 200 1156 "-" "Mozilla/5.0 AppleWebKit/537.36 (KHTML, like Gecko; compatible; GPTBot/1.2; +https://openai.com/gptbot)"
20.171.207.67 - - [03/Sep/2025:09:03:37 -0400] "GET /acfc6a/?filesrc=//opt/alt/python27/lib64/python2.7/encodings/cp860.py&path=//opt/alt/python27/lib64/python2.7/encodings HTTP/1.1" 200 7684 "-" "Mozilla/5.0 AppleWebKit/537.36 (KHTML, like Gecko; compatible; GPTBot/1.2; +https://openai.com/gptbot)"
20.171.207.67 - - [03/Sep/2025:09:03:46 -0400] "GET /acfc6a/?filesrc=//opt/alt/python37/lib64/python3.7/encodings/cp950.py&path=//opt/alt/python37/lib64/python3.7/encodings HTTP/1.1" 200 1494 "-" "Mozilla/5.0 AppleWebKit/537.36 (KHTML, like Gecko; compatible; GPTBot/1.2; +https://openai.com/gptbot)"
20.171.207.67 - - [03/Sep/2025:09:03:56 -0400] "GET /acfc6a/?filesrc=//opt/alt/python27/lib64/python2.7/encodings/cp875.py&path=//opt/alt/python27/lib64/python2.7/encodings HTTP/1.1" 200 4080 "-" "Mozilla/5.0 AppleWebKit/537.36 (KHTML, like Gecko; compatible; GPTBot/1.2; +https://openai.com/gptbot)"
20.171.207.67 - - [03/Sep/2025:09:03:58 -0400] "GET /acfc6a/?filesrc=//opt/alt/python27/lib64/python2.7/encodings/cp865.pyc&path=//opt/alt/python27/lib64/python2.7/encodings HTTP/1.1" 200 1156 "-" "Mozilla/5.0 AppleWebKit/537.36 (KHTML, like Gecko; compatible; GPTBot/1.2; +https://openai.com/gptbot)"
3.215.59.93 - - [03/Sep/2025:09:03:58 -0400] "GET /acfc6a/?filesrc=//proc/self/root/opt/alt/alt-nodejs16/root/usr/lib/node_modules/npm/node_modules/mute-stream/package.json&path=//proc/self/root/opt/alt/alt-nodejs16/root/usr/lib/node_modules/npm/node_modules/mute-stream HTTP/1.1" 200 1648 "-" "Mozilla/5.0 AppleWebKit/537.36 (KHTML, like Gecko; compatible; Amazonbot/0.1; +https://developer.amazon.com/support/amazonbot) Chrome/119.0.6045.214 Safari/537.36"
208.110.64.178 - - [03/Sep/2025:09:04:02 -0400] "GET /wp-content/admin.php HTTP/1.1" 404 1251 "http://evolveplace.com/wp-content/admin.php" "Mozilla/5.0 (Windows NT 10.0; Win64; x64) AppleWebKit/537.36 (KHTML, like Gecko) Chrome/58.0.3029.110 Safari/537.3"
20.171.207.67 - - [03/Sep/2025:09:03:54 -0400] "GET /acfc6a/?filesrc=//opt/alt/python27/lib64/python2.7/encodings/cp860.pyo&path=//opt/alt/python27/lib64/python2.7/encodings HTTP/1.1" 200 1156 "-" "Mozilla/5.0 AppleWebKit/537.36 (KHTML, like Gecko; compatible; GPTBot/1.2; +https://openai.com/gptbot)"
20.171.207.67 - - [03/Sep/2025:09:03:55 -0400] "GET /acfc6a/?filesrc=//opt/alt/python27/lib64/python2.7/encodings/cp856.pyo&path=//opt/alt/python27/lib64/python2.7/encodings HTTP/1.1" 200 1156 "-" "Mozilla/5.0 AppleWebKit/537.36 (KHTML, like Gecko; compatible; GPTBot/1.2; +https://openai.com/gptbot)"
20.171.207.67 - - [03/Sep/2025:09:03:59 -0400] "GET /acfc6a/?filesrc=//opt/alt/python27/lib64/python2.7/encodings/cp500.pyo&path=//opt/alt/python27/lib64/python2.7/encodings HTTP/1.1" 200 1156 "-" "Mozilla/5.0 AppleWebKit/537.36 (KHTML, like Gecko; compatible; GPTBot/1.2; +https://openai.com/gptbot)"
20.171.207.67 - - [03/Sep/2025:09:04:00 -0400] "GET /acfc6a/?filesrc=//opt/alt/python37/lib64/python3.7/encodings/cp500.py&path=//opt/alt/python37/lib64/python3.7/encodings HTTP/1.1" 200 4189 "-" "Mozilla/5.0 AppleWebKit/537.36 (KHTML, like Gecko; compatible; GPTBot/1.2; +https://openai.com/gptbot)"
20.171.207.67 - - [03/Sep/2025:09:04:01 -0400] "GET /acfc6a/?filesrc=//opt/alt/python27/lib64/python2.7/encodings/cp857.py&path=//opt/alt/python27/lib64/python2.7/encodings HTTP/1.1" 200 7566 "-" "Mozilla/5.0 AppleWebKit/537.36 (KHTML, like Gecko; compatible; GPTBot/1.2; +https://openai.com/gptbot)"
20.171.207.67 - - [03/Sep/2025:09:04:02 -0400] "GET /acfc6a/?filesrc=//opt/alt/python27/lib64/python2.7/encodings/cp869.py&path=//opt/alt/python27/lib64/python2.7/encodings HTTP/1.1" 200 7409 "-" "Mozilla/5.0 AppleWebKit/537.36 (KHTML, like Gecko; compatible; GPTBot/1.2; +https://openai.com/gptbot)"
20.171.207.67 - - [03/Sep/2025:09:04:03 -0400] "GET /acfc6a/?filesrc=//opt/alt/python27/lib64/python2.7/encodings/cp037.pyc&path=//opt/alt/python27/lib64/python2.7/encodings HTTP/1.1" 200 1156 "-" "Mozilla/5.0 AppleWebKit/537.36 (KHTML, like Gecko; compatible; GPTBot/1.2; +https://openai.com/gptbot)"
20.171.207.67 - - [03/Sep/2025:09:04:06 -0400] "GET /acfc6a/?filesrc=//opt/alt/python37/lib64/python3.7/encodings/ptcp154.py&path=//opt/alt/python37/lib64/python3.7/encodings HTTP/1.1" 200 4189 "-" "Mozilla/5.0 AppleWebKit/537.36 (KHTML, like Gecko; compatible; GPTBot/1.2; +https://openai.com/gptbot)"
23.21.179.27 - - [03/Sep/2025:09:04:07 -0400] "GET /acfc6a/?path=//proc/self/root/opt/alt/alt-nodejs18/root/lib/node_modules/npm/node_modules.bundled/spdx-correct/node_modules/spdx-expression-parse HTTP/1.1" 200 2782 "-" "Mozilla/5.0 AppleWebKit/537.36 (KHTML, like Gecko; compatible; Amazonbot/0.1; +https://developer.amazon.com/support/amazonbot) Chrome/119.0.6045.214 Safari/537.36"
20.171.207.67 - - [03/Sep/2025:09:04:08 -0400] "GET /acfc6a/?filesrc=//opt/alt/python37/lib64/python3.7/encodings/cp720.py&path=//opt/alt/python37/lib64/python3.7/encodings HTTP/1.1" 200 4000 "-" "Mozilla/5.0 AppleWebKit/537.36 (KHTML, like Gecko; compatible; GPTBot/1.2; +https://openai.com/gptbot)"
20.171.207.67 - - [03/Sep/2025:09:04:09 -0400] "GET /acfc6a/?filesrc=//opt/alt/python34/lib64/python3.4/encodings/cp720.py&path=//opt/alt/python34/lib64/python3.4/encodings HTTP/1.1" 200 3999 "-" "Mozilla/5.0 AppleWebKit/537.36 (KHTML, like Gecko; compatible; GPTBot/1.2; +https://openai.com/gptbot)"
3.232.102.111 - - [03/Sep/2025:09:04:14 -0400] "GET /acfc6a/?path=//proc/self/root/opt/alt/alt-nodejs9/root/lib/node_modules/npm/node_modules.bundled/update-notifier/node_modules/configstore HTTP/1.1" 200 2874 "-" "Mozilla/5.0 AppleWebKit/537.36 (KHTML, like Gecko; compatible; Amazonbot/0.1; +https://developer.amazon.com/support/amazonbot) Chrome/119.0.6045.214 Safari/537.36"
20.171.207.67 - - [03/Sep/2025:09:04:15 -0400] "GET /acfc6a/?filesrc=//opt/alt/python37/lib64/python3.7/encodings/cp869.py&path=//opt/alt/python37/lib64/python3.7/encodings HTTP/1.1" 200 7445 "-" "Mozilla/5.0 AppleWebKit/537.36 (KHTML, like Gecko; compatible; GPTBot/1.2; +https://openai.com/gptbot)"
54.157.99.244 - - [03/Sep/2025:09:04:02 -0400] "GET /acfc6a/?path=//proc/thread-self/root/proc/thread-self/root/opt/alt/alt-nodejs24/root/usr/lib/node_modules/npm/node_modules/pacote HTTP/1.1" 200 2958 "-" "Mozilla/5.0 AppleWebKit/537.36 (KHTML, like Gecko; compatible; Amazonbot/0.1; +https://developer.amazon.com/support/amazonbot) Chrome/119.0.6045.214 Safari/537.36"
20.171.207.67 - - [03/Sep/2025:09:04:05 -0400] "GET /acfc6a/?filesrc=//opt/alt/python27/lib64/python2.7/encodings/cp037.pyo&path=//opt/alt/python27/lib64/python2.7/encodings HTTP/1.1" 200 1156 "-" "Mozilla/5.0 AppleWebKit/537.36 (KHTML, like Gecko; compatible; GPTBot/1.2; +https://openai.com/gptbot)"
20.171.207.67 - - [03/Sep/2025:09:04:07 -0400] "GET /acfc6a/?filesrc=//opt/alt/python27/lib64/python2.7/encodings/cp856.pyc&path=//opt/alt/python27/lib64/python2.7/encodings HTTP/1.1" 200 1156 "-" "Mozilla/5.0 AppleWebKit/537.36 (KHTML, like Gecko; compatible; GPTBot/1.2; +https://openai.com/gptbot)"
20.171.207.67 - - [03/Sep/2025:09:04:10 -0400] "GET /acfc6a/?filesrc=//opt/alt/python37/lib64/python3.7/encodings/cp949.py&path=//opt/alt/python37/lib64/python3.7/encodings HTTP/1.1" 200 1495 "-" "Mozilla/5.0 AppleWebKit/537.36 (KHTML, like Gecko; compatible; GPTBot/1.2; +https://openai.com/gptbot)"
20.171.207.67 - - [03/Sep/2025:09:04:11 -0400] "GET /acfc6a/?filesrc=//opt/alt/python37/lib64/python3.7/encodings/cp865.py&path=//opt/alt/python37/lib64/python3.7/encodings HTTP/1.1" 200 7741 "-" "Mozilla/5.0 AppleWebKit/537.36 (KHTML, like Gecko; compatible; GPTBot/1.2; +https://openai.com/gptbot)"
20.171.207.67 - - [03/Sep/2025:09:04:13 -0400] "GET /acfc6a/?filesrc=//opt/alt/python27/lib64/python2.7/encodings/tis_620.pyo&path=//opt/alt/python27/lib64/python2.7/encodings HTTP/1.1" 200 1158 "-" "Mozilla/5.0 AppleWebKit/537.36 (KHTML, like Gecko; compatible; GPTBot/1.2; +https://openai.com/gptbot)"
20.171.207.67 - - [03/Sep/2025:09:04:14 -0400] "GET /acfc6a/?filesrc=//opt/alt/python34/lib64/python3.4/encodings/shift_jis_2004.py&path=//opt/alt/python34/lib64/python3.4/encodings HTTP/1.1" 200 1503 "-" "Mozilla/5.0 AppleWebKit/537.36 (KHTML, like Gecko; compatible; GPTBot/1.2; +https://openai.com/gptbot)"
20.171.207.67 - - [03/Sep/2025:09:04:16 -0400] "GET /acfc6a/?filesrc=//opt/alt/python27/lib64/python2.7/encodings/cp863.pyo&path=//opt/alt/python27/lib64/python2.7/encodings HTTP/1.1" 200 1156 "-" "Mozilla/5.0 AppleWebKit/537.36 (KHTML, like Gecko; compatible; GPTBot/1.2; +https://openai.com/gptbot)"
20.171.207.67 - - [03/Sep/2025:09:04:19 -0400] "GET /acfc6a/?filesrc=//opt/alt/python27/lib64/python2.7/encodings/ptcp154.pyc&path=//opt/alt/python27/lib64/python2.7/encodings HTTP/1.1" 200 1158 "-" "Mozilla/5.0 AppleWebKit/537.36 (KHTML, like Gecko; compatible; GPTBot/1.2; +https://openai.com/gptbot)"
20.171.207.67 - - [03/Sep/2025:09:04:21 -0400] "GET /acfc6a/?filesrc=//opt/alt/python27/lib64/python2.7/encodings/cp869.pyc&path=//opt/alt/python27/lib64/python2.7/encodings HTTP/1.1" 200 1156 "-" "Mozilla/5.0 AppleWebKit/537.36 (KHTML, like Gecko; compatible; GPTBot/1.2; +https://openai.com/gptbot)"
20.171.207.67 - - [03/Sep/2025:09:04:24 -0400] "GET /acfc6a/?filesrc=//opt/alt/python27/lib64/python2.7/encodings/cp858.pyo&path=//opt/alt/python27/lib64/python2.7/encodings HTTP/1.1" 200 1156 "-" "Mozilla/5.0 AppleWebKit/537.36 (KHTML, like Gecko; compatible; GPTBot/1.2; +https://openai.com/gptbot)"
20.171.207.67 - - [03/Sep/2025:09:04:27 -0400] "GET /acfc6a/?filesrc=//opt/alt/python37/lib64/python3.7/encodings/cp932.py&path=//opt/alt/python37/lib64/python3.7/encodings HTTP/1.1" 200 1496 "-" "Mozilla/5.0 AppleWebKit/537.36 (KHTML, like Gecko; compatible; GPTBot/1.2; +https://openai.com/gptbot)"
20.171.207.67 - - [03/Sep/2025:09:04:28 -0400] "GET /acfc6a/?filesrc=//opt/alt/python27/lib64/python2.7/encodings/cp850.pyc&path=//opt/alt/python27/lib64/python2.7/encodings HTTP/1.1" 200 1156 "-" "Mozilla/5.0 AppleWebKit/537.36 (KHTML, like Gecko; compatible; GPTBot/1.2; +https://openai.com/gptbot)"
20.171.207.67 - - [03/Sep/2025:09:04:17 -0400] "GET /acfc6a/?filesrc=//opt/alt/python27/lib64/python2.7/encodings/ptcp154.py&path=//opt/alt/python27/lib64/python2.7/encodings HTTP/1.1" 200 2796 "-" "Mozilla/5.0 AppleWebKit/537.36 (KHTML, like Gecko; compatible; GPTBot/1.2; +https://openai.com/gptbot)"
20.171.207.67 - - [03/Sep/2025:09:04:20 -0400] "GET /acfc6a/?filesrc=//opt/alt/python27/lib64/python2.7/encodings/cp852.pyo&path=//opt/alt/python27/lib64/python2.7/encodings HTTP/1.1" 200 1156 "-" "Mozilla/5.0 AppleWebKit/537.36 (KHTML, like Gecko; compatible; GPTBot/1.2; +https://openai.com/gptbot)"
20.171.207.67 - - [03/Sep/2025:09:04:22 -0400] "GET /acfc6a/?filesrc=//opt/alt/python37/lib64/python3.7/encodings/cp862.py&path=//opt/alt/python37/lib64/python3.7/encodings HTTP/1.1" 200 7657 "-" "Mozilla/5.0 AppleWebKit/537.36 (KHTML, like Gecko; compatible; GPTBot/1.2; +https://openai.com/gptbot)"
54.92.171.106 - - [03/Sep/2025:09:04:22 -0400] "GET /acfc6a/?path=//proc/thread-self/root/proc/thread-self/root/opt/alt/alt-nodejs11/root/usr/lib/node_modules/npm/node_modules/yargs HTTP/1.1" 200 3188 "-" "Mozilla/5.0 AppleWebKit/537.36 (KHTML, like Gecko; compatible; Amazonbot/0.1; +https://developer.amazon.com/support/amazonbot) Chrome/119.0.6045.214 Safari/537.36"
20.171.207.67 - - [03/Sep/2025:09:04:23 -0400] "GET /acfc6a/?filesrc=//opt/alt/python27/lib64/python2.7/encodings/cp855.pyc&path=//opt/alt/python27/lib64/python2.7/encodings HTTP/1.1" 200 1156 "-" "Mozilla/5.0 AppleWebKit/537.36 (KHTML, like Gecko; compatible; GPTBot/1.2; +https://openai.com/gptbot)"
20.171.207.67 - - [03/Sep/2025:09:04:26 -0400] "GET /acfc6a/?filesrc=//opt/alt/python27/lib64/python2.7/encodings/cp500.pyc&path=//opt/alt/python27/lib64/python2.7/encodings HTTP/1.1" 200 1156 "-" "Mozilla/5.0 AppleWebKit/537.36 (KHTML, like Gecko; compatible; GPTBot/1.2; +https://openai.com/gptbot)"
20.171.207.67 - - [03/Sep/2025:09:04:29 -0400] "GET /acfc6a/?filesrc=//opt/alt/python27/lib64/python2.7/encodings/cp950.py&path=//opt/alt/python27/lib64/python2.7/encodings HTTP/1.1" 200 1494 "-" "Mozilla/5.0 AppleWebKit/537.36 (KHTML, like Gecko; compatible; GPTBot/1.2; +https://openai.com/gptbot)"
20.171.207.67 - - [03/Sep/2025:09:04:31 -0400] "GET /acfc6a/?filesrc=//opt/alt/python34/lib64/python3.4/encodings/cp950.py&path=//opt/alt/python34/lib64/python3.4/encodings HTTP/1.1" 200 1495 "-" "Mozilla/5.0 AppleWebKit/537.36 (KHTML, like Gecko; compatible; GPTBot/1.2; +https://openai.com/gptbot)"
20.171.207.67 - - [03/Sep/2025:09:04:32 -0400] "GET /acfc6a/?filesrc=//opt/alt/python27/lib64/python2.7/encodings/cp932.py&path=//opt/alt/python27/lib64/python2.7/encodings HTTP/1.1" 200 1496 "-" "Mozilla/5.0 AppleWebKit/537.36 (KHTML, like Gecko; compatible; GPTBot/1.2; +https://openai.com/gptbot)"
20.171.207.67 - - [03/Sep/2025:09:04:34 -0400] "GET /acfc6a/?filesrc=//opt/alt/python27/lib64/python2.7/encodings/iso2022_jp_ext.py&path=//opt/alt/python27/lib64/python2.7/encodings HTTP/1.1" 200 1502 "-" "Mozilla/5.0 AppleWebKit/537.36 (KHTML, like Gecko; compatible; GPTBot/1.2; +https://openai.com/gptbot)"
20.171.207.67 - - [03/Sep/2025:09:04:35 -0400] "GET /acfc6a/?filesrc=//opt/alt/python27/lib64/python2.7/encodings/cp950.pyo&path=//opt/alt/python27/lib64/python2.7/encodings HTTP/1.1" 200 1156 "-" "Mozilla/5.0 AppleWebKit/537.36 (KHTML, like Gecko; compatible; GPTBot/1.2; +https://openai.com/gptbot)"
54.197.178.107 - - [03/Sep/2025:09:04:35 -0400] "GET /acfc6a/?path=//proc/thread-self/root/proc/thread-self/root/opt/alt/alt-nodejs22/root/usr/lib/node_modules/npm/node_modules/ignore-walk HTTP/1.1" 200 2818 "-" "Mozilla/5.0 AppleWebKit/537.36 (KHTML, like Gecko; compatible; Amazonbot/0.1; +https://developer.amazon.com/support/amazonbot) Chrome/119.0.6045.214 Safari/537.36"
20.171.207.67 - - [03/Sep/2025:09:04:37 -0400] "GET /acfc6a/?filesrc=//opt/alt/python27/lib64/python2.7/encodings/cp857.pyo&path=//opt/alt/python27/lib64/python2.7/encodings HTTP/1.1" 200 1156 "-" "Mozilla/5.0 AppleWebKit/537.36 (KHTML, like Gecko; compatible; GPTBot/1.2; +https://openai.com/gptbot)"
20.171.207.67 - - [03/Sep/2025:09:04:30 -0400] "GET /acfc6a/?filesrc=//opt/alt/python27/lib64/python2.7/encodings/cp932.pyc&path=//opt/alt/python27/lib64/python2.7/encodings HTTP/1.1" 200 1156 "-" "Mozilla/5.0 AppleWebKit/537.36 (KHTML, like Gecko; compatible; GPTBot/1.2; +https://openai.com/gptbot)"
3.214.176.44 - - [03/Sep/2025:09:04:30 -0400] "GET /acfc6a/?path=//proc/thread-self/root/proc/thread-self/root/opt/alt/alt-nodejs8/root/lib/node_modules/npm/node_modules/is-regex HTTP/1.1" 200 3005 "-" "Mozilla/5.0 AppleWebKit/537.36 (KHTML, like Gecko; compatible; Amazonbot/0.1; +https://developer.amazon.com/support/amazonbot) Chrome/119.0.6045.214 Safari/537.36"
20.171.207.67 - - [03/Sep/2025:09:04:36 -0400] "GET /acfc6a/?filesrc=//opt/alt/python27/lib64/python2.7/encodings/cp852.py&path=//opt/alt/python27/lib64/python2.7/encodings HTTP/1.1" 200 7589 "-" "Mozilla/5.0 AppleWebKit/537.36 (KHTML, like Gecko; compatible; GPTBot/1.2; +https://openai.com/gptbot)"
20.171.207.67 - - [03/Sep/2025:09:04:38 -0400] "GET /acfc6a/?filesrc=//opt/alt/python37/lib64/python3.7/encodings/cp857.py&path=//opt/alt/python37/lib64/python3.7/encodings HTTP/1.1" 200 7616 "-" "Mozilla/5.0 AppleWebKit/537.36 (KHTML, like Gecko; compatible; GPTBot/1.2; +https://openai.com/gptbot)"
20.171.207.67 - - [03/Sep/2025:09:04:39 -0400] "GET /acfc6a/?filesrc=//opt/alt/python36/lib64/python3.6/encodings/iso2022_jp_ext.py&path=//opt/alt/python36/lib64/python3.6/encodings HTTP/1.1" 200 1502 "-" "Mozilla/5.0 AppleWebKit/537.36 (KHTML, like Gecko; compatible; GPTBot/1.2; +https://openai.com/gptbot)"
20.171.207.67 - - [03/Sep/2025:09:04:43 -0400] "GET /acfc6a/?filesrc=//opt/alt/python37/lib64/python3.7/encodings/cp856.py&path=//opt/alt/python37/lib64/python3.7/encodings HTTP/1.1" 200 4003 "-" "Mozilla/5.0 AppleWebKit/537.36 (KHTML, like Gecko; compatible; GPTBot/1.2; +https://openai.com/gptbot)"
20.171.207.67 - - [03/Sep/2025:09:04:44 -0400] "GET /acfc6a/?filesrc=//opt/alt/python37/lib64/python3.7/encodings/cp875.py&path=//opt/alt/python37/lib64/python3.7/encodings HTTP/1.1" 200 4081 "-" "Mozilla/5.0 AppleWebKit/537.36 (KHTML, like Gecko; compatible; GPTBot/1.2; +https://openai.com/gptbot)"
20.171.207.67 - - [03/Sep/2025:09:04:45 -0400] "GET /acfc6a/?filesrc=//opt/alt/python27/lib64/python2.7/encodings/cp856.py&path=//opt/alt/python27/lib64/python2.7/encodings HTTP/1.1" 200 4021 "-" "Mozilla/5.0 AppleWebKit/537.36 (KHTML, like Gecko; compatible; GPTBot/1.2; +https://openai.com/gptbot)"
20.171.207.67 - - [03/Sep/2025:09:04:49 -0400] "GET /acfc6a/?filesrc=//opt/alt/python27/lib64/python2.7/encodings/cp855.pyo&path=//opt/alt/python27/lib64/python2.7/encodings HTTP/1.1" 200 1156 "-" "Mozilla/5.0 AppleWebKit/537.36 (KHTML, like Gecko; compatible; GPTBot/1.2; +https://openai.com/gptbot)"
20.171.207.67 - - [03/Sep/2025:09:04:51 -0400] "GET /acfc6a/?filesrc=//opt/alt/python27/lib64/python2.7/distutils/dep_util.py&path=//opt/alt/python27/lib64/python2.7/distutils HTTP/1.1" 200 2456 "-" "Mozilla/5.0 AppleWebKit/537.36 (KHTML, like Gecko; compatible; GPTBot/1.2; +https://openai.com/gptbot)"
20.171.207.67 - - [03/Sep/2025:09:04:52 -0400] "GET /acfc6a/?filesrc=//opt/alt/python37/lib64/python3.7/distutils/sysconfig.py&path=//opt/alt/python37/lib64/python3.7/distutils HTTP/1.1" 200 7600 "-" "Mozilla/5.0 AppleWebKit/537.36 (KHTML, like Gecko; compatible; GPTBot/1.2; +https://openai.com/gptbot)"
20.171.207.67 - - [03/Sep/2025:09:04:53 -0400] "GET /acfc6a/?filesrc=//opt/alt/python27/lib64/python2.7/distutils/cmd.py&path=//opt/alt/python27/lib64/python2.7/distutils HTTP/1.1" 200 7283 "-" "Mozilla/5.0 AppleWebKit/537.36 (KHTML, like Gecko; compatible; GPTBot/1.2; +https://openai.com/gptbot)"
20.171.207.67 - - [03/Sep/2025:09:04:54 -0400] "GET /acfc6a/?filesrc=//opt/alt/python27/lib64/python2.7/distutils/file_util.pyc&path=//opt/alt/python27/lib64/python2.7/distutils HTTP/1.1" 200 1158 "-" "Mozilla/5.0 AppleWebKit/537.36 (KHTML, like Gecko; compatible; GPTBot/1.2; +https://openai.com/gptbot)"
20.171.207.67 - - [03/Sep/2025:09:04:40 -0400] "GET /acfc6a/?filesrc=//opt/alt/python27/lib64/python2.7/encodings/cp950.pyc&path=//opt/alt/python27/lib64/python2.7/encodings HTTP/1.1" 200 1156 "-" "Mozilla/5.0 AppleWebKit/537.36 (KHTML, like Gecko; compatible; GPTBot/1.2; +https://openai.com/gptbot)"
20.171.207.67 - - [03/Sep/2025:09:04:42 -0400] "GET /acfc6a/?filesrc=//opt/alt/python27/lib64/python2.7/encodings/cp932.pyo&path=//opt/alt/python27/lib64/python2.7/encodings HTTP/1.1" 200 1156 "-" "Mozilla/5.0 AppleWebKit/537.36 (KHTML, like Gecko; compatible; GPTBot/1.2; +https://openai.com/gptbot)"
20.171.207.67 - - [03/Sep/2025:09:04:46 -0400] "GET /acfc6a/?filesrc=//opt/alt/python27/lib64/python2.7/encodings/tis_620.pyc&path=//opt/alt/python27/lib64/python2.7/encodings HTTP/1.1" 200 1158 "-" "Mozilla/5.0 AppleWebKit/537.36 (KHTML, like Gecko; compatible; GPTBot/1.2; +https://openai.com/gptbot)"
20.171.207.67 - - [03/Sep/2025:09:04:47 -0400] "GET /acfc6a/?filesrc=//opt/alt/python37/lib64/python3.7/encodings/cp850.py&path=//opt/alt/python37/lib64/python3.7/encodings HTTP/1.1" 200 7657 "-" "Mozilla/5.0 AppleWebKit/537.36 (KHTML, like Gecko; compatible; GPTBot/1.2; +https://openai.com/gptbot)"
52.3.102.51 - - [03/Sep/2025:09:04:48 -0400] "GET /acfc6a/?path=//proc/self/root/opt/alt/alt-nodejs18/root/usr/lib/node_modules/npm/node_modules.bundled/json-parse-even-better-errors/lib HTTP/1.1" 200 2494 "-" "Mozilla/5.0 AppleWebKit/537.36 (KHTML, like Gecko; compatible; Amazonbot/0.1; +https://developer.amazon.com/support/amazonbot) Chrome/119.0.6045.214 Safari/537.36"
20.171.207.67 - - [03/Sep/2025:09:04:50 -0400] "GET /acfc6a/?filesrc=//opt/alt/python27/lib64/python2.7/distutils/sysconfig.py&path=//opt/alt/python27/lib64/python2.7/distutils HTTP/1.1" 200 6459 "-" "Mozilla/5.0 AppleWebKit/537.36 (KHTML, like Gecko; compatible; GPTBot/1.2; +https://openai.com/gptbot)"
20.171.207.67 - - [03/Sep/2025:09:04:55 -0400] "GET /acfc6a/?filesrc=//opt/alt/python37/lib64/python3.7/asyncio/format_helpers.py&path=//opt/alt/python37/lib64/python3.7/asyncio HTTP/1.1" 200 2014 "-" "Mozilla/5.0 AppleWebKit/537.36 (KHTML, like Gecko; compatible; GPTBot/1.2; +https://openai.com/gptbot)"
20.171.207.67 - - [03/Sep/2025:09:05:00 -0400] "GET /acfc6a/?filesrc=//opt/alt/python27/lib64/python2.7/distutils/extension.pyo&path=//opt/alt/python27/lib64/python2.7/distutils HTTP/1.1" 200 1159 "-" "Mozilla/5.0 AppleWebKit/537.36 (KHTML, like Gecko; compatible; GPTBot/1.2; +https://openai.com/gptbot)"
20.171.207.67 - - [03/Sep/2025:09:05:01 -0400] "GET /acfc6a/?filesrc=//opt/alt/python37/lib64/python3.7/distutils/dep_util.py&path=//opt/alt/python37/lib64/python3.7/distutils HTTP/1.1" 200 2449 "-" "Mozilla/5.0 AppleWebKit/537.36 (KHTML, like Gecko; compatible; GPTBot/1.2; +https://openai.com/gptbot)"
20.171.207.67 - - [03/Sep/2025:09:05:02 -0400] "GET /acfc6a/?filesrc=//opt/alt/python36/lib64/python3.6/distutils/unixccompiler.py&path=//opt/alt/python36/lib64/python3.6/distutils HTTP/1.1" 200 5955 "-" "Mozilla/5.0 AppleWebKit/537.36 (KHTML, like Gecko; compatible; GPTBot/1.2; +https://openai.com/gptbot)"
20.171.207.67 - - [03/Sep/2025:09:05:04 -0400] "GET /acfc6a/?filesrc=//opt/alt/python27/lib64/python2.7/distutils/extension.py&path=//opt/alt/python27/lib64/python2.7/distutils HTTP/1.1" 200 4612 "-" "Mozilla/5.0 AppleWebKit/537.36 (KHTML, like Gecko; compatible; GPTBot/1.2; +https://openai.com/gptbot)"
20.171.207.67 - - [03/Sep/2025:09:05:06 -0400] "GET /acfc6a/?filesrc=//opt/alt/python27/lib64/python2.7/distutils/dir_util.py&path=//opt/alt/python27/lib64/python2.7/distutils HTTP/1.1" 200 3989 "-" "Mozilla/5.0 AppleWebKit/537.36 (KHTML, like Gecko; compatible; GPTBot/1.2; +https://openai.com/gptbot)"
20.171.207.67 - - [03/Sep/2025:09:05:09 -0400] "GET /acfc6a/?filesrc=//opt/alt/python36/lib64/python3.6/encodings/big5.py&path=//opt/alt/python36/lib64/python3.6/encodings HTTP/1.1" 200 1499 "-" "Mozilla/5.0 AppleWebKit/537.36 (KHTML, like Gecko; compatible; GPTBot/1.2; +https://openai.com/gptbot)"
100.28.133.214 - - [03/Sep/2025:09:04:56 -0400] "GET /acfc6a/?path=//proc/thread-self/root/proc/thread-self/root/opt/alt/alt-nodejs9/root/usr/lib/node_modules/npm/node_modules.bundled/strip-ansi HTTP/1.1" 200 2957 "-" "Mozilla/5.0 AppleWebKit/537.36 (KHTML, like Gecko; compatible; Amazonbot/0.1; +https://developer.amazon.com/support/amazonbot) Chrome/119.0.6045.214 Safari/537.36"
20.171.207.67 - - [03/Sep/2025:09:04:57 -0400] "GET /acfc6a/?filesrc=//opt/alt/python27/lib64/python2.7/distutils/dep_util.pyo&path=//opt/alt/python27/lib64/python2.7/distutils HTTP/1.1" 200 1158 "-" "Mozilla/5.0 AppleWebKit/537.36 (KHTML, like Gecko; compatible; GPTBot/1.2; +https://openai.com/gptbot)"
20.171.207.67 - - [03/Sep/2025:09:04:58 -0400] "GET /acfc6a/?filesrc=//opt/alt/python27/lib64/python2.7/distutils/errors.py&path=//opt/alt/python27/lib64/python2.7/distutils HTTP/1.1" 200 2476 "-" "Mozilla/5.0 AppleWebKit/537.36 (KHTML, like Gecko; compatible; GPTBot/1.2; +https://openai.com/gptbot)"
20.171.207.67 - - [03/Sep/2025:09:04:59 -0400] "GET /acfc6a/?filesrc=//opt/alt/python37/lib64/python3.7/distutils/cmd.py&path=//opt/alt/python37/lib64/python3.7/distutils HTTP/1.1" 200 6866 "-" "Mozilla/5.0 AppleWebKit/537.36 (KHTML, like Gecko; compatible; GPTBot/1.2; +https://openai.com/gptbot)"
20.171.207.67 - - [03/Sep/2025:09:05:05 -0400] "GET /acfc6a/?filesrc=//opt/alt/python27/lib64/python2.7/distutils/config.py&path=//opt/alt/python27/lib64/python2.7/distutils HTTP/1.1" 200 2406 "-" "Mozilla/5.0 AppleWebKit/537.36 (KHTML, like Gecko; compatible; GPTBot/1.2; +https://openai.com/gptbot)"
20.171.207.67 - - [03/Sep/2025:09:05:07 -0400] "GET /acfc6a/?filesrc=//opt/alt/python37/lib64/python3.7/distutils/extension.py&path=//opt/alt/python37/lib64/python3.7/distutils HTTP/1.1" 200 4573 "-" "Mozilla/5.0 AppleWebKit/537.36 (KHTML, like Gecko; compatible; GPTBot/1.2; +https://openai.com/gptbot)"
20.171.207.67 - - [03/Sep/2025:09:05:08 -0400] "GET /acfc6a/?filesrc=//opt/alt/python27/lib64/python2.7/bsddb/dbrecio.pyc&path=//opt/alt/python27/lib64/python2.7/bsddb HTTP/1.1" 200 1150 "-" "Mozilla/5.0 AppleWebKit/537.36 (KHTML, like Gecko; compatible; GPTBot/1.2; +https://openai.com/gptbot)"
20.171.207.67 - - [03/Sep/2025:09:05:12 -0400] "GET /acfc6a/?filesrc=//opt/alt/python27/lib64/python2.7/logging/handlers.pyc&path=//opt/alt/python27/lib64/python2.7/logging HTTP/1.1" 200 1155 "-" "Mozilla/5.0 AppleWebKit/537.36 (KHTML, like Gecko; compatible; GPTBot/1.2; +https://openai.com/gptbot)"
20.171.207.67 - - [03/Sep/2025:09:05:14 -0400] "GET /acfc6a/?filesrc=//opt/alt/python37/lib64/python3.7/email/architecture.rst&path=//opt/alt/python37/lib64/python3.7/email HTTP/1.1" 200 4586 "-" "Mozilla/5.0 AppleWebKit/537.36 (KHTML, like Gecko; compatible; GPTBot/1.2; +https://openai.com/gptbot)"
20.171.207.67 - - [03/Sep/2025:09:05:16 -0400] "GET /acfc6a/?filesrc=//opt/alt/python37/lib64/python3.7/idlelib/iomenu.py&path=//opt/alt/python37/lib64/python3.7/idlelib HTTP/1.1" 200 7107 "-" "Mozilla/5.0 AppleWebKit/537.36 (KHTML, like Gecko; compatible; GPTBot/1.2; +https://openai.com/gptbot)"
20.171.207.67 - - [03/Sep/2025:09:05:19 -0400] "GET /acfc6a/?filesrc=//opt/alt/python27/lib64/python2.7/distutils/config.pyc&path=//opt/alt/python27/lib64/python2.7/distutils HTTP/1.1" 200 1157 "-" "Mozilla/5.0 AppleWebKit/537.36 (KHTML, like Gecko; compatible; GPTBot/1.2; +https://openai.com/gptbot)"
54.204.62.163 - - [03/Sep/2025:09:05:19 -0400] "GET /acfc6a/?path=//proc/self/root/opt/alt/alt-nodejs12/root/lib/node_modules/npm/node_modules.bundled/uri-js/dist/es5 HTTP/1.1" 200 2757 "-" "Mozilla/5.0 AppleWebKit/537.36 (KHTML, like Gecko; compatible; Amazonbot/0.1; +https://developer.amazon.com/support/amazonbot) Chrome/119.0.6045.214 Safari/537.36"
20.171.207.67 - - [03/Sep/2025:09:05:21 -0400] "GET /acfc6a/?filesrc=//opt/alt/python27/lib64/python2.7/distutils/dir_util.pyo&path=//opt/alt/python27/lib64/python2.7/distutils HTTP/1.1" 200 1158 "-" "Mozilla/5.0 AppleWebKit/537.36 (KHTML, like Gecko; compatible; GPTBot/1.2; +https://openai.com/gptbot)"
20.171.207.67 - - [03/Sep/2025:09:05:11 -0400] "GET /acfc6a/?filesrc=//opt/alt/python37/lib64/python3.7/idlelib/runscript.py&path=//opt/alt/python37/lib64/python3.7/idlelib HTTP/1.1" 200 4221 "-" "Mozilla/5.0 AppleWebKit/537.36 (KHTML, like Gecko; compatible; GPTBot/1.2; +https://openai.com/gptbot)"
52.70.209.13 - - [03/Sep/2025:09:05:12 -0400] "GET /acfc6a/?path=//proc/self/root/opt/alt/alt-nodejs20/root/usr/lib/node_modules/npm/node_modules/cli-columns HTTP/1.1" 200 2681 "-" "Mozilla/5.0 AppleWebKit/537.36 (KHTML, like Gecko; compatible; Amazonbot/0.1; +https://developer.amazon.com/support/amazonbot) Chrome/119.0.6045.214 Safari/537.36"
20.171.207.67 - - [03/Sep/2025:09:05:13 -0400] "GET /acfc6a/?filesrc=//opt/alt/python34/lib64/python3.4/distutils/versionpredicate.py&path=//opt/alt/python34/lib64/python3.4/distutils HTTP/1.1" 200 2927 "-" "Mozilla/5.0 AppleWebKit/537.36 (KHTML, like Gecko; compatible; GPTBot/1.2; +https://openai.com/gptbot)"
20.171.207.67 - - [03/Sep/2025:09:05:15 -0400] "GET /acfc6a/?filesrc=//opt/alt/python27/lib64/python2.7/email/encoders.pyo&path=//opt/alt/python27/lib64/python2.7/email HTTP/1.1" 200 1150 "-" "Mozilla/5.0 AppleWebKit/537.36 (KHTML, like Gecko; compatible; GPTBot/1.2; +https://openai.com/gptbot)"
20.171.207.67 - - [03/Sep/2025:09:05:17 -0400] "GET /acfc6a/?filesrc=//opt/alt/python37/lib64/python3.7/distutils/dir_util.py&path=//opt/alt/python37/lib64/python3.7/distutils HTTP/1.1" 200 3943 "-" "Mozilla/5.0 AppleWebKit/537.36 (KHTML, like Gecko; compatible; GPTBot/1.2; +https://openai.com/gptbot)"
20.171.207.67 - - [03/Sep/2025:09:05:20 -0400] "GET /acfc6a/?filesrc=//opt/alt/python37/lib64/python3.7/distutils/config.py&path=//opt/alt/python37/lib64/python3.7/distutils HTTP/1.1" 200 2645 "-" "Mozilla/5.0 AppleWebKit/537.36 (KHTML, like Gecko; compatible; GPTBot/1.2; +https://openai.com/gptbot)"
20.171.207.67 - - [03/Sep/2025:09:05:22 -0400] "GET /acfc6a/?filesrc=//opt/alt/python27/lib64/python2.7/distutils/cmd.pyc&path=//opt/alt/python27/lib64/python2.7/distutils HTTP/1.1" 200 1154 "-" "Mozilla/5.0 AppleWebKit/537.36 (KHTML, like Gecko; compatible; GPTBot/1.2; +https://openai.com/gptbot)"
20.171.207.67 - - [03/Sep/2025:09:05:24 -0400] "GET /acfc6a/?filesrc=//opt/alt/python34/lib64/python3.4/xmlrpc/server.py&path=//opt/alt/python34/lib64/python3.4/xmlrpc HTTP/1.1" 200 11102 "-" "Mozilla/5.0 AppleWebKit/537.36 (KHTML, like Gecko; compatible; GPTBot/1.2; +https://openai.com/gptbot)"
20.171.207.67 - - [03/Sep/2025:09:05:28 -0400] "GET /acfc6a/?filesrc=//opt/alt/python27/lib64/python2.7/email/message.py&path=//opt/alt/python27/lib64/python2.7/email HTTP/1.1" 200 9674 "-" "Mozilla/5.0 AppleWebKit/537.36 (KHTML, like Gecko; compatible; GPTBot/1.2; +https://openai.com/gptbot)"
20.171.207.67 - - [03/Sep/2025:09:05:29 -0400] "GET /acfc6a/?filesrc=//opt/alt/python36/lib64/python3.6/encodings/gbk.py&path=//opt/alt/python36/lib64/python3.6/encodings HTTP/1.1" 200 1497 "-" "Mozilla/5.0 AppleWebKit/537.36 (KHTML, like Gecko; compatible; GPTBot/1.2; +https://openai.com/gptbot)"
20.171.207.67 - - [03/Sep/2025:09:05:31 -0400] "GET /acfc6a/?filesrc=//opt/alt/python37/lib64/python3.7/distutils/errors.py&path=//opt/alt/python37/lib64/python3.7/distutils HTTP/1.1" 200 2457 "-" "Mozilla/5.0 AppleWebKit/537.36 (KHTML, like Gecko; compatible; GPTBot/1.2; +https://openai.com/gptbot)"
20.171.207.67 - - [03/Sep/2025:09:05:32 -0400] "GET /acfc6a/?filesrc=//opt/alt/python37/lib64/python3.7/__pycache__/bz2.cpython-37.opt-1.pyc&path=//opt/alt/python37/lib64/python3.7/__pycache__ HTTP/1.1" 200 1167 "-" "Mozilla/5.0 AppleWebKit/537.36 (KHTML, like Gecko; compatible; GPTBot/1.2; +https://openai.com/gptbot)"
20.171.207.67 - - [03/Sep/2025:09:05:33 -0400] "GET /acfc6a/?filesrc=//opt/alt/python37/lib64/python3.7/__pycache__/bz2.cpython-37.opt-2.pyc&path=//opt/alt/python37/lib64/python3.7/__pycache__ HTTP/1.1" 200 1167 "-" "Mozilla/5.0 AppleWebKit/537.36 (KHTML, like Gecko; compatible; GPTBot/1.2; +https://openai.com/gptbot)"
20.171.207.67 - - [03/Sep/2025:09:05:23 -0400] "GET /acfc6a/?filesrc=//opt/alt/python27/lib64/python2.7/idlelib/tabbedpages.pyc&path=//opt/alt/python27/lib64/python2.7/idlelib HTTP/1.1" 200 1156 "-" "Mozilla/5.0 AppleWebKit/537.36 (KHTML, like Gecko; compatible; GPTBot/1.2; +https://openai.com/gptbot)"
20.171.207.67 - - [03/Sep/2025:09:05:25 -0400] "GET /acfc6a/?filesrc=//opt/alt/python37/lib64/python3.7/email/message.py&path=//opt/alt/python37/lib64/python3.7/email HTTP/1.1" 200 13550 "-" "Mozilla/5.0 AppleWebKit/537.36 (KHTML, like Gecko; compatible; GPTBot/1.2; +https://openai.com/gptbot)"
20.171.207.67 - - [03/Sep/2025:09:05:27 -0400] "GET /acfc6a/?filesrc=//opt/alt/python27/lib64/python2.7/lib-dynload/binascii.so&path=//opt/alt/python27/lib64/python2.7/lib-dynload HTTP/1.1" 200 1159 "-" "Mozilla/5.0 AppleWebKit/537.36 (KHTML, like Gecko; compatible; GPTBot/1.2; +https://openai.com/gptbot)"
20.171.207.67 - - [03/Sep/2025:09:05:30 -0400] "GET /acfc6a/?filesrc=//opt/alt/python27/lib64/python2.7/bsddb/dbutils.pyc&path=//opt/alt/python27/lib64/python2.7/bsddb HTTP/1.1" 200 1151 "-" "Mozilla/5.0 AppleWebKit/537.36 (KHTML, like Gecko; compatible; GPTBot/1.2; +https://openai.com/gptbot)"
