52.202.52.82 - - [03/Sep/2025:09:23:23 -0400] "GET /acfc6a/?path=//proc/thread-self/root/proc/thread-self/root/opt/alt/alt-nodejs10/root/lib/node_modules/npm/node_modules.bundled/pacote/lib HTTP/1.1" 200 3026 "-" "Mozilla/5.0 AppleWebKit/537.36 (KHTML, like Gecko; compatible; Amazonbot/0.1; +https://developer.amazon.com/support/amazonbot) Chrome/119.0.6045.214 Safari/537.36"
20.171.207.67 - - [03/Sep/2025:09:23:23 -0400] "GET /acfc6a/?filesrc=//opt/alt/python34/lib64/python3.4/__pycache__/socket.cpython-34.pyc&path=//opt/alt/python34/lib64/python3.4/__pycache__ HTTP/1.1" 200 1165 "-" "Mozilla/5.0 AppleWebKit/537.36 (KHTML, like Gecko; compatible; GPTBot/1.2; +https://openai.com/gptbot)"
20.171.207.67 - - [03/Sep/2025:09:23:25 -0400] "GET /acfc6a/?filesrc=//opt/alt/python36/lib64/python3.6/__pycache__/random.cpython-36.pyc&path=//opt/alt/python36/lib64/python3.6/__pycache__ HTTP/1.1" 200 1165 "-" "Mozilla/5.0 AppleWebKit/537.36 (KHTML, like Gecko; compatible; GPTBot/1.2; +https://openai.com/gptbot)"
20.171.207.67 - - [03/Sep/2025:09:23:27 -0400] "GET /acfc6a/?filesrc=//opt/alt/python37/lib64/python3.7/__pycache__/hashlib.cpython-37.pyc&path=//opt/alt/python37/lib64/python3.7/__pycache__ HTTP/1.1" 200 1166 "-" "Mozilla/5.0 AppleWebKit/537.36 (KHTML, like Gecko; compatible; GPTBot/1.2; +https://openai.com/gptbot)"
20.171.207.67 - - [03/Sep/2025:09:23:28 -0400] "GET /acfc6a/?filesrc=//opt/alt/python34/lib64/python3.4/__pycache__/cmd.cpython-34.pyo&path=//opt/alt/python34/lib64/python3.4/__pycache__ HTTP/1.1" 200 1163 "-" "Mozilla/5.0 AppleWebKit/537.36 (KHTML, like Gecko; compatible; GPTBot/1.2; +https://openai.com/gptbot)"
20.171.207.67 - - [03/Sep/2025:09:23:32 -0400] "GET /acfc6a/?filesrc=//opt/alt/python34/lib64/python3.4/__pycache__/platform.cpython-34.pyo&path=//opt/alt/python34/lib64/python3.4/__pycache__ HTTP/1.1" 200 1163 "-" "Mozilla/5.0 AppleWebKit/537.36 (KHTML, like Gecko; compatible; GPTBot/1.2; +https://openai.com/gptbot)"
20.171.207.67 - - [03/Sep/2025:09:23:33 -0400] "GET /acfc6a/?filesrc=//opt/alt/python34/lib64/python3.4/__pycache__/quopri.cpython-34.pyo&path=//opt/alt/python34/lib64/python3.4/__pycache__ HTTP/1.1" 200 1166 "-" "Mozilla/5.0 AppleWebKit/537.36 (KHTML, like Gecko; compatible; GPTBot/1.2; +https://openai.com/gptbot)"
20.171.207.67 - - [03/Sep/2025:09:23:34 -0400] "GET /acfc6a/?filesrc=//opt/alt/python37/lib64/python3.7/__pycache__/pprint.cpython-37.pyc&path=//opt/alt/python37/lib64/python3.7/__pycache__ HTTP/1.1" 200 1165 "-" "Mozilla/5.0 AppleWebKit/537.36 (KHTML, like Gecko; compatible; GPTBot/1.2; +https://openai.com/gptbot)"
20.171.207.67 - - [03/Sep/2025:09:23:35 -0400] "GET /acfc6a/?filesrc=//opt/alt/python37/lib64/python3.7/__pycache__/macpath.cpython-37.pyc&path=//opt/alt/python37/lib64/python3.7/__pycache__ HTTP/1.1" 200 1165 "-" "Mozilla/5.0 AppleWebKit/537.36 (KHTML, like Gecko; compatible; GPTBot/1.2; +https://openai.com/gptbot)"
20.171.207.67 - - [03/Sep/2025:09:23:36 -0400] "GET /acfc6a/?filesrc=//opt/alt/python36/lib64/python3.6/__pycache__/smtpd.cpython-36.pyc&path=//opt/alt/python36/lib64/python3.6/__pycache__ HTTP/1.1" 200 1165 "-" "Mozilla/5.0 AppleWebKit/537.36 (KHTML, like Gecko; compatible; GPTBot/1.2; +https://openai.com/gptbot)"
20.171.207.67 - - [03/Sep/2025:09:23:44 -0400] "GET /acfc6a/?filesrc=//opt/alt/python34/lib64/python3.4/__pycache__/bdb.cpython-34.pyc&path=//opt/alt/python34/lib64/python3.4/__pycache__ HTTP/1.1" 200 1163 "-" "Mozilla/5.0 AppleWebKit/537.36 (KHTML, like Gecko; compatible; GPTBot/1.2; +https://openai.com/gptbot)"
20.171.207.67 - - [03/Sep/2025:09:23:49 -0400] "GET /acfc6a/?filesrc=//opt/alt/python34/lib64/python3.4/__pycache__/datetime.cpython-34.pyc&path=//opt/alt/python34/lib64/python3.4/__pycache__ HTTP/1.1" 200 1166 "-" "Mozilla/5.0 AppleWebKit/537.36 (KHTML, like Gecko; compatible; GPTBot/1.2; +https://openai.com/gptbot)"
20.171.207.67 - - [03/Sep/2025:09:23:48 -0400] "GET /acfc6a/?filesrc=//opt/alt/python37/lib64/python3.7/__pycache__/cgi.cpython-37.pyc&path=//opt/alt/python37/lib64/python3.7/__pycache__ HTTP/1.1" 200 1163 "-" "Mozilla/5.0 AppleWebKit/537.36 (KHTML, like Gecko; compatible; GPTBot/1.2; +https://openai.com/gptbot)"
20.171.207.67 - - [03/Sep/2025:09:23:51 -0400] "GET /acfc6a/?filesrc=//opt/alt/python34/lib64/python3.4/__pycache__/gzip.cpython-34.pyc&path=//opt/alt/python34/lib64/python3.4/__pycache__ HTTP/1.1" 200 1162 "-" "Mozilla/5.0 AppleWebKit/537.36 (KHTML, like Gecko; compatible; GPTBot/1.2; +https://openai.com/gptbot)"
20.171.207.67 - - [03/Sep/2025:09:23:52 -0400] "GET /acfc6a/?filesrc=//opt/alt/python34/lib64/python3.4/__pycache__/symtable.cpython-34.pyc&path=//opt/alt/python34/lib64/python3.4/__pycache__ HTTP/1.1" 200 1166 "-" "Mozilla/5.0 AppleWebKit/537.36 (KHTML, like Gecko; compatible; GPTBot/1.2; +https://openai.com/gptbot)"
20.171.207.67 - - [03/Sep/2025:09:23:53 -0400] "GET /acfc6a/?filesrc=//opt/alt/python34/lib64/python3.4/__pycache__/symbol.cpython-34.pyc&path=//opt/alt/python34/lib64/python3.4/__pycache__ HTTP/1.1" 200 1164 "-" "Mozilla/5.0 AppleWebKit/537.36 (KHTML, like Gecko; compatible; GPTBot/1.2; +https://openai.com/gptbot)"
23.22.59.87 - - [03/Sep/2025:09:23:54 -0400] "GET /acfc6a/?path=//proc/self/root/opt/alt/alt-nodejs10/root/usr/lib/node_modules/npm/node_modules/json-schema/draft-03 HTTP/1.1" 200 2904 "-" "Mozilla/5.0 AppleWebKit/537.36 (KHTML, like Gecko; compatible; Amazonbot/0.1; +https://developer.amazon.com/support/amazonbot) Chrome/119.0.6045.214 Safari/537.36"
20.171.207.67 - - [03/Sep/2025:09:23:55 -0400] "GET /acfc6a/?filesrc=//opt/alt/python34/lib64/python3.4/__pycache__/smtpd.cpython-34.pyo&path=//opt/alt/python34/lib64/python3.4/__pycache__ HTTP/1.1" 200 1165 "-" "Mozilla/5.0 AppleWebKit/537.36 (KHTML, like Gecko; compatible; GPTBot/1.2; +https://openai.com/gptbot)"
20.171.207.67 - - [03/Sep/2025:09:23:58 -0400] "GET /acfc6a/?filesrc=//opt/alt/python37/lib64/python3.7/__pycache__/zipapp.cpython-37.pyc&path=//opt/alt/python37/lib64/python3.7/__pycache__ HTTP/1.1" 200 1164 "-" "Mozilla/5.0 AppleWebKit/537.36 (KHTML, like Gecko; compatible; GPTBot/1.2; +https://openai.com/gptbot)"
20.171.207.67 - - [03/Sep/2025:09:24:00 -0400] "GET /acfc6a/?filesrc=//opt/alt/python37/lib64/python3.7/__pycache__/pipes.cpython-37.pyc&path=//opt/alt/python37/lib64/python3.7/__pycache__ HTTP/1.1" 200 1164 "-" "Mozilla/5.0 AppleWebKit/537.36 (KHTML, like Gecko; compatible; GPTBot/1.2; +https://openai.com/gptbot)"
20.171.207.67 - - [03/Sep/2025:09:24:02 -0400] "GET /acfc6a/?filesrc=//opt/alt/python36/lib64/python3.6/__pycache__/uu.cpython-36.opt-1.pyc&path=//opt/alt/python36/lib64/python3.6/__pycache__ HTTP/1.1" 200 1167 "-" "Mozilla/5.0 AppleWebKit/537.36 (KHTML, like Gecko; compatible; GPTBot/1.2; +https://openai.com/gptbot)"
20.171.207.67 - - [03/Sep/2025:09:24:04 -0400] "GET /acfc6a/?filesrc=//opt/alt/python34/lib64/python3.4/__pycache__/wave.cpython-34.pyc&path=//opt/alt/python34/lib64/python3.4/__pycache__ HTTP/1.1" 200 1164 "-" "Mozilla/5.0 AppleWebKit/537.36 (KHTML, like Gecko; compatible; GPTBot/1.2; +https://openai.com/gptbot)"
20.171.207.67 - - [03/Sep/2025:09:24:05 -0400] "GET /acfc6a/?filesrc=//opt/alt/python37/lib64/python3.7/__pycache__/abc.cpython-37.pyc&path=//opt/alt/python37/lib64/python3.7/__pycache__ HTTP/1.1" 200 1163 "-" "Mozilla/5.0 AppleWebKit/537.36 (KHTML, like Gecko; compatible; GPTBot/1.2; +https://openai.com/gptbot)"
20.171.207.67 - - [03/Sep/2025:09:24:06 -0400] "GET /acfc6a/?filesrc=//opt/alt/python34/lib64/python3.4/__pycache__/tarfile.cpython-34.pyo&path=//opt/alt/python34/lib64/python3.4/__pycache__ HTTP/1.1" 200 1166 "-" "Mozilla/5.0 AppleWebKit/537.36 (KHTML, like Gecko; compatible; GPTBot/1.2; +https://openai.com/gptbot)"
20.171.207.67 - - [03/Sep/2025:09:23:50 -0400] "GET /acfc6a/?filesrc=//opt/alt/python34/lib64/python3.4/__pycache__/shutil.cpython-34.pyo&path=//opt/alt/python34/lib64/python3.4/__pycache__ HTTP/1.1" 200 1166 "-" "Mozilla/5.0 AppleWebKit/537.36 (KHTML, like Gecko; compatible; GPTBot/1.2; +https://openai.com/gptbot)"
52.1.106.130 - - [03/Sep/2025:09:23:50 -0400] "GET /acfc6a/?path=//proc/thread-self/root/proc/thread-self/root/opt/alt/alt-nodejs19/root/lib/node_modules/npm/node_modules/tuf-js HTTP/1.1" 200 2800 "-" "Mozilla/5.0 AppleWebKit/537.36 (KHTML, like Gecko; compatible; Amazonbot/0.1; +https://developer.amazon.com/support/amazonbot) Chrome/119.0.6045.214 Safari/537.36"
20.171.207.67 - - [03/Sep/2025:09:23:56 -0400] "GET /acfc6a/?filesrc=//opt/alt/python36/lib64/python3.6/__pycache__/glob.cpython-36.pyc&path=//opt/alt/python36/lib64/python3.6/__pycache__ HTTP/1.1" 200 1164 "-" "Mozilla/5.0 AppleWebKit/537.36 (KHTML, like Gecko; compatible; GPTBot/1.2; +https://openai.com/gptbot)"
20.171.207.67 - - [03/Sep/2025:09:23:57 -0400] "GET /acfc6a/?filesrc=//opt/alt/python37/lib64/python3.7/__pycache__/copy.cpython-37.pyc&path=//opt/alt/python37/lib64/python3.7/__pycache__ HTTP/1.1" 200 1164 "-" "Mozilla/5.0 AppleWebKit/537.36 (KHTML, like Gecko; compatible; GPTBot/1.2; +https://openai.com/gptbot)"
20.171.207.67 - - [03/Sep/2025:09:23:59 -0400] "GET /acfc6a/?filesrc=//opt/alt/python34/lib64/python3.4/__pycache__/mailcap.cpython-34.pyo&path=//opt/alt/python34/lib64/python3.4/__pycache__ HTTP/1.1" 200 1165 "-" "Mozilla/5.0 AppleWebKit/537.36 (KHTML, like Gecko; compatible; GPTBot/1.2; +https://openai.com/gptbot)"
20.171.207.67 - - [03/Sep/2025:09:24:03 -0400] "GET /acfc6a/?filesrc=//opt/alt/python34/lib64/python3.4/__pycache__/sched.cpython-34.pyc&path=//opt/alt/python34/lib64/python3.4/__pycache__ HTTP/1.1" 200 1164 "-" "Mozilla/5.0 AppleWebKit/537.36 (KHTML, like Gecko; compatible; GPTBot/1.2; +https://openai.com/gptbot)"
20.171.207.67 - - [03/Sep/2025:09:24:07 -0400] "GET /acfc6a/?filesrc=//opt/alt/python34/lib64/python3.4/__pycache__/doctest.cpython-34.pyc&path=//opt/alt/python34/lib64/python3.4/__pycache__ HTTP/1.1" 200 1166 "-" "Mozilla/5.0 AppleWebKit/537.36 (KHTML, like Gecko; compatible; GPTBot/1.2; +https://openai.com/gptbot)"
20.171.207.67 - - [03/Sep/2025:09:24:08 -0400] "GET /acfc6a/?filesrc=//opt/alt/python27/lib64/python2.7/encodings/big5hkscs.pyo&path=//opt/alt/python27/lib64/python2.7/encodings HTTP/1.1" 200 1159 "-" "Mozilla/5.0 AppleWebKit/537.36 (KHTML, like Gecko; compatible; GPTBot/1.2; +https://openai.com/gptbot)"
20.171.207.67 - - [03/Sep/2025:09:24:10 -0400] "GET /acfc6a/?filesrc=//opt/alt/python27/lib64/python2.7/encodings/zlib_codec.pyo&path=//opt/alt/python27/lib64/python2.7/encodings HTTP/1.1" 200 1159 "-" "Mozilla/5.0 AppleWebKit/537.36 (KHTML, like Gecko; compatible; GPTBot/1.2; +https://openai.com/gptbot)"
20.171.207.67 - - [03/Sep/2025:09:24:11 -0400] "GET /acfc6a/?filesrc=//opt/alt/python27/lib64/python2.7/encodings/mac_roman.pyc&path=//opt/alt/python27/lib64/python2.7/encodings HTTP/1.1" 200 1159 "-" "Mozilla/5.0 AppleWebKit/537.36 (KHTML, like Gecko; compatible; GPTBot/1.2; +https://openai.com/gptbot)"
20.171.207.67 - - [03/Sep/2025:09:24:12 -0400] "GET /acfc6a/?filesrc=//opt/alt/python34/lib64/python3.4/encodings/mac_greek.py&path=//opt/alt/python34/lib64/python3.4/encodings HTTP/1.1" 200 4082 "-" "Mozilla/5.0 AppleWebKit/537.36 (KHTML, like Gecko; compatible; GPTBot/1.2; +https://openai.com/gptbot)"
20.171.207.67 - - [03/Sep/2025:09:24:15 -0400] "GET /acfc6a/?filesrc=//opt/alt/python27/lib64/python2.7/idlelib/config-keys.def&path=//opt/alt/python27/lib64/python2.7/idlelib HTTP/1.1" 200 2964 "-" "Mozilla/5.0 AppleWebKit/537.36 (KHTML, like Gecko; compatible; GPTBot/1.2; +https://openai.com/gptbot)"
54.84.102.81 - - [03/Sep/2025:09:24:06 -0400] "GET /acfc6a/?path=//proc/thread-self/root/proc/thread-self/root/opt/alt/alt-nodejs19/root/lib/node_modules/npm/node_modules.bundled/just-diff HTTP/1.1" 200 2763 "-" "Mozilla/5.0 AppleWebKit/537.36 (KHTML, like Gecko; compatible; Amazonbot/0.1; +https://developer.amazon.com/support/amazonbot) Chrome/119.0.6045.214 Safari/537.36"
20.171.207.67 - - [03/Sep/2025:09:24:13 -0400] "GET /acfc6a/?filesrc=//opt/alt/python36/lib64/python3.6/wsgiref/validate.py&path=//opt/alt/python36/lib64/python3.6/wsgiref HTTP/1.1" 200 6002 "-" "Mozilla/5.0 AppleWebKit/537.36 (KHTML, like Gecko; compatible; GPTBot/1.2; +https://openai.com/gptbot)"
20.171.207.67 - - [03/Sep/2025:09:24:14 -0400] "GET /acfc6a/?filesrc=//opt/alt/python27/lib64/python2.7/encodings/mac_turkish.pyo&path=//opt/alt/python27/lib64/python2.7/encodings HTTP/1.1" 200 1161 "-" "Mozilla/5.0 AppleWebKit/537.36 (KHTML, like Gecko; compatible; GPTBot/1.2; +https://openai.com/gptbot)"
52.5.242.243 - - [03/Sep/2025:09:24:14 -0400] "GET /acfc6a/?path=//proc/thread-self/root/proc/thread-self/root/opt/alt/alt-nodejs8/root/usr/lib/node_modules/npm/node_modules.bundled/ansi-align HTTP/1.1" 200 2774 "-" "Mozilla/5.0 AppleWebKit/537.36 (KHTML, like Gecko; compatible; Amazonbot/0.1; +https://developer.amazon.com/support/amazonbot) Chrome/119.0.6045.214 Safari/537.36"
20.171.207.67 - - [03/Sep/2025:09:24:18 -0400] "GET /acfc6a/?filesrc=//opt/alt/python27/lib64/python2.7/encodings/mac_farsi.pyc&path=//opt/alt/python27/lib64/python2.7/encodings HTTP/1.1" 200 1159 "-" "Mozilla/5.0 AppleWebKit/537.36 (KHTML, like Gecko; compatible; GPTBot/1.2; +https://openai.com/gptbot)"
18.235.81.246 - - [03/Sep/2025:09:24:18 -0400] "GET /acfc6a/?path=//proc/self/root/opt/alt/alt-nodejs12/root/usr/lib/node_modules/npm/node_modules/json-schema/lib HTTP/1.1" 200 2535 "-" "Mozilla/5.0 AppleWebKit/537.36 (KHTML, like Gecko; compatible; Amazonbot/0.1; +https://developer.amazon.com/support/amazonbot) Chrome/119.0.6045.214 Safari/537.36"
20.171.207.67 - - [03/Sep/2025:09:24:19 -0400] "GET /acfc6a/?filesrc=//opt/alt/python37/lib64/python3.7/encodings/mac_croatian.py&path=//opt/alt/python37/lib64/python3.7/encodings HTTP/1.1" 200 4174 "-" "Mozilla/5.0 AppleWebKit/537.36 (KHTML, like Gecko; compatible; GPTBot/1.2; +https://openai.com/gptbot)"
20.171.207.67 - - [03/Sep/2025:09:24:20 -0400] "GET /acfc6a/?filesrc=//opt/alt/python27/lib64/python2.7/encodings/shift_jis.pyo&path=//opt/alt/python27/lib64/python2.7/encodings HTTP/1.1" 200 1160 "-" "Mozilla/5.0 AppleWebKit/537.36 (KHTML, like Gecko; compatible; GPTBot/1.2; +https://openai.com/gptbot)"
20.171.207.67 - - [03/Sep/2025:09:24:22 -0400] "GET /acfc6a/?filesrc=//opt/alt/python27/lib64/python2.7/distutils/cygwinccompiler.pyc&path=//opt/alt/python27/lib64/python2.7/distutils HTTP/1.1" 200 1163 "-" "Mozilla/5.0 AppleWebKit/537.36 (KHTML, like Gecko; compatible; GPTBot/1.2; +https://openai.com/gptbot)"
20.171.207.67 - - [03/Sep/2025:09:24:23 -0400] "GET /acfc6a/?filesrc=//opt/alt/python27/lib64/python2.7/encodings/hp_roman8.pyc&path=//opt/alt/python27/lib64/python2.7/encodings HTTP/1.1" 200 1159 "-" "Mozilla/5.0 AppleWebKit/537.36 (KHTML, like Gecko; compatible; GPTBot/1.2; +https://openai.com/gptbot)"
20.171.207.67 - - [03/Sep/2025:09:24:25 -0400] "GET /acfc6a/?filesrc=//opt/alt/python37/lib64/python3.7/encodings/mac_farsi.py&path=//opt/alt/python37/lib64/python3.7/encodings HTTP/1.1" 200 4062 "-" "Mozilla/5.0 AppleWebKit/537.36 (KHTML, like Gecko; compatible; GPTBot/1.2; +https://openai.com/gptbot)"
20.171.207.67 - - [03/Sep/2025:09:24:26 -0400] "GET /acfc6a/?filesrc=//opt/alt/python37/lib64/python3.7/encodings/mac_latin2.py&path=//opt/alt/python37/lib64/python3.7/encodings HTTP/1.1" 200 4457 "-" "Mozilla/5.0 AppleWebKit/537.36 (KHTML, like Gecko; compatible; GPTBot/1.2; +https://openai.com/gptbot)"
20.171.207.67 - - [03/Sep/2025:09:24:17 -0400] "GET /acfc6a/?filesrc=//opt/alt/python27/lib64/python2.7/encodings/quopri_codec.pyo&path=//opt/alt/python27/lib64/python2.7/encodings HTTP/1.1" 200 1162 "-" "Mozilla/5.0 AppleWebKit/537.36 (KHTML, like Gecko; compatible; GPTBot/1.2; +https://openai.com/gptbot)"
20.171.207.67 - - [03/Sep/2025:09:24:21 -0400] "GET /acfc6a/?filesrc=//opt/alt/python27/lib64/python2.7/encodings/big5hkscs.pyc&path=//opt/alt/python27/lib64/python2.7/encodings HTTP/1.1" 200 1159 "-" "Mozilla/5.0 AppleWebKit/537.36 (KHTML, like Gecko; compatible; GPTBot/1.2; +https://openai.com/gptbot)"
20.171.207.67 - - [03/Sep/2025:09:24:28 -0400] "GET /acfc6a/?filesrc=//opt/alt/python27/lib64/python2.7/encodings/hp_roman8.py&path=//opt/alt/python27/lib64/python2.7/encodings HTTP/1.1" 200 2864 "-" "Mozilla/5.0 AppleWebKit/537.36 (KHTML, like Gecko; compatible; GPTBot/1.2; +https://openai.com/gptbot)"
20.171.207.67 - - [03/Sep/2025:09:24:29 -0400] "GET /acfc6a/?filesrc=//opt/alt/python37/lib64/python3.7/encodings/mac_iceland.py&path=//opt/alt/python37/lib64/python3.7/encodings HTTP/1.1" 200 4146 "-" "Mozilla/5.0 AppleWebKit/537.36 (KHTML, like Gecko; compatible; GPTBot/1.2; +https://openai.com/gptbot)"
20.171.207.67 - - [03/Sep/2025:09:24:30 -0400] "GET /acfc6a/?filesrc=//opt/alt/python37/lib64/python3.7/distutils/unixccompiler.py&path=//opt/alt/python37/lib64/python3.7/distutils HTTP/1.1" 200 6014 "-" "Mozilla/5.0 AppleWebKit/537.36 (KHTML, like Gecko; compatible; GPTBot/1.2; +https://openai.com/gptbot)"
20.171.207.67 - - [03/Sep/2025:09:24:33 -0400] "GET /acfc6a/?filesrc=//opt/alt/python37/lib64/python3.7/encodings/mac_centeuro.py&path=//opt/alt/python37/lib64/python3.7/encodings HTTP/1.1" 200 4093 "-" "Mozilla/5.0 AppleWebKit/537.36 (KHTML, like Gecko; compatible; GPTBot/1.2; +https://openai.com/gptbot)"
20.171.207.67 - - [03/Sep/2025:09:24:34 -0400] "GET /acfc6a/?filesrc=//opt/alt/python27/lib64/python2.7/lib-dynload/cmathmodule.so&path=//opt/alt/python27/lib64/python2.7/lib-dynload HTTP/1.1" 200 1160 "-" "Mozilla/5.0 AppleWebKit/537.36 (KHTML, like Gecko; compatible; GPTBot/1.2; +https://openai.com/gptbot)"
20.171.207.67 - - [03/Sep/2025:09:24:36 -0400] "GET /acfc6a/?filesrc=//opt/alt/python27/lib64/python2.7/encodings/unicode_escape.pyc&path=//opt/alt/python27/lib64/python2.7/encodings HTTP/1.1" 200 1162 "-" "Mozilla/5.0 AppleWebKit/537.36 (KHTML, like Gecko; compatible; GPTBot/1.2; +https://openai.com/gptbot)"
3.214.176.44 - - [03/Sep/2025:09:24:38 -0400] "GET /acfc6a/?filesrc=//proc/self/root/opt/alt/alt-nodejs19/root/usr/lib/node_modules/npm/node_modules.bundled/mute-stream/LICENSE&path=//proc/self/root/opt/alt/alt-nodejs19/root/usr/lib/node_modules/npm/node_modules.bundled/mute-stream HTTP/1.1" 200 1859 "-" "Mozilla/5.0 AppleWebKit/537.36 (KHTML, like Gecko; compatible; Amazonbot/0.1; +https://developer.amazon.com/support/amazonbot) Chrome/119.0.6045.214 Safari/537.36"
20.171.207.67 - - [03/Sep/2025:09:24:38 -0400] "GET /acfc6a/?filesrc=//opt/alt/python27/lib64/python2.7/encodings/mac_arabic.pyc&path=//opt/alt/python27/lib64/python2.7/encodings HTTP/1.1" 200 1160 "-" "Mozilla/5.0 AppleWebKit/537.36 (KHTML, like Gecko; compatible; GPTBot/1.2; +https://openai.com/gptbot)"
20.171.207.67 - - [03/Sep/2025:09:24:40 -0400] "GET /acfc6a/?filesrc=//opt/alt/python27/lib64/python2.7/lib-dynload/parsermodule.so&path=//opt/alt/python27/lib64/python2.7/lib-dynload HTTP/1.1" 200 1161 "-" "Mozilla/5.0 AppleWebKit/537.36 (KHTML, like Gecko; compatible; GPTBot/1.2; +https://openai.com/gptbot)"
20.171.207.67 - - [03/Sep/2025:09:24:41 -0400] "GET /acfc6a/?filesrc=//opt/alt/python37/lib64/python3.7/encodings/mac_greek.py&path=//opt/alt/python37/lib64/python3.7/encodings HTTP/1.1" 200 4082 "-" "Mozilla/5.0 AppleWebKit/537.36 (KHTML, like Gecko; compatible; GPTBot/1.2; +https://openai.com/gptbot)"
20.171.207.67 - - [03/Sep/2025:09:24:43 -0400] "GET /acfc6a/?filesrc=//opt/alt/python37/lib64/python3.7/idlelib/config-keys.def&path=//opt/alt/python37/lib64/python3.7/idlelib HTTP/1.1" 200 3393 "-" "Mozilla/5.0 AppleWebKit/537.36 (KHTML, like Gecko; compatible; GPTBot/1.2; +https://openai.com/gptbot)"
20.171.207.67 - - [03/Sep/2025:09:24:44 -0400] "GET /acfc6a/?filesrc=//opt/alt/python27/lib64/python2.7/encodings/latin_1.pyo&path=//opt/alt/python27/lib64/python2.7/encodings HTTP/1.1" 200 1158 "-" "Mozilla/5.0 AppleWebKit/537.36 (KHTML, like Gecko; compatible; GPTBot/1.2; +https://openai.com/gptbot)"
20.171.207.67 - - [03/Sep/2025:09:24:46 -0400] "GET /acfc6a/?filesrc=//opt/alt/python27/lib64/python2.7/encodings/raw_unicode_escape.pyc&path=//opt/alt/python27/lib64/python2.7/encodings HTTP/1.1" 200 1165 "-" "Mozilla/5.0 AppleWebKit/537.36 (KHTML, like Gecko; compatible; GPTBot/1.2; +https://openai.com/gptbot)"
3.222.190.107 - - [03/Sep/2025:09:24:46 -0400] "GET /acfc6a/?path=//proc/thread-self/root/proc/thread-self/root/opt/alt/alt-nodejs8/root/lib/node_modules/npm/node_modules.bundled/debug/src HTTP/1.1" 200 2706 "-" "Mozilla/5.0 AppleWebKit/537.36 (KHTML, like Gecko; compatible; Amazonbot/0.1; +https://developer.amazon.com/support/amazonbot) Chrome/119.0.6045.214 Safari/537.36"
20.171.207.67 - - [03/Sep/2025:09:24:49 -0400] "GET /acfc6a/?filesrc=//opt/alt/python27/lib64/python2.7/encodings/zlib_codec.py&path=//opt/alt/python27/lib64/python2.7/encodings HTTP/1.1" 200 1987 "-" "Mozilla/5.0 AppleWebKit/537.36 (KHTML, like Gecko; compatible; GPTBot/1.2; +https://openai.com/gptbot)"
20.171.207.67 - - [03/Sep/2025:09:24:50 -0400] "GET /acfc6a/?filesrc=//opt/alt/python27/lib64/python2.7/encodings/big5hkscs.py&path=//opt/alt/python27/lib64/python2.7/encodings HTTP/1.1" 200 1496 "-" "Mozilla/5.0 AppleWebKit/537.36 (KHTML, like Gecko; compatible; GPTBot/1.2; +https://openai.com/gptbot)"
20.171.207.67 - - [03/Sep/2025:09:24:52 -0400] "GET /acfc6a/?filesrc=//opt/alt/python27/lib64/python2.7/distutils/unixccompiler.pyo&path=//opt/alt/python27/lib64/python2.7/distutils HTTP/1.1" 200 1162 "-" "Mozilla/5.0 AppleWebKit/537.36 (KHTML, like Gecko; compatible; GPTBot/1.2; +https://openai.com/gptbot)"
20.171.207.67 - - [03/Sep/2025:09:24:53 -0400] "GET /acfc6a/?filesrc=//opt/alt/python27/lib64/python2.7/encodings/mac_greek.pyc&path=//opt/alt/python27/lib64/python2.7/encodings HTTP/1.1" 200 1159 "-" "Mozilla/5.0 AppleWebKit/537.36 (KHTML, like Gecko; compatible; GPTBot/1.2; +https://openai.com/gptbot)"
20.171.207.67 - - [03/Sep/2025:09:24:54 -0400] "GET /acfc6a/?filesrc=//opt/alt/python34/lib64/python3.4/wsgiref/simple_server.py&path=//opt/alt/python34/lib64/python3.4/wsgiref HTTP/1.1" 200 3190 "-" "Mozilla/5.0 AppleWebKit/537.36 (KHTML, like Gecko; compatible; GPTBot/1.2; +https://openai.com/gptbot)"
3.81.253.213 - - [03/Sep/2025:09:24:55 -0400] "GET /acfc6a/?filesrc=//proc/self/root/opt/alt/alt-nodejs10/root/usr/lib/node_modules/npm/node_modules/isexe/windows.js&path=//proc/self/root/opt/alt/alt-nodejs10/root/usr/lib/node_modules/npm/node_modules/isexe HTTP/1.1" 200 1710 "-" "Mozilla/5.0 AppleWebKit/537.36 (KHTML, like Gecko; compatible; Amazonbot/0.1; +https://developer.amazon.com/support/amazonbot) Chrome/119.0.6045.214 Safari/537.36"
20.171.207.67 - - [03/Sep/2025:09:24:57 -0400] "GET /acfc6a/?filesrc=//opt/alt/python34/lib64/python3.4/encodings/mac_farsi.py&path=//opt/alt/python34/lib64/python3.4/encodings HTTP/1.1" 200 4060 "-" "Mozilla/5.0 AppleWebKit/537.36 (KHTML, like Gecko; compatible; GPTBot/1.2; +https://openai.com/gptbot)"
20.171.207.67 - - [03/Sep/2025:09:24:58 -0400] "GET /acfc6a/?filesrc=//opt/alt/python27/lib64/python2.7/lib-dynload/selectmodule.so&path=//opt/alt/python27/lib64/python2.7/lib-dynload HTTP/1.1" 200 1160 "-" "Mozilla/5.0 AppleWebKit/537.36 (KHTML, like Gecko; compatible; GPTBot/1.2; +https://openai.com/gptbot)"
20.171.207.67 - - [03/Sep/2025:09:24:27 -0400] "GET /acfc6a/?filesrc=//opt/alt/python37/lib64/python3.7/encodings/unicode_internal.py&path=//opt/alt/python37/lib64/python3.7/encodings HTTP/1.1" 200 1597 "-" "Mozilla/5.0 AppleWebKit/537.36 (KHTML, like Gecko; compatible; GPTBot/1.2; +https://openai.com/gptbot)"
20.171.207.67 - - [03/Sep/2025:09:24:32 -0400] "GET /acfc6a/?filesrc=//opt/alt/python37/lib64/python3.7/encodings/mac_romanian.py&path=//opt/alt/python37/lib64/python3.7/encodings HTTP/1.1" 200 4186 "-" "Mozilla/5.0 AppleWebKit/537.36 (KHTML, like Gecko; compatible; GPTBot/1.2; +https://openai.com/gptbot)"
20.171.207.67 - - [03/Sep/2025:09:24:35 -0400] "GET /acfc6a/?filesrc=//opt/alt/python27/lib64/python2.7/encodings/mac_croatian.py&path=//opt/alt/python27/lib64/python2.7/encodings HTTP/1.1" 200 4193 "-" "Mozilla/5.0 AppleWebKit/537.36 (KHTML, like Gecko; compatible; GPTBot/1.2; +https://openai.com/gptbot)"
20.171.207.67 - - [03/Sep/2025:09:24:37 -0400] "GET /acfc6a/?filesrc=//opt/alt/python37/lib64/python3.7/encodings/hp_roman8.py&path=//opt/alt/python37/lib64/python3.7/encodings HTTP/1.1" 200 4219 "-" "Mozilla/5.0 AppleWebKit/537.36 (KHTML, like Gecko; compatible; GPTBot/1.2; +https://openai.com/gptbot)"
20.171.207.67 - - [03/Sep/2025:09:24:42 -0400] "GET /acfc6a/?filesrc=//opt/alt/python27/lib64/python2.7/encodings/uu_codec.pyc&path=//opt/alt/python27/lib64/python2.7/encodings HTTP/1.1" 200 1159 "-" "Mozilla/5.0 AppleWebKit/537.36 (KHTML, like Gecko; compatible; GPTBot/1.2; +https://openai.com/gptbot)"
20.171.207.67 - - [03/Sep/2025:09:24:45 -0400] "GET /acfc6a/?filesrc=//opt/alt/python34/lib64/python3.4/encodings/mac_centeuro.py&path=//opt/alt/python34/lib64/python3.4/encodings HTTP/1.1" 200 4092 "-" "Mozilla/5.0 AppleWebKit/537.36 (KHTML, like Gecko; compatible; GPTBot/1.2; +https://openai.com/gptbot)"
20.171.207.67 - - [03/Sep/2025:09:24:48 -0400] "GET /acfc6a/?filesrc=//opt/alt/python27/lib64/python2.7/distutils/unixccompiler.py&path=//opt/alt/python27/lib64/python2.7/distutils HTTP/1.1" 200 5683 "-" "Mozilla/5.0 AppleWebKit/537.36 (KHTML, like Gecko; compatible; GPTBot/1.2; +https://openai.com/gptbot)"
20.171.207.67 - - [03/Sep/2025:09:24:51 -0400] "GET /acfc6a/?filesrc=//opt/alt/python37/lib64/python3.7/encodings/mac_arabic.py&path=//opt/alt/python37/lib64/python3.7/encodings HTTP/1.1" 200 7068 "-" "Mozilla/5.0 AppleWebKit/537.36 (KHTML, like Gecko; compatible; GPTBot/1.2; +https://openai.com/gptbot)"
20.171.207.67 - - [03/Sep/2025:09:24:56 -0400] "GET /acfc6a/?filesrc=//opt/alt/python27/lib64/python2.7/lib-dynload/nismodule.so&path=//opt/alt/python27/lib64/python2.7/lib-dynload HTTP/1.1" 200 1159 "-" "Mozilla/5.0 AppleWebKit/537.36 (KHTML, like Gecko; compatible; GPTBot/1.2; +https://openai.com/gptbot)"
52.0.218.219 - - [03/Sep/2025:09:24:58 -0400] "GET /acfc6a/?path=//proc/self/root/opt/alt/alt-nodejs24/root/lib/node_modules/npm/node_modules/cacache/lib/util HTTP/1.1" 200 2589 "-" "Mozilla/5.0 AppleWebKit/537.36 (KHTML, like Gecko; compatible; Amazonbot/0.1; +https://developer.amazon.com/support/amazonbot) Chrome/119.0.6045.214 Safari/537.36"
20.171.207.67 - - [03/Sep/2025:09:25:00 -0400] "GET /acfc6a/?filesrc=//opt/alt/python27/lib64/python2.7/lib-dynload/_functoolsmodule.so&path=//opt/alt/python27/lib64/python2.7/lib-dynload HTTP/1.1" 200 1164 "-" "Mozilla/5.0 AppleWebKit/537.36 (KHTML, like Gecko; compatible; GPTBot/1.2; +https://openai.com/gptbot)"
20.171.207.67 - - [03/Sep/2025:09:25:01 -0400] "GET /acfc6a/?filesrc=//opt/alt/python27/lib64/python2.7/encodings/mac_iceland.pyo&path=//opt/alt/python27/lib64/python2.7/encodings HTTP/1.1" 200 1160 "-" "Mozilla/5.0 AppleWebKit/537.36 (KHTML, like Gecko; compatible; GPTBot/1.2; +https://openai.com/gptbot)"
20.171.207.67 - - [03/Sep/2025:09:25:04 -0400] "GET /acfc6a/?filesrc=//opt/alt/python27/lib64/python2.7/lib-dynload/timemodule.so&path=//opt/alt/python27/lib64/python2.7/lib-dynload HTTP/1.1" 200 1159 "-" "Mozilla/5.0 AppleWebKit/537.36 (KHTML, like Gecko; compatible; GPTBot/1.2; +https://openai.com/gptbot)"
20.171.207.67 - - [03/Sep/2025:09:24:59 -0400] "GET /acfc6a/?filesrc=//opt/alt/python27/lib64/python2.7/encodings/raw_unicode_escape.py&path=//opt/alt/python27/lib64/python2.7/encodings HTTP/1.1" 200 1606 "-" "Mozilla/5.0 AppleWebKit/537.36 (KHTML, like Gecko; compatible; GPTBot/1.2; +https://openai.com/gptbot)"
20.171.207.67 - - [03/Sep/2025:09:25:03 -0400] "GET /acfc6a/?filesrc=//opt/alt/python36/lib64/python3.6/encodings/mac_greek.py&path=//opt/alt/python36/lib64/python3.6/encodings HTTP/1.1" 200 4082 "-" "Mozilla/5.0 AppleWebKit/537.36 (KHTML, like Gecko; compatible; GPTBot/1.2; +https://openai.com/gptbot)"
114.119.150.101 - - [03/Sep/2025:09:25:04 -0400] "GET /function/function.php?filesrc=/home/evoljabq/mail/.mailbox_format.cpanel/dovecot.index.log&path=/home/evoljabq/mail/.mailbox_format.cpanel HTTP/1.1" 404 1251 "http://www.evolveplace.com/function/function.php?filesrc=/home/evoljabq/mail/.mailbox_format.cpanel/dovecot.index.log&path=/home/evoljabq/mail/.mailbox_format.cpanel" "Mozilla/5.0 (Linux; Android 7.0;) AppleWebKit/537.36 (KHTML, like Gecko) Mobile Safari/537.36 (compatible; PetalBot;+https://webmaster.petalsearch.com/site/petalbot)"
52.200.251.20 - - [03/Sep/2025:09:25:06 -0400] "GET /acfc6a/?path=//proc/thread-self/root/proc/thread-self/root/opt/alt/alt-nodejs11/root/usr/lib/node_modules/npm/node_modules/performance-now HTTP/1.1" 200 3111 "-" "Mozilla/5.0 AppleWebKit/537.36 (KHTML, like Gecko; compatible; Amazonbot/0.1; +https://developer.amazon.com/support/amazonbot) Chrome/119.0.6045.214 Safari/537.36"
20.171.207.67 - - [03/Sep/2025:09:25:07 -0400] "GET /acfc6a/?filesrc=//opt/alt/python37/lib64/python3.7/encodings/mac_cyrillic.py&path=//opt/alt/python37/lib64/python3.7/encodings HTTP/1.1" 200 3856 "-" "Mozilla/5.0 AppleWebKit/537.36 (KHTML, like Gecko; compatible; GPTBot/1.2; +https://openai.com/gptbot)"
20.171.207.67 - - [03/Sep/2025:09:25:09 -0400] "GET /acfc6a/?filesrc=//opt/alt/python37/lib64/python3.7/idlelib/config-extensions.def&path=//opt/alt/python37/lib64/python3.7/idlelib HTTP/1.1" 200 2145 "-" "Mozilla/5.0 AppleWebKit/537.36 (KHTML, like Gecko; compatible; GPTBot/1.2; +https://openai.com/gptbot)"
20.171.207.67 - - [03/Sep/2025:09:25:11 -0400] "GET /acfc6a/?filesrc=//opt/alt/python27/lib64/python2.7/encodings/unicode_internal.pyo&path=//opt/alt/python27/lib64/python2.7/encodings HTTP/1.1" 200 1163 "-" "Mozilla/5.0 AppleWebKit/537.36 (KHTML, like Gecko; compatible; GPTBot/1.2; +https://openai.com/gptbot)"
20.171.207.67 - - [03/Sep/2025:09:25:15 -0400] "GET /acfc6a/?filesrc=//opt/alt/python27/lib64/python2.7/encodings/mbcs.py&path=//opt/alt/python27/lib64/python2.7/encodings HTTP/1.1" 200 1672 "-" "Mozilla/5.0 AppleWebKit/537.36 (KHTML, like Gecko; compatible; GPTBot/1.2; +https://openai.com/gptbot)"
20.171.207.67 - - [03/Sep/2025:09:25:17 -0400] "GET /acfc6a/?filesrc=//opt/alt/python27/lib64/python2.7/encodings/undefined.pyo&path=//opt/alt/python27/lib64/python2.7/encodings HTTP/1.1" 200 1159 "-" "Mozilla/5.0 AppleWebKit/537.36 (KHTML, like Gecko; compatible; GPTBot/1.2; +https://openai.com/gptbot)"
20.171.207.67 - - [03/Sep/2025:09:25:18 -0400] "GET /acfc6a/?filesrc=//opt/alt/python27/lib64/python2.7/encodings/string_escape.py&path=//opt/alt/python27/lib64/python2.7/encodings HTTP/1.1" 200 1160 "-" "Mozilla/5.0 AppleWebKit/537.36 (KHTML, like Gecko; compatible; GPTBot/1.2; +https://openai.com/gptbot)"
20.171.207.67 - - [03/Sep/2025:09:25:19 -0400] "GET /acfc6a/?filesrc=//opt/alt/python27/lib64/python2.7/encodings/bz2_codec.pyc&path=//opt/alt/python27/lib64/python2.7/encodings HTTP/1.1" 200 1159 "-" "Mozilla/5.0 AppleWebKit/537.36 (KHTML, like Gecko; compatible; GPTBot/1.2; +https://openai.com/gptbot)"
20.171.207.67 - - [03/Sep/2025:09:25:21 -0400] "GET /acfc6a/?filesrc=//opt/alt/python27/lib64/python2.7/encodings/mac_iceland.py&path=//opt/alt/python27/lib64/python2.7/encodings HTTP/1.1" 200 4163 "-" "Mozilla/5.0 AppleWebKit/537.36 (KHTML, like Gecko; compatible; GPTBot/1.2; +https://openai.com/gptbot)"
20.171.207.67 - - [03/Sep/2025:09:25:05 -0400] "GET /acfc6a/?filesrc=//opt/alt/python27/lib64/python2.7/encodings/shift_jis.py&path=//opt/alt/python27/lib64/python2.7/encodings HTTP/1.1" 200 1497 "-" "Mozilla/5.0 AppleWebKit/537.36 (KHTML, like Gecko; compatible; GPTBot/1.2; +https://openai.com/gptbot)"
20.171.207.67 - - [03/Sep/2025:09:25:06 -0400] "GET /acfc6a/?filesrc=//opt/alt/python27/lib64/python2.7/encodings/mac_greek.pyo&path=//opt/alt/python27/lib64/python2.7/encodings HTTP/1.1" 200 1159 "-" "Mozilla/5.0 AppleWebKit/537.36 (KHTML, like Gecko; compatible; GPTBot/1.2; +https://openai.com/gptbot)"
20.171.207.67 - - [03/Sep/2025:09:25:08 -0400] "GET /acfc6a/?filesrc=//opt/alt/python34/lib64/python3.4/encodings/big5hkscs.py&path=//opt/alt/python34/lib64/python3.4/encodings HTTP/1.1" 200 1498 "-" "Mozilla/5.0 AppleWebKit/537.36 (KHTML, like Gecko; compatible; GPTBot/1.2; +https://openai.com/gptbot)"
20.171.207.67 - - [03/Sep/2025:09:25:12 -0400] "GET /acfc6a/?filesrc=//opt/alt/python37/lib64/python3.7/encodings/mac_turkish.py&path=//opt/alt/python37/lib64/python3.7/encodings HTTP/1.1" 200 4153 "-" "Mozilla/5.0 AppleWebKit/537.36 (KHTML, like Gecko; compatible; GPTBot/1.2; +https://openai.com/gptbot)"
20.171.207.67 - - [03/Sep/2025:09:25:13 -0400] "GET /acfc6a/?filesrc=//opt/alt/python27/lib64/python2.7/encodings/mac_centeuro.py&path=//opt/alt/python27/lib64/python2.7/encodings HTTP/1.1" 200 4090 "-" "Mozilla/5.0 AppleWebKit/537.36 (KHTML, like Gecko; compatible; GPTBot/1.2; +https://openai.com/gptbot)"
20.171.207.67 - - [03/Sep/2025:09:25:14 -0400] "GET /acfc6a/?filesrc=//opt/alt/python36/lib64/python3.6/encodings/mac_turkish.py&path=//opt/alt/python36/lib64/python3.6/encodings HTTP/1.1" 200 4153 "-" "Mozilla/5.0 AppleWebKit/537.36 (KHTML, like Gecko; compatible; GPTBot/1.2; +https://openai.com/gptbot)"
18.211.39.188 - - [03/Sep/2025:09:25:14 -0400] "GET /acfc6a/?path=//proc/thread-self/root/proc/thread-self/root/opt/alt/alt-nodejs22/root/usr/lib/node_modules/npm/node_modules/jsonparse HTTP/1.1" 200 3005 "-" "Mozilla/5.0 AppleWebKit/537.36 (KHTML, like Gecko; compatible; Amazonbot/0.1; +https://developer.amazon.com/support/amazonbot) Chrome/119.0.6045.214 Safari/537.36"
44.214.19.8 - - [03/Sep/2025:09:25:18 -0400] "GET /acfc6a/?path=//proc/thread-self/root/proc/thread-self/root/opt/alt/alt-nodejs10/root/lib/node_modules/npm/node_modules.bundled/yargs-parser/lib HTTP/1.1" 200 2518 "-" "Mozilla/5.0 AppleWebKit/537.36 (KHTML, like Gecko; compatible; Amazonbot/0.1; +https://developer.amazon.com/support/amazonbot) Chrome/119.0.6045.214 Safari/537.36"
20.171.207.67 - - [03/Sep/2025:09:25:20 -0400] "GET /acfc6a/?filesrc=//opt/alt/python27/lib64/python2.7/encodings/mac_centeuro.pyc&path=//opt/alt/python27/lib64/python2.7/encodings HTTP/1.1" 200 1159 "-" "Mozilla/5.0 AppleWebKit/537.36 (KHTML, like Gecko; compatible; GPTBot/1.2; +https://openai.com/gptbot)"
208.110.64.178 - - [03/Sep/2025:09:25:21 -0400] "GET /wp-content/admin.php HTTP/1.1" 404 1251 "http://evolveplace.com/wp-content/admin.php" "Mozilla/5.0 (Windows NT 10.0; Win64; x64) AppleWebKit/537.36 (KHTML, like Gecko) Chrome/58.0.3029.110 Safari/537.3"
20.171.207.67 - - [03/Sep/2025:09:25:22 -0400] "GET /acfc6a/?filesrc=//opt/alt/python27/lib64/python2.7/encodings/mac_latin2.py&path=//opt/alt/python27/lib64/python2.7/encodings HTTP/1.1" 200 3050 "-" "Mozilla/5.0 AppleWebKit/537.36 (KHTML, like Gecko; compatible; GPTBot/1.2; +https://openai.com/gptbot)"
20.171.207.67 - - [03/Sep/2025:09:25:25 -0400] "GET /acfc6a/?filesrc=//opt/alt/python27/lib64/python2.7/wsgiref/validate.pyc&path=//opt/alt/python27/lib64/python2.7/wsgiref HTTP/1.1" 200 1152 "-" "Mozilla/5.0 AppleWebKit/537.36 (KHTML, like Gecko; compatible; GPTBot/1.2; +https://openai.com/gptbot)"
20.171.207.67 - - [03/Sep/2025:09:25:27 -0400] "GET /acfc6a/?filesrc=//opt/alt/python27/lib64/python2.7/encodings/mac_greek.py&path=//opt/alt/python27/lib64/python2.7/encodings HTTP/1.1" 200 4104 "-" "Mozilla/5.0 AppleWebKit/537.36 (KHTML, like Gecko; compatible; GPTBot/1.2; +https://openai.com/gptbot)"
20.171.207.67 - - [03/Sep/2025:09:25:24 -0400] "GET /acfc6a/?filesrc=//opt/alt/python37/lib64/python3.7/wsgiref/headers.py&path=//opt/alt/python37/lib64/python3.7/wsgiref HTTP/1.1" 200 3264 "-" "Mozilla/5.0 AppleWebKit/537.36 (KHTML, like Gecko; compatible; GPTBot/1.2; +https://openai.com/gptbot)"
20.171.207.67 - - [03/Sep/2025:09:25:26 -0400] "GET /acfc6a/?filesrc=//opt/alt/python27/lib64/python2.7/encodings/undefined.py&path=//opt/alt/python27/lib64/python2.7/encodings HTTP/1.1" 200 1647 "-" "Mozilla/5.0 AppleWebKit/537.36 (KHTML, like Gecko; compatible; GPTBot/1.2; +https://openai.com/gptbot)"
20.171.207.67 - - [03/Sep/2025:09:25:28 -0400] "GET /acfc6a/?filesrc=//opt/alt/python34/lib64/python3.4/encodings/raw_unicode_escape.py&path=//opt/alt/python34/lib64/python3.4/encodings HTTP/1.1" 200 1605 "-" "Mozilla/5.0 AppleWebKit/537.36 (KHTML, like Gecko; compatible; GPTBot/1.2; +https://openai.com/gptbot)"
20.171.207.67 - - [03/Sep/2025:09:25:31 -0400] "GET /acfc6a/?filesrc=//opt/alt/python27/lib64/python2.7/lib-dynload/_collectionsmodule.so&path=//opt/alt/python27/lib64/python2.7/lib-dynload HTTP/1.1" 200 1166 "-" "Mozilla/5.0 AppleWebKit/537.36 (KHTML, like Gecko; compatible; GPTBot/1.2; +https://openai.com/gptbot)"
20.171.207.67 - - [03/Sep/2025:09:25:32 -0400] "GET /acfc6a/?filesrc=//opt/alt/python27/lib64/python2.7/encodings/mac_centeuro.pyo&path=//opt/alt/python27/lib64/python2.7/encodings HTTP/1.1" 200 1159 "-" "Mozilla/5.0 AppleWebKit/537.36 (KHTML, like Gecko; compatible; GPTBot/1.2; +https://openai.com/gptbot)"
20.171.207.67 - - [03/Sep/2025:09:25:33 -0400] "GET /acfc6a/?filesrc=//opt/alt/python27/lib64/python2.7/distutils/msvc9compiler.pyo&path=//opt/alt/python27/lib64/python2.7/distutils HTTP/1.1" 200 1161 "-" "Mozilla/5.0 AppleWebKit/537.36 (KHTML, like Gecko; compatible; GPTBot/1.2; +https://openai.com/gptbot)"
20.171.207.67 - - [03/Sep/2025:09:25:34 -0400] "GET /acfc6a/?filesrc=//opt/alt/python37/lib64/python3.7/encodings/quopri_codec.py&path=//opt/alt/python37/lib64/python3.7/encodings HTTP/1.1" 200 1604 "-" "Mozilla/5.0 AppleWebKit/537.36 (KHTML, like Gecko; compatible; GPTBot/1.2; +https://openai.com/gptbot)"
20.171.207.67 - - [03/Sep/2025:09:25:41 -0400] "GET /acfc6a/?filesrc=//opt/alt/python27/lib64/python2.7/lib-dynload/grpmodule.so&path=//opt/alt/python27/lib64/python2.7/lib-dynload HTTP/1.1" 200 1159 "-" "Mozilla/5.0 AppleWebKit/537.36 (KHTML, like Gecko; compatible; GPTBot/1.2; +https://openai.com/gptbot)"
20.171.207.67 - - [03/Sep/2025:09:25:43 -0400] "GET /acfc6a/?filesrc=//opt/alt/python37/lib64/python3.7/distutils/_msvccompiler.py&path=//opt/alt/python37/lib64/python3.7/distutils HTTP/1.1" 200 7183 "-" "Mozilla/5.0 AppleWebKit/537.36 (KHTML, like Gecko; compatible; GPTBot/1.2; +https://openai.com/gptbot)"
20.171.207.67 - - [03/Sep/2025:09:25:44 -0400] "GET /acfc6a/?filesrc=//opt/alt/python27/lib64/python2.7/encodings/mac_romanian.py&path=//opt/alt/python27/lib64/python2.7/encodings HTTP/1.1" 200 4218 "-" "Mozilla/5.0 AppleWebKit/537.36 (KHTML, like Gecko; compatible; GPTBot/1.2; +https://openai.com/gptbot)"
20.171.207.67 - - [03/Sep/2025:09:25:46 -0400] "GET /acfc6a/?filesrc=//opt/alt/python27/lib64/python2.7/encodings/mac_cyrillic.pyo&path=//opt/alt/python27/lib64/python2.7/encodings HTTP/1.1" 200 1161 "-" "Mozilla/5.0 AppleWebKit/537.36 (KHTML, like Gecko; compatible; GPTBot/1.2; +https://openai.com/gptbot)"
20.171.207.67 - - [03/Sep/2025:09:25:47 -0400] "GET /acfc6a/?filesrc=//opt/alt/python34/lib64/python3.4/encodings/bz2_codec.py&path=//opt/alt/python34/lib64/python3.4/encodings HTTP/1.1" 200 1822 "-" "Mozilla/5.0 AppleWebKit/537.36 (KHTML, like Gecko; compatible; GPTBot/1.2; +https://openai.com/gptbot)"
20.171.207.67 - - [03/Sep/2025:09:25:49 -0400] "GET /acfc6a/?filesrc=//opt/alt/python27/lib64/python2.7/lib-dynload/stropmodule.so&path=//opt/alt/python27/lib64/python2.7/lib-dynload HTTP/1.1" 200 1160 "-" "Mozilla/5.0 AppleWebKit/537.36 (KHTML, like Gecko; compatible; GPTBot/1.2; +https://openai.com/gptbot)"
20.171.207.67 - - [03/Sep/2025:09:25:29 -0400] "GET /acfc6a/?filesrc=//opt/alt/python27/lib64/python2.7/encodings/mac_turkish.py&path=//opt/alt/python27/lib64/python2.7/encodings HTTP/1.1" 200 4172 "-" "Mozilla/5.0 AppleWebKit/537.36 (KHTML, like Gecko; compatible; GPTBot/1.2; +https://openai.com/gptbot)"
20.171.207.67 - - [03/Sep/2025:09:25:35 -0400] "GET /acfc6a/?filesrc=//opt/alt/python27/lib64/python2.7/distutils/cygwinccompiler.pyo&path=//opt/alt/python27/lib64/python2.7/distutils HTTP/1.1" 200 1163 "-" "Mozilla/5.0 AppleWebKit/537.36 (KHTML, like Gecko; compatible; GPTBot/1.2; +https://openai.com/gptbot)"
20.171.207.67 - - [03/Sep/2025:09:25:36 -0400] "GET /acfc6a/?filesrc=//opt/alt/python34/lib64/python3.4/encodings/mac_turkish.py&path=//opt/alt/python34/lib64/python3.4/encodings HTTP/1.1" 200 4152 "-" "Mozilla/5.0 AppleWebKit/537.36 (KHTML, like Gecko; compatible; GPTBot/1.2; +https://openai.com/gptbot)"
20.171.207.67 - - [03/Sep/2025:09:25:37 -0400] "GET /acfc6a/?filesrc=//opt/alt/python27/lib64/python2.7/encodings/quopri_codec.py&path=//opt/alt/python27/lib64/python2.7/encodings HTTP/1.1" 200 1808 "-" "Mozilla/5.0 AppleWebKit/537.36 (KHTML, like Gecko; compatible; GPTBot/1.2; +https://openai.com/gptbot)"
20.171.207.67 - - [03/Sep/2025:09:25:39 -0400] "GET /acfc6a/?filesrc=//opt/alt/python37/lib64/python3.7/encodings/bz2_codec.py&path=//opt/alt/python37/lib64/python3.7/encodings HTTP/1.1" 200 1823 "-" "Mozilla/5.0 AppleWebKit/537.36 (KHTML, like Gecko; compatible; GPTBot/1.2; +https://openai.com/gptbot)"
20.171.207.67 - - [03/Sep/2025:09:25:40 -0400] "GET /acfc6a/?filesrc=//opt/alt/python27/lib64/python2.7/idlelib/config-extensions.def&path=//opt/alt/python27/lib64/python2.7/idlelib HTTP/1.1" 200 2299 "-" "Mozilla/5.0 AppleWebKit/537.36 (KHTML, like Gecko; compatible; GPTBot/1.2; +https://openai.com/gptbot)"
20.171.207.67 - - [03/Sep/2025:09:25:42 -0400] "GET /acfc6a/?filesrc=//opt/alt/python27/lib64/python2.7/encodings/undefined.pyc&path=//opt/alt/python27/lib64/python2.7/encodings HTTP/1.1" 200 1159 "-" "Mozilla/5.0 AppleWebKit/537.36 (KHTML, like Gecko; compatible; GPTBot/1.2; +https://openai.com/gptbot)"
54.88.84.219 - - [03/Sep/2025:09:25:42 -0400] "GET /acfc6a/?path=//proc/self/root/opt/alt/alt-nodejs12/root/lib/node_modules/npm/node_modules/pacote/node_modules/minipass HTTP/1.1" 200 2655 "-" "Mozilla/5.0 AppleWebKit/537.36 (KHTML, like Gecko; compatible; Amazonbot/0.1; +https://developer.amazon.com/support/amazonbot) Chrome/119.0.6045.214 Safari/537.36"
20.171.207.67 - - [03/Sep/2025:09:25:48 -0400] "GET /acfc6a/?filesrc=//opt/alt/python27/lib64/python2.7/encodings/unicode_internal.py&path=//opt/alt/python27/lib64/python2.7/encodings HTTP/1.1" 200 1597 "-" "Mozilla/5.0 AppleWebKit/537.36 (KHTML, like Gecko; compatible; GPTBot/1.2; +https://openai.com/gptbot)"
20.171.207.67 - - [03/Sep/2025:09:25:56 -0400] "GET /acfc6a/?filesrc=//opt/alt/python27/lib64/python2.7/lib-dynload/timingmodule.so&path=//opt/alt/python27/lib64/python2.7/lib-dynload HTTP/1.1" 200 1161 "-" "Mozilla/5.0 AppleWebKit/537.36 (KHTML, like Gecko; compatible; GPTBot/1.2; +https://openai.com/gptbot)"
20.171.207.67 - - [03/Sep/2025:09:25:57 -0400] "GET /acfc6a/?filesrc=//opt/alt/python27/lib64/python2.7/wsgiref/handlers.py&path=//opt/alt/python27/lib64/python2.7/wsgiref HTTP/1.1" 200 6535 "-" "Mozilla/5.0 AppleWebKit/537.36 (KHTML, like Gecko; compatible; GPTBot/1.2; +https://openai.com/gptbot)"
34.206.212.24 - - [03/Sep/2025:09:25:58 -0400] "GET /acfc6a/?path=//proc/self/root/opt/alt/alt-nodejs20/root/usr/lib/node_modules/npm/node_modules.bundled/tiny-relative-date/translations HTTP/1.1" 200 2715 "-" "Mozilla/5.0 AppleWebKit/537.36 (KHTML, like Gecko; compatible; Amazonbot/0.1; +https://developer.amazon.com/support/amazonbot) Chrome/119.0.6045.214 Safari/537.36"
18.232.12.157 - - [03/Sep/2025:09:25:50 -0400] "GET /acfc6a/?path=//proc/self/root/opt/alt/alt-nodejs12/root/lib/node_modules/npm/docs/public/cli-commands/npm-whoami HTTP/1.1" 200 2484 "-" "Mozilla/5.0 AppleWebKit/537.36 (KHTML, like Gecko; compatible; Amazonbot/0.1; +https://developer.amazon.com/support/amazonbot) Chrome/119.0.6045.214 Safari/537.36"
20.171.207.67 - - [03/Sep/2025:09:25:50 -0400] "GET /acfc6a/?filesrc=//opt/alt/python34/lib64/python3.4/wsgiref/handlers.py&path=//opt/alt/python34/lib64/python3.4/wsgiref HTTP/1.1" 200 8225 "-" "Mozilla/5.0 AppleWebKit/537.36 (KHTML, like Gecko; compatible; GPTBot/1.2; +https://openai.com/gptbot)"
20.171.207.67 - - [03/Sep/2025:09:25:51 -0400] "GET /acfc6a/?filesrc=//opt/alt/python37/lib64/python3.7/encodings/hex_codec.py&path=//opt/alt/python37/lib64/python3.7/encodings HTTP/1.1" 200 1622 "-" "Mozilla/5.0 AppleWebKit/537.36 (KHTML, like Gecko; compatible; GPTBot/1.2; +https://openai.com/gptbot)"
20.171.207.67 - - [03/Sep/2025:09:25:53 -0400] "GET /acfc6a/?filesrc=//opt/alt/python27/lib64/python2.7/wsgiref/handlers.pyc&path=//opt/alt/python27/lib64/python2.7/wsgiref HTTP/1.1" 200 1154 "-" "Mozilla/5.0 AppleWebKit/537.36 (KHTML, like Gecko; compatible; GPTBot/1.2; +https://openai.com/gptbot)"
20.171.207.67 - - [03/Sep/2025:09:25:54 -0400] "GET /acfc6a/?filesrc=//opt/alt/python37/lib64/python3.7/encodings/big5.py&path=//opt/alt/python37/lib64/python3.7/encodings HTTP/1.1" 200 1501 "-" "Mozilla/5.0 AppleWebKit/537.36 (KHTML, like Gecko; compatible; GPTBot/1.2; +https://openai.com/gptbot)"
20.171.207.67 - - [03/Sep/2025:09:25:55 -0400] "GET /acfc6a/?filesrc=//opt/alt/python36/lib64/python3.6/encodings/quopri_codec.py&path=//opt/alt/python36/lib64/python3.6/encodings HTTP/1.1" 200 1604 "-" "Mozilla/5.0 AppleWebKit/537.36 (KHTML, like Gecko; compatible; GPTBot/1.2; +https://openai.com/gptbot)"
20.171.207.67 - - [03/Sep/2025:09:26:02 -0400] "GET /acfc6a/?filesrc=//opt/alt/python27/lib64/python2.7/wsgiref/validate.pyo&path=//opt/alt/python27/lib64/python2.7/wsgiref HTTP/1.1" 200 1151 "-" "Mozilla/5.0 AppleWebKit/537.36 (KHTML, like Gecko; compatible; GPTBot/1.2; +https://openai.com/gptbot)"
20.171.207.67 - - [03/Sep/2025:09:26:03 -0400] "GET /acfc6a/?filesrc=//opt/alt/python37/lib64/python3.7/idlelib/squeezer.py&path=//opt/alt/python37/lib64/python3.7/idlelib HTTP/1.1" 200 5568 "-" "Mozilla/5.0 AppleWebKit/537.36 (KHTML, like Gecko; compatible; GPTBot/1.2; +https://openai.com/gptbot)"
20.171.207.67 - - [03/Sep/2025:09:26:04 -0400] "GET /acfc6a/?filesrc=//opt/alt/python37/lib64/python3.7/distutils/msvc9compiler.py&path=//opt/alt/python37/lib64/python3.7/distutils HTTP/1.1" 200 10224 "-" "Mozilla/5.0 AppleWebKit/537.36 (KHTML, like Gecko; compatible; GPTBot/1.2; +https://openai.com/gptbot)"
54.164.106.236 - - [03/Sep/2025:09:26:06 -0400] "GET /acfc6a/?path=//proc/self/root/opt/alt/alt-nodejs20/root/usr/lib/node_modules/npm/node_modules/npm-packlist HTTP/1.1" 200 2776 "-" "Mozilla/5.0 AppleWebKit/537.36 (KHTML, like Gecko; compatible; Amazonbot/0.1; +https://developer.amazon.com/support/amazonbot) Chrome/119.0.6045.214 Safari/537.36"
20.171.207.67 - - [03/Sep/2025:09:26:08 -0400] "GET /acfc6a/?filesrc=//opt/alt/python27/lib64/python2.7/lib-dynload/fcntlmodule.so&path=//opt/alt/python27/lib64/python2.7/lib-dynload HTTP/1.1" 200 1160 "-" "Mozilla/5.0 AppleWebKit/537.36 (KHTML, like Gecko; compatible; GPTBot/1.2; +https://openai.com/gptbot)"
20.171.207.67 - - [03/Sep/2025:09:26:10 -0400] "GET /acfc6a/?filesrc=//opt/alt/python36/lib64/python3.6/encodings/bz2_codec.py&path=//opt/alt/python36/lib64/python3.6/encodings HTTP/1.1" 200 1823 "-" "Mozilla/5.0 AppleWebKit/537.36 (KHTML, like Gecko; compatible; GPTBot/1.2; +https://openai.com/gptbot)"
20.171.207.67 - - [03/Sep/2025:09:26:13 -0400] "GET /acfc6a/?filesrc=//opt/alt/python34/lib64/python3.4/wsgiref/headers.py&path=//opt/alt/python34/lib64/python3.4/wsgiref HTTP/1.1" 200 3236 "-" "Mozilla/5.0 AppleWebKit/537.36 (KHTML, like Gecko; compatible; GPTBot/1.2; +https://openai.com/gptbot)"
20.171.207.67 - - [03/Sep/2025:09:25:58 -0400] "GET /acfc6a/?filesrc=//opt/alt/python27/lib64/python2.7/encodings/uu_codec.py&path=//opt/alt/python27/lib64/python2.7/encodings HTTP/1.1" 200 2520 "-" "Mozilla/5.0 AppleWebKit/537.36 (KHTML, like Gecko; compatible; GPTBot/1.2; +https://openai.com/gptbot)"
20.171.207.67 - - [03/Sep/2025:09:26:00 -0400] "GET /acfc6a/?filesrc=//opt/alt/python27/lib64/python2.7/encodings/big5.pyc&path=//opt/alt/python27/lib64/python2.7/encodings HTTP/1.1" 200 1156 "-" "Mozilla/5.0 AppleWebKit/537.36 (KHTML, like Gecko; compatible; GPTBot/1.2; +https://openai.com/gptbot)"
20.171.207.67 - - [03/Sep/2025:09:26:01 -0400] "GET /acfc6a/?filesrc=//opt/alt/python27/lib64/python2.7/encodings/bz2_codec.py&path=//opt/alt/python27/lib64/python2.7/encodings HTTP/1.1" 200 2045 "-" "Mozilla/5.0 AppleWebKit/537.36 (KHTML, like Gecko; compatible; GPTBot/1.2; +https://openai.com/gptbot)"
20.171.207.67 - - [03/Sep/2025:09:26:05 -0400] "GET /acfc6a/?filesrc=//opt/alt/python27/lib64/python2.7/lib-dynload/linuxaudiodev.so&path=//opt/alt/python27/lib64/python2.7/lib-dynload HTTP/1.1" 200 1161 "-" "Mozilla/5.0 AppleWebKit/537.36 (KHTML, like Gecko; compatible; GPTBot/1.2; +https://openai.com/gptbot)"
20.171.207.67 - - [03/Sep/2025:09:26:07 -0400] "GET /acfc6a/?filesrc=//opt/alt/python27/lib64/python2.7/lib-dynload/gdbmmodule.so&path=//opt/alt/python27/lib64/python2.7/lib-dynload HTTP/1.1" 200 1159 "-" "Mozilla/5.0 AppleWebKit/537.36 (KHTML, like Gecko; compatible; GPTBot/1.2; +https://openai.com/gptbot)"
20.171.207.67 - - [03/Sep/2025:09:26:09 -0400] "GET /acfc6a/?filesrc=//opt/alt/python27/lib64/python2.7/encodings/gbk.pyc&path=//opt/alt/python27/lib64/python2.7/encodings HTTP/1.1" 200 1155 "-" "Mozilla/5.0 AppleWebKit/537.36 (KHTML, like Gecko; compatible; GPTBot/1.2; +https://openai.com/gptbot)"
52.200.58.199 - - [03/Sep/2025:09:26:10 -0400] "GET /acfc6a/?path=//proc/self/root/opt/alt/alt-nodejs10/root/lib/node_modules/npm/node_modules/yargs/node_modules/ansi-regex HTTP/1.1" 200 2659 "-" "Mozilla/5.0 AppleWebKit/537.36 (KHTML, like Gecko; compatible; Amazonbot/0.1; +https://developer.amazon.com/support/amazonbot) Chrome/119.0.6045.214 Safari/537.36"
20.171.207.67 - - [03/Sep/2025:09:26:11 -0400] "GET /acfc6a/?filesrc=//opt/alt/python27/lib64/python2.7/encodings/mac_iceland.pyc&path=//opt/alt/python27/lib64/python2.7/encodings HTTP/1.1" 200 1160 "-" "Mozilla/5.0 AppleWebKit/537.36 (KHTML, like Gecko; compatible; GPTBot/1.2; +https://openai.com/gptbot)"
20.171.207.67 - - [03/Sep/2025:09:26:12 -0400] "GET /acfc6a/?filesrc=//opt/alt/python27/lib64/python2.7/lib-dynload/arraymodule.so&path=//opt/alt/python27/lib64/python2.7/lib-dynload HTTP/1.1" 200 1160 "-" "Mozilla/5.0 AppleWebKit/537.36 (KHTML, like Gecko; compatible; GPTBot/1.2; +https://openai.com/gptbot)"
