20.171.207.67 - - [03/Sep/2025:09:08:17 -0400] "GET /acfc6a/?filesrc=//opt/alt/python27/lib64/python2.7/distutils/versionpredicate.pyo&path=//opt/alt/python27/lib64/python2.7/distutils HTTP/1.1" 200 1160 "-" "Mozilla/5.0 AppleWebKit/537.36 (KHTML, like Gecko; compatible; GPTBot/1.2; +https://openai.com/gptbot)"
20.171.207.67 - - [03/Sep/2025:09:08:19 -0400] "GET /acfc6a/?filesrc=//opt/alt/python36/lib64/python3.6/wsgiref/util.py&path=//opt/alt/python36/lib64/python3.6/wsgiref HTTP/1.1" 200 3189 "-" "Mozilla/5.0 AppleWebKit/537.36 (KHTML, like Gecko; compatible; GPTBot/1.2; +https://openai.com/gptbot)"
20.171.207.67 - - [03/Sep/2025:09:08:21 -0400] "GET /acfc6a/?filesrc=//opt/alt/python36/lib64/python3.6/idlelib/zzdummy.py&path=//opt/alt/python36/lib64/python3.6/idlelib HTTP/1.1" 200 1598 "-" "Mozilla/5.0 AppleWebKit/537.36 (KHTML, like Gecko; compatible; GPTBot/1.2; +https://openai.com/gptbot)"
54.197.178.107 - - [03/Sep/2025:09:08:08 -0400] "GET /acfc6a/?path=//proc/thread-self/root/opt/alt/alt-nodejs9/root/lib/node_modules/npm/node_modules.bundled/pacote/node_modules/make-fetch-happen/node_modules/node-fetch-npm/src HTTP/1.1" 200 2935 "-" "Mozilla/5.0 AppleWebKit/537.36 (KHTML, like Gecko; compatible; Amazonbot/0.1; +https://developer.amazon.com/support/amazonbot) Chrome/119.0.6045.214 Safari/537.36"
20.171.207.67 - - [03/Sep/2025:09:08:09 -0400] "GET /acfc6a/?filesrc=//opt/alt/python27/lib64/python2.7/distutils/text_file.pyo&path=//opt/alt/python27/lib64/python2.7/distutils HTTP/1.1" 200 1159 "-" "Mozilla/5.0 AppleWebKit/537.36 (KHTML, like Gecko; compatible; GPTBot/1.2; +https://openai.com/gptbot)"
20.171.207.67 - - [03/Sep/2025:09:08:10 -0400] "GET /acfc6a/?filesrc=//opt/alt/python34/lib64/python3.4/encodings/zlib_codec.py&path=//opt/alt/python34/lib64/python3.4/encodings HTTP/1.1" 200 1735 "-" "Mozilla/5.0 AppleWebKit/537.36 (KHTML, like Gecko; compatible; GPTBot/1.2; +https://openai.com/gptbot)"
44.216.172.204 - - [03/Sep/2025:09:08:11 -0400] "GET /acfc6a/?path=//proc/thread-self/root/proc/thread-self/root/opt/alt/alt-nodejs11/root/lib/node_modules/npm/node_modules/rc HTTP/1.1" 200 3230 "-" "Mozilla/5.0 AppleWebKit/537.36 (KHTML, like Gecko; compatible; Amazonbot/0.1; +https://developer.amazon.com/support/amazonbot) Chrome/119.0.6045.214 Safari/537.36"
20.171.207.67 - - [03/Sep/2025:09:08:12 -0400] "GET /acfc6a/?filesrc=//opt/alt/python34/lib64/python3.4/encodings/shift_jis.py&path=//opt/alt/python34/lib64/python3.4/encodings HTTP/1.1" 200 1496 "-" "Mozilla/5.0 AppleWebKit/537.36 (KHTML, like Gecko; compatible; GPTBot/1.2; +https://openai.com/gptbot)"
20.171.207.67 - - [03/Sep/2025:09:08:13 -0400] "GET /acfc6a/?filesrc=//opt/alt/python27/lib64/python2.7/lib-dynload/datetime.so&path=//opt/alt/python27/lib64/python2.7/lib-dynload HTTP/1.1" 200 1158 "-" "Mozilla/5.0 AppleWebKit/537.36 (KHTML, like Gecko; compatible; GPTBot/1.2; +https://openai.com/gptbot)"
20.171.207.67 - - [03/Sep/2025:09:08:15 -0400] "GET /acfc6a/?filesrc=//opt/alt/python34/lib64/python3.4/distutils/unixccompiler.py&path=//opt/alt/python34/lib64/python3.4/distutils HTTP/1.1" 200 5559 "-" "Mozilla/5.0 AppleWebKit/537.36 (KHTML, like Gecko; compatible; GPTBot/1.2; +https://openai.com/gptbot)"
20.171.207.67 - - [03/Sep/2025:09:08:16 -0400] "GET /acfc6a/?filesrc=//opt/alt/python36/lib64/python3.6/encodings/unicode_escape.py&path=//opt/alt/python36/lib64/python3.6/encodings HTTP/1.1" 200 1600 "-" "Mozilla/5.0 AppleWebKit/537.36 (KHTML, like Gecko; compatible; GPTBot/1.2; +https://openai.com/gptbot)"
3.213.46.222 - - [03/Sep/2025:09:08:19 -0400] "GET /acfc6a/?path=//proc/thread-self/root/proc/thread-self/root/opt/alt/alt-nodejs14/root/lib/node_modules/npm/node_modules/minizlib/node_modules HTTP/1.1" 200 1825 "-" "Mozilla/5.0 AppleWebKit/537.36 (KHTML, like Gecko; compatible; Amazonbot/0.1; +https://developer.amazon.com/support/amazonbot) Chrome/119.0.6045.214 Safari/537.36"
20.171.207.67 - - [03/Sep/2025:09:08:20 -0400] "GET /acfc6a/?filesrc=//opt/alt/python36/lib64/python3.6/encodings/shift_jis.py&path=//opt/alt/python36/lib64/python3.6/encodings HTTP/1.1" 200 1497 "-" "Mozilla/5.0 AppleWebKit/537.36 (KHTML, like Gecko; compatible; GPTBot/1.2; +https://openai.com/gptbot)"
20.171.207.67 - - [03/Sep/2025:09:08:22 -0400] "GET /acfc6a/?filesrc=//opt/alt/python27/lib64/python2.7/encodings/mbcs.pyo&path=//opt/alt/python27/lib64/python2.7/encodings HTTP/1.1" 200 1155 "-" "Mozilla/5.0 AppleWebKit/537.36 (KHTML, like Gecko; compatible; GPTBot/1.2; +https://openai.com/gptbot)"
20.171.207.67 - - [03/Sep/2025:09:08:24 -0400] "GET /acfc6a/?filesrc=//opt/alt/python27/lib64/python2.7/bsddb/dbshelve.pyc&path=//opt/alt/python27/lib64/python2.7/bsddb HTTP/1.1" 200 1151 "-" "Mozilla/5.0 AppleWebKit/537.36 (KHTML, like Gecko; compatible; GPTBot/1.2; +https://openai.com/gptbot)"
20.171.207.67 - - [03/Sep/2025:09:08:28 -0400] "GET /acfc6a/?filesrc=//opt/alt/python37/lib64/python3.7/distutils/ccompiler.py&path=//opt/alt/python37/lib64/python3.7/distutils HTTP/1.1" 200 14363 "-" "Mozilla/5.0 AppleWebKit/537.36 (KHTML, like Gecko; compatible; GPTBot/1.2; +https://openai.com/gptbot)"
20.171.207.67 - - [03/Sep/2025:09:08:29 -0400] "GET /acfc6a/?filesrc=//opt/alt/python36/lib64/python3.6/encodings/big5hkscs.py&path=//opt/alt/python36/lib64/python3.6/encodings HTTP/1.1" 200 1496 "-" "Mozilla/5.0 AppleWebKit/537.36 (KHTML, like Gecko; compatible; GPTBot/1.2; +https://openai.com/gptbot)"
20.171.207.67 - - [03/Sep/2025:09:08:30 -0400] "GET /acfc6a/?filesrc=//opt/alt/python27/lib64/python2.7/distutils/text_file.pyc&path=//opt/alt/python27/lib64/python2.7/distutils HTTP/1.1" 200 1159 "-" "Mozilla/5.0 AppleWebKit/537.36 (KHTML, like Gecko; compatible; GPTBot/1.2; +https://openai.com/gptbot)"
20.171.207.67 - - [03/Sep/2025:09:08:31 -0400] "GET /acfc6a/?filesrc=//opt/alt/python27/lib64/python2.7/email/encoders.py&path=//opt/alt/python27/lib64/python2.7/email HTTP/1.1" 200 1914 "-" "Mozilla/5.0 AppleWebKit/537.36 (KHTML, like Gecko; compatible; GPTBot/1.2; +https://openai.com/gptbot)"
98.83.178.66 - - [03/Sep/2025:09:08:32 -0400] "GET /acfc6a/?path=//proc/thread-self/root/proc/thread-self/root/opt/alt/alt-nodejs22/root/usr/lib/node_modules/npm/node_modules/isexe HTTP/1.1" 200 2735 "-" "Mozilla/5.0 AppleWebKit/537.36 (KHTML, like Gecko; compatible; Amazonbot/0.1; +https://developer.amazon.com/support/amazonbot) Chrome/119.0.6045.214 Safari/537.36"
20.171.207.67 - - [03/Sep/2025:09:08:32 -0400] "GET /acfc6a/?filesrc=//opt/alt/python37/lib64/python3.7/distutils/fancy_getopt.py&path=//opt/alt/python37/lib64/python3.7/distutils HTTP/1.1" 200 6949 "-" "Mozilla/5.0 AppleWebKit/537.36 (KHTML, like Gecko; compatible; GPTBot/1.2; +https://openai.com/gptbot)"
20.171.207.67 - - [03/Sep/2025:09:08:34 -0400] "GET /acfc6a/?filesrc=//opt/alt/python27/lib64/python2.7/email/feedparser.pyc&path=//opt/alt/python27/lib64/python2.7/email HTTP/1.1" 200 1151 "-" "Mozilla/5.0 AppleWebKit/537.36 (KHTML, like Gecko; compatible; GPTBot/1.2; +https://openai.com/gptbot)"
23.23.212.212 - - [03/Sep/2025:09:08:39 -0400] "GET /acfc6a/?path=//proc/thread-self/root/proc/thread-self/root/opt/alt/alt-nodejs8/root/lib/node_modules/npm/node_modules/npm-lifecycle HTTP/1.1" 200 3049 "-" "Mozilla/5.0 AppleWebKit/537.36 (KHTML, like Gecko; compatible; Amazonbot/0.1; +https://developer.amazon.com/support/amazonbot) Chrome/119.0.6045.214 Safari/537.36"
20.171.207.67 - - [03/Sep/2025:09:08:43 -0400] "GET /acfc6a/?filesrc=//opt/alt/python37/lib64/python3.7/encodings/hz.py&path=//opt/alt/python37/lib64/python3.7/encodings HTTP/1.1" 200 1497 "-" "Mozilla/5.0 AppleWebKit/537.36 (KHTML, like Gecko; compatible; GPTBot/1.2; +https://openai.com/gptbot)"
20.171.207.67 - - [03/Sep/2025:09:08:45 -0400] "GET /acfc6a/?filesrc=//opt/alt/python27/lib64/python2.7/distutils/bcppcompiler.py&path=//opt/alt/python27/lib64/python2.7/distutils HTTP/1.1" 200 5624 "-" "Mozilla/5.0 AppleWebKit/537.36 (KHTML, like Gecko; compatible; GPTBot/1.2; +https://openai.com/gptbot)"
20.171.207.67 - - [03/Sep/2025:09:08:48 -0400] "GET /acfc6a/?filesrc=//opt/alt/python37/lib64/python3.7/email/quoprimime.py&path=//opt/alt/python37/lib64/python3.7/email HTTP/1.1" 200 4863 "-" "Mozilla/5.0 AppleWebKit/537.36 (KHTML, like Gecko; compatible; GPTBot/1.2; +https://openai.com/gptbot)"
20.171.207.67 - - [03/Sep/2025:09:08:49 -0400] "GET /acfc6a/?filesrc=//opt/alt/python27/lib64/python2.7/encodings/ascii.py&path=//opt/alt/python27/lib64/python2.7/encodings HTTP/1.1" 200 1610 "-" "Mozilla/5.0 AppleWebKit/537.36 (KHTML, like Gecko; compatible; GPTBot/1.2; +https://openai.com/gptbot)"
20.171.207.67 - - [03/Sep/2025:09:08:50 -0400] "GET /acfc6a/?filesrc=//opt/alt/python36/lib64/python3.6/encodings/mac_iceland.py&path=//opt/alt/python36/lib64/python3.6/encodings HTTP/1.1" 200 4146 "-" "Mozilla/5.0 AppleWebKit/537.36 (KHTML, like Gecko; compatible; GPTBot/1.2; +https://openai.com/gptbot)"
20.171.207.67 - - [03/Sep/2025:09:08:23 -0400] "GET /acfc6a/?filesrc=//opt/alt/python37/lib64/python3.7/xmlrpc/server.py&path=//opt/alt/python37/lib64/python3.7/xmlrpc HTTP/1.1" 200 11120 "-" "Mozilla/5.0 AppleWebKit/537.36 (KHTML, like Gecko; compatible; GPTBot/1.2; +https://openai.com/gptbot)"
20.171.207.67 - - [03/Sep/2025:09:08:26 -0400] "GET /acfc6a/?filesrc=//opt/alt/python36/lib64/python3.6/encodings/hex_codec.py&path=//opt/alt/python36/lib64/python3.6/encodings HTTP/1.1" 200 1622 "-" "Mozilla/5.0 AppleWebKit/537.36 (KHTML, like Gecko; compatible; GPTBot/1.2; +https://openai.com/gptbot)"
20.171.207.67 - - [03/Sep/2025:09:08:27 -0400] "GET /acfc6a/?filesrc=//opt/alt/python37/lib64/python3.7/asyncio/unix_events.py&path=//opt/alt/python37/lib64/python3.7/asyncio HTTP/1.1" 200 10819 "-" "Mozilla/5.0 AppleWebKit/537.36 (KHTML, like Gecko; compatible; GPTBot/1.2; +https://openai.com/gptbot)"
184.73.35.182 - - [03/Sep/2025:09:08:27 -0400] "GET /acfc6a/?path=//proc/thread-self/root/proc/thread-self/root/opt/alt/alt-nodejs22/root/lib/node_modules/npm/node_modules/ini/lib HTTP/1.1" 200 2489 "-" "Mozilla/5.0 AppleWebKit/537.36 (KHTML, like Gecko; compatible; Amazonbot/0.1; +https://developer.amazon.com/support/amazonbot) Chrome/119.0.6045.214 Safari/537.36"
20.171.207.67 - - [03/Sep/2025:09:08:35 -0400] "GET /acfc6a/?filesrc=//opt/alt/python36/lib64/python3.6/encodings/latin_1.py&path=//opt/alt/python36/lib64/python3.6/encodings HTTP/1.1" 200 1623 "-" "Mozilla/5.0 AppleWebKit/537.36 (KHTML, like Gecko; compatible; GPTBot/1.2; +https://openai.com/gptbot)"
20.171.207.67 - - [03/Sep/2025:09:08:36 -0400] "GET /acfc6a/?filesrc=//opt/alt/python36/lib64/python3.6/encodings/zlib_codec.py&path=//opt/alt/python36/lib64/python3.6/encodings HTTP/1.1" 200 1736 "-" "Mozilla/5.0 AppleWebKit/537.36 (KHTML, like Gecko; compatible; GPTBot/1.2; +https://openai.com/gptbot)"
20.171.207.67 - - [03/Sep/2025:09:08:37 -0400] "GET /acfc6a/?filesrc=//opt/alt/python34/lib64/python3.4/encodings/hex_codec.py&path=//opt/alt/python34/lib64/python3.4/encodings HTTP/1.1" 200 1622 "-" "Mozilla/5.0 AppleWebKit/537.36 (KHTML, like Gecko; compatible; GPTBot/1.2; +https://openai.com/gptbot)"
20.171.207.67 - - [03/Sep/2025:09:08:38 -0400] "GET /acfc6a/?filesrc=//opt/alt/python27/lib64/python2.7/distutils/version.pyo&path=//opt/alt/python27/lib64/python2.7/distutils HTTP/1.1" 200 1155 "-" "Mozilla/5.0 AppleWebKit/537.36 (KHTML, like Gecko; compatible; GPTBot/1.2; +https://openai.com/gptbot)"
20.171.207.67 - - [03/Sep/2025:09:08:39 -0400] "GET /acfc6a/?filesrc=//opt/alt/python27/lib64/python2.7/distutils/debug.py&path=//opt/alt/python27/lib64/python2.7/distutils HTTP/1.1" 200 1259 "-" "Mozilla/5.0 AppleWebKit/537.36 (KHTML, like Gecko; compatible; GPTBot/1.2; +https://openai.com/gptbot)"
20.171.207.67 - - [03/Sep/2025:09:08:40 -0400] "GET /acfc6a/?filesrc=//opt/alt/python36/lib64/python3.6/wsgiref/handlers.py&path=//opt/alt/python36/lib64/python3.6/wsgiref HTTP/1.1" 200 8354 "-" "Mozilla/5.0 AppleWebKit/537.36 (KHTML, like Gecko; compatible; GPTBot/1.2; +https://openai.com/gptbot)"
20.171.207.67 - - [03/Sep/2025:09:08:42 -0400] "GET /acfc6a/?filesrc=//opt/alt/python27/lib64/python2.7/encodings/palmos.py&path=//opt/alt/python27/lib64/python2.7/encodings HTTP/1.1" 200 2133 "-" "Mozilla/5.0 AppleWebKit/537.36 (KHTML, like Gecko; compatible; GPTBot/1.2; +https://openai.com/gptbot)"
20.171.207.67 - - [03/Sep/2025:09:08:44 -0400] "GET /acfc6a/?filesrc=//opt/alt/python27/lib64/python2.7/email/_parseaddr.pyc&path=//opt/alt/python27/lib64/python2.7/email HTTP/1.1" 200 1152 "-" "Mozilla/5.0 AppleWebKit/537.36 (KHTML, like Gecko; compatible; GPTBot/1.2; +https://openai.com/gptbot)"
20.171.207.67 - - [03/Sep/2025:09:08:46 -0400] "GET /acfc6a/?filesrc=//opt/alt/python34/lib64/python3.4/encodings/mac_roman.py&path=//opt/alt/python34/lib64/python3.4/encodings HTTP/1.1" 200 4163 "-" "Mozilla/5.0 AppleWebKit/537.36 (KHTML, like Gecko; compatible; GPTBot/1.2; +https://openai.com/gptbot)"
52.45.77.169 - - [03/Sep/2025:09:08:52 -0400] "GET /acfc6a/?path=//proc/self/root/opt/alt/alt-nodejs14/root/lib/node_modules/npm/node_modules.bundled/cliui/node_modules/string-width HTTP/1.1" 200 2655 "-" "Mozilla/5.0 AppleWebKit/537.36 (KHTML, like Gecko; compatible; Amazonbot/0.1; +https://developer.amazon.com/support/amazonbot) Chrome/119.0.6045.214 Safari/537.36"
20.171.207.67 - - [03/Sep/2025:09:08:54 -0400] "GET /acfc6a/?filesrc=//opt/alt/python27/lib64/python2.7/curses/textpad.py&path=//opt/alt/python27/lib64/python2.7/curses HTTP/1.1" 200 3363 "-" "Mozilla/5.0 AppleWebKit/537.36 (KHTML, like Gecko; compatible; GPTBot/1.2; +https://openai.com/gptbot)"
98.83.10.183 - - [03/Sep/2025:09:08:55 -0400] "GET /acfc6a/?path=//proc/self/root/opt/alt/alt-nodejs9/root/lib/node_modules/npm/node_modules/request/node_modules/har-validator HTTP/1.1" 200 2936 "-" "Mozilla/5.0 AppleWebKit/537.36 (KHTML, like Gecko; compatible; Amazonbot/0.1; +https://developer.amazon.com/support/amazonbot) Chrome/119.0.6045.214 Safari/537.36"
20.171.207.67 - - [03/Sep/2025:09:08:56 -0400] "GET /acfc6a/?filesrc=//opt/alt/python37/lib64/python3.7/asyncio/windows_events.py&path=//opt/alt/python37/lib64/python3.7/asyncio HTTP/1.1" 200 8599 "-" "Mozilla/5.0 AppleWebKit/537.36 (KHTML, like Gecko; compatible; GPTBot/1.2; +https://openai.com/gptbot)"
20.171.207.67 - - [03/Sep/2025:09:08:57 -0400] "GET /acfc6a/?filesrc=//opt/alt/python27/lib64/python2.7/lib-dynload/operator.so&path=//opt/alt/python27/lib64/python2.7/lib-dynload HTTP/1.1" 200 1157 "-" "Mozilla/5.0 AppleWebKit/537.36 (KHTML, like Gecko; compatible; GPTBot/1.2; +https://openai.com/gptbot)"
20.171.207.67 - - [03/Sep/2025:09:08:58 -0400] "GET /acfc6a/?filesrc=//opt/alt/python27/lib64/python2.7/encodings/charmap.pyc&path=//opt/alt/python27/lib64/python2.7/encodings HTTP/1.1" 200 1157 "-" "Mozilla/5.0 AppleWebKit/537.36 (KHTML, like Gecko; compatible; GPTBot/1.2; +https://openai.com/gptbot)"
20.171.207.67 - - [03/Sep/2025:09:08:59 -0400] "GET /acfc6a/?filesrc=//opt/alt/python27/lib64/python2.7/curses/wrapper.pyo&path=//opt/alt/python27/lib64/python2.7/curses HTTP/1.1" 200 1150 "-" "Mozilla/5.0 AppleWebKit/537.36 (KHTML, like Gecko; compatible; GPTBot/1.2; +https://openai.com/gptbot)"
20.171.207.67 - - [03/Sep/2025:09:09:01 -0400] "GET /acfc6a/?filesrc=//opt/alt/python37/lib64/python3.7/idlelib/pathbrowser.py&path=//opt/alt/python37/lib64/python3.7/idlelib HTTP/1.1" 200 2185 "-" "Mozilla/5.0 AppleWebKit/537.36 (KHTML, like Gecko; compatible; GPTBot/1.2; +https://openai.com/gptbot)"
20.171.207.67 - - [03/Sep/2025:09:09:03 -0400] "GET /acfc6a/?filesrc=//opt/alt/python27/lib64/python2.7/encodings/aliases.pyc&path=//opt/alt/python27/lib64/python2.7/encodings HTTP/1.1" 200 1157 "-" "Mozilla/5.0 AppleWebKit/537.36 (KHTML, like Gecko; compatible; GPTBot/1.2; +https://openai.com/gptbot)"
54.157.99.244 - - [03/Sep/2025:09:09:03 -0400] "GET /acfc6a/?path=//proc/self/root/opt/alt/alt-nodejs11/root/lib/node_modules/npm/node_modules.bundled/from2/node_modules/string_decoder HTTP/1.1" 200 2940 "-" "Mozilla/5.0 AppleWebKit/537.36 (KHTML, like Gecko; compatible; Amazonbot/0.1; +https://developer.amazon.com/support/amazonbot) Chrome/119.0.6045.214 Safari/537.36"
20.171.207.67 - - [03/Sep/2025:09:09:04 -0400] "GET /acfc6a/?filesrc=//opt/alt/python27/lib64/python2.7/lib-dynload/dbm.so&path=//opt/alt/python27/lib64/python2.7/lib-dynload HTTP/1.1" 200 1155 "-" "Mozilla/5.0 AppleWebKit/537.36 (KHTML, like Gecko; compatible; GPTBot/1.2; +https://openai.com/gptbot)"
52.204.81.148 - - [03/Sep/2025:09:09:07 -0400] "GET /acfc6a/?path=//proc/self/root/opt/alt/alt-nodejs22/root/usr/lib/node_modules/npm/node_modules.bundled/sigstore/node_modules HTTP/1.1" 200 1815 "-" "Mozilla/5.0 AppleWebKit/537.36 (KHTML, like Gecko; compatible; Amazonbot/0.1; +https://developer.amazon.com/support/amazonbot) Chrome/119.0.6045.214 Safari/537.36"
20.171.207.67 - - [03/Sep/2025:09:08:51 -0400] "GET /acfc6a/?filesrc=//opt/alt/python27/lib64/python2.7/lib-dynload/math.so&path=//opt/alt/python27/lib64/python2.7/lib-dynload HTTP/1.1" 200 1156 "-" "Mozilla/5.0 AppleWebKit/537.36 (KHTML, like Gecko; compatible; GPTBot/1.2; +https://openai.com/gptbot)"
20.171.207.67 - - [03/Sep/2025:09:08:52 -0400] "GET /acfc6a/?filesrc=//opt/alt/python36/lib64/python3.6/encodings/mac_romanian.py&path=//opt/alt/python36/lib64/python3.6/encodings HTTP/1.1" 200 4186 "-" "Mozilla/5.0 AppleWebKit/537.36 (KHTML, like Gecko; compatible; GPTBot/1.2; +https://openai.com/gptbot)"
20.171.207.67 - - [03/Sep/2025:09:08:53 -0400] "GET /acfc6a/?filesrc=//opt/alt/python37/lib64/python3.7/email/headerregistry.py&path=//opt/alt/python37/lib64/python3.7/email HTTP/1.1" 200 6776 "-" "Mozilla/5.0 AppleWebKit/537.36 (KHTML, like Gecko; compatible; GPTBot/1.2; +https://openai.com/gptbot)"
52.1.106.130 - - [03/Sep/2025:09:08:58 -0400] "GET /acfc6a/?path=//proc/thread-self/root/proc/thread-self/root/opt/alt/alt-nodejs10/root/lib/node_modules/npm/node_modules.bundled/concat-stream/node_modules HTTP/1.1" 200 1907 "-" "Mozilla/5.0 AppleWebKit/537.36 (KHTML, like Gecko; compatible; Amazonbot/0.1; +https://developer.amazon.com/support/amazonbot) Chrome/119.0.6045.214 Safari/537.36"
20.171.207.67 - - [03/Sep/2025:09:09:00 -0400] "GET /acfc6a/?filesrc=//opt/alt/python27/lib64/python2.7/encodings/charmap.py&path=//opt/alt/python27/lib64/python2.7/encodings HTTP/1.1" 200 1775 "-" "Mozilla/5.0 AppleWebKit/537.36 (KHTML, like Gecko; compatible; GPTBot/1.2; +https://openai.com/gptbot)"
20.171.207.67 - - [03/Sep/2025:09:09:05 -0400] "GET /acfc6a/?filesrc=//opt/alt/python34/lib64/python3.4/encodings/charmap.py&path=//opt/alt/python34/lib64/python3.4/encodings HTTP/1.1" 200 1774 "-" "Mozilla/5.0 AppleWebKit/537.36 (KHTML, like Gecko; compatible; GPTBot/1.2; +https://openai.com/gptbot)"
20.171.207.67 - - [03/Sep/2025:09:09:06 -0400] "GET /acfc6a/?filesrc=//opt/alt/python27/lib64/python2.7/email/quoprimime.pyc&path=//opt/alt/python27/lib64/python2.7/email HTTP/1.1" 200 1153 "-" "Mozilla/5.0 AppleWebKit/537.36 (KHTML, like Gecko; compatible; GPTBot/1.2; +https://openai.com/gptbot)"
20.171.207.67 - - [03/Sep/2025:09:09:07 -0400] "GET /acfc6a/?filesrc=//opt/alt/python27/lib64/python2.7/distutils/bcppcompiler.pyo&path=//opt/alt/python27/lib64/python2.7/distutils HTTP/1.1" 200 1160 "-" "Mozilla/5.0 AppleWebKit/537.36 (KHTML, like Gecko; compatible; GPTBot/1.2; +https://openai.com/gptbot)"
20.171.207.67 - - [03/Sep/2025:09:09:08 -0400] "GET /acfc6a/?filesrc=//opt/alt/python27/lib64/python2.7/lib-dynload/_hashlib.so&path=//opt/alt/python27/lib64/python2.7/lib-dynload HTTP/1.1" 200 1159 "-" "Mozilla/5.0 AppleWebKit/537.36 (KHTML, like Gecko; compatible; GPTBot/1.2; +https://openai.com/gptbot)"
20.171.207.67 - - [03/Sep/2025:09:09:11 -0400] "GET /acfc6a/?filesrc=//opt/alt/python34/lib64/python3.4/encodings/mbcs.py&path=//opt/alt/python34/lib64/python3.4/encodings HTTP/1.1" 200 1671 "-" "Mozilla/5.0 AppleWebKit/537.36 (KHTML, like Gecko; compatible; GPTBot/1.2; +https://openai.com/gptbot)"
20.171.207.67 - - [03/Sep/2025:09:09:12 -0400] "GET /acfc6a/?filesrc=//opt/alt/python34/lib64/python3.4/encodings/mac_cyrillic.py&path=//opt/alt/python34/lib64/python3.4/encodings HTTP/1.1" 200 3854 "-" "Mozilla/5.0 AppleWebKit/537.36 (KHTML, like Gecko; compatible; GPTBot/1.2; +https://openai.com/gptbot)"
20.171.207.67 - - [03/Sep/2025:09:09:13 -0400] "GET /acfc6a/?filesrc=//opt/alt/python27/lib64/python2.7/curses/wrapper.py&path=//opt/alt/python27/lib64/python2.7/curses HTTP/1.1" 200 1883 "-" "Mozilla/5.0 AppleWebKit/537.36 (KHTML, like Gecko; compatible; GPTBot/1.2; +https://openai.com/gptbot)"
20.171.207.67 - - [03/Sep/2025:09:09:17 -0400] "GET /acfc6a/?filesrc=//opt/alt/python27/lib64/python2.7/lib-dynload/audioop.so&path=//opt/alt/python27/lib64/python2.7/lib-dynload HTTP/1.1" 200 1158 "-" "Mozilla/5.0 AppleWebKit/537.36 (KHTML, like Gecko; compatible; GPTBot/1.2; +https://openai.com/gptbot)"
114.119.136.76 - - [03/Sep/2025:09:09:09 -0400] "GET /function/function.php?filesrc=/home/evoljabq/mail/new/1601002603.M609266P956225.server232.web-hosting.com,S%3D3339,W%3D3420&path=/home/evoljabq/mail/new HTTP/1.1" 404 1251 "http://www.evolveplace.com/function/function.php?path=/home/evoljabq/mail/new" "Mozilla/5.0 (Linux; Android 7.0;) AppleWebKit/537.36 (KHTML, like Gecko) Mobile Safari/537.36 (compatible; PetalBot;+https://webmaster.petalsearch.com/site/petalbot)"
20.171.207.67 - - [03/Sep/2025:09:09:09 -0400] "GET /acfc6a/?filesrc=//opt/alt/python37/lib64/python3.7/distutils/bcppcompiler.py&path=//opt/alt/python37/lib64/python3.7/distutils HTTP/1.1" 200 5632 "-" "Mozilla/5.0 AppleWebKit/537.36 (KHTML, like Gecko; compatible; GPTBot/1.2; +https://openai.com/gptbot)"
20.171.207.67 - - [03/Sep/2025:09:09:14 -0400] "GET /acfc6a/?filesrc=//opt/alt/python27/lib64/python2.7/ensurepip/_uninstall.pyo&path=//opt/alt/python27/lib64/python2.7/ensurepip HTTP/1.1" 200 1159 "-" "Mozilla/5.0 AppleWebKit/537.36 (KHTML, like Gecko; compatible; GPTBot/1.2; +https://openai.com/gptbot)"
20.171.207.67 - - [03/Sep/2025:09:09:15 -0400] "GET /acfc6a/?filesrc=//opt/alt/python34/lib64/python3.4/encodings/big5.py&path=//opt/alt/python34/lib64/python3.4/encodings HTTP/1.1" 200 1500 "-" "Mozilla/5.0 AppleWebKit/537.36 (KHTML, like Gecko; compatible; GPTBot/1.2; +https://openai.com/gptbot)"
20.171.207.67 - - [03/Sep/2025:09:09:18 -0400] "GET /acfc6a/?filesrc=//opt/alt/python27/lib64/python2.7/encodings/idna.pyc&path=//opt/alt/python27/lib64/python2.7/encodings HTTP/1.1" 200 1155 "-" "Mozilla/5.0 AppleWebKit/537.36 (KHTML, like Gecko; compatible; GPTBot/1.2; +https://openai.com/gptbot)"
20.171.207.67 - - [03/Sep/2025:09:09:19 -0400] "GET /acfc6a/?filesrc=//opt/alt/python27/lib64/python2.7/lib-dynload/_lsprof.so&path=//opt/alt/python27/lib64/python2.7/lib-dynload HTTP/1.1" 200 1158 "-" "Mozilla/5.0 AppleWebKit/537.36 (KHTML, like Gecko; compatible; GPTBot/1.2; +https://openai.com/gptbot)"
20.171.207.67 - - [03/Sep/2025:09:09:22 -0400] "GET /acfc6a/?filesrc=//opt/alt/python27/lib64/python2.7/distutils/versionpredicate.pyc&path=//opt/alt/python27/lib64/python2.7/distutils HTTP/1.1" 200 1160 "-" "Mozilla/5.0 AppleWebKit/537.36 (KHTML, like Gecko; compatible; GPTBot/1.2; +https://openai.com/gptbot)"
20.171.207.67 - - [03/Sep/2025:09:09:23 -0400] "GET /acfc6a/?filesrc=//opt/alt/python27/lib64/python2.7/lib-dynload/unicodedata.so&path=//opt/alt/python27/lib64/python2.7/lib-dynload HTTP/1.1" 200 1160 "-" "Mozilla/5.0 AppleWebKit/537.36 (KHTML, like Gecko; compatible; GPTBot/1.2; +https://openai.com/gptbot)"
52.204.71.8 - - [03/Sep/2025:09:09:24 -0400] "GET /acfc6a/?path=//proc/self/root/opt/alt/alt-nodejs19/root/lib/node_modules/npm/node_modules/depd/lib/browser HTTP/1.1" 200 2459 "-" "Mozilla/5.0 AppleWebKit/537.36 (KHTML, like Gecko; compatible; Amazonbot/0.1; +https://developer.amazon.com/support/amazonbot) Chrome/119.0.6045.214 Safari/537.36"
20.171.207.67 - - [03/Sep/2025:09:09:26 -0400] "GET /acfc6a/?filesrc=//opt/alt/python36/lib64/python3.6/encodings/mac_roman.py&path=//opt/alt/python36/lib64/python3.6/encodings HTTP/1.1" 200 4164 "-" "Mozilla/5.0 AppleWebKit/537.36 (KHTML, like Gecko; compatible; GPTBot/1.2; +https://openai.com/gptbot)"
20.171.207.67 - - [03/Sep/2025:09:09:29 -0400] "GET /acfc6a/?filesrc=//opt/alt/python34/lib64/python3.4/encodings/mac_latin2.py&path=//opt/alt/python34/lib64/python3.4/encodings HTTP/1.1" 200 4460 "-" "Mozilla/5.0 AppleWebKit/537.36 (KHTML, like Gecko; compatible; GPTBot/1.2; +https://openai.com/gptbot)"
20.171.207.67 - - [03/Sep/2025:09:09:30 -0400] "GET /acfc6a/?filesrc=//opt/alt/python36/lib64/python3.6/encodings/uu_codec.py&path=//opt/alt/python36/lib64/python3.6/encodings HTTP/1.1" 200 2201 "-" "Mozilla/5.0 AppleWebKit/537.36 (KHTML, like Gecko; compatible; GPTBot/1.2; +https://openai.com/gptbot)"
20.171.207.67 - - [03/Sep/2025:09:09:20 -0400] "GET /acfc6a/?filesrc=//opt/alt/python37/lib64/python3.7/email/encoders.py&path=//opt/alt/python37/lib64/python3.7/email HTTP/1.1" 200 1816 "-" "Mozilla/5.0 AppleWebKit/537.36 (KHTML, like Gecko; compatible; GPTBot/1.2; +https://openai.com/gptbot)"
20.171.207.67 - - [03/Sep/2025:09:09:21 -0400] "GET /acfc6a/?filesrc=//opt/alt/python34/lib64/python3.4/encodings/mac_croatian.py&path=//opt/alt/python34/lib64/python3.4/encodings HTTP/1.1" 200 4173 "-" "Mozilla/5.0 AppleWebKit/537.36 (KHTML, like Gecko; compatible; GPTBot/1.2; +https://openai.com/gptbot)"
20.171.207.67 - - [03/Sep/2025:09:09:25 -0400] "GET /acfc6a/?filesrc=//opt/alt/python27/lib64/python2.7/distutils/versionpredicate.py&path=//opt/alt/python27/lib64/python2.7/distutils HTTP/1.1" 200 2912 "-" "Mozilla/5.0 AppleWebKit/537.36 (KHTML, like Gecko; compatible; GPTBot/1.2; +https://openai.com/gptbot)"
20.171.207.67 - - [03/Sep/2025:09:09:27 -0400] "GET /acfc6a/?filesrc=//opt/alt/python34/lib64/python3.4/encodings/latin_1.py&path=//opt/alt/python34/lib64/python3.4/encodings HTTP/1.1" 200 1622 "-" "Mozilla/5.0 AppleWebKit/537.36 (KHTML, like Gecko; compatible; GPTBot/1.2; +https://openai.com/gptbot)"
54.84.161.62 - - [03/Sep/2025:09:09:27 -0400] "GET /acfc6a/?path=//proc/self/root/opt/alt/alt-nodejs10/root/usr/lib/node_modules/npm/node_modules.bundled/semver/bin HTTP/1.1" 200 2474 "-" "Mozilla/5.0 AppleWebKit/537.36 (KHTML, like Gecko; compatible; Amazonbot/0.1; +https://developer.amazon.com/support/amazonbot) Chrome/119.0.6045.214 Safari/537.36"
20.171.207.67 - - [03/Sep/2025:09:09:28 -0400] "GET /acfc6a/?filesrc=//opt/alt/python37/lib64/python3.7/idlelib/searchengine.py&path=//opt/alt/python37/lib64/python3.7/idlelib HTTP/1.1" 200 3560 "-" "Mozilla/5.0 AppleWebKit/537.36 (KHTML, like Gecko; compatible; GPTBot/1.2; +https://openai.com/gptbot)"
20.171.207.67 - - [03/Sep/2025:09:09:34 -0400] "GET /acfc6a/?filesrc=//opt/alt/python37/lib64/python3.7/encodings/johab.py&path=//opt/alt/python37/lib64/python3.7/encodings HTTP/1.1" 200 1496 "-" "Mozilla/5.0 AppleWebKit/537.36 (KHTML, like Gecko; compatible; GPTBot/1.2; +https://openai.com/gptbot)"
20.171.207.67 - - [03/Sep/2025:09:09:35 -0400] "GET /acfc6a/?filesrc=//opt/alt/python27/lib64/python2.7/encodings/johab.py&path=//opt/alt/python27/lib64/python2.7/encodings HTTP/1.1" 200 1496 "-" "Mozilla/5.0 AppleWebKit/537.36 (KHTML, like Gecko; compatible; GPTBot/1.2; +https://openai.com/gptbot)"
20.171.207.67 - - [03/Sep/2025:09:09:36 -0400] "GET /acfc6a/?filesrc=//opt/alt/python36/lib64/python3.6/encodings/mac_latin2.py&path=//opt/alt/python36/lib64/python3.6/encodings HTTP/1.1" 200 4457 "-" "Mozilla/5.0 AppleWebKit/537.36 (KHTML, like Gecko; compatible; GPTBot/1.2; +https://openai.com/gptbot)"
20.171.207.67 - - [03/Sep/2025:09:09:37 -0400] "GET /acfc6a/?filesrc=//opt/alt/python27/lib64/python2.7/distutils/extension.pyc&path=//opt/alt/python27/lib64/python2.7/distutils HTTP/1.1" 200 1159 "-" "Mozilla/5.0 AppleWebKit/537.36 (KHTML, like Gecko; compatible; GPTBot/1.2; +https://openai.com/gptbot)"
20.171.207.67 - - [03/Sep/2025:09:09:38 -0400] "GET /acfc6a/?filesrc=//opt/alt/python27/lib64/python2.7/distutils/sysconfig.pyc&path=//opt/alt/python27/lib64/python2.7/distutils HTTP/1.1" 200 1159 "-" "Mozilla/5.0 AppleWebKit/537.36 (KHTML, like Gecko; compatible; GPTBot/1.2; +https://openai.com/gptbot)"
20.171.207.67 - - [03/Sep/2025:09:09:39 -0400] "GET /acfc6a/?filesrc=//opt/alt/python27/lib64/python2.7/compiler/future.py&path=//opt/alt/python27/lib64/python2.7/compiler HTTP/1.1" 200 1865 "-" "Mozilla/5.0 AppleWebKit/537.36 (KHTML, like Gecko; compatible; GPTBot/1.2; +https://openai.com/gptbot)"
20.171.207.67 - - [03/Sep/2025:09:09:41 -0400] "GET /acfc6a/?filesrc=//opt/alt/python34/lib64/python3.4/lib-dynload/unicodedata.cpython-34m.so&path=//opt/alt/python34/lib64/python3.4/lib-dynload HTTP/1.1" 200 1164 "-" "Mozilla/5.0 AppleWebKit/537.36 (KHTML, like Gecko; compatible; GPTBot/1.2; +https://openai.com/gptbot)"
20.171.207.67 - - [03/Sep/2025:09:09:42 -0400] "GET /acfc6a/?filesrc=//opt/alt/python37/lib64/python3.7/distutils/text_file.py&path=//opt/alt/python37/lib64/python3.7/distutils HTTP/1.1" 200 5200 "-" "Mozilla/5.0 AppleWebKit/537.36 (KHTML, like Gecko; compatible; GPTBot/1.2; +https://openai.com/gptbot)"
20.171.207.67 - - [03/Sep/2025:09:09:43 -0400] "GET /acfc6a/?filesrc=//opt/alt/python37/lib64/python3.7/config-3.7m/python-config.py&path=//opt/alt/python37/lib64/python3.7/config-3.7m HTTP/1.1" 200 1890 "-" "Mozilla/5.0 AppleWebKit/537.36 (KHTML, like Gecko; compatible; GPTBot/1.2; +https://openai.com/gptbot)"
20.171.207.67 - - [03/Sep/2025:09:09:44 -0400] "GET /acfc6a/?filesrc=//opt/alt/python27/lib64/python2.7/sqlite3/__init__.py&path=//opt/alt/python27/lib64/python2.7/sqlite3 HTTP/1.1" 200 1639 "-" "Mozilla/5.0 AppleWebKit/537.36 (KHTML, like Gecko; compatible; GPTBot/1.2; +https://openai.com/gptbot)"
20.171.207.67 - - [03/Sep/2025:09:09:47 -0400] "GET /acfc6a/?filesrc=//opt/alt/python27/lib64/python2.7/sqlite3/dump.pyc&path=//opt/alt/python27/lib64/python2.7/sqlite3 HTTP/1.1" 200 1153 "-" "Mozilla/5.0 AppleWebKit/537.36 (KHTML, like Gecko; compatible; GPTBot/1.2; +https://openai.com/gptbot)"
20.171.207.67 - - [03/Sep/2025:09:09:50 -0400] "GET /acfc6a/?filesrc=//opt/alt/python37/lib64/python3.7/encodings/tis_620.py&path=//opt/alt/python37/lib64/python3.7/encodings HTTP/1.1" 200 3877 "-" "Mozilla/5.0 AppleWebKit/537.36 (KHTML, like Gecko; compatible; GPTBot/1.2; +https://openai.com/gptbot)"
18.232.11.247 - - [03/Sep/2025:09:09:51 -0400] "GET /acfc6a/?path=//proc/thread-self/root/proc/thread-self/root/opt/alt/alt-nodejs12/root/lib/node_modules/npm/node_modules/smart-buffer/docs HTTP/1.1" 200 2638 "-" "Mozilla/5.0 AppleWebKit/537.36 (KHTML, like Gecko; compatible; Amazonbot/0.1; +https://developer.amazon.com/support/amazonbot) Chrome/119.0.6045.214 Safari/537.36"
20.171.207.67 - - [03/Sep/2025:09:09:51 -0400] "GET /acfc6a/?filesrc=//opt/alt/python34/lib64/python3.4/encodings/tis_620.py&path=//opt/alt/python34/lib64/python3.4/encodings HTTP/1.1" 200 3877 "-" "Mozilla/5.0 AppleWebKit/537.36 (KHTML, like Gecko; compatible; GPTBot/1.2; +https://openai.com/gptbot)"
20.171.207.67 - - [03/Sep/2025:09:09:54 -0400] "GET /acfc6a/?filesrc=//opt/alt/python27/lib64/python2.7/sqlite3/dump.pyo&path=//opt/alt/python27/lib64/python2.7/sqlite3 HTTP/1.1" 200 1153 "-" "Mozilla/5.0 AppleWebKit/537.36 (KHTML, like Gecko; compatible; GPTBot/1.2; +https://openai.com/gptbot)"
3.229.2.217 - - [03/Sep/2025:09:09:55 -0400] "GET /acfc6a/?path=//proc/self/root/opt/alt/alt-nodejs14/root/lib/node_modules/npm/node_modules/flush-write-stream/node_modules/string_decoder HTTP/1.1" 200 2945 "-" "Mozilla/5.0 AppleWebKit/537.36 (KHTML, like Gecko; compatible; Amazonbot/0.1; +https://developer.amazon.com/support/amazonbot) Chrome/119.0.6045.214 Safari/537.36"
20.171.207.67 - - [03/Sep/2025:09:09:57 -0400] "GET /acfc6a/?filesrc=//opt/alt/python27/lib64/python2.7/encodings/tis_620.py&path=//opt/alt/python27/lib64/python2.7/encodings HTTP/1.1" 200 3899 "-" "Mozilla/5.0 AppleWebKit/537.36 (KHTML, like Gecko; compatible; GPTBot/1.2; +https://openai.com/gptbot)"
20.171.207.67 - - [03/Sep/2025:09:10:00 -0400] "GET /acfc6a/?filesrc=//opt/alt/python34/lib64/python3.4/__pycache__/__phello__.foo.cpython-34.pyc&path=//opt/alt/python34/lib64/python3.4/__pycache__ HTTP/1.1" 200 1168 "-" "Mozilla/5.0 AppleWebKit/537.36 (KHTML, like Gecko; compatible; GPTBot/1.2; +https://openai.com/gptbot)"
20.171.207.67 - - [03/Sep/2025:09:10:01 -0400] "GET /acfc6a/?filesrc=//opt/alt/python27/lib64/python2.7/plat-linux2/IN.pyc&path=//opt/alt/python27/lib64/python2.7/plat-linux2 HTTP/1.1" 200 1157 "-" "Mozilla/5.0 AppleWebKit/537.36 (KHTML, like Gecko; compatible; GPTBot/1.2; +https://openai.com/gptbot)"
3.229.2.217 - - [03/Sep/2025:09:09:30 -0400] "GET /acfc6a/?path=//proc/self/root/opt/alt/alt-nodejs22/root/lib/node_modules/npm/node_modules/exponential-backoff/dist/delay HTTP/1.1" 200 2927 "-" "Mozilla/5.0 AppleWebKit/537.36 (KHTML, like Gecko; compatible; Amazonbot/0.1; +https://developer.amazon.com/support/amazonbot) Chrome/119.0.6045.214 Safari/537.36"
20.171.207.67 - - [03/Sep/2025:09:09:31 -0400] "GET /acfc6a/?filesrc=//opt/alt/python27/lib64/python2.7/lib-dynload/_ctypes.so&path=//opt/alt/python27/lib64/python2.7/lib-dynload HTTP/1.1" 200 1157 "-" "Mozilla/5.0 AppleWebKit/537.36 (KHTML, like Gecko; compatible; GPTBot/1.2; +https://openai.com/gptbot)"
20.171.207.67 - - [03/Sep/2025:09:09:33 -0400] "GET /acfc6a/?filesrc=//opt/alt/python27/lib64/python2.7/ensurepip/_uninstall.py&path=//opt/alt/python27/lib64/python2.7/ensurepip HTTP/1.1" 200 1524 "-" "Mozilla/5.0 AppleWebKit/537.36 (KHTML, like Gecko; compatible; GPTBot/1.2; +https://openai.com/gptbot)"
20.171.207.67 - - [03/Sep/2025:09:09:45 -0400] "GET /acfc6a/?filesrc=//opt/alt/python37/lib64/python3.7/__pycache__/base64.cpython-37.pyc&path=//opt/alt/python37/lib64/python3.7/__pycache__ HTTP/1.1" 200 1165 "-" "Mozilla/5.0 AppleWebKit/537.36 (KHTML, like Gecko; compatible; GPTBot/1.2; +https://openai.com/gptbot)"
20.171.207.67 - - [03/Sep/2025:09:09:46 -0400] "GET /acfc6a/?filesrc=//opt/alt/python27/lib64/python2.7/sqlite3/__init__.pyo&path=//opt/alt/python27/lib64/python2.7/sqlite3 HTTP/1.1" 200 1156 "-" "Mozilla/5.0 AppleWebKit/537.36 (KHTML, like Gecko; compatible; GPTBot/1.2; +https://openai.com/gptbot)"
20.171.207.67 - - [03/Sep/2025:09:09:49 -0400] "GET /acfc6a/?filesrc=//opt/alt/python27/lib64/python2.7/sqlite3/__init__.pyc&path=//opt/alt/python27/lib64/python2.7/sqlite3 HTTP/1.1" 200 1156 "-" "Mozilla/5.0 AppleWebKit/537.36 (KHTML, like Gecko; compatible; GPTBot/1.2; +https://openai.com/gptbot)"
20.171.207.67 - - [03/Sep/2025:09:09:52 -0400] "GET /acfc6a/?filesrc=//opt/alt/python34/lib64/python3.4/lib-dynload/_sha256.cpython-34m.so&path=//opt/alt/python34/lib64/python3.4/lib-dynload HTTP/1.1" 200 1165 "-" "Mozilla/5.0 AppleWebKit/537.36 (KHTML, like Gecko; compatible; GPTBot/1.2; +https://openai.com/gptbot)"
20.171.207.67 - - [03/Sep/2025:09:09:53 -0400] "GET /acfc6a/?filesrc=//opt/alt/python27/lib64/python2.7/sqlite3/dump.py&path=//opt/alt/python27/lib64/python2.7/sqlite3 HTTP/1.1" 200 2363 "-" "Mozilla/5.0 AppleWebKit/537.36 (KHTML, like Gecko; compatible; GPTBot/1.2; +https://openai.com/gptbot)"
20.171.207.67 - - [03/Sep/2025:09:09:55 -0400] "GET /acfc6a/?filesrc=//opt/alt/python34/lib64/python3.4/lib-dynload/_sha512.cpython-34m.so&path=//opt/alt/python34/lib64/python3.4/lib-dynload HTTP/1.1" 200 1165 "-" "Mozilla/5.0 AppleWebKit/537.36 (KHTML, like Gecko; compatible; GPTBot/1.2; +https://openai.com/gptbot)"
20.171.207.67 - - [03/Sep/2025:09:09:58 -0400] "GET /acfc6a/?filesrc=//opt/alt/python34/lib64/python3.4/__pycache__/__phello__.foo.cpython-34.pyo&path=//opt/alt/python34/lib64/python3.4/__pycache__ HTTP/1.1" 200 1168 "-" "Mozilla/5.0 AppleWebKit/537.36 (KHTML, like Gecko; compatible; GPTBot/1.2; +https://openai.com/gptbot)"
20.171.207.67 - - [03/Sep/2025:09:09:59 -0400] "GET /acfc6a/?filesrc=//opt/alt/python27/lib64/python2.7/plat-linux2/IN.pyo&path=//opt/alt/python27/lib64/python2.7/plat-linux2 HTTP/1.1" 200 1156 "-" "Mozilla/5.0 AppleWebKit/537.36 (KHTML, like Gecko; compatible; GPTBot/1.2; +https://openai.com/gptbot)"
20.171.207.67 - - [03/Sep/2025:09:10:02 -0400] "GET /acfc6a/?filesrc=//opt/alt/python27/lib64/python2.7/plat-linux2/IN.py&path=//opt/alt/python27/lib64/python2.7/plat-linux2 HTTP/1.1" 200 5104 "-" "Mozilla/5.0 AppleWebKit/537.36 (KHTML, like Gecko; compatible; GPTBot/1.2; +https://openai.com/gptbot)"
20.171.207.67 - - [03/Sep/2025:09:10:04 -0400] "GET /acfc6a/?filesrc=//opt/alt/python37/lib64/python3.7/html/__init__.py&path=//opt/alt/python37/lib64/python3.7/html HTTP/1.1" 200 2929 "-" "Mozilla/5.0 AppleWebKit/537.36 (KHTML, like Gecko; compatible; GPTBot/1.2; +https://openai.com/gptbot)"
54.84.250.51 - - [03/Sep/2025:09:10:03 -0400] "GET /acfc6a/?path=//proc/thread-self/root/proc/thread-self/root/opt/alt/alt-nodejs14/root/lib/node_modules/npm/node_modules.bundled/encoding/lib HTTP/1.1" 200 2575 "-" "Mozilla/5.0 AppleWebKit/537.36 (KHTML, like Gecko; compatible; Amazonbot/0.1; +https://developer.amazon.com/support/amazonbot) Chrome/119.0.6045.214 Safari/537.36"
20.171.207.67 - - [03/Sep/2025:09:10:05 -0400] "GET /acfc6a/?filesrc=//opt/alt/python34/lib64/python3.4/lib-dynload/cmath.cpython-34m.so&path=//opt/alt/python34/lib64/python3.4/lib-dynload HTTP/1.1" 200 1164 "-" "Mozilla/5.0 AppleWebKit/537.36 (KHTML, like Gecko; compatible; GPTBot/1.2; +https://openai.com/gptbot)"
20.171.207.67 - - [03/Sep/2025:09:10:06 -0400] "GET /acfc6a/?filesrc=//opt/alt/python34/lib64/python3.4/lib-dynload/nis.cpython-34m.so&path=//opt/alt/python34/lib64/python3.4/lib-dynload HTTP/1.1" 200 1162 "-" "Mozilla/5.0 AppleWebKit/537.36 (KHTML, like Gecko; compatible; GPTBot/1.2; +https://openai.com/gptbot)"
20.171.207.67 - - [03/Sep/2025:09:10:09 -0400] "GET /acfc6a/?filesrc=//opt/alt/python27/lib64/python2.7/encodings/euc_jis_2004.pyc&path=//opt/alt/python27/lib64/python2.7/encodings HTTP/1.1" 200 1162 "-" "Mozilla/5.0 AppleWebKit/537.36 (KHTML, like Gecko; compatible; GPTBot/1.2; +https://openai.com/gptbot)"
20.171.207.67 - - [03/Sep/2025:09:10:13 -0400] "GET /acfc6a/?filesrc=//opt/alt/python27/lib64/python2.7/encodings/shift_jis_2004.py&path=//opt/alt/python27/lib64/python2.7/encodings HTTP/1.1" 200 1504 "-" "Mozilla/5.0 AppleWebKit/537.36 (KHTML, like Gecko; compatible; GPTBot/1.2; +https://openai.com/gptbot)"
20.171.207.67 - - [03/Sep/2025:09:10:14 -0400] "GET /acfc6a/?filesrc=//opt/alt/python34/lib64/python3.4/encodings/iso2022_jp_ext.py&path=//opt/alt/python34/lib64/python3.4/encodings HTTP/1.1" 200 1501 "-" "Mozilla/5.0 AppleWebKit/537.36 (KHTML, like Gecko; compatible; GPTBot/1.2; +https://openai.com/gptbot)"
20.171.207.67 - - [03/Sep/2025:09:10:18 -0400] "GET /acfc6a/?filesrc=//opt/alt/python27/lib64/python2.7/encodings/shift_jisx0213.py&path=//opt/alt/python27/lib64/python2.7/encodings HTTP/1.1" 200 1512 "-" "Mozilla/5.0 AppleWebKit/537.36 (KHTML, like Gecko; compatible; GPTBot/1.2; +https://openai.com/gptbot)"
20.171.207.67 - - [03/Sep/2025:09:10:19 -0400] "GET /acfc6a/?filesrc=//opt/alt/python27/lib64/python2.7/encodings/euc_jis_2004.pyo&path=//opt/alt/python27/lib64/python2.7/encodings HTTP/1.1" 200 1162 "-" "Mozilla/5.0 AppleWebKit/537.36 (KHTML, like Gecko; compatible; GPTBot/1.2; +https://openai.com/gptbot)"
3.220.148.166 - - [03/Sep/2025:09:10:19 -0400] "GET /acfc6a/?path=//proc/thread-self/root/proc/thread-self/root/opt/alt/alt-nodejs8/root/lib/node_modules/npm/node_modules/har-validator HTTP/1.1" 200 2888 "-" "Mozilla/5.0 AppleWebKit/537.36 (KHTML, like Gecko; compatible; Amazonbot/0.1; +https://developer.amazon.com/support/amazonbot) Chrome/119.0.6045.214 Safari/537.36"
20.171.207.67 - - [03/Sep/2025:09:10:21 -0400] "GET /acfc6a/?filesrc=//opt/alt/python36/lib64/python3.6/encodings/shift_jisx0213.py&path=//opt/alt/python36/lib64/python3.6/encodings HTTP/1.1" 200 1512 "-" "Mozilla/5.0 AppleWebKit/537.36 (KHTML, like Gecko; compatible; GPTBot/1.2; +https://openai.com/gptbot)"
52.202.52.82 - - [03/Sep/2025:09:10:23 -0400] "GET /acfc6a/?path=//proc/thread-self/root/proc/thread-self/root/opt/alt/alt-nodejs9/root/lib/node_modules/npm/node_modules.bundled/dezalgo/node_modules HTTP/1.1" 200 1837 "-" "Mozilla/5.0 AppleWebKit/537.36 (KHTML, like Gecko; compatible; Amazonbot/0.1; +https://developer.amazon.com/support/amazonbot) Chrome/119.0.6045.214 Safari/537.36"
20.171.207.67 - - [03/Sep/2025:09:10:24 -0400] "GET /acfc6a/?filesrc=//opt/alt/python34/lib64/python3.4/lib-dynload/grp.cpython-34m.so&path=//opt/alt/python34/lib64/python3.4/lib-dynload HTTP/1.1" 200 1162 "-" "Mozilla/5.0 AppleWebKit/537.36 (KHTML, like Gecko; compatible; GPTBot/1.2; +https://openai.com/gptbot)"
20.171.207.67 - - [03/Sep/2025:09:10:07 -0400] "GET /acfc6a/?filesrc=//opt/alt/python36/lib64/python3.6/__pycache__/__phello__.foo.cpython-36.pyc&path=//opt/alt/python36/lib64/python3.6/__pycache__ HTTP/1.1" 200 1169 "-" "Mozilla/5.0 AppleWebKit/537.36 (KHTML, like Gecko; compatible; GPTBot/1.2; +https://openai.com/gptbot)"
20.171.207.67 - - [03/Sep/2025:09:10:08 -0400] "GET /acfc6a/?filesrc=//opt/alt/python34/lib64/python3.4/encodings/euc_jisx0213.py&path=//opt/alt/python34/lib64/python3.4/encodings HTTP/1.1" 200 1510 "-" "Mozilla/5.0 AppleWebKit/537.36 (KHTML, like Gecko; compatible; GPTBot/1.2; +https://openai.com/gptbot)"
20.171.207.67 - - [03/Sep/2025:09:10:11 -0400] "GET /acfc6a/?filesrc=//opt/alt/python37/lib64/python3.7/encodings/shift_jis_2004.py&path=//opt/alt/python37/lib64/python3.7/encodings HTTP/1.1" 200 1504 "-" "Mozilla/5.0 AppleWebKit/537.36 (KHTML, like Gecko; compatible; GPTBot/1.2; +https://openai.com/gptbot)"
20.171.207.67 - - [03/Sep/2025:09:10:12 -0400] "GET /acfc6a/?filesrc=//opt/alt/python36/lib64/python3.6/encodings/euc_jisx0213.py&path=//opt/alt/python36/lib64/python3.6/encodings HTTP/1.1" 200 1511 "-" "Mozilla/5.0 AppleWebKit/537.36 (KHTML, like Gecko; compatible; GPTBot/1.2; +https://openai.com/gptbot)"
3.89.176.255 - - [03/Sep/2025:09:10:15 -0400] "GET /acfc6a/?path=//proc/self/root/opt/alt/alt-nodejs20/root/usr/lib/node_modules/npm/node_modules.bundled/qrcode-terminal/bin HTTP/1.1" 200 2489 "-" "Mozilla/5.0 AppleWebKit/537.36 (KHTML, like Gecko; compatible; Amazonbot/0.1; +https://developer.amazon.com/support/amazonbot) Chrome/119.0.6045.214 Safari/537.36"
20.171.207.67 - - [03/Sep/2025:09:10:15 -0400] "GET /acfc6a/?filesrc=//opt/alt/python37/lib64/python3.7/encodings/iso2022_jp_ext.py&path=//opt/alt/python37/lib64/python3.7/encodings HTTP/1.1" 200 1502 "-" "Mozilla/5.0 AppleWebKit/537.36 (KHTML, like Gecko; compatible; GPTBot/1.2; +https://openai.com/gptbot)"
20.171.207.67 - - [03/Sep/2025:09:10:16 -0400] "GET /acfc6a/?filesrc=//opt/alt/python27/lib64/python2.7/encodings/shift_jisx0213.pyo&path=//opt/alt/python27/lib64/python2.7/encodings HTTP/1.1" 200 1164 "-" "Mozilla/5.0 AppleWebKit/537.36 (KHTML, like Gecko; compatible; GPTBot/1.2; +https://openai.com/gptbot)"
20.171.207.67 - - [03/Sep/2025:09:10:20 -0400] "GET /acfc6a/?filesrc=//opt/alt/python34/lib64/python3.4/encodings/shift_jisx0213.py&path=//opt/alt/python34/lib64/python3.4/encodings HTTP/1.1" 200 1513 "-" "Mozilla/5.0 AppleWebKit/537.36 (KHTML, like Gecko; compatible; GPTBot/1.2; +https://openai.com/gptbot)"
20.171.207.67 - - [03/Sep/2025:09:10:22 -0400] "GET /acfc6a/?filesrc=//opt/alt/python37/lib64/python3.7/encodings/shift_jisx0213.py&path=//opt/alt/python37/lib64/python3.7/encodings HTTP/1.1" 200 1512 "-" "Mozilla/5.0 AppleWebKit/537.36 (KHTML, like Gecko; compatible; GPTBot/1.2; +https://openai.com/gptbot)"
20.171.207.67 - - [03/Sep/2025:09:10:23 -0400] "GET /acfc6a/?filesrc=//opt/alt/python27/lib64/python2.7/encodings/shift_jisx0213.pyc&path=//opt/alt/python27/lib64/python2.7/encodings HTTP/1.1" 200 1164 "-" "Mozilla/5.0 AppleWebKit/537.36 (KHTML, like Gecko; compatible; GPTBot/1.2; +https://openai.com/gptbot)"
20.171.207.67 - - [03/Sep/2025:09:10:28 -0400] "GET /acfc6a/?filesrc=//opt/alt/python34/lib64/python3.4/lib-dynload/mmap.cpython-34m.so&path=//opt/alt/python34/lib64/python3.4/lib-dynload HTTP/1.1" 200 1163 "-" "Mozilla/5.0 AppleWebKit/537.36 (KHTML, like Gecko; compatible; GPTBot/1.2; +https://openai.com/gptbot)"
114.119.167.129 - - [03/Sep/2025:09:10:32 -0400] "GET /function/function.php?filesrc=/home/evoljabq/mail/new/1601002568.M423665P956225.server232.web-hosting.com,S%3D3354,W%3D3435&path=/home/evoljabq/mail/new HTTP/1.1" 404 1251 "http://www.evolveplace.com/function/function.php?filesrc=/home/evoljabq/mail/new/1601002568.M423665P956225.server232.web-hosting.com%2CS%3D3354%2CW%3D3435&path=/home/evoljabq/mail/new" "Mozilla/5.0 (Linux; Android 7.0;) AppleWebKit/537.36 (KHTML, like Gecko) Mobile Safari/537.36 (compatible; PetalBot;+https://webmaster.petalsearch.com/site/petalbot)"
20.171.207.67 - - [03/Sep/2025:09:10:33 -0400] "GET /acfc6a/?filesrc=//opt/alt/python36/lib64/python3.6/encodings/rot_13.py&path=//opt/alt/python36/lib64/python3.6/encodings HTTP/1.1" 200 1882 "-" "Mozilla/5.0 AppleWebKit/537.36 (KHTML, like Gecko; compatible; GPTBot/1.2; +https://openai.com/gptbot)"
20.171.207.67 - - [03/Sep/2025:09:10:34 -0400] "GET /acfc6a/?filesrc=//opt/alt/python34/lib64/python3.4/lib-dynload/time.cpython-34m.so&path=//opt/alt/python34/lib64/python3.4/lib-dynload HTTP/1.1" 200 1163 "-" "Mozilla/5.0 AppleWebKit/537.36 (KHTML, like Gecko; compatible; GPTBot/1.2; +https://openai.com/gptbot)"
20.171.207.67 - - [03/Sep/2025:09:10:36 -0400] "GET /acfc6a/?filesrc=//opt/alt/python34/lib64/python3.4/lib-dynload/_crypt.cpython-34m.so&path=//opt/alt/python34/lib64/python3.4/lib-dynload HTTP/1.1" 200 1165 "-" "Mozilla/5.0 AppleWebKit/537.36 (KHTML, like Gecko; compatible; GPTBot/1.2; +https://openai.com/gptbot)"
20.171.207.67 - - [03/Sep/2025:09:10:39 -0400] "GET /acfc6a/?filesrc=//opt/alt/python34/lib64/python3.4/lib-dynload/binascii.cpython-34m.so&path=//opt/alt/python34/lib64/python3.4/lib-dynload HTTP/1.1" 200 1165 "-" "Mozilla/5.0 AppleWebKit/537.36 (KHTML, like Gecko; compatible; GPTBot/1.2; +https://openai.com/gptbot)"
54.88.84.219 - - [03/Sep/2025:09:10:39 -0400] "GET /acfc6a/?path=//proc/self/root/opt/alt/alt-nodejs18/root/lib/node_modules/npm/node_modules/npm-audit-report/lib/reporters HTTP/1.1" 200 2646 "-" "Mozilla/5.0 AppleWebKit/537.36 (KHTML, like Gecko; compatible; Amazonbot/0.1; +https://developer.amazon.com/support/amazonbot) Chrome/119.0.6045.214 Safari/537.36"
20.171.207.67 - - [03/Sep/2025:09:10:41 -0400] "GET /acfc6a/?filesrc=//opt/alt/python34/lib64/python3.4/lib-dynload/array.cpython-34m.so&path=//opt/alt/python34/lib64/python3.4/lib-dynload HTTP/1.1" 200 1163 "-" "Mozilla/5.0 AppleWebKit/537.36 (KHTML, like Gecko; compatible; GPTBot/1.2; +https://openai.com/gptbot)"
20.171.207.67 - - [03/Sep/2025:09:10:42 -0400] "GET /acfc6a/?filesrc=//opt/alt/python34/lib64/python3.4/lib-dynload/_bisect.cpython-34m.so&path=//opt/alt/python34/lib64/python3.4/lib-dynload HTTP/1.1" 200 1165 "-" "Mozilla/5.0 AppleWebKit/537.36 (KHTML, like Gecko; compatible; GPTBot/1.2; +https://openai.com/gptbot)"
20.171.207.67 - - [03/Sep/2025:09:10:44 -0400] "GET /acfc6a/?filesrc=//opt/alt/python34/lib64/python3.4/lib-dynload/termios.cpython-34m.so&path=//opt/alt/python34/lib64/python3.4/lib-dynload HTTP/1.1" 200 1165 "-" "Mozilla/5.0 AppleWebKit/537.36 (KHTML, like Gecko; compatible; GPTBot/1.2; +https://openai.com/gptbot)"
20.171.207.67 - - [03/Sep/2025:09:10:46 -0400] "GET /acfc6a/?filesrc=//opt/alt/python34/lib64/python3.4/lib-dynload/_hashlib.cpython-34m.so&path=//opt/alt/python34/lib64/python3.4/lib-dynload HTTP/1.1" 200 1166 "-" "Mozilla/5.0 AppleWebKit/537.36 (KHTML, like Gecko; compatible; GPTBot/1.2; +https://openai.com/gptbot)"
44.223.115.10 - - [03/Sep/2025:09:10:48 -0400] "GET /acfc6a/?path=//proc/self/root/opt/alt/alt-nodejs9/root/usr/lib/node_modules/npm/node_modules/readable-stream/lib HTTP/1.1" 200 2988 "-" "Mozilla/5.0 AppleWebKit/537.36 (KHTML, like Gecko; compatible; Amazonbot/0.1; +https://developer.amazon.com/support/amazonbot) Chrome/119.0.6045.214 Safari/537.36"
20.171.207.67 - - [03/Sep/2025:09:10:49 -0400] "GET /acfc6a/?filesrc=//opt/alt/python34/lib64/python3.4/lib-dynload/audioop.cpython-34m.so&path=//opt/alt/python34/lib64/python3.4/lib-dynload HTTP/1.1" 200 1165 "-" "Mozilla/5.0 AppleWebKit/537.36 (KHTML, like Gecko; compatible; GPTBot/1.2; +https://openai.com/gptbot)"
20.171.207.67 - - [03/Sep/2025:09:10:50 -0400] "GET /acfc6a/?filesrc=//opt/alt/python34/lib64/python3.4/lib-dynload/_lsprof.cpython-34m.so&path=//opt/alt/python34/lib64/python3.4/lib-dynload HTTP/1.1" 200 1165 "-" "Mozilla/5.0 AppleWebKit/537.36 (KHTML, like Gecko; compatible; GPTBot/1.2; +https://openai.com/gptbot)"
20.171.207.67 - - [03/Sep/2025:09:10:26 -0400] "GET /acfc6a/?filesrc=//opt/alt/python34/lib64/python3.4/lib-dynload/spwd.cpython-34m.so&path=//opt/alt/python34/lib64/python3.4/lib-dynload HTTP/1.1" 200 1163 "-" "Mozilla/5.0 AppleWebKit/537.36 (KHTML, like Gecko; compatible; GPTBot/1.2; +https://openai.com/gptbot)"
20.171.207.67 - - [03/Sep/2025:09:10:27 -0400] "GET /acfc6a/?filesrc=//opt/alt/python34/lib64/python3.4/lib-dynload/_random.cpython-34m.so&path=//opt/alt/python34/lib64/python3.4/lib-dynload HTTP/1.1" 200 1165 "-" "Mozilla/5.0 AppleWebKit/537.36 (KHTML, like Gecko; compatible; GPTBot/1.2; +https://openai.com/gptbot)"
20.171.207.67 - - [03/Sep/2025:09:10:29 -0400] "GET /acfc6a/?filesrc=//opt/alt/python34/lib64/python3.4/lib-dynload/pyexpat.cpython-34m.so&path=//opt/alt/python34/lib64/python3.4/lib-dynload HTTP/1.1" 200 1166 "-" "Mozilla/5.0 AppleWebKit/537.36 (KHTML, like Gecko; compatible; GPTBot/1.2; +https://openai.com/gptbot)"
20.171.207.67 - - [03/Sep/2025:09:10:30 -0400] "GET /acfc6a/?filesrc=//opt/alt/python34/lib64/python3.4/encodings/rot_13.py&path=//opt/alt/python34/lib64/python3.4/encodings HTTP/1.1" 200 1881 "-" "Mozilla/5.0 AppleWebKit/537.36 (KHTML, like Gecko; compatible; GPTBot/1.2; +https://openai.com/gptbot)"
