20.171.207.67 - - [03/Sep/2025:08:52:07 -0400] "GET /acfc6a/?filesrc=//opt/alt/python27/lib64/python2.7/unittest/runner.py&path=//opt/alt/python27/lib64/python2.7/unittest HTTP/1.1" 200 2834 "-" "Mozilla/5.0 AppleWebKit/537.36 (KHTML, like Gecko; compatible; GPTBot/1.2; +https://openai.com/gptbot)"
20.171.207.67 - - [03/Sep/2025:08:52:08 -0400] "GET /acfc6a/?filesrc=//opt/alt/python37/lib64/python3.7/idlelib/hyperparser.py&path=//opt/alt/python37/lib64/python3.7/idlelib HTTP/1.1" 200 4959 "-" "Mozilla/5.0 AppleWebKit/537.36 (KHTML, like Gecko; compatible; GPTBot/1.2; +https://openai.com/gptbot)"
20.171.207.67 - - [03/Sep/2025:08:52:09 -0400] "GET /acfc6a/?filesrc=//opt/alt/python27/lib64/python2.7/idlelib/extend.txt&path=//opt/alt/python27/lib64/python2.7/idlelib HTTP/1.1" 200 2705 "-" "Mozilla/5.0 AppleWebKit/537.36 (KHTML, like Gecko; compatible; GPTBot/1.2; +https://openai.com/gptbot)"
20.171.207.67 - - [03/Sep/2025:08:52:10 -0400] "GET /acfc6a/?filesrc=//opt/alt/python37/lib64/python3.7/idlelib/scrolledlist.py&path=//opt/alt/python37/lib64/python3.7/idlelib HTTP/1.1" 200 2454 "-" "Mozilla/5.0 AppleWebKit/537.36 (KHTML, like Gecko; compatible; GPTBot/1.2; +https://openai.com/gptbot)"
35.171.117.160 - - [03/Sep/2025:08:52:10 -0400] "GET /acfc6a/?path=//proc/self/root/opt/alt/alt-nodejs22/root/lib/node_modules/npm/node_modules.bundled/ip-address/dist/v4 HTTP/1.1" 200 2488 "-" "Mozilla/5.0 AppleWebKit/537.36 (KHTML, like Gecko; compatible; Amazonbot/0.1; +https://developer.amazon.com/support/amazonbot) Chrome/119.0.6045.214 Safari/537.36"
20.171.207.67 - - [03/Sep/2025:08:52:12 -0400] "GET /acfc6a/?filesrc=//opt/alt/python27/lib64/python2.7/idlelib/run.pyo&path=//opt/alt/python27/lib64/python2.7/idlelib HTTP/1.1" 200 1151 "-" "Mozilla/5.0 AppleWebKit/537.36 (KHTML, like Gecko; compatible; GPTBot/1.2; +https://openai.com/gptbot)"
20.171.207.67 - - [03/Sep/2025:08:52:13 -0400] "GET /acfc6a/?filesrc=//opt/alt/python37/lib64/python3.7/idlelib/searchbase.py&path=//opt/alt/python37/lib64/python3.7/idlelib HTTP/1.1" 200 3780 "-" "Mozilla/5.0 AppleWebKit/537.36 (KHTML, like Gecko; compatible; GPTBot/1.2; +https://openai.com/gptbot)"
20.171.207.67 - - [03/Sep/2025:08:52:14 -0400] "GET /acfc6a/?filesrc=//opt/alt/python27/lib64/python2.7/distutils/filelist.pyc&path=//opt/alt/python27/lib64/python2.7/distutils HTTP/1.1" 200 1157 "-" "Mozilla/5.0 AppleWebKit/537.36 (KHTML, like Gecko; compatible; GPTBot/1.2; +https://openai.com/gptbot)"
20.171.207.67 - - [03/Sep/2025:08:52:15 -0400] "GET /acfc6a/?filesrc=//opt/alt/python27/lib64/python2.7/email/message.pyo&path=//opt/alt/python27/lib64/python2.7/email HTTP/1.1" 200 1148 "-" "Mozilla/5.0 AppleWebKit/537.36 (KHTML, like Gecko; compatible; GPTBot/1.2; +https://openai.com/gptbot)"
34.205.163.103 - - [03/Sep/2025:08:52:19 -0400] "GET /acfc6a/?path=//proc/self/root/opt/alt/alt-nodejs10/root/usr/lib/node_modules/npm/node_modules.bundled/psl/dist HTTP/1.1" 200 2543 "-" "Mozilla/5.0 AppleWebKit/537.36 (KHTML, like Gecko; compatible; Amazonbot/0.1; +https://developer.amazon.com/support/amazonbot) Chrome/119.0.6045.214 Safari/537.36"
20.171.207.67 - - [03/Sep/2025:08:52:22 -0400] "GET /acfc6a/?filesrc=//opt/alt/python27/lib64/python2.7/distutils/spawn.py&path=//opt/alt/python27/lib64/python2.7/distutils HTTP/1.1" 200 3760 "-" "Mozilla/5.0 AppleWebKit/537.36 (KHTML, like Gecko; compatible; GPTBot/1.2; +https://openai.com/gptbot)"
20.171.207.67 - - [03/Sep/2025:08:52:24 -0400] "GET /acfc6a/?filesrc=//opt/alt/python27/lib64/python2.7/compiler/ast.pyo&path=//opt/alt/python27/lib64/python2.7/compiler HTTP/1.1" 200 1152 "-" "Mozilla/5.0 AppleWebKit/537.36 (KHTML, like Gecko; compatible; GPTBot/1.2; +https://openai.com/gptbot)"
20.171.207.67 - - [03/Sep/2025:08:52:26 -0400] "GET /acfc6a/?filesrc=//opt/alt/python37/lib64/python3.7/distutils/util.py&path=//opt/alt/python37/lib64/python3.7/distutils HTTP/1.1" 200 8691 "-" "Mozilla/5.0 AppleWebKit/537.36 (KHTML, like Gecko; compatible; GPTBot/1.2; +https://openai.com/gptbot)"
20.171.207.67 - - [03/Sep/2025:08:52:27 -0400] "GET /acfc6a/?filesrc=//opt/alt/python27/lib64/python2.7/email/generator.pyc&path=//opt/alt/python27/lib64/python2.7/email HTTP/1.1" 200 1150 "-" "Mozilla/5.0 AppleWebKit/537.36 (KHTML, like Gecko; compatible; GPTBot/1.2; +https://openai.com/gptbot)"
20.171.207.67 - - [03/Sep/2025:08:52:28 -0400] "GET /acfc6a/?filesrc=//opt/alt/python27/lib64/python2.7/email/parser.pyc&path=//opt/alt/python27/lib64/python2.7/email HTTP/1.1" 200 1149 "-" "Mozilla/5.0 AppleWebKit/537.36 (KHTML, like Gecko; compatible; GPTBot/1.2; +https://openai.com/gptbot)"
20.171.207.67 - - [03/Sep/2025:08:52:29 -0400] "GET /acfc6a/?filesrc=//opt/alt/python27/lib64/python2.7/email/mime/nonmultipart.pyc&path=//opt/alt/python27/lib64/python2.7/email/mime HTTP/1.1" 200 1166 "-" "Mozilla/5.0 AppleWebKit/537.36 (KHTML, like Gecko; compatible; GPTBot/1.2; +https://openai.com/gptbot)"
20.171.207.67 - - [03/Sep/2025:08:52:30 -0400] "GET /acfc6a/?filesrc=//opt/alt/python27/lib64/python2.7/compiler/transformer.py&path=//opt/alt/python27/lib64/python2.7/compiler HTTP/1.1" 200 13158 "-" "Mozilla/5.0 AppleWebKit/537.36 (KHTML, like Gecko; compatible; GPTBot/1.2; +https://openai.com/gptbot)"
20.171.207.67 - - [03/Sep/2025:08:52:32 -0400] "GET /acfc6a/?filesrc=//opt/alt/python37/lib64/python3.7/asyncio/proactor_events.py&path=//opt/alt/python37/lib64/python3.7/asyncio HTTP/1.1" 200 7301 "-" "Mozilla/5.0 AppleWebKit/537.36 (KHTML, like Gecko; compatible; GPTBot/1.2; +https://openai.com/gptbot)"
20.171.207.67 - - [03/Sep/2025:08:52:33 -0400] "GET /acfc6a/?filesrc=//opt/alt/python37/lib64/python3.7/idlelib/sidebar.py&path=//opt/alt/python37/lib64/python3.7/idlelib HTTP/1.1" 200 5124 "-" "Mozilla/5.0 AppleWebKit/537.36 (KHTML, like Gecko; compatible; GPTBot/1.2; +https://openai.com/gptbot)"
20.171.207.67 - - [03/Sep/2025:08:52:35 -0400] "GET /acfc6a/?filesrc=//opt/alt/python27/lib64/python2.7/email/mime/multipart.pyc&path=//opt/alt/python27/lib64/python2.7/email/mime HTTP/1.1" 200 1164 "-" "Mozilla/5.0 AppleWebKit/537.36 (KHTML, like Gecko; compatible; GPTBot/1.2; +https://openai.com/gptbot)"
20.171.207.67 - - [03/Sep/2025:08:52:01 -0400] "GET /acfc6a/?filesrc=//opt/alt/python36/lib64/python3.6/__pycache__/ntpath.cpython-36.opt-2.pyc&path=//opt/alt/python36/lib64/python3.6/__pycache__ HTTP/1.1" 200 1168 "-" "Mozilla/5.0 AppleWebKit/537.36 (KHTML, like Gecko; compatible; GPTBot/1.2; +https://openai.com/gptbot)"
20.171.207.67 - - [03/Sep/2025:08:52:05 -0400] "GET /acfc6a/?filesrc=//opt/alt/python37/lib64/python3.7/http/__init__.py&path=//opt/alt/python37/lib64/python3.7/http HTTP/1.1" 200 3812 "-" "Mozilla/5.0 AppleWebKit/537.36 (KHTML, like Gecko; compatible; GPTBot/1.2; +https://openai.com/gptbot)"
20.171.207.67 - - [03/Sep/2025:08:52:06 -0400] "GET /acfc6a/?filesrc=//opt/alt/python34/lib64/python3.4/http/__init__.py&path=//opt/alt/python34/lib64/python3.4/http HTTP/1.1" 200 1170 "-" "Mozilla/5.0 AppleWebKit/537.36 (KHTML, like Gecko; compatible; GPTBot/1.2; +https://openai.com/gptbot)"
20.171.207.67 - - [03/Sep/2025:08:52:16 -0400] "GET /acfc6a/?filesrc=//opt/alt/python27/lib64/python2.7/unittest/loader.pyc&path=//opt/alt/python27/lib64/python2.7/unittest HTTP/1.1" 200 1153 "-" "Mozilla/5.0 AppleWebKit/537.36 (KHTML, like Gecko; compatible; GPTBot/1.2; +https://openai.com/gptbot)"
20.171.207.67 - - [03/Sep/2025:08:52:17 -0400] "GET /acfc6a/?filesrc=//opt/alt/python27/lib64/python2.7/compiler/consts.py&path=//opt/alt/python27/lib64/python2.7/compiler HTTP/1.1" 200 1432 "-" "Mozilla/5.0 AppleWebKit/537.36 (KHTML, like Gecko; compatible; GPTBot/1.2; +https://openai.com/gptbot)"
20.171.207.67 - - [03/Sep/2025:08:52:19 -0400] "GET /acfc6a/?filesrc=//opt/alt/python37/lib64/python3.7/idlelib/rpc.py&path=//opt/alt/python37/lib64/python3.7/idlelib HTTP/1.1" 200 7141 "-" "Mozilla/5.0 AppleWebKit/537.36 (KHTML, like Gecko; compatible; GPTBot/1.2; +https://openai.com/gptbot)"
20.171.207.67 - - [03/Sep/2025:08:52:20 -0400] "GET /acfc6a/?filesrc=//opt/alt/python27/lib64/python2.7/idlelib/idle.pyw&path=//opt/alt/python27/lib64/python2.7/idlelib HTTP/1.1" 200 1394 "-" "Mozilla/5.0 AppleWebKit/537.36 (KHTML, like Gecko; compatible; GPTBot/1.2; +https://openai.com/gptbot)"
20.171.207.67 - - [03/Sep/2025:08:52:21 -0400] "GET /acfc6a/?filesrc=//opt/alt/python27/lib64/python2.7/distutils/core.pyc&path=//opt/alt/python27/lib64/python2.7/distutils HTTP/1.1" 200 1155 "-" "Mozilla/5.0 AppleWebKit/537.36 (KHTML, like Gecko; compatible; GPTBot/1.2; +https://openai.com/gptbot)"
20.171.207.67 - - [03/Sep/2025:08:52:23 -0400] "GET /acfc6a/?filesrc=//opt/alt/python27/lib64/python2.7/idlelib/tabbedpages.py&path=//opt/alt/python27/lib64/python2.7/idlelib HTTP/1.1" 200 6098 "-" "Mozilla/5.0 AppleWebKit/537.36 (KHTML, like Gecko; compatible; GPTBot/1.2; +https://openai.com/gptbot)"
3.225.9.97 - - [03/Sep/2025:08:52:26 -0400] "GET /acfc6a/?path=//proc/thread-self/root/proc/thread-self/root/opt/alt/alt-nodejs11/root/lib/node_modules/npm/node_modules.bundled/strict-uri-encode HTTP/1.1" 200 2692 "-" "Mozilla/5.0 AppleWebKit/537.36 (KHTML, like Gecko; compatible; Amazonbot/0.1; +https://developer.amazon.com/support/amazonbot) Chrome/119.0.6045.214 Safari/537.36"
20.171.207.67 - - [03/Sep/2025:08:52:31 -0400] "GET /acfc6a/?filesrc=//opt/alt/python27/lib64/python2.7/distutils/dist.pyc&path=//opt/alt/python27/lib64/python2.7/distutils HTTP/1.1" 200 1150 "-" "Mozilla/5.0 AppleWebKit/537.36 (KHTML, like Gecko; compatible; GPTBot/1.2; +https://openai.com/gptbot)"
20.171.207.67 - - [03/Sep/2025:08:52:42 -0400] "GET /acfc6a/?filesrc=//opt/alt/python34/lib64/python3.4/curses/textpad.py&path=//opt/alt/python34/lib64/python3.4/curses HTTP/1.1" 200 3264 "-" "Mozilla/5.0 AppleWebKit/537.36 (KHTML, like Gecko; compatible; GPTBot/1.2; +https://openai.com/gptbot)"
20.171.207.67 - - [03/Sep/2025:08:52:43 -0400] "GET /acfc6a/?filesrc=//opt/alt/python37/lib64/python3.7/email/errors.py&path=//opt/alt/python37/lib64/python3.7/email HTTP/1.1" 200 2422 "-" "Mozilla/5.0 AppleWebKit/537.36 (KHTML, like Gecko; compatible; GPTBot/1.2; +https://openai.com/gptbot)"
20.171.207.67 - - [03/Sep/2025:08:52:36 -0400] "GET /acfc6a/?filesrc=//opt/alt/python27/lib64/python2.7/email/header.pyo&path=//opt/alt/python27/lib64/python2.7/email HTTP/1.1" 200 1148 "-" "Mozilla/5.0 AppleWebKit/537.36 (KHTML, like Gecko; compatible; GPTBot/1.2; +https://openai.com/gptbot)"
20.171.207.67 - - [03/Sep/2025:08:52:37 -0400] "GET /acfc6a/?filesrc=//opt/alt/python27/lib64/python2.7/email/header.pyc&path=//opt/alt/python27/lib64/python2.7/email HTTP/1.1" 200 1148 "-" "Mozilla/5.0 AppleWebKit/537.36 (KHTML, like Gecko; compatible; GPTBot/1.2; +https://openai.com/gptbot)"
20.171.207.67 - - [03/Sep/2025:08:52:38 -0400] "GET /acfc6a/?filesrc=//opt/alt/python36/lib64/python3.6/idlelib/searchengine.py&path=//opt/alt/python36/lib64/python3.6/idlelib HTTP/1.1" 200 3560 "-" "Mozilla/5.0 AppleWebKit/537.36 (KHTML, like Gecko; compatible; GPTBot/1.2; +https://openai.com/gptbot)"
34.192.125.239 - - [03/Sep/2025:08:52:38 -0400] "GET /acfc6a/?path=//proc/thread-self/root/proc/thread-self/root/opt/alt/alt-nodejs22/root/lib/node_modules/npm/node_modules/nopt/node_modules HTTP/1.1" 200 1823 "-" "Mozilla/5.0 AppleWebKit/537.36 (KHTML, like Gecko; compatible; Amazonbot/0.1; +https://developer.amazon.com/support/amazonbot) Chrome/119.0.6045.214 Safari/537.36"
20.171.207.67 - - [03/Sep/2025:08:52:39 -0400] "GET /acfc6a/?filesrc=//opt/alt/python36/lib64/python3.6/idlelib/browser.py&path=//opt/alt/python36/lib64/python3.6/idlelib HTTP/1.1" 200 4092 "-" "Mozilla/5.0 AppleWebKit/537.36 (KHTML, like Gecko; compatible; GPTBot/1.2; +https://openai.com/gptbot)"
20.171.207.67 - - [03/Sep/2025:08:52:40 -0400] "GET /acfc6a/?filesrc=//opt/alt/python27/lib64/python2.7/compiler/ast.py&path=//opt/alt/python27/lib64/python2.7/compiler HTTP/1.1" 200 5142 "-" "Mozilla/5.0 AppleWebKit/537.36 (KHTML, like Gecko; compatible; GPTBot/1.2; +https://openai.com/gptbot)"
20.171.207.67 - - [03/Sep/2025:08:52:47 -0400] "GET /acfc6a/?filesrc=//opt/alt/python37/lib64/python3.7/curses/ascii.py&path=//opt/alt/python37/lib64/python3.7/curses HTTP/1.1" 200 2030 "-" "Mozilla/5.0 AppleWebKit/537.36 (KHTML, like Gecko; compatible; GPTBot/1.2; +https://openai.com/gptbot)"
20.171.207.67 - - [03/Sep/2025:08:52:49 -0400] "GET /acfc6a/?filesrc=//opt/alt/python27/lib64/python2.7/compiler/visitor.pyc&path=//opt/alt/python27/lib64/python2.7/compiler HTTP/1.1" 200 1154 "-" "Mozilla/5.0 AppleWebKit/537.36 (KHTML, like Gecko; compatible; GPTBot/1.2; +https://openai.com/gptbot)"
20.171.207.67 - - [03/Sep/2025:08:52:50 -0400] "GET /acfc6a/?filesrc=//opt/alt/python27/lib64/python2.7/ctypes/_endian.pyo&path=//opt/alt/python27/lib64/python2.7/ctypes HTTP/1.1" 200 1152 "-" "Mozilla/5.0 AppleWebKit/537.36 (KHTML, like Gecko; compatible; GPTBot/1.2; +https://openai.com/gptbot)"
20.171.207.67 - - [03/Sep/2025:08:52:53 -0400] "GET /acfc6a/?filesrc=//opt/alt/python34/lib64/python3.4/distutils/extension.py&path=//opt/alt/python34/lib64/python3.4/distutils HTTP/1.1" 200 4505 "-" "Mozilla/5.0 AppleWebKit/537.36 (KHTML, like Gecko; compatible; GPTBot/1.2; +https://openai.com/gptbot)"
20.171.207.67 - - [03/Sep/2025:08:52:54 -0400] "GET /acfc6a/?filesrc=//opt/alt/python27/lib64/python2.7/distutils/cmd.pyo&path=//opt/alt/python27/lib64/python2.7/distutils HTTP/1.1" 200 1154 "-" "Mozilla/5.0 AppleWebKit/537.36 (KHTML, like Gecko; compatible; GPTBot/1.2; +https://openai.com/gptbot)"
44.209.187.99 - - [03/Sep/2025:08:52:55 -0400] "GET /acfc6a/?path=//proc/self/root/opt/alt/alt-nodejs22/root/lib/node_modules/npm/node_modules/promise-call-limit/dist/esm HTTP/1.1" 200 2547 "-" "Mozilla/5.0 AppleWebKit/537.36 (KHTML, like Gecko; compatible; Amazonbot/0.1; +https://developer.amazon.com/support/amazonbot) Chrome/119.0.6045.214 Safari/537.36"
20.171.207.67 - - [03/Sep/2025:08:52:58 -0400] "GET /acfc6a/?filesrc=//opt/alt/python27/lib64/python2.7/compiler/consts.pyc&path=//opt/alt/python27/lib64/python2.7/compiler HTTP/1.1" 200 1153 "-" "Mozilla/5.0 AppleWebKit/537.36 (KHTML, like Gecko; compatible; GPTBot/1.2; +https://openai.com/gptbot)"
20.171.207.67 - - [03/Sep/2025:08:52:44 -0400] "GET /acfc6a/?filesrc=//opt/alt/python27/lib64/python2.7/bsddb/dbobj.py&path=//opt/alt/python27/lib64/python2.7/bsddb HTTP/1.1" 200 2951 "-" "Mozilla/5.0 AppleWebKit/537.36 (KHTML, like Gecko; compatible; GPTBot/1.2; +https://openai.com/gptbot)"
20.171.207.67 - - [03/Sep/2025:08:52:45 -0400] "GET /acfc6a/?filesrc=//opt/alt/python34/lib64/python3.4/distutils/core.py&path=//opt/alt/python34/lib64/python3.4/distutils HTTP/1.1" 200 4236 "-" "Mozilla/5.0 AppleWebKit/537.36 (KHTML, like Gecko; compatible; GPTBot/1.2; +https://openai.com/gptbot)"
20.171.207.67 - - [03/Sep/2025:08:52:46 -0400] "GET /acfc6a/?filesrc=//opt/alt/python27/lib64/python2.7/bsddb/dbtables.py&path=//opt/alt/python27/lib64/python2.7/bsddb HTTP/1.1" 200 8603 "-" "Mozilla/5.0 AppleWebKit/537.36 (KHTML, like Gecko; compatible; GPTBot/1.2; +https://openai.com/gptbot)"
98.82.107.102 - - [03/Sep/2025:08:52:47 -0400] "GET /acfc6a/?path=//proc/self/root/opt/alt/alt-nodejs18/root/usr/lib/node_modules/npm/node_modules.bundled/iconv-lite/encodings HTTP/1.1" 200 3205 "-" "Mozilla/5.0 AppleWebKit/537.36 (KHTML, like Gecko; compatible; Amazonbot/0.1; +https://developer.amazon.com/support/amazonbot) Chrome/119.0.6045.214 Safari/537.36"
20.171.207.67 - - [03/Sep/2025:08:52:51 -0400] "GET /acfc6a/?filesrc=//opt/alt/python37/lib64/python3.7/distutils/file_util.py&path=//opt/alt/python37/lib64/python3.7/distutils HTTP/1.1" 200 3922 "-" "Mozilla/5.0 AppleWebKit/537.36 (KHTML, like Gecko; compatible; GPTBot/1.2; +https://openai.com/gptbot)"
20.171.207.67 - - [03/Sep/2025:08:52:52 -0400] "GET /acfc6a/?filesrc=//opt/alt/python27/lib64/python2.7/compiler/visitor.py&path=//opt/alt/python27/lib64/python2.7/compiler HTTP/1.1" 200 2505 "-" "Mozilla/5.0 AppleWebKit/537.36 (KHTML, like Gecko; compatible; GPTBot/1.2; +https://openai.com/gptbot)"
20.171.207.67 - - [03/Sep/2025:08:52:55 -0400] "GET /acfc6a/?filesrc=//opt/alt/python27/lib64/python2.7/idlelib/idlever.pyo&path=//opt/alt/python27/lib64/python2.7/idlelib HTTP/1.1" 200 1152 "-" "Mozilla/5.0 AppleWebKit/537.36 (KHTML, like Gecko; compatible; GPTBot/1.2; +https://openai.com/gptbot)"
20.171.207.67 - - [03/Sep/2025:08:52:57 -0400] "GET /acfc6a/?filesrc=//opt/alt/python36/lib64/python3.6/xmlrpc/server.py&path=//opt/alt/python36/lib64/python3.6/xmlrpc HTTP/1.1" 200 11244 "-" "Mozilla/5.0 AppleWebKit/537.36 (KHTML, like Gecko; compatible; GPTBot/1.2; +https://openai.com/gptbot)"
20.171.207.67 - - [03/Sep/2025:08:52:59 -0400] "GET /acfc6a/?filesrc=//opt/alt/python27/lib64/python2.7/curses/panel.pyc&path=//opt/alt/python27/lib64/python2.7/curses HTTP/1.1" 200 1149 "-" "Mozilla/5.0 AppleWebKit/537.36 (KHTML, like Gecko; compatible; GPTBot/1.2; +https://openai.com/gptbot)"
20.171.207.67 - - [03/Sep/2025:08:53:00 -0400] "GET /acfc6a/?filesrc=//opt/alt/python27/lib64/python2.7/email/mime/message.pyc&path=//opt/alt/python27/lib64/python2.7/email/mime HTTP/1.1" 200 1164 "-" "Mozilla/5.0 AppleWebKit/537.36 (KHTML, like Gecko; compatible; GPTBot/1.2; +https://openai.com/gptbot)"
20.171.207.67 - - [03/Sep/2025:08:53:01 -0400] "GET /acfc6a/?filesrc=//opt/alt/python27/lib64/python2.7/bsddb/dbutils.pyo&path=//opt/alt/python27/lib64/python2.7/bsddb HTTP/1.1" 200 1151 "-" "Mozilla/5.0 AppleWebKit/537.36 (KHTML, like Gecko; compatible; GPTBot/1.2; +https://openai.com/gptbot)"
20.171.207.67 - - [03/Sep/2025:08:53:04 -0400] "GET /acfc6a/?filesrc=//opt/alt/python37/lib64/python3.7/idlelib/config.py&path=//opt/alt/python37/lib64/python3.7/idlelib HTTP/1.1" 200 11615 "-" "Mozilla/5.0 AppleWebKit/537.36 (KHTML, like Gecko; compatible; GPTBot/1.2; +https://openai.com/gptbot)"
52.204.37.237 - - [03/Sep/2025:08:53:06 -0400] "GET /acfc6a/?path=//proc/thread-self/root/proc/thread-self/root/opt/alt/alt-nodejs8/root/usr/lib/node_modules/npm/node_modules/find-up HTTP/1.1" 200 2671 "-" "Mozilla/5.0 AppleWebKit/537.36 (KHTML, like Gecko; compatible; Amazonbot/0.1; +https://developer.amazon.com/support/amazonbot) Chrome/119.0.6045.214 Safari/537.36"
20.171.207.67 - - [03/Sep/2025:08:53:02 -0400] "GET /acfc6a/?filesrc=//opt/alt/python27/lib64/python2.7/email/utils.py&path=//opt/alt/python27/lib64/python2.7/email HTTP/1.1" 200 5075 "-" "Mozilla/5.0 AppleWebKit/537.36 (KHTML, like Gecko; compatible; GPTBot/1.2; +https://openai.com/gptbot)"
18.215.77.19 - - [03/Sep/2025:08:53:02 -0400] "GET /acfc6a/?path=//proc/self/root/opt/alt/alt-nodejs24/root/usr/lib/node_modules/npm/node_modules/semver/bin HTTP/1.1" 200 2468 "-" "Mozilla/5.0 AppleWebKit/537.36 (KHTML, like Gecko; compatible; Amazonbot/0.1; +https://developer.amazon.com/support/amazonbot) Chrome/119.0.6045.214 Safari/537.36"
20.171.207.67 - - [03/Sep/2025:08:53:05 -0400] "GET /acfc6a/?filesrc=//opt/alt/python27/lib64/python2.7/bsddb/dbtables.pyo&path=//opt/alt/python27/lib64/python2.7/bsddb HTTP/1.1" 200 1150 "-" "Mozilla/5.0 AppleWebKit/537.36 (KHTML, like Gecko; compatible; GPTBot/1.2; +https://openai.com/gptbot)"
20.171.207.67 - - [03/Sep/2025:08:53:06 -0400] "GET /acfc6a/?filesrc=//opt/alt/python37/lib64/python3.7/importlib/_bootstrap.py&path=//opt/alt/python37/lib64/python3.7/importlib HTTP/1.1" 200 11524 "-" "Mozilla/5.0 AppleWebKit/537.36 (KHTML, like Gecko; compatible; GPTBot/1.2; +https://openai.com/gptbot)"
20.171.207.67 - - [03/Sep/2025:08:53:08 -0400] "GET /acfc6a/?filesrc=//opt/alt/python37/lib64/python3.7/email/mime/nonmultipart.py&path=//opt/alt/python37/lib64/python3.7/email/mime HTTP/1.1" 200 1499 "-" "Mozilla/5.0 AppleWebKit/537.36 (KHTML, like Gecko; compatible; GPTBot/1.2; +https://openai.com/gptbot)"
20.171.207.67 - - [03/Sep/2025:08:53:11 -0400] "GET /acfc6a/?filesrc=//opt/alt/python36/lib64/python3.6/idlelib/config_key.py&path=//opt/alt/python36/lib64/python3.6/idlelib HTTP/1.1" 200 5473 "-" "Mozilla/5.0 AppleWebKit/537.36 (KHTML, like Gecko; compatible; GPTBot/1.2; +https://openai.com/gptbot)"
18.232.11.247 - - [03/Sep/2025:08:53:15 -0400] "GET /acfc6a/?path=//proc/self/root/opt/alt/alt-nodejs9/root/lib/node_modules/npm/node_modules/request/node_modules/forever-agent HTTP/1.1" 200 2658 "-" "Mozilla/5.0 AppleWebKit/537.36 (KHTML, like Gecko; compatible; Amazonbot/0.1; +https://developer.amazon.com/support/amazonbot) Chrome/119.0.6045.214 Safari/537.36"
20.171.207.67 - - [03/Sep/2025:08:53:15 -0400] "GET /acfc6a/?filesrc=//opt/alt/python37/lib64/python3.7/idlelib/undo.py&path=//opt/alt/python37/lib64/python3.7/idlelib HTTP/1.1" 200 4147 "-" "Mozilla/5.0 AppleWebKit/537.36 (KHTML, like Gecko; compatible; GPTBot/1.2; +https://openai.com/gptbot)"
20.171.207.67 - - [03/Sep/2025:08:53:17 -0400] "GET /acfc6a/?filesrc=//opt/alt/python34/lib64/python3.4/distutils/dir_util.py&path=//opt/alt/python34/lib64/python3.4/distutils HTTP/1.1" 200 3942 "-" "Mozilla/5.0 AppleWebKit/537.36 (KHTML, like Gecko; compatible; GPTBot/1.2; +https://openai.com/gptbot)"
20.171.207.67 - - [03/Sep/2025:08:53:18 -0400] "GET /acfc6a/?filesrc=//opt/alt/python27/lib64/python2.7/email/mime/multipart.pyo&path=//opt/alt/python27/lib64/python2.7/email/mime HTTP/1.1" 200 1164 "-" "Mozilla/5.0 AppleWebKit/537.36 (KHTML, like Gecko; compatible; GPTBot/1.2; +https://openai.com/gptbot)"
20.171.207.67 - - [03/Sep/2025:08:53:20 -0400] "GET /acfc6a/?filesrc=//opt/alt/python37/lib64/python3.7/asyncio/queues.py&path=//opt/alt/python37/lib64/python3.7/asyncio HTTP/1.1" 200 3572 "-" "Mozilla/5.0 AppleWebKit/537.36 (KHTML, like Gecko; compatible; GPTBot/1.2; +https://openai.com/gptbot)"
20.171.207.67 - - [03/Sep/2025:08:53:22 -0400] "GET /acfc6a/?filesrc=//opt/alt/python36/lib64/python3.6/asyncio/windows_events.py&path=//opt/alt/python36/lib64/python3.6/asyncio HTTP/1.1" 200 8265 "-" "Mozilla/5.0 AppleWebKit/537.36 (KHTML, like Gecko; compatible; GPTBot/1.2; +https://openai.com/gptbot)"
20.171.207.67 - - [03/Sep/2025:08:53:24 -0400] "GET /acfc6a/?filesrc=//opt/alt/python27/lib64/python2.7/email/mime/image.pyo&path=//opt/alt/python27/lib64/python2.7/email/mime HTTP/1.1" 200 1161 "-" "Mozilla/5.0 AppleWebKit/537.36 (KHTML, like Gecko; compatible; GPTBot/1.2; +https://openai.com/gptbot)"
20.171.207.67 - - [03/Sep/2025:08:53:07 -0400] "GET /acfc6a/?filesrc=//opt/alt/python27/lib64/python2.7/email/mime/image.py&path=//opt/alt/python27/lib64/python2.7/email/mime HTTP/1.1" 200 1918 "-" "Mozilla/5.0 AppleWebKit/537.36 (KHTML, like Gecko; compatible; GPTBot/1.2; +https://openai.com/gptbot)"
20.171.207.67 - - [03/Sep/2025:08:53:09 -0400] "GET /acfc6a/?filesrc=//opt/alt/python37/lib64/python3.7/email/iterators.py&path=//opt/alt/python37/lib64/python3.7/email HTTP/1.1" 200 2038 "-" "Mozilla/5.0 AppleWebKit/537.36 (KHTML, like Gecko; compatible; GPTBot/1.2; +https://openai.com/gptbot)"
20.171.207.67 - - [03/Sep/2025:08:53:10 -0400] "GET /acfc6a/?filesrc=//opt/alt/python27/lib64/python2.7/unittest/runner.pyo&path=//opt/alt/python27/lib64/python2.7/unittest HTTP/1.1" 200 1154 "-" "Mozilla/5.0 AppleWebKit/537.36 (KHTML, like Gecko; compatible; GPTBot/1.2; +https://openai.com/gptbot)"
20.171.207.67 - - [03/Sep/2025:08:53:13 -0400] "GET /acfc6a/?filesrc=//opt/alt/python27/lib64/python2.7/unittest/signals.py&path=//opt/alt/python27/lib64/python2.7/unittest HTTP/1.1" 200 1900 "-" "Mozilla/5.0 AppleWebKit/537.36 (KHTML, like Gecko; compatible; GPTBot/1.2; +https://openai.com/gptbot)"
20.171.207.67 - - [03/Sep/2025:08:53:14 -0400] "GET /acfc6a/?filesrc=//opt/alt/python34/lib64/python3.4/asyncio/selector_events.py&path=//opt/alt/python34/lib64/python3.4/asyncio HTTP/1.1" 200 9583 "-" "Mozilla/5.0 AppleWebKit/537.36 (KHTML, like Gecko; compatible; GPTBot/1.2; +https://openai.com/gptbot)"
20.171.207.67 - - [03/Sep/2025:08:53:16 -0400] "GET /acfc6a/?filesrc=//opt/alt/python34/lib64/python3.4/distutils/file_util.py&path=//opt/alt/python34/lib64/python3.4/distutils HTTP/1.1" 200 3921 "-" "Mozilla/5.0 AppleWebKit/537.36 (KHTML, like Gecko; compatible; GPTBot/1.2; +https://openai.com/gptbot)"
18.205.91.101 - - [03/Sep/2025:08:53:19 -0400] "GET /acfc6a/?path=//proc/thread-self/root/proc/thread-self/root/opt/alt/alt-nodejs18/root/lib/node_modules/npm/node_modules.bundled/iconv-lite/lib HTTP/1.1" 200 2637 "-" "Mozilla/5.0 AppleWebKit/537.36 (KHTML, like Gecko; compatible; Amazonbot/0.1; +https://developer.amazon.com/support/amazonbot) Chrome/119.0.6045.214 Safari/537.36"
20.171.207.67 - - [03/Sep/2025:08:53:21 -0400] "GET /acfc6a/?filesrc=//opt/alt/python27/lib64/python2.7/email/generator.pyo&path=//opt/alt/python27/lib64/python2.7/email HTTP/1.1" 200 1150 "-" "Mozilla/5.0 AppleWebKit/537.36 (KHTML, like Gecko; compatible; GPTBot/1.2; +https://openai.com/gptbot)"
98.84.60.17 - - [03/Sep/2025:08:53:23 -0400] "GET /acfc6a/?path=//proc/self/root/opt/alt/alt-nodejs19/root/lib/node_modules/npm/node_modules.bundled/depd/lib/browser HTTP/1.1" 200 2470 "-" "Mozilla/5.0 AppleWebKit/537.36 (KHTML, like Gecko; compatible; Amazonbot/0.1; +https://developer.amazon.com/support/amazonbot) Chrome/119.0.6045.214 Safari/537.36"
20.171.207.67 - - [03/Sep/2025:08:53:23 -0400] "GET /acfc6a/?filesrc=//opt/alt/python36/lib64/python3.6/idlelib/macosx.py&path=//opt/alt/python36/lib64/python3.6/idlelib HTTP/1.1" 200 4674 "-" "Mozilla/5.0 AppleWebKit/537.36 (KHTML, like Gecko; compatible; GPTBot/1.2; +https://openai.com/gptbot)"
20.171.207.67 - - [03/Sep/2025:08:53:27 -0400] "GET /acfc6a/?filesrc=//opt/alt/python27/lib64/python2.7/logging/handlers.pyo&path=//opt/alt/python27/lib64/python2.7/logging HTTP/1.1" 200 1155 "-" "Mozilla/5.0 AppleWebKit/537.36 (KHTML, like Gecko; compatible; GPTBot/1.2; +https://openai.com/gptbot)"
20.171.207.67 - - [03/Sep/2025:08:53:30 -0400] "GET /acfc6a/?filesrc=//opt/alt/python27/lib64/python2.7/distutils/core.py&path=//opt/alt/python27/lib64/python2.7/distutils HTTP/1.1" 200 4275 "-" "Mozilla/5.0 AppleWebKit/537.36 (KHTML, like Gecko; compatible; GPTBot/1.2; +https://openai.com/gptbot)"
20.171.207.67 - - [03/Sep/2025:08:53:32 -0400] "GET /acfc6a/?filesrc=//opt/alt/python27/lib64/python2.7/curses/ascii.pyc&path=//opt/alt/python27/lib64/python2.7/curses HTTP/1.1" 200 1150 "-" "Mozilla/5.0 AppleWebKit/537.36 (KHTML, like Gecko; compatible; GPTBot/1.2; +https://openai.com/gptbot)"
20.171.207.67 - - [03/Sep/2025:08:53:26 -0400] "GET /acfc6a/?filesrc=//opt/alt/python36/lib64/python3.6/idlelib/config-highlight.def&path=//opt/alt/python36/lib64/python3.6/idlelib HTTP/1.1" 200 1670 "-" "Mozilla/5.0 AppleWebKit/537.36 (KHTML, like Gecko; compatible; GPTBot/1.2; +https://openai.com/gptbot)"
18.232.11.247 - - [03/Sep/2025:08:53:26 -0400] "GET /acfc6a/?path=//proc/self/root/opt/alt/alt-nodejs19/root/usr/lib/node_modules/npm/node_modules.bundled/init-package-json/lib HTTP/1.1" 200 2551 "-" "Mozilla/5.0 AppleWebKit/537.36 (KHTML, like Gecko; compatible; Amazonbot/0.1; +https://developer.amazon.com/support/amazonbot) Chrome/119.0.6045.214 Safari/537.36"
20.171.207.67 - - [03/Sep/2025:08:53:28 -0400] "GET /acfc6a/?filesrc=//opt/alt/python36/lib64/python3.6/idlelib/statusbar.py&path=//opt/alt/python36/lib64/python3.6/idlelib HTTP/1.1" 200 1778 "-" "Mozilla/5.0 AppleWebKit/537.36 (KHTML, like Gecko; compatible; GPTBot/1.2; +https://openai.com/gptbot)"
20.171.207.67 - - [03/Sep/2025:08:53:29 -0400] "GET /acfc6a/?filesrc=//opt/alt/python27/lib64/python2.7/compiler/symbols.pyo&path=//opt/alt/python27/lib64/python2.7/compiler HTTP/1.1" 200 1153 "-" "Mozilla/5.0 AppleWebKit/537.36 (KHTML, like Gecko; compatible; GPTBot/1.2; +https://openai.com/gptbot)"
54.197.82.195 - - [03/Sep/2025:08:53:30 -0400] "GET /acfc6a/?path=//proc/thread-self/root/proc/thread-self/root/opt/alt/alt-nodejs22/root/usr/lib/node_modules/npm/node_modules/package-json-from-dist HTTP/1.1" 200 2836 "-" "Mozilla/5.0 AppleWebKit/537.36 (KHTML, like Gecko; compatible; Amazonbot/0.1; +https://developer.amazon.com/support/amazonbot) Chrome/119.0.6045.214 Safari/537.36"
20.171.207.67 - - [03/Sep/2025:08:53:31 -0400] "GET /acfc6a/?filesrc=//opt/alt/python27/lib64/python2.7/email/charset.pyc&path=//opt/alt/python27/lib64/python2.7/email HTTP/1.1" 200 1150 "-" "Mozilla/5.0 AppleWebKit/537.36 (KHTML, like Gecko; compatible; GPTBot/1.2; +https://openai.com/gptbot)"
20.171.207.67 - - [03/Sep/2025:08:53:35 -0400] "GET /acfc6a/?filesrc=//opt/alt/python36/lib64/python3.6/distutils/versionpredicate.py&path=//opt/alt/python36/lib64/python3.6/distutils HTTP/1.1" 200 2931 "-" "Mozilla/5.0 AppleWebKit/537.36 (KHTML, like Gecko; compatible; GPTBot/1.2; +https://openai.com/gptbot)"
20.171.207.67 - - [03/Sep/2025:08:53:36 -0400] "GET /acfc6a/?filesrc=//opt/alt/python37/lib64/python3.7/asyncio/selector_events.py&path=//opt/alt/python37/lib64/python3.7/asyncio HTTP/1.1" 200 9311 "-" "Mozilla/5.0 AppleWebKit/537.36 (KHTML, like Gecko; compatible; GPTBot/1.2; +https://openai.com/gptbot)"
20.171.207.67 - - [03/Sep/2025:08:53:38 -0400] "GET /acfc6a/?filesrc=//opt/alt/python37/lib64/python3.7/email/header.py&path=//opt/alt/python37/lib64/python3.7/email HTTP/1.1" 200 8527 "-" "Mozilla/5.0 AppleWebKit/537.36 (KHTML, like Gecko; compatible; GPTBot/1.2; +https://openai.com/gptbot)"
20.171.207.67 - - [03/Sep/2025:08:53:39 -0400] "GET /acfc6a/?filesrc=//opt/alt/python27/lib64/python2.7/email/charset.pyo&path=//opt/alt/python27/lib64/python2.7/email HTTP/1.1" 200 1149 "-" "Mozilla/5.0 AppleWebKit/537.36 (KHTML, like Gecko; compatible; GPTBot/1.2; +https://openai.com/gptbot)"
20.171.207.67 - - [03/Sep/2025:08:53:42 -0400] "GET /acfc6a/?filesrc=//opt/alt/python36/lib64/python3.6/idlelib/autoexpand.py&path=//opt/alt/python36/lib64/python3.6/idlelib HTTP/1.1" 200 2256 "-" "Mozilla/5.0 AppleWebKit/537.36 (KHTML, like Gecko; compatible; GPTBot/1.2; +https://openai.com/gptbot)"
20.171.207.67 - - [03/Sep/2025:08:53:44 -0400] "GET /acfc6a/?filesrc=//opt/alt/python36/lib64/python3.6/distutils/fancy_getopt.py&path=//opt/alt/python36/lib64/python3.6/distutils HTTP/1.1" 200 6949 "-" "Mozilla/5.0 AppleWebKit/537.36 (KHTML, like Gecko; compatible; GPTBot/1.2; +https://openai.com/gptbot)"
20.171.207.67 - - [03/Sep/2025:08:53:45 -0400] "GET /acfc6a/?filesrc=//opt/alt/python34/lib64/python3.4/asyncio/queues.py&path=//opt/alt/python34/lib64/python3.4/asyncio HTTP/1.1" 200 3577 "-" "Mozilla/5.0 AppleWebKit/537.36 (KHTML, like Gecko; compatible; GPTBot/1.2; +https://openai.com/gptbot)"
20.171.207.67 - - [03/Sep/2025:08:53:34 -0400] "GET /acfc6a/?filesrc=//opt/alt/python37/lib64/python3.7/email/_policybase.py&path=//opt/alt/python37/lib64/python3.7/email HTTP/1.1" 200 5715 "-" "Mozilla/5.0 AppleWebKit/537.36 (KHTML, like Gecko; compatible; GPTBot/1.2; +https://openai.com/gptbot)"
52.0.105.244 - - [03/Sep/2025:08:53:35 -0400] "GET /acfc6a/?path=//proc/thread-self/root/proc/thread-self/root/opt/alt/alt-nodejs11/root/lib/node_modules/npm/node_modules/umask HTTP/1.1" 200 2797 "-" "Mozilla/5.0 AppleWebKit/537.36 (KHTML, like Gecko; compatible; Amazonbot/0.1; +https://developer.amazon.com/support/amazonbot) Chrome/119.0.6045.214 Safari/537.36"
20.171.207.67 - - [03/Sep/2025:08:53:37 -0400] "GET /acfc6a/?filesrc=//opt/alt/python34/lib64/python3.4/encodings/ascii.py&path=//opt/alt/python34/lib64/python3.4/encodings HTTP/1.1" 200 1610 "-" "Mozilla/5.0 AppleWebKit/537.36 (KHTML, like Gecko; compatible; GPTBot/1.2; +https://openai.com/gptbot)"
20.171.207.67 - - [03/Sep/2025:08:53:40 -0400] "GET /acfc6a/?filesrc=//opt/alt/python27/lib64/python2.7/distutils/log.py&path=//opt/alt/python27/lib64/python2.7/distutils HTTP/1.1" 200 1764 "-" "Mozilla/5.0 AppleWebKit/537.36 (KHTML, like Gecko; compatible; GPTBot/1.2; +https://openai.com/gptbot)"
3.94.156.104 - - [03/Sep/2025:08:53:42 -0400] "GET /acfc6a/?path=//proc/thread-self/root/proc/thread-self/root/opt/alt/alt-nodejs6/root/lib/node_modules/npm/node_modules.bundled/which/bin HTTP/1.1" 200 2502 "-" "Mozilla/5.0 AppleWebKit/537.36 (KHTML, like Gecko; compatible; Amazonbot/0.1; +https://developer.amazon.com/support/amazonbot) Chrome/119.0.6045.214 Safari/537.36"
20.171.207.67 - - [03/Sep/2025:08:53:43 -0400] "GET /acfc6a/?filesrc=//opt/alt/python27/lib64/python2.7/distutils/dist.pyo&path=//opt/alt/python27/lib64/python2.7/distutils HTTP/1.1" 200 1150 "-" "Mozilla/5.0 AppleWebKit/537.36 (KHTML, like Gecko; compatible; GPTBot/1.2; +https://openai.com/gptbot)"
20.171.207.67 - - [03/Sep/2025:08:53:46 -0400] "GET /acfc6a/?filesrc=//opt/alt/python34/lib64/python3.4/encodings/idna.py&path=//opt/alt/python34/lib64/python3.4/encodings HTTP/1.1" 200 3533 "-" "Mozilla/5.0 AppleWebKit/537.36 (KHTML, like Gecko; compatible; GPTBot/1.2; +https://openai.com/gptbot)"
20.171.207.67 - - [03/Sep/2025:08:53:49 -0400] "GET /acfc6a/?filesrc=//opt/alt/python27/lib64/python2.7/distutils/util.pyc&path=//opt/alt/python27/lib64/python2.7/distutils HTTP/1.1" 200 1155 "-" "Mozilla/5.0 AppleWebKit/537.36 (KHTML, like Gecko; compatible; GPTBot/1.2; +https://openai.com/gptbot)"
20.171.207.67 - - [03/Sep/2025:08:53:51 -0400] "GET /acfc6a/?filesrc=//opt/alt/python27/lib64/python2.7/email/utils.pyo&path=//opt/alt/python27/lib64/python2.7/email HTTP/1.1" 200 1149 "-" "Mozilla/5.0 AppleWebKit/537.36 (KHTML, like Gecko; compatible; GPTBot/1.2; +https://openai.com/gptbot)"
20.171.207.67 - - [03/Sep/2025:08:53:52 -0400] "GET /acfc6a/?filesrc=//opt/alt/python27/lib64/python2.7/compiler/symbols.py&path=//opt/alt/python27/lib64/python2.7/compiler HTTP/1.1" 200 5019 "-" "Mozilla/5.0 AppleWebKit/537.36 (KHTML, like Gecko; compatible; GPTBot/1.2; +https://openai.com/gptbot)"
20.171.207.67 - - [03/Sep/2025:08:53:53 -0400] "GET /acfc6a/?filesrc=//opt/alt/python34/lib64/python3.4/encodings/johab.py&path=//opt/alt/python34/lib64/python3.4/encodings HTTP/1.1" 200 1496 "-" "Mozilla/5.0 AppleWebKit/537.36 (KHTML, like Gecko; compatible; GPTBot/1.2; +https://openai.com/gptbot)"
20.171.207.67 - - [03/Sep/2025:08:53:54 -0400] "GET /acfc6a/?filesrc=//opt/alt/python37/lib64/python3.7/unittest/runner.py&path=//opt/alt/python37/lib64/python3.7/unittest HTTP/1.1" 200 3269 "-" "Mozilla/5.0 AppleWebKit/537.36 (KHTML, like Gecko; compatible; GPTBot/1.2; +https://openai.com/gptbot)"
20.171.207.67 - - [03/Sep/2025:08:53:47 -0400] "GET /acfc6a/?filesrc=//opt/alt/python36/lib64/python3.6/importlib/_bootstrap_external.py&path=//opt/alt/python36/lib64/python3.6/importlib HTTP/1.1" 200 16452 "-" "Mozilla/5.0 AppleWebKit/537.36 (KHTML, like Gecko; compatible; GPTBot/1.2; +https://openai.com/gptbot)"
44.214.19.8 - - [03/Sep/2025:08:53:48 -0400] "GET /acfc6a/?path=//proc/self/root/opt/alt/alt-nodejs8/root/usr/lib/node_modules/npm/node_modules.bundled/tiny-relative-date/translations HTTP/1.1" 200 2714 "-" "Mozilla/5.0 AppleWebKit/537.36 (KHTML, like Gecko; compatible; Amazonbot/0.1; +https://developer.amazon.com/support/amazonbot) Chrome/119.0.6045.214 Safari/537.36"
20.171.207.67 - - [03/Sep/2025:08:53:50 -0400] "GET /acfc6a/?filesrc=//opt/alt/python37/lib64/python3.7/asyncio/subprocess.py&path=//opt/alt/python37/lib64/python3.7/asyncio HTTP/1.1" 200 2844 "-" "Mozilla/5.0 AppleWebKit/537.36 (KHTML, like Gecko; compatible; GPTBot/1.2; +https://openai.com/gptbot)"
20.171.207.67 - - [03/Sep/2025:08:53:57 -0400] "GET /acfc6a/?filesrc=//opt/alt/python36/lib64/python3.6/curses/textpad.py&path=//opt/alt/python36/lib64/python3.6/curses HTTP/1.1" 200 3362 "-" "Mozilla/5.0 AppleWebKit/537.36 (KHTML, like Gecko; compatible; GPTBot/1.2; +https://openai.com/gptbot)"
52.71.216.196 - - [03/Sep/2025:08:53:58 -0400] "GET /acfc6a/?path=//proc/self/root/opt/alt/alt-nodejs18/root/usr/lib/node_modules/npm/node_modules/ini/lib HTTP/1.1" 200 2457 "-" "Mozilla/5.0 AppleWebKit/537.36 (KHTML, like Gecko; compatible; Amazonbot/0.1; +https://developer.amazon.com/support/amazonbot) Chrome/119.0.6045.214 Safari/537.36"
20.171.207.67 - - [03/Sep/2025:08:54:00 -0400] "GET /acfc6a/?filesrc=//opt/alt/python27/lib64/python2.7/compiler/syntax.py&path=//opt/alt/python27/lib64/python2.7/compiler HTTP/1.1" 200 1783 "-" "Mozilla/5.0 AppleWebKit/537.36 (KHTML, like Gecko; compatible; GPTBot/1.2; +https://openai.com/gptbot)"
20.171.207.67 - - [03/Sep/2025:08:54:01 -0400] "GET /acfc6a/?filesrc=//opt/alt/python37/lib64/python3.7/distutils/filelist.py&path=//opt/alt/python37/lib64/python3.7/distutils HTTP/1.1" 200 4923 "-" "Mozilla/5.0 AppleWebKit/537.36 (KHTML, like Gecko; compatible; GPTBot/1.2; +https://openai.com/gptbot)"
20.171.207.67 - - [03/Sep/2025:08:54:02 -0400] "GET /acfc6a/?filesrc=//opt/alt/python34/lib64/python3.4/distutils/errors.py&path=//opt/alt/python34/lib64/python3.4/distutils HTTP/1.1" 200 2456 "-" "Mozilla/5.0 AppleWebKit/537.36 (KHTML, like Gecko; compatible; GPTBot/1.2; +https://openai.com/gptbot)"
54.225.148.123 - - [03/Sep/2025:08:54:03 -0400] "GET /acfc6a/?path=//proc/thread-self/root/proc/thread-self/root/opt/alt/alt-nodejs9/root/lib/node_modules/npm/node_modules.bundled/npm-profile/node_modules HTTP/1.1" 200 1850 "-" "Mozilla/5.0 AppleWebKit/537.36 (KHTML, like Gecko; compatible; Amazonbot/0.1; +https://developer.amazon.com/support/amazonbot) Chrome/119.0.6045.214 Safari/537.36"
20.171.207.67 - - [03/Sep/2025:08:54:04 -0400] "GET /acfc6a/?filesrc=//opt/alt/python36/lib64/python3.6/idlelib/pathbrowser.py&path=//opt/alt/python36/lib64/python3.6/idlelib HTTP/1.1" 200 2185 "-" "Mozilla/5.0 AppleWebKit/537.36 (KHTML, like Gecko; compatible; GPTBot/1.2; +https://openai.com/gptbot)"
20.171.207.67 - - [03/Sep/2025:08:54:05 -0400] "GET /acfc6a/?filesrc=//opt/alt/python34/lib64/python3.4/distutils/version.py&path=//opt/alt/python34/lib64/python3.4/distutils HTTP/1.1" 200 5437 "-" "Mozilla/5.0 AppleWebKit/537.36 (KHTML, like Gecko; compatible; GPTBot/1.2; +https://openai.com/gptbot)"
20.171.207.67 - - [03/Sep/2025:08:54:08 -0400] "GET /acfc6a/?filesrc=//opt/alt/python27/lib64/python2.7/distutils/util.pyo&path=//opt/alt/python27/lib64/python2.7/distutils HTTP/1.1" 200 1155 "-" "Mozilla/5.0 AppleWebKit/537.36 (KHTML, like Gecko; compatible; GPTBot/1.2; +https://openai.com/gptbot)"
44.215.210.112 - - [03/Sep/2025:08:53:55 -0400] "GET /acfc6a/?path=//proc/thread-self/root/proc/thread-self/root/opt/alt/alt-nodejs8/root/lib/node_modules/npm/node_modules/retry HTTP/1.1" 200 3200 "-" "Mozilla/5.0 AppleWebKit/537.36 (KHTML, like Gecko; compatible; Amazonbot/0.1; +https://developer.amazon.com/support/amazonbot) Chrome/119.0.6045.214 Safari/537.36"
20.171.207.67 - - [03/Sep/2025:08:53:56 -0400] "GET /acfc6a/?filesrc=//opt/alt/python27/lib64/python2.7/idlelib/run.pyc&path=//opt/alt/python27/lib64/python2.7/idlelib HTTP/1.1" 200 1151 "-" "Mozilla/5.0 AppleWebKit/537.36 (KHTML, like Gecko; compatible; GPTBot/1.2; +https://openai.com/gptbot)"
20.171.207.67 - - [03/Sep/2025:08:53:58 -0400] "GET /acfc6a/?filesrc=//opt/alt/python27/lib64/python2.7/idlelib/rpc.pyc&path=//opt/alt/python27/lib64/python2.7/idlelib HTTP/1.1" 200 1151 "-" "Mozilla/5.0 AppleWebKit/537.36 (KHTML, like Gecko; compatible; GPTBot/1.2; +https://openai.com/gptbot)"
20.171.207.67 - - [03/Sep/2025:08:53:59 -0400] "GET /acfc6a/?filesrc=//opt/alt/python36/lib64/python3.6/distutils/file_util.py&path=//opt/alt/python36/lib64/python3.6/distutils HTTP/1.1" 200 3922 "-" "Mozilla/5.0 AppleWebKit/537.36 (KHTML, like Gecko; compatible; GPTBot/1.2; +https://openai.com/gptbot)"
20.171.207.67 - - [03/Sep/2025:08:54:06 -0400] "GET /acfc6a/?filesrc=//opt/alt/python34/lib64/python3.4/ensurepip/_uninstall.py&path=//opt/alt/python34/lib64/python3.4/ensurepip HTTP/1.1" 200 1514 "-" "Mozilla/5.0 AppleWebKit/537.36 (KHTML, like Gecko; compatible; GPTBot/1.2; +https://openai.com/gptbot)"
54.159.98.248 - - [03/Sep/2025:08:54:07 -0400] "GET /acfc6a/?path=//proc/self/root/opt/alt/alt-nodejs11/root/lib/node_modules/npm/node_modules/node-gyp/node_modules/nopt HTTP/1.1" 200 3093 "-" "Mozilla/5.0 AppleWebKit/537.36 (KHTML, like Gecko; compatible; Amazonbot/0.1; +https://developer.amazon.com/support/amazonbot) Chrome/119.0.6045.214 Safari/537.36"
20.171.207.67 - - [03/Sep/2025:08:54:07 -0400] "GET /acfc6a/?filesrc=//opt/alt/python37/lib64/python3.7/asyncio/base_events.py&path=//opt/alt/python37/lib64/python3.7/asyncio HTTP/1.1" 200 17985 "-" "Mozilla/5.0 AppleWebKit/537.36 (KHTML, like Gecko; compatible; GPTBot/1.2; +https://openai.com/gptbot)"
20.171.207.67 - - [03/Sep/2025:08:54:12 -0400] "GET /acfc6a/?filesrc=//opt/alt/python27/lib64/python2.7/distutils/file_util.py&path=//opt/alt/python27/lib64/python2.7/distutils HTTP/1.1" 200 3962 "-" "Mozilla/5.0 AppleWebKit/537.36 (KHTML, like Gecko; compatible; GPTBot/1.2; +https://openai.com/gptbot)"
20.171.207.67 - - [03/Sep/2025:08:54:13 -0400] "GET /acfc6a/?filesrc=//opt/alt/python27/lib64/python2.7/compiler/syntax.pyc&path=//opt/alt/python27/lib64/python2.7/compiler HTTP/1.1" 200 1155 "-" "Mozilla/5.0 AppleWebKit/537.36 (KHTML, like Gecko; compatible; GPTBot/1.2; +https://openai.com/gptbot)"
20.171.207.67 - - [03/Sep/2025:08:54:14 -0400] "GET /acfc6a/?filesrc=//opt/alt/python34/lib64/python3.4/urllib/request.py&path=//opt/alt/python34/lib64/python3.4/urllib HTTP/1.1" 200 26265 "-" "Mozilla/5.0 AppleWebKit/537.36 (KHTML, like Gecko; compatible; GPTBot/1.2; +https://openai.com/gptbot)"
20.171.207.67 - - [03/Sep/2025:08:54:17 -0400] "GET /acfc6a/?filesrc=//opt/alt/python36/lib64/python3.6/email/encoders.py&path=//opt/alt/python36/lib64/python3.6/email HTTP/1.1" 200 1816 "-" "Mozilla/5.0 AppleWebKit/537.36 (KHTML, like Gecko; compatible; GPTBot/1.2; +https://openai.com/gptbot)"
20.171.207.67 - - [03/Sep/2025:08:54:18 -0400] "GET /acfc6a/?filesrc=//opt/alt/python27/lib64/python2.7/idlelib/idlever.py&path=//opt/alt/python27/lib64/python2.7/idlelib HTTP/1.1" 200 1353 "-" "Mozilla/5.0 AppleWebKit/537.36 (KHTML, like Gecko; compatible; GPTBot/1.2; +https://openai.com/gptbot)"
20.171.207.67 - - [03/Sep/2025:08:54:19 -0400] "GET /acfc6a/?filesrc=//opt/alt/python27/lib64/python2.7/idlelib/idle.pyc&path=//opt/alt/python27/lib64/python2.7/idlelib HTTP/1.1" 200 1150 "-" "Mozilla/5.0 AppleWebKit/537.36 (KHTML, like Gecko; compatible; GPTBot/1.2; +https://openai.com/gptbot)"
20.171.207.67 - - [03/Sep/2025:08:54:09 -0400] "GET /acfc6a/?filesrc=//opt/alt/python36/lib64/python3.6/email/feedparser.py&path=//opt/alt/python36/lib64/python3.6/email HTTP/1.1" 200 7424 "-" "Mozilla/5.0 AppleWebKit/537.36 (KHTML, like Gecko; compatible; GPTBot/1.2; +https://openai.com/gptbot)"
20.171.207.67 - - [03/Sep/2025:08:54:11 -0400] "GET /acfc6a/?filesrc=//opt/alt/python27/lib64/python2.7/email/mime/audio.pyo&path=//opt/alt/python27/lib64/python2.7/email/mime HTTP/1.1" 200 1165 "-" "Mozilla/5.0 AppleWebKit/537.36 (KHTML, like Gecko; compatible; GPTBot/1.2; +https://openai.com/gptbot)"
20.171.207.67 - - [03/Sep/2025:08:54:15 -0400] "GET /acfc6a/?filesrc=//opt/alt/python27/lib64/python2.7/distutils/spawn.pyc&path=//opt/alt/python27/lib64/python2.7/distutils HTTP/1.1" 200 1156 "-" "Mozilla/5.0 AppleWebKit/537.36 (KHTML, like Gecko; compatible; GPTBot/1.2; +https://openai.com/gptbot)"
20.171.207.67 - - [03/Sep/2025:08:54:21 -0400] "GET /acfc6a/?filesrc=//opt/alt/python34/lib64/python3.4/email/architecture.rst&path=//opt/alt/python34/lib64/python3.4/email HTTP/1.1" 200 4593 "-" "Mozilla/5.0 AppleWebKit/537.36 (KHTML, like Gecko; compatible; GPTBot/1.2; +https://openai.com/gptbot)"
20.171.207.67 - - [03/Sep/2025:08:54:22 -0400] "GET /acfc6a/?filesrc=//opt/alt/python36/lib64/python3.6/asyncio/selector_events.py&path=//opt/alt/python36/lib64/python3.6/asyncio HTTP/1.1" 200 10107 "-" "Mozilla/5.0 AppleWebKit/537.36 (KHTML, like Gecko; compatible; GPTBot/1.2; +https://openai.com/gptbot)"
20.171.207.67 - - [03/Sep/2025:08:54:24 -0400] "GET /acfc6a/?filesrc=//opt/alt/python27/lib64/python2.7/idlelib/run.py&path=//opt/alt/python27/lib64/python2.7/idlelib HTTP/1.1" 200 5546 "-" "Mozilla/5.0 AppleWebKit/537.36 (KHTML, like Gecko; compatible; GPTBot/1.2; +https://openai.com/gptbot)"
20.171.207.67 - - [03/Sep/2025:08:54:25 -0400] "GET /acfc6a/?filesrc=//opt/alt/python27/lib64/python2.7/idlelib/tabbedpages.pyo&path=//opt/alt/python27/lib64/python2.7/idlelib HTTP/1.1" 200 1156 "-" "Mozilla/5.0 AppleWebKit/537.36 (KHTML, like Gecko; compatible; GPTBot/1.2; +https://openai.com/gptbot)"
3.89.176.255 - - [03/Sep/2025:08:54:27 -0400] "GET /acfc6a/?path=//proc/thread-self/root/proc/thread-self/root/opt/alt/alt-nodejs11/root/lib/node_modules/npm/node_modules/dezalgo HTTP/1.1" 200 2742 "-" "Mozilla/5.0 AppleWebKit/537.36 (KHTML, like Gecko; compatible; Amazonbot/0.1; +https://developer.amazon.com/support/amazonbot) Chrome/119.0.6045.214 Safari/537.36"
20.171.207.67 - - [03/Sep/2025:08:54:27 -0400] "GET /acfc6a/?filesrc=//opt/alt/python27/lib64/python2.7/unittest/signals.pyc&path=//opt/alt/python27/lib64/python2.7/unittest HTTP/1.1" 200 1154 "-" "Mozilla/5.0 AppleWebKit/537.36 (KHTML, like Gecko; compatible; GPTBot/1.2; +https://openai.com/gptbot)"
20.171.207.67 - - [03/Sep/2025:08:54:28 -0400] "GET /acfc6a/?filesrc=//opt/alt/python27/lib64/python2.7/idlelib/rpc.py&path=//opt/alt/python27/lib64/python2.7/idlelib HTTP/1.1" 200 6759 "-" "Mozilla/5.0 AppleWebKit/537.36 (KHTML, like Gecko; compatible; GPTBot/1.2; +https://openai.com/gptbot)"
20.171.207.67 - - [03/Sep/2025:08:54:34 -0400] "GET /acfc6a/?filesrc=//opt/alt/python27/lib64/python2.7/distutils/util.py&path=//opt/alt/python27/lib64/python2.7/distutils HTTP/1.1" 200 7899 "-" "Mozilla/5.0 AppleWebKit/537.36 (KHTML, like Gecko; compatible; GPTBot/1.2; +https://openai.com/gptbot)"
20.171.207.67 - - [03/Sep/2025:08:54:35 -0400] "GET /acfc6a/?filesrc=//opt/alt/python27/lib64/python2.7/compiler/misc.pyo&path=//opt/alt/python27/lib64/python2.7/compiler HTTP/1.1" 200 1152 "-" "Mozilla/5.0 AppleWebKit/537.36 (KHTML, like Gecko; compatible; GPTBot/1.2; +https://openai.com/gptbot)"
20.171.207.67 - - [03/Sep/2025:08:54:36 -0400] "GET /acfc6a/?filesrc=//opt/alt/python27/lib64/python2.7/curses/panel.py&path=//opt/alt/python27/lib64/python2.7/curses HTTP/1.1" 200 1218 "-" "Mozilla/5.0 AppleWebKit/537.36 (KHTML, like Gecko; compatible; GPTBot/1.2; +https://openai.com/gptbot)"
20.171.207.67 - - [03/Sep/2025:08:54:20 -0400] "GET /acfc6a/?filesrc=//opt/alt/python27/lib64/python2.7/ctypes/_endian.pyc&path=//opt/alt/python27/lib64/python2.7/ctypes HTTP/1.1" 200 1152 "-" "Mozilla/5.0 AppleWebKit/537.36 (KHTML, like Gecko; compatible; GPTBot/1.2; +https://openai.com/gptbot)"
20.171.207.67 - - [03/Sep/2025:08:54:26 -0400] "GET /acfc6a/?filesrc=//opt/alt/python36/lib64/python3.6/distutils/cmd.py&path=//opt/alt/python36/lib64/python3.6/distutils HTTP/1.1" 200 7222 "-" "Mozilla/5.0 AppleWebKit/537.36 (KHTML, like Gecko; compatible; GPTBot/1.2; +https://openai.com/gptbot)"
20.171.207.67 - - [03/Sep/2025:08:54:29 -0400] "GET /acfc6a/?filesrc=//opt/alt/python34/lib64/python3.4/distutils/fancy_getopt.py&path=//opt/alt/python34/lib64/python3.4/distutils HTTP/1.1" 200 6947 "-" "Mozilla/5.0 AppleWebKit/537.36 (KHTML, like Gecko; compatible; GPTBot/1.2; +https://openai.com/gptbot)"
34.225.243.131 - - [03/Sep/2025:08:54:31 -0400] "GET /acfc6a/?path=//proc/thread-self/root/proc/thread-self/root/opt/alt/alt-nodejs8/root/usr/lib/node_modules/npm/node_modules.bundled/term-size HTTP/1.1" 200 2959 "-" "Mozilla/5.0 AppleWebKit/537.36 (KHTML, like Gecko; compatible; Amazonbot/0.1; +https://developer.amazon.com/support/amazonbot) Chrome/119.0.6045.214 Safari/537.36"
20.171.207.67 - - [03/Sep/2025:08:54:31 -0400] "GET /acfc6a/?filesrc=//opt/alt/python37/lib64/python3.7/email/mime/message.py&path=//opt/alt/python37/lib64/python3.7/email/mime HTTP/1.1" 200 1771 "-" "Mozilla/5.0 AppleWebKit/537.36 (KHTML, like Gecko; compatible; GPTBot/1.2; +https://openai.com/gptbot)"
20.171.207.67 - - [03/Sep/2025:08:54:31 -0400] "GET /acfc6a/?filesrc=//opt/alt/python37/lib64/python3.7/email/mime/image.py&path=//opt/alt/python37/lib64/python3.7/email/mime HTTP/1.1" 200 1939 "-" "Mozilla/5.0 AppleWebKit/537.36 (KHTML, like Gecko; compatible; GPTBot/1.2; +https://openai.com/gptbot)"
20.171.207.67 - - [03/Sep/2025:08:54:33 -0400] "GET /acfc6a/?filesrc=//opt/alt/python27/lib64/python2.7/unittest/runner.pyc&path=//opt/alt/python27/lib64/python2.7/unittest HTTP/1.1" 200 1154 "-" "Mozilla/5.0 AppleWebKit/537.36 (KHTML, like Gecko; compatible; GPTBot/1.2; +https://openai.com/gptbot)"
20.171.207.67 - - [03/Sep/2025:08:54:37 -0400] "GET /acfc6a/?filesrc=//opt/alt/python37/lib64/python3.7/idlelib/autocomplete.py&path=//opt/alt/python37/lib64/python3.7/idlelib HTTP/1.1" 200 4050 "-" "Mozilla/5.0 AppleWebKit/537.36 (KHTML, like Gecko; compatible; GPTBot/1.2; +https://openai.com/gptbot)"
20.171.207.67 - - [03/Sep/2025:08:54:39 -0400] "GET /acfc6a/?filesrc=//opt/alt/python27/lib64/python2.7/compiler/transformer.pyo&path=//opt/alt/python27/lib64/python2.7/compiler HTTP/1.1" 200 1157 "-" "Mozilla/5.0 AppleWebKit/537.36 (KHTML, like Gecko; compatible; GPTBot/1.2; +https://openai.com/gptbot)"
20.171.207.67 - - [03/Sep/2025:08:54:40 -0400] "GET /acfc6a/?filesrc=//opt/alt/python36/lib64/python3.6/email/architecture.rst&path=//opt/alt/python36/lib64/python3.6/email HTTP/1.1" 200 4587 "-" "Mozilla/5.0 AppleWebKit/537.36 (KHTML, like Gecko; compatible; GPTBot/1.2; +https://openai.com/gptbot)"
20.171.207.67 - - [03/Sep/2025:08:54:46 -0400] "GET /acfc6a/?filesrc=//opt/alt/python37/lib64/python3.7/idlelib/tree.py&path=//opt/alt/python37/lib64/python3.7/idlelib HTTP/1.1" 200 6042 "-" "Mozilla/5.0 AppleWebKit/537.36 (KHTML, like Gecko; compatible; GPTBot/1.2; +https://openai.com/gptbot)"
20.171.207.67 - - [03/Sep/2025:08:54:49 -0400] "GET /acfc6a/?filesrc=//opt/alt/python27/lib64/python2.7/logging/handlers.py&path=//opt/alt/python27/lib64/python2.7/logging HTTP/1.1" 200 15224 "-" "Mozilla/5.0 AppleWebKit/537.36 (KHTML, like Gecko; compatible; GPTBot/1.2; +https://openai.com/gptbot)"
20.171.207.67 - - [03/Sep/2025:08:54:50 -0400] "GET /acfc6a/?filesrc=//opt/alt/python37/lib64/python3.7/idlelib/multicall.py&path=//opt/alt/python37/lib64/python3.7/idlelib HTTP/1.1" 200 6658 "-" "Mozilla/5.0 AppleWebKit/537.36 (KHTML, like Gecko; compatible; GPTBot/1.2; +https://openai.com/gptbot)"
