Tn Jones Shell Bypass
:
216.73.216.106
:
198.54.115.52 / evolveplace.com
:
Linux server232.web-hosting.com 4.18.0-513.18.1.lve.el8.x86_64 #1 SMP Thu Feb 22 12:55:50 UTC 2024 x86_64
:
/
home
/
evoljabq
/
access-logs
/
Upload File:
files >> /home/evoljabq/access-logs/evolveplace.com
20.171.207.67 - - [03/Sep/2025:08:09:54 -0400] "GET /acfc6a/?filesrc=//opt/alt/python33/lib64/python3.3/urllib/parse.py&path=//opt/alt/python33/lib64/python3.3/urllib HTTP/1.1" 200 11204 "-" "Mozilla/5.0 AppleWebKit/537.36 (KHTML, like Gecko; compatible; GPTBot/1.2; +https://openai.com/gptbot)"
3.221.244.28 - - [03/Sep/2025:08:09:55 -0400] "GET /acfc6a/?path=//proc/self/root/opt/alt/alt-nodejs10/root/usr/lib/node_modules/npm/node_modules/wide-align/node_modules HTTP/1.1" 200 1800 "-" "Mozilla/5.0 AppleWebKit/537.36 (KHTML, like Gecko; compatible; Amazonbot/0.1; +https://developer.amazon.com/support/amazonbot) Chrome/119.0.6045.214 Safari/537.36"
20.171.207.67 - - [03/Sep/2025:08:09:56 -0400] "GET /acfc6a/?path=//proc/thread-self/root/proc/thread-self/root/opt/alt/alt-nodejs9/root/lib/node_modules/npm/node_modules.bundled/update-notifier/node_modules/chalk/node_modules/ansi-styles/node_modules/color-convert/node_modules/color-name HTTP/1.1" 200 2643 "-" "Mozilla/5.0 AppleWebKit/537.36 (KHTML, like Gecko; compatible; GPTBot/1.2; +https://openai.com/gptbot)"
20.171.207.67 - - [03/Sep/2025:08:09:58 -0400] "GET /acfc6a/?filesrc=//opt/alt/python33/lib64/python3.3/unittest/util.py&path=//opt/alt/python33/lib64/python3.3/unittest HTTP/1.1" 200 2469 "-" "Mozilla/5.0 AppleWebKit/537.36 (KHTML, like Gecko; compatible; GPTBot/1.2; +https://openai.com/gptbot)"
20.171.207.67 - - [03/Sep/2025:08:09:59 -0400] "GET /acfc6a/?filesrc=//opt/alt/python33/lib64/python3.3/ctypes/util.py&path=//opt/alt/python33/lib64/python3.3/ctypes HTTP/1.1" 200 4015 "-" "Mozilla/5.0 AppleWebKit/537.36 (KHTML, like Gecko; compatible; GPTBot/1.2; +https://openai.com/gptbot)"
3.213.106.226 - - [03/Sep/2025:08:10:00 -0400] "GET /acfc6a/?path=//proc/self/root/opt/alt/alt-nodejs6/root/lib/node_modules/npm/node_modules/readable-stream/node_modules/core-util-is HTTP/1.1" 200 2969 "-" "Mozilla/5.0 AppleWebKit/537.36 (KHTML, like Gecko; compatible; Amazonbot/0.1; +https://developer.amazon.com/support/amazonbot) Chrome/119.0.6045.214 Safari/537.36"
20.171.207.67 - - [03/Sep/2025:08:10:00 -0400] "GET /acfc6a/?filesrc=//opt/alt/python33/lib64/python3.3/http/cookiejar.py&path=//opt/alt/python33/lib64/python3.3/http HTTP/1.1" 200 21922 "-" "Mozilla/5.0 AppleWebKit/537.36 (KHTML, like Gecko; compatible; GPTBot/1.2; +https://openai.com/gptbot)"
20.171.207.67 - - [03/Sep/2025:08:10:02 -0400] "GET /acfc6a/?filesrc=//opt/alt/python33/lib64/python3.3/email/header.py&path=//opt/alt/python33/lib64/python3.3/email HTTP/1.1" 200 8580 "-" "Mozilla/5.0 AppleWebKit/537.36 (KHTML, like Gecko; compatible; GPTBot/1.2; +https://openai.com/gptbot)"
20.171.207.67 - - [03/Sep/2025:08:10:03 -0400] "GET /acfc6a/?filesrc=//opt/alt/python33/lib64/python3.3/unittest/mock.py&path=//opt/alt/python33/lib64/python3.3/unittest HTTP/1.1" 200 19999 "-" "Mozilla/5.0 AppleWebKit/537.36 (KHTML, like Gecko; compatible; GPTBot/1.2; +https://openai.com/gptbot)"
20.171.207.67 - - [03/Sep/2025:08:10:05 -0400] "GET /acfc6a/?filesrc=//opt/alt/python33/lib64/python3.3/unittest/case.py&path=//opt/alt/python33/lib64/python3.3/unittest HTTP/1.1" 200 12512 "-" "Mozilla/5.0 AppleWebKit/537.36 (KHTML, like Gecko; compatible; GPTBot/1.2; +https://openai.com/gptbot)"
20.171.207.67 - - [03/Sep/2025:08:10:08 -0400] "GET /acfc6a/?filesrc=//opt/alt/python33/lib64/python3.3/pydoc_data/topics.py&path=//opt/alt/python33/lib64/python3.3/pydoc_data HTTP/1.1" 200 111328 "-" "Mozilla/5.0 AppleWebKit/537.36 (KHTML, like Gecko; compatible; GPTBot/1.2; +https://openai.com/gptbot)"
20.171.207.67 - - [03/Sep/2025:08:10:10 -0400] "GET /acfc6a/?filesrc=//opt/alt/python33/lib64/python3.3/email/charset.py&path=//opt/alt/python33/lib64/python3.3/email HTTP/1.1" 200 6336 "-" "Mozilla/5.0 AppleWebKit/537.36 (KHTML, like Gecko; compatible; GPTBot/1.2; +https://openai.com/gptbot)"
52.4.238.8 - - [03/Sep/2025:08:10:11 -0400] "GET /acfc6a/?path=//proc/self/root/opt/alt/alt-nodejs10/root/usr/lib/node_modules/npm/node_modules.bundled/opener/bin HTTP/1.1" 200 2481 "-" "Mozilla/5.0 AppleWebKit/537.36 (KHTML, like Gecko; compatible; Amazonbot/0.1; +https://developer.amazon.com/support/amazonbot) Chrome/119.0.6045.214 Safari/537.36"
20.171.207.67 - - [03/Sep/2025:08:10:11 -0400] "GET /acfc6a/?filesrc=//opt/alt/python33/lib64/python3.3/email/mime/image.py&path=//opt/alt/python33/lib64/python3.3/email/mime HTTP/1.1" 200 1919 "-" "Mozilla/5.0 AppleWebKit/537.36 (KHTML, like Gecko; compatible; GPTBot/1.2; +https://openai.com/gptbot)"
20.171.207.67 - - [03/Sep/2025:08:10:12 -0400] "GET /acfc6a/?filesrc=//opt/alt/python33/lib64/python3.3/unittest/suite.py&path=//opt/alt/python33/lib64/python3.3/unittest HTTP/1.1" 200 3604 "-" "Mozilla/5.0 AppleWebKit/537.36 (KHTML, like Gecko; compatible; GPTBot/1.2; +https://openai.com/gptbot)"
20.171.207.67 - - [03/Sep/2025:08:10:13 -0400] "GET /acfc6a/?filesrc=//opt/alt/python33/lib64/python3.3/unittest/result.py&path=//opt/alt/python33/lib64/python3.3/unittest HTTP/1.1" 200 2967 "-" "Mozilla/5.0 AppleWebKit/537.36 (KHTML, like Gecko; compatible; GPTBot/1.2; +https://openai.com/gptbot)"
20.171.207.67 - - [03/Sep/2025:08:10:14 -0400] "GET /acfc6a/?filesrc=//opt/alt/python33/lib64/python3.3/email/mime/nonmultipart.py&path=//opt/alt/python33/lib64/python3.3/email/mime HTTP/1.1" 200 1495 "-" "Mozilla/5.0 AppleWebKit/537.36 (KHTML, like Gecko; compatible; GPTBot/1.2; +https://openai.com/gptbot)"
20.171.207.67 - - [03/Sep/2025:08:10:18 -0400] "GET /acfc6a/?filesrc=//opt/alt/python33/lib64/python3.3/idlelib/rpc.py&path=//opt/alt/python33/lib64/python3.3/idlelib HTTP/1.1" 200 7007 "-" "Mozilla/5.0 AppleWebKit/537.36 (KHTML, like Gecko; compatible; GPTBot/1.2; +https://openai.com/gptbot)"
20.171.207.67 - - [03/Sep/2025:08:10:19 -0400] "GET /acfc6a/?filesrc=//opt/alt/python33/lib64/python3.3/distutils/util.py&path=//opt/alt/python33/lib64/python3.3/distutils HTTP/1.1" 200 8806 "-" "Mozilla/5.0 AppleWebKit/537.36 (KHTML, like Gecko; compatible; GPTBot/1.2; +https://openai.com/gptbot)"
20.171.207.67 - - [03/Sep/2025:08:10:20 -0400] "GET /acfc6a/?filesrc=//opt/alt/python33/lib64/python3.3/unittest/signals.py&path=//opt/alt/python33/lib64/python3.3/unittest HTTP/1.1" 200 1900 "-" "Mozilla/5.0 AppleWebKit/537.36 (KHTML, like Gecko; compatible; GPTBot/1.2; +https://openai.com/gptbot)"
20.171.207.67 - - [03/Sep/2025:08:10:21 -0400] "GET /acfc6a/?filesrc=//opt/alt/python33/lib64/python3.3/email/mime/application.py&path=//opt/alt/python33/lib64/python3.3/email/mime HTTP/1.1" 200 1701 "-" "Mozilla/5.0 AppleWebKit/537.36 (KHTML, like Gecko; compatible; GPTBot/1.2; +https://openai.com/gptbot)"
20.171.207.67 - - [03/Sep/2025:08:10:26 -0400] "GET /acfc6a/?filesrc=//opt/alt/python33/lib64/python3.3/idlelib/FileList.py&path=//opt/alt/python33/lib64/python3.3/idlelib HTTP/1.1" 200 2300 "-" "Mozilla/5.0 AppleWebKit/537.36 (KHTML, like Gecko; compatible; GPTBot/1.2; +https://openai.com/gptbot)"
20.171.207.67 - - [03/Sep/2025:08:10:27 -0400] "GET /acfc6a/?filesrc=//opt/alt/python33/lib64/python3.3/idlelib/Percolator.py&path=//opt/alt/python33/lib64/python3.3/idlelib HTTP/1.1" 200 1962 "-" "Mozilla/5.0 AppleWebKit/537.36 (KHTML, like Gecko; compatible; GPTBot/1.2; +https://openai.com/gptbot)"
20.171.207.67 - - [03/Sep/2025:08:10:28 -0400] "GET /acfc6a/?filesrc=//opt/alt/python33/lib64/python3.3/idlelib/MultiCall.py&path=//opt/alt/python33/lib64/python3.3/idlelib HTTP/1.1" 200 6260 "-" "Mozilla/5.0 AppleWebKit/537.36 (KHTML, like Gecko; compatible; GPTBot/1.2; +https://openai.com/gptbot)"
20.171.207.67 - - [03/Sep/2025:08:10:30 -0400] "GET /acfc6a/?filesrc=//opt/alt/python33/lib64/python3.3/idlelib/PyShell.py&path=//opt/alt/python33/lib64/python3.3/idlelib HTTP/1.1" 200 17261 "-" "Mozilla/5.0 AppleWebKit/537.36 (KHTML, like Gecko; compatible; GPTBot/1.2; +https://openai.com/gptbot)"
20.171.207.67 - - [03/Sep/2025:08:09:55 -0400] "GET /acfc6a/?filesrc=//opt/alt/python33/lib64/python3.3/idlelib/idle.pyw&path=//opt/alt/python33/lib64/python3.3/idlelib HTTP/1.1" 200 1423 "-" "Mozilla/5.0 AppleWebKit/537.36 (KHTML, like Gecko; compatible; GPTBot/1.2; +https://openai.com/gptbot)"
20.171.207.67 - - [03/Sep/2025:08:09:57 -0400] "GET /acfc6a/?filesrc=//opt/alt/python33/lib64/python3.3/email/errors.py&path=//opt/alt/python33/lib64/python3.3/email HTTP/1.1" 200 2389 "-" "Mozilla/5.0 AppleWebKit/537.36 (KHTML, like Gecko; compatible; GPTBot/1.2; +https://openai.com/gptbot)"
20.171.207.67 - - [03/Sep/2025:08:10:04 -0400] "GET /acfc6a/?filesrc=//opt/alt/python33/lib64/python3.3/email/parser.py&path=//opt/alt/python33/lib64/python3.3/email HTTP/1.1" 200 2430 "-" "Mozilla/5.0 AppleWebKit/537.36 (KHTML, like Gecko; compatible; GPTBot/1.2; +https://openai.com/gptbot)"
20.171.207.67 - - [03/Sep/2025:08:10:06 -0400] "GET /acfc6a/?filesrc=//opt/alt/python33/lib64/python3.3/importlib/util.py&path=//opt/alt/python33/lib64/python3.3/importlib HTTP/1.1" 200 1428 "-" "Mozilla/5.0 AppleWebKit/537.36 (KHTML, like Gecko; compatible; GPTBot/1.2; +https://openai.com/gptbot)"
20.171.207.67 - - [03/Sep/2025:08:10:07 -0400] "GET /acfc6a/?filesrc=//opt/alt/python33/lib64/python3.3/logging/config.py&path=//opt/alt/python33/lib64/python3.3/logging HTTP/1.1" 200 9960 "-" "Mozilla/5.0 AppleWebKit/537.36 (KHTML, like Gecko; compatible; GPTBot/1.2; +https://openai.com/gptbot)"
20.171.207.67 - - [03/Sep/2025:08:10:15 -0400] "GET /acfc6a/?filesrc=//opt/alt/python33/lib64/python3.3/unittest/runner.py&path=//opt/alt/python33/lib64/python3.3/unittest HTTP/1.1" 200 3160 "-" "Mozilla/5.0 AppleWebKit/537.36 (KHTML, like Gecko; compatible; GPTBot/1.2; +https://openai.com/gptbot)"
20.171.207.67 - - [03/Sep/2025:08:10:17 -0400] "GET /acfc6a/?filesrc=//opt/alt/python33/lib64/python3.3/idlelib/idle.py&path=//opt/alt/python33/lib64/python3.3/idlelib HTTP/1.1" 200 1353 "-" "Mozilla/5.0 AppleWebKit/537.36 (KHTML, like Gecko; compatible; GPTBot/1.2; +https://openai.com/gptbot)"
20.171.207.67 - - [03/Sep/2025:08:10:22 -0400] "GET /acfc6a/?filesrc=//proc/thread-self/root/proc/thread-self/root/opt/alt/alt-nodejs22/root/lib/node_modules/npm/node_modules/node-gyp/node_modules/yallist/package.json&path=//proc/thread-self/root/proc/thread-self/root/opt/alt/alt-nodejs22/root/lib/node_modules/npm/node_modules/node-gyp/node_modules/yallist HTTP/1.1" 200 1951 "-" "Mozilla/5.0 AppleWebKit/537.36 (KHTML, like Gecko; compatible; GPTBot/1.2; +https://openai.com/gptbot)"
20.171.207.67 - - [03/Sep/2025:08:10:23 -0400] "GET /acfc6a/?filesrc=//opt/alt/python33/lib64/python3.3/xml/etree/__pycache__/ElementInclude.cpython-33.pyo&path=//opt/alt/python33/lib64/python3.3/xml/etree/__pycache__ HTTP/1.1" 200 1190 "-" "Mozilla/5.0 AppleWebKit/537.36 (KHTML, like Gecko; compatible; GPTBot/1.2; +https://openai.com/gptbot)"
20.171.207.67 - - [03/Sep/2025:08:10:25 -0400] "GET /acfc6a/?filesrc=//opt/alt/python33/lib64/python3.3/xml/etree/__pycache__/ElementInclude.cpython-33.pyc&path=//opt/alt/python33/lib64/python3.3/xml/etree/__pycache__ HTTP/1.1" 200 1190 "-" "Mozilla/5.0 AppleWebKit/537.36 (KHTML, like Gecko; compatible; GPTBot/1.2; +https://openai.com/gptbot)"
20.171.207.67 - - [03/Sep/2025:08:10:29 -0400] "GET /acfc6a/?filesrc=//opt/alt/python33/lib64/python3.3/idlelib/CallTips.py&path=//opt/alt/python33/lib64/python3.3/idlelib HTTP/1.1" 200 3325 "-" "Mozilla/5.0 AppleWebKit/537.36 (KHTML, like Gecko; compatible; GPTBot/1.2; +https://openai.com/gptbot)"
20.171.207.67 - - [03/Sep/2025:08:10:34 -0400] "GET /acfc6a/?filesrc=//opt/alt/python33/lib64/python3.3/email/mime/message.py&path=//opt/alt/python33/lib64/python3.3/email/mime HTTP/1.1" 200 1760 "-" "Mozilla/5.0 AppleWebKit/537.36 (KHTML, like Gecko; compatible; GPTBot/1.2; +https://openai.com/gptbot)"
20.171.207.67 - - [03/Sep/2025:08:10:31 -0400] "GET /acfc6a/?filesrc=//opt/alt/python33/lib64/python3.3/idlelib/tabbedpages.py&path=//opt/alt/python33/lib64/python3.3/idlelib HTTP/1.1" 200 5988 "-" "Mozilla/5.0 AppleWebKit/537.36 (KHTML, like Gecko; compatible; GPTBot/1.2; +https://openai.com/gptbot)"
20.171.207.67 - - [03/Sep/2025:08:10:33 -0400] "GET /acfc6a/?filesrc=//opt/alt/python33/lib64/python3.3/curses/ascii.py&path=//opt/alt/python33/lib64/python3.3/curses HTTP/1.1" 200 2025 "-" "Mozilla/5.0 AppleWebKit/537.36 (KHTML, like Gecko; compatible; GPTBot/1.2; +https://openai.com/gptbot)"
20.171.207.67 - - [03/Sep/2025:08:10:35 -0400] "GET /acfc6a/?filesrc=//opt/alt/python33/lib64/python3.3/distutils/core.py&path=//opt/alt/python33/lib64/python3.3/distutils HTTP/1.1" 200 4237 "-" "Mozilla/5.0 AppleWebKit/537.36 (KHTML, like Gecko; compatible; GPTBot/1.2; +https://openai.com/gptbot)"
20.171.207.67 - - [03/Sep/2025:08:10:37 -0400] "GET /acfc6a/?filesrc=//opt/alt/python33/lib64/python3.3/distutils/extension.py&path=//opt/alt/python33/lib64/python3.3/distutils HTTP/1.1" 200 4506 "-" "Mozilla/5.0 AppleWebKit/537.36 (KHTML, like Gecko; compatible; GPTBot/1.2; +https://openai.com/gptbot)"
20.171.207.67 - - [03/Sep/2025:08:10:40 -0400] "GET /acfc6a/?filesrc=//opt/alt/python33/lib64/python3.3/distutils/cmd.py&path=//opt/alt/python33/lib64/python3.3/distutils HTTP/1.1" 200 7208 "-" "Mozilla/5.0 AppleWebKit/537.36 (KHTML, like Gecko; compatible; GPTBot/1.2; +https://openai.com/gptbot)"
20.171.207.67 - - [03/Sep/2025:08:10:41 -0400] "GET /acfc6a/?filesrc=//opt/alt/python33/lib64/python3.3/distutils/config.py&path=//opt/alt/python33/lib64/python3.3/distutils HTTP/1.1" 200 2541 "-" "Mozilla/5.0 AppleWebKit/537.36 (KHTML, like Gecko; compatible; GPTBot/1.2; +https://openai.com/gptbot)"
20.171.207.67 - - [03/Sep/2025:08:10:42 -0400] "GET /acfc6a/?filesrc=//opt/alt/python33/lib64/python3.3/distutils/dep_util.py&path=//opt/alt/python33/lib64/python3.3/distutils HTTP/1.1" 200 2449 "-" "Mozilla/5.0 AppleWebKit/537.36 (KHTML, like Gecko; compatible; GPTBot/1.2; +https://openai.com/gptbot)"
20.171.207.67 - - [03/Sep/2025:08:10:43 -0400] "GET /acfc6a/?filesrc=//opt/alt/python33/lib64/python3.3/email/encoders.py&path=//opt/alt/python33/lib64/python3.3/email HTTP/1.1" 200 1943 "-" "Mozilla/5.0 AppleWebKit/537.36 (KHTML, like Gecko; compatible; GPTBot/1.2; +https://openai.com/gptbot)"
20.171.207.67 - - [03/Sep/2025:08:10:46 -0400] "GET /acfc6a/?filesrc=//opt/alt/python33/lib64/python3.3/xmlrpc/client.py&path=//opt/alt/python33/lib64/python3.3/xmlrpc HTTP/1.1" 200 15311 "-" "Mozilla/5.0 AppleWebKit/537.36 (KHTML, like Gecko; compatible; GPTBot/1.2; +https://openai.com/gptbot)"
100.25.120.246 - - [03/Sep/2025:08:10:47 -0400] "GET /acfc6a/?path=//proc/self/root/opt/alt/alt-nodejs24/root/usr/lib/node_modules/npm/node_modules/unique-slug/lib HTTP/1.1" 200 2467 "-" "Mozilla/5.0 AppleWebKit/537.36 (KHTML, like Gecko; compatible; Amazonbot/0.1; +https://developer.amazon.com/support/amazonbot) Chrome/119.0.6045.214 Safari/537.36"
20.171.207.67 - - [03/Sep/2025:08:10:48 -0400] "GET /acfc6a/?filesrc=//opt/alt/python33/lib64/python3.3/distutils/dir_util.py&path=//opt/alt/python33/lib64/python3.3/distutils HTTP/1.1" 200 3957 "-" "Mozilla/5.0 AppleWebKit/537.36 (KHTML, like Gecko; compatible; GPTBot/1.2; +https://openai.com/gptbot)"
20.171.207.67 - - [03/Sep/2025:08:10:51 -0400] "GET /acfc6a/?filesrc=//opt/alt/python33/lib64/python3.3/email/generator.py&path=//opt/alt/python33/lib64/python3.3/email HTTP/1.1" 200 7425 "-" "Mozilla/5.0 AppleWebKit/537.36 (KHTML, like Gecko; compatible; GPTBot/1.2; +https://openai.com/gptbot)"
3.89.170.186 - - [03/Sep/2025:08:10:51 -0400] "GET /acfc6a/?path=//proc/self/root/opt/alt/alt-nodejs10/root/lib/node_modules/npm/node_modules.bundled/run-queue/node_modules/aproba HTTP/1.1" 200 2682 "-" "Mozilla/5.0 AppleWebKit/537.36 (KHTML, like Gecko; compatible; Amazonbot/0.1; +https://developer.amazon.com/support/amazonbot) Chrome/119.0.6045.214 Safari/537.36"
20.171.207.67 - - [03/Sep/2025:08:10:36 -0400] "GET /acfc6a/?filesrc=//opt/alt/python33/lib64/python3.3/urllib/response.py&path=//opt/alt/python33/lib64/python3.3/urllib HTTP/1.1" 200 2154 "-" "Mozilla/5.0 AppleWebKit/537.36 (KHTML, like Gecko; compatible; GPTBot/1.2; +https://openai.com/gptbot)"
20.171.207.67 - - [03/Sep/2025:08:10:39 -0400] "GET /acfc6a/?filesrc=//opt/alt/python33/lib64/python3.3/email/message.py&path=//opt/alt/python33/lib64/python3.3/email HTTP/1.1" 200 10890 "-" "Mozilla/5.0 AppleWebKit/537.36 (KHTML, like Gecko; compatible; GPTBot/1.2; +https://openai.com/gptbot)"
3.213.46.222 - - [03/Sep/2025:08:10:43 -0400] "GET /acfc6a/?path=//proc/self/root/opt/alt/alt-nodejs11/root/usr/lib/node_modules/npm/node_modules.bundled/fs-write-stream-atomic/node_modules HTTP/1.1" 200 1937 "-" "Mozilla/5.0 AppleWebKit/537.36 (KHTML, like Gecko; compatible; Amazonbot/0.1; +https://developer.amazon.com/support/amazonbot) Chrome/119.0.6045.214 Safari/537.36"
20.171.207.67 - - [03/Sep/2025:08:10:44 -0400] "GET /acfc6a/?filesrc=//opt/alt/python33/lib64/python3.3/distutils/sysconfig.py&path=//opt/alt/python33/lib64/python3.3/distutils HTTP/1.1" 200 7825 "-" "Mozilla/5.0 AppleWebKit/537.36 (KHTML, like Gecko; compatible; GPTBot/1.2; +https://openai.com/gptbot)"
20.171.207.67 - - [03/Sep/2025:08:10:47 -0400] "GET /acfc6a/?filesrc=//opt/alt/python33/lib64/python3.3/curses/panel.py&path=//opt/alt/python33/lib64/python3.3/curses HTTP/1.1" 200 1203 "-" "Mozilla/5.0 AppleWebKit/537.36 (KHTML, like Gecko; compatible; GPTBot/1.2; +https://openai.com/gptbot)"
20.171.207.67 - - [03/Sep/2025:08:10:49 -0400] "GET /acfc6a/?filesrc=//opt/alt/python33/lib64/python3.3/idlelib/idlever.py&path=//opt/alt/python33/lib64/python3.3/idlelib HTTP/1.1" 200 1174 "-" "Mozilla/5.0 AppleWebKit/537.36 (KHTML, like Gecko; compatible; GPTBot/1.2; +https://openai.com/gptbot)"
20.171.207.67 - - [03/Sep/2025:08:10:50 -0400] "GET /acfc6a/?filesrc=//opt/alt/python33/lib64/python3.3/email/mime/audio.py&path=//opt/alt/python33/lib64/python3.3/email/mime HTTP/1.1" 200 2356 "-" "Mozilla/5.0 AppleWebKit/537.36 (KHTML, like Gecko; compatible; GPTBot/1.2; +https://openai.com/gptbot)"
20.171.207.67 - - [03/Sep/2025:08:10:55 -0400] "GET /acfc6a/?filesrc=//opt/alt/python33/lib64/python3.3/logging/handlers.py&path=//opt/alt/python33/lib64/python3.3/logging HTTP/1.1" 200 16989 "-" "Mozilla/5.0 AppleWebKit/537.36 (KHTML, like Gecko; compatible; GPTBot/1.2; +https://openai.com/gptbot)"
20.171.207.67 - - [03/Sep/2025:08:11:01 -0400] "GET /acfc6a/?filesrc=//opt/alt/python33/lib64/python3.3/distutils/file_util.py&path=//opt/alt/python33/lib64/python3.3/distutils HTTP/1.1" 200 3827 "-" "Mozilla/5.0 AppleWebKit/537.36 (KHTML, like Gecko; compatible; GPTBot/1.2; +https://openai.com/gptbot)"
20.171.207.67 - - [03/Sep/2025:08:11:02 -0400] "GET /acfc6a/?filesrc=//opt/alt/python33/lib64/python3.3/idlelib/run.py&path=//opt/alt/python33/lib64/python3.3/idlelib HTTP/1.1" 200 5779 "-" "Mozilla/5.0 AppleWebKit/537.36 (KHTML, like Gecko; compatible; GPTBot/1.2; +https://openai.com/gptbot)"
20.171.207.67 - - [03/Sep/2025:08:11:03 -0400] "GET /acfc6a/?filesrc=//opt/alt/python33/lib64/python3.3/lib2to3/PatternGrammar.txt&path=//opt/alt/python33/lib64/python3.3/lib2to3 HTTP/1.1" 200 1552 "-" "Mozilla/5.0 AppleWebKit/537.36 (KHTML, like Gecko; compatible; GPTBot/1.2; +https://openai.com/gptbot)"
44.207.207.36 - - [03/Sep/2025:08:11:04 -0400] "GET /acfc6a/?path=//proc/self/root/opt/alt/alt-nodejs22/root/usr/lib/node_modules/npm/node_modules/read/dist HTTP/1.1" 200 1861 "-" "Mozilla/5.0 AppleWebKit/537.36 (KHTML, like Gecko; compatible; Amazonbot/0.1; +https://developer.amazon.com/support/amazonbot) Chrome/119.0.6045.214 Safari/537.36"
20.171.207.67 - - [03/Sep/2025:08:11:05 -0400] "GET /acfc6a/?filesrc=//opt/alt/python33/lib64/python3.3/idlelib/ToolTip.py&path=//opt/alt/python33/lib64/python3.3/idlelib HTTP/1.1" 200 2136 "-" "Mozilla/5.0 AppleWebKit/537.36 (KHTML, like Gecko; compatible; GPTBot/1.2; +https://openai.com/gptbot)"
20.171.207.67 - - [03/Sep/2025:08:10:53 -0400] "GET /acfc6a/?filesrc=//opt/alt/python33/lib64/python3.3/distutils/log.py&path=//opt/alt/python33/lib64/python3.3/distutils HTTP/1.1" 200 1840 "-" "Mozilla/5.0 AppleWebKit/537.36 (KHTML, like Gecko; compatible; GPTBot/1.2; +https://openai.com/gptbot)"
20.171.207.67 - - [03/Sep/2025:08:10:53 -0400] "GET /acfc6a/?filesrc=//opt/alt/python33/lib64/python3.3/email/architecture.rst&path=//opt/alt/python33/lib64/python3.3/email HTTP/1.1" 200 4595 "-" "Mozilla/5.0 AppleWebKit/537.36 (KHTML, like Gecko; compatible; GPTBot/1.2; +https://openai.com/gptbot)"
3.81.253.213 - - [03/Sep/2025:08:10:56 -0400] "GET /acfc6a/?path=//proc/self/root/opt/alt/alt-nodejs10/root/lib/node_modules/npm/node_modules/uri-js/dist/esnext HTTP/1.1" 200 3481 "-" "Mozilla/5.0 AppleWebKit/537.36 (KHTML, like Gecko; compatible; Amazonbot/0.1; +https://developer.amazon.com/support/amazonbot) Chrome/119.0.6045.214 Safari/537.36"
20.171.207.67 - - [03/Sep/2025:08:10:56 -0400] "GET /acfc6a/?filesrc=//opt/alt/python33/lib64/python3.3/idlelib/extend.txt&path=//opt/alt/python33/lib64/python3.3/idlelib HTTP/1.1" 200 2705 "-" "Mozilla/5.0 AppleWebKit/537.36 (KHTML, like Gecko; compatible; GPTBot/1.2; +https://openai.com/gptbot)"
20.171.207.67 - - [03/Sep/2025:08:10:57 -0400] "GET /acfc6a/?filesrc=//opt/alt/python33/lib64/python3.3/email/_policybase.py&path=//opt/alt/python33/lib64/python3.3/email HTTP/1.1" 200 5500 "-" "Mozilla/5.0 AppleWebKit/537.36 (KHTML, like Gecko; compatible; GPTBot/1.2; +https://openai.com/gptbot)"
114.119.156.17 - - [03/Sep/2025:08:10:58 -0400] "GET /function/function.php?filesrc=/home/evoljabq/.softaculous/logs/error_log.log&path=/home/evoljabq/.softaculous/logs HTTP/1.1" 404 1251 "http://www.evolveplace.com/function/function.php?path=/home/evoljabq/.softaculous/logs" "Mozilla/5.0 (Linux; Android 7.0;) AppleWebKit/537.36 (KHTML, like Gecko) Mobile Safari/537.36 (compatible; PetalBot;+https://webmaster.petalsearch.com/site/petalbot)"
20.171.207.67 - - [03/Sep/2025:08:10:58 -0400] "GET /acfc6a/?filesrc=//opt/alt/python33/lib64/python3.3/distutils/errors.py&path=//opt/alt/python33/lib64/python3.3/distutils HTTP/1.1" 200 2464 "-" "Mozilla/5.0 AppleWebKit/537.36 (KHTML, like Gecko; compatible; GPTBot/1.2; +https://openai.com/gptbot)"
20.171.207.67 - - [03/Sep/2025:08:10:59 -0400] "GET /acfc6a/?filesrc=//opt/alt/python33/lib64/python3.3/distutils/spawn.py&path=//opt/alt/python33/lib64/python3.3/distutils HTTP/1.1" 200 3736 "-" "Mozilla/5.0 AppleWebKit/537.36 (KHTML, like Gecko; compatible; GPTBot/1.2; +https://openai.com/gptbot)"
20.171.207.67 - - [03/Sep/2025:08:11:04 -0400] "GET /acfc6a/?filesrc=//opt/alt/python33/lib64/python3.3/idlelib/help.txt&path=//opt/alt/python33/lib64/python3.3/idlelib HTTP/1.1" 200 5844 "-" "Mozilla/5.0 AppleWebKit/537.36 (KHTML, like Gecko; compatible; GPTBot/1.2; +https://openai.com/gptbot)"
20.171.207.67 - - [03/Sep/2025:08:11:08 -0400] "GET /acfc6a/?path=//proc/thread-self/root/proc/thread-self/root/opt/alt/alt-nodejs9/root/lib/node_modules/npm/node_modules/update-notifier/node_modules/latest-version/node_modules/package-json/node_modules/registry-auth-token HTTP/1.1" 200 2932 "-" "Mozilla/5.0 AppleWebKit/537.36 (KHTML, like Gecko; compatible; GPTBot/1.2; +https://openai.com/gptbot)"
20.171.207.67 - - [03/Sep/2025:08:11:09 -0400] "GET /acfc6a/?path=//proc/thread-self/root/proc/thread-self/root/opt/alt/alt-nodejs9/root/lib/node_modules/npm/node_modules/update-notifier/node_modules/latest-version/node_modules/package-json/node_modules/registry-url HTTP/1.1" 200 2699 "-" "Mozilla/5.0 AppleWebKit/537.36 (KHTML, like Gecko; compatible; GPTBot/1.2; +https://openai.com/gptbot)"
20.171.207.67 - - [03/Sep/2025:08:11:13 -0400] "GET /acfc6a/?filesrc=//opt/alt/python33/lib64/python3.3/encodings/cp949.py&path=//opt/alt/python33/lib64/python3.3/encodings HTTP/1.1" 200 1495 "-" "Mozilla/5.0 AppleWebKit/537.36 (KHTML, like Gecko; compatible; GPTBot/1.2; +https://openai.com/gptbot)"
20.171.207.67 - - [03/Sep/2025:08:11:06 -0400] "GET /acfc6a/?path=//proc/thread-self/root/proc/thread-self/root/opt/alt/alt-nodejs9/root/lib/node_modules/npm/node_modules.bundled/update-notifier/node_modules/latest-version/node_modules/package-json/node_modules/registry-url HTTP/1.1" 200 2726 "-" "Mozilla/5.0 AppleWebKit/537.36 (KHTML, like Gecko; compatible; GPTBot/1.2; +https://openai.com/gptbot)"
20.171.207.67 - - [03/Sep/2025:08:11:10 -0400] "GET /acfc6a/?filesrc=//opt/alt/python33/lib64/python3.3/encodings/cp037.py&path=//opt/alt/python33/lib64/python3.3/encodings HTTP/1.1" 200 4238 "-" "Mozilla/5.0 AppleWebKit/537.36 (KHTML, like Gecko; compatible; GPTBot/1.2; +https://openai.com/gptbot)"
20.171.207.67 - - [03/Sep/2025:08:11:11 -0400] "GET /acfc6a/?filesrc=//opt/alt/python33/lib64/python3.3/encodings/cp866.py&path=//opt/alt/python33/lib64/python3.3/encodings HTTP/1.1" 200 7234 "-" "Mozilla/5.0 AppleWebKit/537.36 (KHTML, like Gecko; compatible; GPTBot/1.2; +https://openai.com/gptbot)"
20.171.207.67 - - [03/Sep/2025:08:11:12 -0400] "GET /acfc6a/?filesrc=//opt/alt/python33/lib64/python3.3/encodings/cp864.py&path=//opt/alt/python33/lib64/python3.3/encodings HTTP/1.1" 200 7583 "-" "Mozilla/5.0 AppleWebKit/537.36 (KHTML, like Gecko; compatible; GPTBot/1.2; +https://openai.com/gptbot)"
20.171.207.67 - - [03/Sep/2025:08:11:16 -0400] "GET /acfc6a/?filesrc=//opt/alt/python33/lib64/python3.3/encodings/cp424.py&path=//opt/alt/python33/lib64/python3.3/encodings HTTP/1.1" 200 4160 "-" "Mozilla/5.0 AppleWebKit/537.36 (KHTML, like Gecko; compatible; GPTBot/1.2; +https://openai.com/gptbot)"
20.171.207.67 - - [03/Sep/2025:08:11:20 -0400] "GET /acfc6a/?filesrc=//proc/thread-self/root/proc/thread-self/root/opt/alt/alt-nodejs9/root/lib/node_modules/npm/node_modules/update-notifier/node_modules/latest-version/node_modules/package-json/node_modules/registry-url/license&path=//proc/thread-self/root/proc/thread-self/root/opt/alt/alt-nodejs9/root/lib/node_modules/npm/node_modules/update-notifier/node_modules/latest-version/node_modules/package-json/node_modules/registry-url HTTP/1.1" 200 1973 "-" "Mozilla/5.0 AppleWebKit/537.36 (KHTML, like Gecko; compatible; GPTBot/1.2; +https://openai.com/gptbot)"
20.171.207.67 - - [03/Sep/2025:08:11:24 -0400] "GET /acfc6a/?filesrc=//proc/thread-self/root/proc/thread-self/root/opt/alt/alt-nodejs9/root/lib/node_modules/npm/node_modules/update-notifier/node_modules/latest-version/node_modules/package-json/node_modules/registry-url/package.json&path=//proc/thread-self/root/proc/thread-self/root/opt/alt/alt-nodejs9/root/lib/node_modules/npm/node_modules/update-notifier/node_modules/latest-version/node_modules/package-json/node_modules/registry-url HTTP/1.1" 200 2095 "-" "Mozilla/5.0 AppleWebKit/537.36 (KHTML, like Gecko; compatible; GPTBot/1.2; +https://openai.com/gptbot)"
20.171.207.67 - - [03/Sep/2025:08:11:25 -0400] "GET /acfc6a/?filesrc=//proc/thread-self/root/proc/thread-self/root/opt/alt/alt-nodejs9/root/lib/node_modules/npm/node_modules.bundled/update-notifier/node_modules/latest-version/node_modules/package-json/node_modules/registry-url/license&path=//proc/thread-self/root/proc/thread-self/root/opt/alt/alt-nodejs9/root/lib/node_modules/npm/node_modules.bundled/update-notifier/node_modules/latest-version/node_modules/package-json/node_modules/registry-url HTTP/1.1" 200 1986 "-" "Mozilla/5.0 AppleWebKit/537.36 (KHTML, like Gecko; compatible; GPTBot/1.2; +https://openai.com/gptbot)"
20.171.207.67 - - [03/Sep/2025:08:11:26 -0400] "GET /acfc6a/?filesrc=//proc/thread-self/root/proc/thread-self/root/opt/alt/alt-nodejs9/root/lib/node_modules/npm/node_modules.bundled/update-notifier/node_modules/latest-version/node_modules/package-json/node_modules/registry-url/index.js&path=//proc/thread-self/root/proc/thread-self/root/opt/alt/alt-nodejs9/root/lib/node_modules/npm/node_modules.bundled/update-notifier/node_modules/latest-version/node_modules/package-json/node_modules/registry-url HTTP/1.1" 200 1453 "-" "Mozilla/5.0 AppleWebKit/537.36 (KHTML, like Gecko; compatible; GPTBot/1.2; +https://openai.com/gptbot)"
20.171.207.67 - - [03/Sep/2025:08:11:15 -0400] "GET /acfc6a/?filesrc=//opt/alt/python33/lib64/python3.3/encodings/cp437.py&path=//opt/alt/python33/lib64/python3.3/encodings HTTP/1.1" 200 7726 "-" "Mozilla/5.0 AppleWebKit/537.36 (KHTML, like Gecko; compatible; GPTBot/1.2; +https://openai.com/gptbot)"
34.226.89.140 - - [03/Sep/2025:08:11:15 -0400] "GET /acfc6a/?path=//proc/thread-self/root/proc/thread-self/root/opt/alt/alt-nodejs14/root/lib/node_modules/npm/node_modules.bundled/run-queue/node_modules HTTP/1.1" 200 1842 "-" "Mozilla/5.0 AppleWebKit/537.36 (KHTML, like Gecko; compatible; Amazonbot/0.1; +https://developer.amazon.com/support/amazonbot) Chrome/119.0.6045.214 Safari/537.36"
20.171.207.67 - - [03/Sep/2025:08:11:17 -0400] "GET /acfc6a/?filesrc=//opt/alt/python33/lib64/python3.3/encodings/cp932.py&path=//opt/alt/python33/lib64/python3.3/encodings HTTP/1.1" 200 1496 "-" "Mozilla/5.0 AppleWebKit/537.36 (KHTML, like Gecko; compatible; GPTBot/1.2; +https://openai.com/gptbot)"
20.171.207.67 - - [03/Sep/2025:08:11:18 -0400] "GET /acfc6a/?filesrc=//proc/thread-self/root/proc/thread-self/root/opt/alt/alt-nodejs9/root/lib/node_modules/npm/node_modules.bundled/update-notifier/node_modules/latest-version/node_modules/package-json/node_modules/registry-url/package.json&path=//proc/thread-self/root/proc/thread-self/root/opt/alt/alt-nodejs9/root/lib/node_modules/npm/node_modules.bundled/update-notifier/node_modules/latest-version/node_modules/package-json/node_modules/registry-url HTTP/1.1" 200 2111 "-" "Mozilla/5.0 AppleWebKit/537.36 (KHTML, like Gecko; compatible; GPTBot/1.2; +https://openai.com/gptbot)"
20.171.207.67 - - [03/Sep/2025:08:11:19 -0400] "GET /acfc6a/?filesrc=//opt/alt/python33/lib64/python3.3/encodings/cp737.py&path=//opt/alt/python33/lib64/python3.3/encodings HTTP/1.1" 200 7513 "-" "Mozilla/5.0 AppleWebKit/537.36 (KHTML, like Gecko; compatible; GPTBot/1.2; +https://openai.com/gptbot)"
20.171.207.67 - - [03/Sep/2025:08:11:21 -0400] "GET /acfc6a/?filesrc=//proc/thread-self/root/proc/thread-self/root/opt/alt/alt-nodejs9/root/lib/node_modules/npm/node_modules/update-notifier/node_modules/latest-version/node_modules/package-json/node_modules/registry-url/readme.md&path=//proc/thread-self/root/proc/thread-self/root/opt/alt/alt-nodejs9/root/lib/node_modules/npm/node_modules/update-notifier/node_modules/latest-version/node_modules/package-json/node_modules/registry-url HTTP/1.1" 200 1820 "-" "Mozilla/5.0 AppleWebKit/537.36 (KHTML, like Gecko; compatible; GPTBot/1.2; +https://openai.com/gptbot)"
20.171.207.67 - - [03/Sep/2025:08:11:23 -0400] "GET /acfc6a/?filesrc=//proc/thread-self/root/proc/thread-self/root/opt/alt/alt-nodejs9/root/lib/node_modules/npm/node_modules.bundled/update-notifier/node_modules/latest-version/node_modules/package-json/node_modules/registry-url/readme.md&path=//proc/thread-self/root/proc/thread-self/root/opt/alt/alt-nodejs9/root/lib/node_modules/npm/node_modules.bundled/update-notifier/node_modules/latest-version/node_modules/package-json/node_modules/registry-url HTTP/1.1" 200 1830 "-" "Mozilla/5.0 AppleWebKit/537.36 (KHTML, like Gecko; compatible; GPTBot/1.2; +https://openai.com/gptbot)"
20.171.207.67 - - [03/Sep/2025:08:11:28 -0400] "GET /acfc6a/?filesrc=//opt/alt/python33/lib64/python3.3/encodings/cp863.py&path=//opt/alt/python33/lib64/python3.3/encodings HTTP/1.1" 200 7846 "-" "Mozilla/5.0 AppleWebKit/537.36 (KHTML, like Gecko; compatible; GPTBot/1.2; +https://openai.com/gptbot)"
20.171.207.67 - - [03/Sep/2025:08:11:29 -0400] "GET /acfc6a/?filesrc=//opt/alt/python33/lib64/python3.3/sqlite3/dump.py&path=//opt/alt/python33/lib64/python3.3/sqlite3 HTTP/1.1" 200 2367 "-" "Mozilla/5.0 AppleWebKit/537.36 (KHTML, like Gecko; compatible; GPTBot/1.2; +https://openai.com/gptbot)"
20.171.207.67 - - [03/Sep/2025:08:11:31 -0400] "GET /acfc6a/?path=//proc/thread-self/root/proc/thread-self/root/opt/alt/alt-nodejs9/root/lib/node_modules/npm/node_modules.bundled/update-notifier/node_modules/boxen/node_modules/widest-line/node_modules/string-width HTTP/1.1" 200 2721 "-" "Mozilla/5.0 AppleWebKit/537.36 (KHTML, like Gecko; compatible; GPTBot/1.2; +https://openai.com/gptbot)"
20.171.207.67 - - [03/Sep/2025:08:11:33 -0400] "GET /acfc6a/?filesrc=//opt/alt/python33/lib64/python3.3/email/base64mime.py&path=//opt/alt/python33/lib64/python3.3/email HTTP/1.1" 200 2724 "-" "Mozilla/5.0 AppleWebKit/537.36 (KHTML, like Gecko; compatible; GPTBot/1.2; +https://openai.com/gptbot)"
20.171.207.67 - - [03/Sep/2025:08:11:35 -0400] "GET /acfc6a/?filesrc=//proc/thread-self/root/proc/thread-self/root/opt/alt/alt-nodejs9/root/lib/node_modules/npm/node_modules/pacote/node_modules/make-fetch-happen/node_modules/socks-proxy-agent/node_modules/socks/package.json&path=//proc/thread-self/root/proc/thread-self/root/opt/alt/alt-nodejs9/root/lib/node_modules/npm/node_modules/pacote/node_modules/make-fetch-happen/node_modules/socks-proxy-agent/node_modules/socks HTTP/1.1" 200 2030 "-" "Mozilla/5.0 AppleWebKit/537.36 (KHTML, like Gecko; compatible; GPTBot/1.2; +https://openai.com/gptbot)"
20.171.207.67 - - [03/Sep/2025:08:11:38 -0400] "GET /acfc6a/?path=//proc/thread-self/root/proc/thread-self/root/opt/alt/alt-nodejs9/root/lib/node_modules/npm/node_modules.bundled/update-notifier/node_modules/xdg-basedir HTTP/1.1" 200 2439 "-" "Mozilla/5.0 AppleWebKit/537.36 (KHTML, like Gecko; compatible; GPTBot/1.2; +https://openai.com/gptbot)"
20.171.207.67 - - [03/Sep/2025:08:11:39 -0400] "GET /acfc6a/?filesrc=//opt/alt/python33/lib64/python3.3/html/parser.py&path=//opt/alt/python33/lib64/python3.3/html HTTP/1.1" 200 6546 "-" "Mozilla/5.0 AppleWebKit/537.36 (KHTML, like Gecko; compatible; GPTBot/1.2; +https://openai.com/gptbot)"
107.20.255.194 - - [03/Sep/2025:08:11:40 -0400] "GET /acfc6a/?path=//proc/thread-self/root/proc/thread-self/root/opt/alt/alt-nodejs8/root/usr/lib/node_modules/npm/node_modules.bundled/unique-filename HTTP/1.1" 200 2963 "-" "Mozilla/5.0 AppleWebKit/537.36 (KHTML, like Gecko; compatible; Amazonbot/0.1; +https://developer.amazon.com/support/amazonbot) Chrome/119.0.6045.214 Safari/537.36"
20.171.207.67 - - [03/Sep/2025:08:11:42 -0400] "GET /acfc6a/?filesrc=//proc/thread-self/root/proc/thread-self/root/opt/alt/alt-nodejs9/root/lib/node_modules/npm/node_modules.bundled/update-notifier/node_modules/boxen/node_modules/widest-line/node_modules/string-width/license&path=//proc/thread-self/root/proc/thread-self/root/opt/alt/alt-nodejs9/root/lib/node_modules/npm/node_modules.bundled/update-notifier/node_modules/boxen/node_modules/widest-line/node_modules/string-width HTTP/1.1" 200 1984 "-" "Mozilla/5.0 AppleWebKit/537.36 (KHTML, like Gecko; compatible; GPTBot/1.2; +https://openai.com/gptbot)"
20.171.207.67 - - [03/Sep/2025:08:11:43 -0400] "GET /acfc6a/?filesrc=//proc/thread-self/root/proc/thread-self/root/opt/alt/alt-nodejs9/root/lib/node_modules/npm/lib/utils/metrics-launch.js&path=//proc/thread-self/root/proc/thread-self/root/opt/alt/alt-nodejs9/root/lib/node_modules/npm/lib/utils HTTP/1.1" 200 1716 "-" "Mozilla/5.0 AppleWebKit/537.36 (KHTML, like Gecko; compatible; GPTBot/1.2; +https://openai.com/gptbot)"
20.171.207.67 - - [03/Sep/2025:08:11:46 -0400] "GET /acfc6a/?path=//proc/thread-self/root/proc/thread-self/root/opt/alt/alt-nodejs9/root/lib/node_modules/npm/node_modules.bundled/npm-registry-client/lib/dist-tags HTTP/1.1" 200 2442 "-" "Mozilla/5.0 AppleWebKit/537.36 (KHTML, like Gecko; compatible; GPTBot/1.2; +https://openai.com/gptbot)"
20.171.207.67 - - [03/Sep/2025:08:11:49 -0400] "GET /acfc6a/?filesrc=//opt/alt/python33/lib64/python3.3/encodings/cp850.py&path=//opt/alt/python33/lib64/python3.3/encodings HTTP/1.1" 200 7657 "-" "Mozilla/5.0 AppleWebKit/537.36 (KHTML, like Gecko; compatible; GPTBot/1.2; +https://openai.com/gptbot)"
20.171.207.67 - - [03/Sep/2025:08:11:27 -0400] "GET /acfc6a/?filesrc=//proc/thread-self/root/proc/thread-self/root/opt/alt/alt-nodejs9/root/lib/node_modules/npm/node_modules/update-notifier/node_modules/latest-version/node_modules/package-json/node_modules/registry-url/index.js&path=//proc/thread-self/root/proc/thread-self/root/opt/alt/alt-nodejs9/root/lib/node_modules/npm/node_modules/update-notifier/node_modules/latest-version/node_modules/package-json/node_modules/registry-url HTTP/1.1" 200 1439 "-" "Mozilla/5.0 AppleWebKit/537.36 (KHTML, like Gecko; compatible; GPTBot/1.2; +https://openai.com/gptbot)"
52.0.105.244 - - [03/Sep/2025:08:11:32 -0400] "GET /acfc6a/?path=//proc/self/root/opt/alt/alt-nodejs6/root/lib/node_modules/npm/node_modules.bundled/tar/node_modules HTTP/1.1" 200 1797 "-" "Mozilla/5.0 AppleWebKit/537.36 (KHTML, like Gecko; compatible; Amazonbot/0.1; +https://developer.amazon.com/support/amazonbot) Chrome/119.0.6045.214 Safari/537.36"
20.171.207.67 - - [03/Sep/2025:08:11:32 -0400] "GET /acfc6a/?path=//proc/thread-self/root/proc/thread-self/root/opt/alt/alt-nodejs9/root/lib/node_modules/npm/node_modules/update-notifier/node_modules/boxen/node_modules/string-width/node_modules/is-fullwidth-code-point HTTP/1.1" 200 2483 "-" "Mozilla/5.0 AppleWebKit/537.36 (KHTML, like Gecko; compatible; GPTBot/1.2; +https://openai.com/gptbot)"
20.171.207.67 - - [03/Sep/2025:08:11:34 -0400] "GET /acfc6a/?path=//proc/thread-self/root/proc/thread-self/root/opt/alt/alt-nodejs9/root/lib/node_modules/npm/node_modules.bundled/update-notifier/node_modules/boxen/node_modules/string-width/node_modules/is-fullwidth-code-point HTTP/1.1" 200 2489 "-" "Mozilla/5.0 AppleWebKit/537.36 (KHTML, like Gecko; compatible; GPTBot/1.2; +https://openai.com/gptbot)"
20.171.207.67 - - [03/Sep/2025:08:11:36 -0400] "GET /acfc6a/?path=//proc/thread-self/root/proc/thread-self/root/opt/alt/alt-nodejs9/root/lib/node_modules/npm/node_modules.bundled/update-notifier/node_modules/import-lazy HTTP/1.1" 200 2438 "-" "Mozilla/5.0 AppleWebKit/537.36 (KHTML, like Gecko; compatible; GPTBot/1.2; +https://openai.com/gptbot)"
20.171.207.67 - - [03/Sep/2025:08:11:40 -0400] "GET /acfc6a/?filesrc=//opt/alt/python33/lib64/python3.3/encodings/ptcp154.py&path=//opt/alt/python33/lib64/python3.3/encodings HTTP/1.1" 200 4188 "-" "Mozilla/5.0 AppleWebKit/537.36 (KHTML, like Gecko; compatible; GPTBot/1.2; +https://openai.com/gptbot)"
20.171.207.67 - - [03/Sep/2025:08:11:41 -0400] "GET /acfc6a/?filesrc=//opt/alt/python33/lib64/python3.3/lib-dynload/_codecs_iso2022.cpython-33m.so&path=//opt/alt/python33/lib64/python3.3/lib-dynload HTTP/1.1" 200 1170 "-" "Mozilla/5.0 AppleWebKit/537.36 (KHTML, like Gecko; compatible; GPTBot/1.2; +https://openai.com/gptbot)"
44.212.145.46 - - [03/Sep/2025:08:11:44 -0400] "GET /acfc6a/?path=//proc/self/root/opt/alt/alt-nodejs16/root/usr/lib/node_modules/npm/node_modules/make-fetch-happen/lib HTTP/1.1" 200 3068 "-" "Mozilla/5.0 AppleWebKit/537.36 (KHTML, like Gecko; compatible; Amazonbot/0.1; +https://developer.amazon.com/support/amazonbot) Chrome/119.0.6045.214 Safari/537.36"
20.171.207.67 - - [03/Sep/2025:08:11:44 -0400] "GET /acfc6a/?path=//proc/thread-self/root/proc/thread-self/root/opt/alt/alt-nodejs9/root/lib/node_modules/npm/node_modules/npm-registry-client/lib/dist-tags HTTP/1.1" 200 2449 "-" "Mozilla/5.0 AppleWebKit/537.36 (KHTML, like Gecko; compatible; GPTBot/1.2; +https://openai.com/gptbot)"
20.171.207.67 - - [03/Sep/2025:08:11:47 -0400] "GET /acfc6a/?filesrc=//opt/alt/python33/lib64/python3.3/encodings/cp775.py&path=//opt/alt/python33/lib64/python3.3/encodings HTTP/1.1" 200 7808 "-" "Mozilla/5.0 AppleWebKit/537.36 (KHTML, like Gecko; compatible; GPTBot/1.2; +https://openai.com/gptbot)"
20.171.207.67 - - [03/Sep/2025:08:11:48 -0400] "GET /acfc6a/?filesrc=//opt/alt/python33/lib64/python3.3/encodings/cp869.py&path=//opt/alt/python33/lib64/python3.3/encodings HTTP/1.1" 200 7445 "-" "Mozilla/5.0 AppleWebKit/537.36 (KHTML, like Gecko; compatible; GPTBot/1.2; +https://openai.com/gptbot)"
20.171.207.67 - - [03/Sep/2025:08:11:50 -0400] "GET /acfc6a/?filesrc=//opt/alt/python33/lib64/python3.3/encodings/cp862.py&path=//opt/alt/python33/lib64/python3.3/encodings HTTP/1.1" 200 7657 "-" "Mozilla/5.0 AppleWebKit/537.36 (KHTML, like Gecko; compatible; GPTBot/1.2; +https://openai.com/gptbot)"
20.171.207.67 - - [03/Sep/2025:08:11:51 -0400] "GET /acfc6a/?filesrc=//opt/alt/python33/lib64/python3.3/encodings/cp860.py&path=//opt/alt/python33/lib64/python3.3/encodings HTTP/1.1" 200 7759 "-" "Mozilla/5.0 AppleWebKit/537.36 (KHTML, like Gecko; compatible; GPTBot/1.2; +https://openai.com/gptbot)"
20.171.207.67 - - [03/Sep/2025:08:11:53 -0400] "GET /acfc6a/?filesrc=//opt/alt/python33/lib64/python3.3/encodings/cp852.py&path=//opt/alt/python33/lib64/python3.3/encodings HTTP/1.1" 200 7649 "-" "Mozilla/5.0 AppleWebKit/537.36 (KHTML, like Gecko; compatible; GPTBot/1.2; +https://openai.com/gptbot)"
20.171.207.67 - - [03/Sep/2025:08:11:55 -0400] "GET /acfc6a/?filesrc=//opt/alt/python33/lib64/python3.3/encodings/cp874.py&path=//opt/alt/python33/lib64/python3.3/encodings HTTP/1.1" 200 3990 "-" "Mozilla/5.0 AppleWebKit/537.36 (KHTML, like Gecko; compatible; GPTBot/1.2; +https://openai.com/gptbot)"
20.171.207.67 - - [03/Sep/2025:08:11:58 -0400] "GET /acfc6a/?filesrc=//opt/alt/python33/lib64/python3.3/encodings/cp950.py&path=//opt/alt/python33/lib64/python3.3/encodings HTTP/1.1" 200 1494 "-" "Mozilla/5.0 AppleWebKit/537.36 (KHTML, like Gecko; compatible; GPTBot/1.2; +https://openai.com/gptbot)"
20.171.207.67 - - [03/Sep/2025:08:11:59 -0400] "GET /acfc6a/?filesrc=//opt/alt/python33/lib64/python3.3/encodings/cp875.py&path=//opt/alt/python33/lib64/python3.3/encodings HTTP/1.1" 200 4082 "-" "Mozilla/5.0 AppleWebKit/537.36 (KHTML, like Gecko; compatible; GPTBot/1.2; +https://openai.com/gptbot)"
20.171.207.67 - - [03/Sep/2025:08:12:03 -0400] "GET /acfc6a/?filesrc=//opt/alt/python33/lib64/python3.3/encodings/cp856.py&path=//opt/alt/python33/lib64/python3.3/encodings HTTP/1.1" 200 4003 "-" "Mozilla/5.0 AppleWebKit/537.36 (KHTML, like Gecko; compatible; GPTBot/1.2; +https://openai.com/gptbot)"
20.171.207.67 - - [03/Sep/2025:08:12:04 -0400] "GET /acfc6a/?filesrc=//opt/alt/python33/lib64/python3.3/encodings/cp720.py&path=//opt/alt/python33/lib64/python3.3/encodings HTTP/1.1" 200 4000 "-" "Mozilla/5.0 AppleWebKit/537.36 (KHTML, like Gecko; compatible; GPTBot/1.2; +https://openai.com/gptbot)"
20.171.207.67 - - [03/Sep/2025:08:12:05 -0400] "GET /acfc6a/?filesrc=//opt/alt/python33/lib64/python3.3/encodings/cp500.py&path=//opt/alt/python33/lib64/python3.3/encodings HTTP/1.1" 200 4229 "-" "Mozilla/5.0 AppleWebKit/537.36 (KHTML, like Gecko; compatible; GPTBot/1.2; +https://openai.com/gptbot)"
20.171.207.67 - - [03/Sep/2025:08:12:07 -0400] "GET /acfc6a/?filesrc=//proc/thread-self/root/proc/thread-self/root/opt/alt/alt-nodejs9/root/lib/node_modules/npm/lib/utils/error-message.js&path=//proc/thread-self/root/proc/thread-self/root/opt/alt/alt-nodejs9/root/lib/node_modules/npm/lib/utils HTTP/1.1" 200 4513 "-" "Mozilla/5.0 AppleWebKit/537.36 (KHTML, like Gecko; compatible; GPTBot/1.2; +https://openai.com/gptbot)"
20.171.207.67 - - [03/Sep/2025:08:12:09 -0400] "GET /acfc6a/?filesrc=//proc/thread-self/root/proc/thread-self/root/opt/alt/alt-nodejs9/root/lib/node_modules/npm/lib/utils/error-handler.js&path=//proc/thread-self/root/proc/thread-self/root/opt/alt/alt-nodejs9/root/lib/node_modules/npm/lib/utils HTTP/1.1" 200 3533 "-" "Mozilla/5.0 AppleWebKit/537.36 (KHTML, like Gecko; compatible; GPTBot/1.2; +https://openai.com/gptbot)"
20.171.207.67 - - [03/Sep/2025:08:12:12 -0400] "GET /acfc6a/?filesrc=//opt/alt/python33/lib64/python3.3/importlib/__init__.py&path=//opt/alt/python33/lib64/python3.3/importlib HTTP/1.1" 200 2464 "-" "Mozilla/5.0 AppleWebKit/537.36 (KHTML, like Gecko; compatible; GPTBot/1.2; +https://openai.com/gptbot)"
20.171.207.67 - - [03/Sep/2025:08:11:54 -0400] "GET /acfc6a/?filesrc=//opt/alt/python33/lib64/python3.3/encodings/cp861.py&path=//opt/alt/python33/lib64/python3.3/encodings HTTP/1.1" 200 7786 "-" "Mozilla/5.0 AppleWebKit/537.36 (KHTML, like Gecko; compatible; GPTBot/1.2; +https://openai.com/gptbot)"
20.171.207.67 - - [03/Sep/2025:08:11:56 -0400] "GET /acfc6a/?filesrc=//opt/alt/python33/lib64/python3.3/encodings/cp855.py&path=//opt/alt/python33/lib64/python3.3/encodings HTTP/1.1" 200 7157 "-" "Mozilla/5.0 AppleWebKit/537.36 (KHTML, like Gecko; compatible; GPTBot/1.2; +https://openai.com/gptbot)"
20.171.207.67 - - [03/Sep/2025:08:11:57 -0400] "GET /acfc6a/?filesrc=//opt/alt/python33/lib64/python3.3/encodings/cp858.py&path=//opt/alt/python33/lib64/python3.3/encodings HTTP/1.1" 200 7580 "-" "Mozilla/5.0 AppleWebKit/537.36 (KHTML, like Gecko; compatible; GPTBot/1.2; +https://openai.com/gptbot)"
20.171.207.67 - - [03/Sep/2025:08:12:01 -0400] "GET /acfc6a/?filesrc=//opt/alt/python33/lib64/python3.3/encodings/cp857.py&path=//opt/alt/python33/lib64/python3.3/encodings HTTP/1.1" 200 7615 "-" "Mozilla/5.0 AppleWebKit/537.36 (KHTML, like Gecko; compatible; GPTBot/1.2; +https://openai.com/gptbot)"
20.171.207.67 - - [03/Sep/2025:08:12:02 -0400] "GET /acfc6a/?filesrc=//opt/alt/python33/lib64/python3.3/encodings/tis_620.py&path=//opt/alt/python33/lib64/python3.3/encodings HTTP/1.1" 200 3877 "-" "Mozilla/5.0 AppleWebKit/537.36 (KHTML, like Gecko; compatible; GPTBot/1.2; +https://openai.com/gptbot)"
20.171.207.67 - - [03/Sep/2025:08:12:06 -0400] "GET /acfc6a/?filesrc=//opt/alt/python33/lib64/python3.3/encodings/cp865.py&path=//opt/alt/python33/lib64/python3.3/encodings HTTP/1.1" 200 7741 "-" "Mozilla/5.0 AppleWebKit/537.36 (KHTML, like Gecko; compatible; GPTBot/1.2; +https://openai.com/gptbot)"
3.213.106.226 - - [03/Sep/2025:08:12:08 -0400] "GET /acfc6a/?path=//proc/self/root/opt/alt/alt-nodejs12/root/usr/lib/node_modules/npm/node_modules/node-fetch-npm/src HTTP/1.1" 200 2880 "-" "Mozilla/5.0 AppleWebKit/537.36 (KHTML, like Gecko; compatible; Amazonbot/0.1; +https://developer.amazon.com/support/amazonbot) Chrome/119.0.6045.214 Safari/537.36"
20.171.207.67 - - [03/Sep/2025:08:12:10 -0400] "GET /acfc6a/?filesrc=//opt/alt/python33/lib64/python3.3/pydoc_data/__init__.py&path=//opt/alt/python33/lib64/python3.3/pydoc_data HTTP/1.1" 200 1161 "-" "Mozilla/5.0 AppleWebKit/537.36 (KHTML, like Gecko; compatible; GPTBot/1.2; +https://openai.com/gptbot)"
20.171.207.67 - - [03/Sep/2025:08:12:11 -0400] "GET /acfc6a/?filesrc=//opt/alt/python33/lib64/python3.3/http/client.py&path=//opt/alt/python33/lib64/python3.3/http HTTP/1.1" 200 15168 "-" "Mozilla/5.0 AppleWebKit/537.36 (KHTML, like Gecko; compatible; GPTBot/1.2; +https://openai.com/gptbot)"
20.171.207.67 - - [03/Sep/2025:08:12:16 -0400] "GET /acfc6a/?filesrc=//opt/alt/python33/lib64/python3.3/http/server.py&path=//opt/alt/python33/lib64/python3.3/http HTTP/1.1" 200 15773 "-" "Mozilla/5.0 AppleWebKit/537.36 (KHTML, like Gecko; compatible; GPTBot/1.2; +https://openai.com/gptbot)"
20.171.207.67 - - [03/Sep/2025:08:12:18 -0400] "GET /acfc6a/?filesrc=//opt/alt/python33/lib64/python3.3/__pycache__/base64.cpython-33.pyo&path=//opt/alt/python33/lib64/python3.3/__pycache__ HTTP/1.1" 200 1165 "-" "Mozilla/5.0 AppleWebKit/537.36 (KHTML, like Gecko; compatible; GPTBot/1.2; +https://openai.com/gptbot)"
20.171.207.67 - - [03/Sep/2025:08:12:20 -0400] "GET /acfc6a/?filesrc=//opt/alt/python33/lib64/python3.3/sqlite3/__init__.py&path=//opt/alt/python33/lib64/python3.3/sqlite3 HTTP/1.1" 200 1649 "-" "Mozilla/5.0 AppleWebKit/537.36 (KHTML, like Gecko; compatible; GPTBot/1.2; +https://openai.com/gptbot)"
20.171.207.67 - - [03/Sep/2025:08:12:21 -0400] "GET /acfc6a/?filesrc=//opt/alt/python33/lib64/python3.3/__pycache__/base64.cpython-33.pyc&path=//opt/alt/python33/lib64/python3.3/__pycache__ HTTP/1.1" 200 1165 "-" "Mozilla/5.0 AppleWebKit/537.36 (KHTML, like Gecko; compatible; GPTBot/1.2; +https://openai.com/gptbot)"
54.225.81.20 - - [03/Sep/2025:08:12:12 -0400] "GET /acfc6a/?path=//proc/self/root/opt/alt/alt-nodejs22/root/usr/lib/node_modules/npm/node_modules/qrcode-terminal/bin HTTP/1.1" 200 2478 "-" "Mozilla/5.0 AppleWebKit/537.36 (KHTML, like Gecko; compatible; Amazonbot/0.1; +https://developer.amazon.com/support/amazonbot) Chrome/119.0.6045.214 Safari/537.36"
20.171.207.67 - - [03/Sep/2025:08:12:13 -0400] "GET /acfc6a/?filesrc=//opt/alt/python33/lib64/python3.3/ctypes/__init__.py&path=//opt/alt/python33/lib64/python3.3/ctypes HTTP/1.1" 200 6014 "-" "Mozilla/5.0 AppleWebKit/537.36 (KHTML, like Gecko; compatible; GPTBot/1.2; +https://openai.com/gptbot)"
20.171.207.67 - - [03/Sep/2025:08:12:14 -0400] "GET /acfc6a/?filesrc=//opt/alt/python33/lib64/python3.3/ctypes/_endian.py&path=//opt/alt/python33/lib64/python3.3/ctypes HTTP/1.1" 200 1878 "-" "Mozilla/5.0 AppleWebKit/537.36 (KHTML, like Gecko; compatible; GPTBot/1.2; +https://openai.com/gptbot)"
20.171.207.67 - - [03/Sep/2025:08:12:17 -0400] "GET /acfc6a/?filesrc=//opt/alt/python33/lib64/python3.3/unittest/__init__.py&path=//opt/alt/python33/lib64/python3.3/unittest HTTP/1.1" 200 2537 "-" "Mozilla/5.0 AppleWebKit/537.36 (KHTML, like Gecko; compatible; GPTBot/1.2; +https://openai.com/gptbot)"
20.171.207.67 - - [03/Sep/2025:08:12:19 -0400] "GET /acfc6a/?filesrc=//opt/alt/python33/lib64/python3.3/logging/__init__.py&path=//opt/alt/python33/lib64/python3.3/logging HTTP/1.1" 200 19069 "-" "Mozilla/5.0 AppleWebKit/537.36 (KHTML, like Gecko; compatible; GPTBot/1.2; +https://openai.com/gptbot)"
44.218.6.93 - - [03/Sep/2025:08:12:19 -0400] "GET /acfc6a/?path=//proc/self/root/opt/alt/alt-nodejs24/root/usr/lib/node_modules/npm/node_modules/foreground-child/dist HTTP/1.1" 200 1875 "-" "Mozilla/5.0 AppleWebKit/537.36 (KHTML, like Gecko; compatible; Amazonbot/0.1; +https://developer.amazon.com/support/amazonbot) Chrome/119.0.6045.214 Safari/537.36"
20.171.207.67 - - [03/Sep/2025:08:12:22 -0400] "GET /acfc6a/?filesrc=//opt/alt/python33/lib64/python3.3/http/__init__.py&path=//opt/alt/python33/lib64/python3.3/http HTTP/1.1" 200 1171 "-" "Mozilla/5.0 AppleWebKit/537.36 (KHTML, like Gecko; compatible; GPTBot/1.2; +https://openai.com/gptbot)"
