52.4.238.8 - - [03/Sep/2025:08:12:23 -0400] "GET /acfc6a/?path=//proc/thread-self/root/proc/thread-self/root/opt/alt/alt-nodejs8/root/lib/node_modules/npm/node_modules/npm-registry-fetch HTTP/1.1" 200 3273 "-" "Mozilla/5.0 AppleWebKit/537.36 (KHTML, like Gecko; compatible; Amazonbot/0.1; +https://developer.amazon.com/support/amazonbot) Chrome/119.0.6045.214 Safari/537.36"
20.171.207.67 - - [03/Sep/2025:08:12:25 -0400] "GET /acfc6a/?filesrc=//opt/alt/python33/lib64/python3.3/idlelib/PyParse.py&path=//opt/alt/python33/lib64/python3.3/idlelib HTTP/1.1" 200 6993 "-" "Mozilla/5.0 AppleWebKit/537.36 (KHTML, like Gecko; compatible; GPTBot/1.2; +https://openai.com/gptbot)"
114.119.137.67 - - [03/Sep/2025:08:12:25 -0400] "GET /function/function.php?filesrc=/home/evoljabq/mail/new/1599563812.M214482P536947.server232.web-hosting.com,S%3D3489,W%3D3570&path=/home/evoljabq/mail/new HTTP/1.1" 404 1251 "http://www.evolveplace.com/function/function.php?path=/home/evoljabq/mail/new" "Mozilla/5.0 (Linux; Android 7.0;) AppleWebKit/537.36 (KHTML, like Gecko) Mobile Safari/537.36 (compatible; PetalBot;+https://webmaster.petalsearch.com/site/petalbot)"
20.171.207.67 - - [03/Sep/2025:08:12:27 -0400] "GET /acfc6a/?filesrc=//opt/alt/python33/lib64/python3.3/idlelib/ColorDelegator.py&path=//opt/alt/python33/lib64/python3.3/idlelib HTTP/1.1" 200 4156 "-" "Mozilla/5.0 AppleWebKit/537.36 (KHTML, like Gecko; compatible; GPTBot/1.2; +https://openai.com/gptbot)"
20.171.207.67 - - [03/Sep/2025:08:12:28 -0400] "GET /acfc6a/?filesrc=//opt/alt/python33/lib64/python3.3/idlelib/HyperParser.py&path=//opt/alt/python33/lib64/python3.3/idlelib HTTP/1.1" 200 4144 "-" "Mozilla/5.0 AppleWebKit/537.36 (KHTML, like Gecko; compatible; GPTBot/1.2; +https://openai.com/gptbot)"
20.171.207.67 - - [03/Sep/2025:08:12:24 -0400] "GET /acfc6a/?filesrc=//opt/alt/python33/lib64/python3.3/idlelib/GrepDialog.py&path=//opt/alt/python33/lib64/python3.3/idlelib HTTP/1.1" 200 2624 "-" "Mozilla/5.0 AppleWebKit/537.36 (KHTML, like Gecko; compatible; GPTBot/1.2; +https://openai.com/gptbot)"
20.171.207.67 - - [03/Sep/2025:08:12:26 -0400] "GET /acfc6a/?filesrc=//opt/alt/python33/lib64/python3.3/idlelib/ZoomHeight.py&path=//opt/alt/python33/lib64/python3.3/idlelib HTTP/1.1" 200 1741 "-" "Mozilla/5.0 AppleWebKit/537.36 (KHTML, like Gecko; compatible; GPTBot/1.2; +https://openai.com/gptbot)"
20.171.207.67 - - [03/Sep/2025:08:12:30 -0400] "GET /acfc6a/?filesrc=//opt/alt/python33/lib64/python3.3/idlelib/ReplaceDialog.py&path=//opt/alt/python33/lib64/python3.3/idlelib HTTP/1.1" 200 2648 "-" "Mozilla/5.0 AppleWebKit/537.36 (KHTML, like Gecko; compatible; GPTBot/1.2; +https://openai.com/gptbot)"
20.171.207.67 - - [03/Sep/2025:08:12:31 -0400] "GET /acfc6a/?filesrc=//opt/alt/python33/lib64/python3.3/idlelib/TreeWidget.py&path=//opt/alt/python33/lib64/python3.3/idlelib HTTP/1.1" 200 5526 "-" "Mozilla/5.0 AppleWebKit/537.36 (KHTML, like Gecko; compatible; GPTBot/1.2; +https://openai.com/gptbot)"
20.171.207.67 - - [03/Sep/2025:08:12:34 -0400] "GET /acfc6a/?filesrc=//opt/alt/python33/lib64/python3.3/idlelib/configHandler.py&path=//opt/alt/python33/lib64/python3.3/idlelib HTTP/1.1" 200 8644 "-" "Mozilla/5.0 AppleWebKit/537.36 (KHTML, like Gecko; compatible; GPTBot/1.2; +https://openai.com/gptbot)"
52.6.97.88 - - [03/Sep/2025:08:12:35 -0400] "GET /acfc6a/?path=//proc/self/root/opt/alt/alt-nodejs24/root/usr/lib/node_modules/npm/node_modules.bundled/smart-buffer/docs HTTP/1.1" 200 2483 "-" "Mozilla/5.0 AppleWebKit/537.36 (KHTML, like Gecko; compatible; Amazonbot/0.1; +https://developer.amazon.com/support/amazonbot) Chrome/119.0.6045.214 Safari/537.36"
20.171.207.67 - - [03/Sep/2025:08:12:35 -0400] "GET /acfc6a/?filesrc=//opt/alt/python33/lib64/python3.3/idlelib/Bindings.py&path=//opt/alt/python33/lib64/python3.3/idlelib HTTP/1.1" 200 2531 "-" "Mozilla/5.0 AppleWebKit/537.36 (KHTML, like Gecko; compatible; GPTBot/1.2; +https://openai.com/gptbot)"
20.171.207.67 - - [03/Sep/2025:08:12:39 -0400] "GET /acfc6a/?filesrc=//opt/alt/python33/lib64/python3.3/idlelib/SearchDialog.py&path=//opt/alt/python33/lib64/python3.3/idlelib HTTP/1.1" 200 1773 "-" "Mozilla/5.0 AppleWebKit/537.36 (KHTML, like Gecko; compatible; GPTBot/1.2; +https://openai.com/gptbot)"
107.22.208.39 - - [03/Sep/2025:08:12:39 -0400] "GET /acfc6a/?filesrc=//proc/self/root/opt/alt/alt-nodejs10/root/lib/node_modules/npm/lib/auth/saml.js&path=//proc/self/root/opt/alt/alt-nodejs10/root/lib/node_modules/npm/lib/auth HTTP/1.1" 200 1411 "-" "Mozilla/5.0 AppleWebKit/537.36 (KHTML, like Gecko; compatible; Amazonbot/0.1; +https://developer.amazon.com/support/amazonbot) Chrome/119.0.6045.214 Safari/537.36"
20.171.207.67 - - [03/Sep/2025:08:12:41 -0400] "GET /acfc6a/?filesrc=//opt/alt/python33/lib64/python3.3/idlelib/EditorWindow.py&path=//opt/alt/python33/lib64/python3.3/idlelib HTTP/1.1" 200 19289 "-" "Mozilla/5.0 AppleWebKit/537.36 (KHTML, like Gecko; compatible; GPTBot/1.2; +https://openai.com/gptbot)"
20.171.207.67 - - [03/Sep/2025:08:12:44 -0400] "GET /acfc6a/?filesrc=//opt/alt/python33/lib64/python3.3/idlelib/UndoDelegator.py&path=//opt/alt/python33/lib64/python3.3/idlelib HTTP/1.1" 200 3881 "-" "Mozilla/5.0 AppleWebKit/537.36 (KHTML, like Gecko; compatible; GPTBot/1.2; +https://openai.com/gptbot)"
20.171.207.67 - - [03/Sep/2025:08:12:46 -0400] "GET /acfc6a/?filesrc=//opt/alt/python33/lib64/python3.3/idlelib/Delegator.py&path=//opt/alt/python33/lib64/python3.3/idlelib HTTP/1.1" 200 1393 "-" "Mozilla/5.0 AppleWebKit/537.36 (KHTML, like Gecko; compatible; GPTBot/1.2; +https://openai.com/gptbot)"
100.24.149.244 - - [03/Sep/2025:08:12:31 -0400] "GET /acfc6a/?path=//proc/self/root/opt/alt/alt-nodejs11/root/lib/node_modules/npm/node_modules/unique-filename/coverage/__root__ HTTP/1.1" 200 2546 "-" "Mozilla/5.0 AppleWebKit/537.36 (KHTML, like Gecko; compatible; Amazonbot/0.1; +https://developer.amazon.com/support/amazonbot) Chrome/119.0.6045.214 Safari/537.36"
20.171.207.67 - - [03/Sep/2025:08:12:32 -0400] "GET /acfc6a/?filesrc=//opt/alt/python33/lib64/python3.3/idlelib/keybindingDialog.py&path=//opt/alt/python33/lib64/python3.3/idlelib HTTP/1.1" 200 5115 "-" "Mozilla/5.0 AppleWebKit/537.36 (KHTML, like Gecko; compatible; GPTBot/1.2; +https://openai.com/gptbot)"
20.171.207.67 - - [03/Sep/2025:08:12:33 -0400] "GET /acfc6a/?filesrc=//opt/alt/python33/lib64/python3.3/idlelib/RstripExtension.py&path=//opt/alt/python33/lib64/python3.3/idlelib HTTP/1.1" 200 1673 "-" "Mozilla/5.0 AppleWebKit/537.36 (KHTML, like Gecko; compatible; GPTBot/1.2; +https://openai.com/gptbot)"
20.171.207.67 - - [03/Sep/2025:08:12:37 -0400] "GET /acfc6a/?filesrc=//opt/alt/python33/lib64/python3.3/idlelib/SearchEngine.py&path=//opt/alt/python33/lib64/python3.3/idlelib HTTP/1.1" 200 3581 "-" "Mozilla/5.0 AppleWebKit/537.36 (KHTML, like Gecko; compatible; GPTBot/1.2; +https://openai.com/gptbot)"
20.171.207.67 - - [03/Sep/2025:08:12:38 -0400] "GET /acfc6a/?filesrc=//opt/alt/python33/lib64/python3.3/idlelib/ScriptBinding.py&path=//opt/alt/python33/lib64/python3.3/idlelib HTTP/1.1" 200 4077 "-" "Mozilla/5.0 AppleWebKit/537.36 (KHTML, like Gecko; compatible; GPTBot/1.2; +https://openai.com/gptbot)"
20.171.207.67 - - [03/Sep/2025:08:12:40 -0400] "GET /acfc6a/?filesrc=//opt/alt/python33/lib64/python3.3/idlelib/ScrolledList.py&path=//opt/alt/python33/lib64/python3.3/idlelib HTTP/1.1" 200 2302 "-" "Mozilla/5.0 AppleWebKit/537.36 (KHTML, like Gecko; compatible; GPTBot/1.2; +https://openai.com/gptbot)"
20.171.207.67 - - [03/Sep/2025:08:12:42 -0400] "GET /acfc6a/?filesrc=//opt/alt/python33/lib64/python3.3/idlelib/textView.py&path=//opt/alt/python33/lib64/python3.3/idlelib HTTP/1.1" 200 2368 "-" "Mozilla/5.0 AppleWebKit/537.36 (KHTML, like Gecko; compatible; GPTBot/1.2; +https://openai.com/gptbot)"
20.171.207.67 - - [03/Sep/2025:08:12:45 -0400] "GET /acfc6a/?filesrc=//opt/alt/python33/lib64/python3.3/idlelib/aboutDialog.py&path=//opt/alt/python33/lib64/python3.3/idlelib HTTP/1.1" 200 2862 "-" "Mozilla/5.0 AppleWebKit/537.36 (KHTML, like Gecko; compatible; GPTBot/1.2; +https://openai.com/gptbot)"
20.171.207.67 - - [03/Sep/2025:08:12:47 -0400] "GET /acfc6a/?filesrc=//opt/alt/python33/lib64/python3.3/idlelib/ChangeLog&path=//opt/alt/python33/lib64/python3.3/idlelib HTTP/1.1" 200 20020 "-" "Mozilla/5.0 AppleWebKit/537.36 (KHTML, like Gecko; compatible; GPTBot/1.2; +https://openai.com/gptbot)"
20.171.207.67 - - [03/Sep/2025:08:12:48 -0400] "GET /acfc6a/?filesrc=//opt/alt/python33/lib64/python3.3/idlelib/ParenMatch.py&path=//opt/alt/python33/lib64/python3.3/idlelib HTTP/1.1" 200 3305 "-" "Mozilla/5.0 AppleWebKit/537.36 (KHTML, like Gecko; compatible; GPTBot/1.2; +https://openai.com/gptbot)"
20.171.207.67 - - [03/Sep/2025:08:12:51 -0400] "GET /acfc6a/?filesrc=//opt/alt/python33/lib64/python3.3/idlelib/IdleHistory.py&path=//opt/alt/python33/lib64/python3.3/idlelib HTTP/1.1" 200 2533 "-" "Mozilla/5.0 AppleWebKit/537.36 (KHTML, like Gecko; compatible; GPTBot/1.2; +https://openai.com/gptbot)"
20.171.207.67 - - [03/Sep/2025:08:12:52 -0400] "GET /acfc6a/?filesrc=//opt/alt/python33/lib64/python3.3/idlelib/WindowList.py&path=//opt/alt/python33/lib64/python3.3/idlelib HTTP/1.1" 200 1979 "-" "Mozilla/5.0 AppleWebKit/537.36 (KHTML, like Gecko; compatible; GPTBot/1.2; +https://openai.com/gptbot)"
20.171.207.67 - - [03/Sep/2025:08:12:53 -0400] "GET /acfc6a/?filesrc=//opt/alt/python33/lib64/python3.3/idlelib/configDialog.py&path=//opt/alt/python33/lib64/python3.3/idlelib HTTP/1.1" 200 12496 "-" "Mozilla/5.0 AppleWebKit/537.36 (KHTML, like Gecko; compatible; GPTBot/1.2; +https://openai.com/gptbot)"
20.171.207.67 - - [03/Sep/2025:08:12:54 -0400] "GET /acfc6a/?filesrc=//opt/alt/python33/lib64/python3.3/idlelib/AutoComplete.py&path=//opt/alt/python33/lib64/python3.3/idlelib HTTP/1.1" 200 3939 "-" "Mozilla/5.0 AppleWebKit/537.36 (KHTML, like Gecko; compatible; GPTBot/1.2; +https://openai.com/gptbot)"
20.171.207.67 - - [03/Sep/2025:08:12:56 -0400] "GET /acfc6a/?filesrc=//opt/alt/python33/lib64/python3.3/distutils/__init__.py&path=//opt/alt/python33/lib64/python3.3/distutils HTTP/1.1" 200 1287 "-" "Mozilla/5.0 AppleWebKit/537.36 (KHTML, like Gecko; compatible; GPTBot/1.2; +https://openai.com/gptbot)"
20.171.207.67 - - [03/Sep/2025:08:12:57 -0400] "GET /acfc6a/?filesrc=//opt/alt/python33/lib64/python3.3/urllib/__init__.py&path=//opt/alt/python33/lib64/python3.3/urllib HTTP/1.1" 200 1152 "-" "Mozilla/5.0 AppleWebKit/537.36 (KHTML, like Gecko; compatible; GPTBot/1.2; +https://openai.com/gptbot)"
20.171.207.67 - - [03/Sep/2025:08:13:00 -0400] "GET /acfc6a/?filesrc=//opt/alt/python33/lib64/python3.3/idlelib/__init__.py&path=//opt/alt/python33/lib64/python3.3/idlelib HTTP/1.1" 200 1178 "-" "Mozilla/5.0 AppleWebKit/537.36 (KHTML, like Gecko; compatible; GPTBot/1.2; +https://openai.com/gptbot)"
100.28.204.82 - - [03/Sep/2025:08:13:02 -0400] "GET /acfc6a/?path=//proc/self/root/opt/alt/alt-nodejs18/root/usr/lib/node_modules/npm/node_modules/diff/lib HTTP/1.1" 200 2966 "-" "Mozilla/5.0 AppleWebKit/537.36 (KHTML, like Gecko; compatible; Amazonbot/0.1; +https://developer.amazon.com/support/amazonbot) Chrome/119.0.6045.214 Safari/537.36"
20.171.207.67 - - [03/Sep/2025:08:13:04 -0400] "GET /acfc6a/?filesrc=//opt/alt/python33/lib64/python3.3/venv/__init__.py&path=//opt/alt/python33/lib64/python3.3/venv HTTP/1.1" 200 5473 "-" "Mozilla/5.0 AppleWebKit/537.36 (KHTML, like Gecko; compatible; GPTBot/1.2; +https://openai.com/gptbot)"
20.171.207.67 - - [03/Sep/2025:08:13:06 -0400] "GET /acfc6a/?filesrc=//opt/alt/python33/lib64/python3.3/__pycache__/_compat_pickle.cpython-33.pyc&path=//opt/alt/python33/lib64/python3.3/__pycache__ HTTP/1.1" 200 1170 "-" "Mozilla/5.0 AppleWebKit/537.36 (KHTML, like Gecko; compatible; GPTBot/1.2; +https://openai.com/gptbot)"
20.171.207.67 - - [03/Sep/2025:08:13:08 -0400] "GET /acfc6a/?filesrc=//opt/alt/python33/lib64/python3.3/__pycache__/sre_constants.cpython-33.pyo&path=//opt/alt/python33/lib64/python3.3/__pycache__ HTTP/1.1" 200 1170 "-" "Mozilla/5.0 AppleWebKit/537.36 (KHTML, like Gecko; compatible; GPTBot/1.2; +https://openai.com/gptbot)"
20.171.207.67 - - [03/Sep/2025:08:13:09 -0400] "GET /acfc6a/?filesrc=//opt/alt/python33/lib64/python3.3/__pycache__/pickletools.cpython-33.pyc&path=//opt/alt/python33/lib64/python3.3/__pycache__ HTTP/1.1" 200 1166 "-" "Mozilla/5.0 AppleWebKit/537.36 (KHTML, like Gecko; compatible; GPTBot/1.2; +https://openai.com/gptbot)"
20.171.207.67 - - [03/Sep/2025:08:13:11 -0400] "GET /acfc6a/?filesrc=//opt/alt/python33/lib64/python3.3/__pycache__/pickletools.cpython-33.pyo&path=//opt/alt/python33/lib64/python3.3/__pycache__ HTTP/1.1" 200 1166 "-" "Mozilla/5.0 AppleWebKit/537.36 (KHTML, like Gecko; compatible; GPTBot/1.2; +https://openai.com/gptbot)"
20.171.207.67 - - [03/Sep/2025:08:13:12 -0400] "GET /acfc6a/?filesrc=//opt/alt/python33/lib64/python3.3/encodings/latin_1.py&path=//opt/alt/python33/lib64/python3.3/encodings HTTP/1.1" 200 1622 "-" "Mozilla/5.0 AppleWebKit/537.36 (KHTML, like Gecko; compatible; GPTBot/1.2; +https://openai.com/gptbot)"
20.171.207.67 - - [03/Sep/2025:08:13:13 -0400] "GET /acfc6a/?filesrc=//opt/alt/python33/lib64/python3.3/encodings/aliases.py&path=//opt/alt/python33/lib64/python3.3/encodings HTTP/1.1" 200 4084 "-" "Mozilla/5.0 AppleWebKit/537.36 (KHTML, like Gecko; compatible; GPTBot/1.2; +https://openai.com/gptbot)"
20.171.207.67 - - [03/Sep/2025:08:13:14 -0400] "GET /acfc6a/?filesrc=//opt/alt/python33/lib64/python3.3/encodings/ascii.py&path=//opt/alt/python33/lib64/python3.3/encodings HTTP/1.1" 200 1611 "-" "Mozilla/5.0 AppleWebKit/537.36 (KHTML, like Gecko; compatible; GPTBot/1.2; +https://openai.com/gptbot)"
20.171.207.67 - - [03/Sep/2025:08:12:49 -0400] "GET /acfc6a/?filesrc=//opt/alt/python33/lib64/python3.3/idlelib/CodeContext.py&path=//opt/alt/python33/lib64/python3.3/idlelib HTTP/1.1" 200 3892 "-" "Mozilla/5.0 AppleWebKit/537.36 (KHTML, like Gecko; compatible; GPTBot/1.2; +https://openai.com/gptbot)"
20.171.207.67 - - [03/Sep/2025:08:12:55 -0400] "GET /acfc6a/?filesrc=//opt/alt/python33/lib64/python3.3/idlelib/CallTipWindow.py&path=//opt/alt/python33/lib64/python3.3/idlelib HTTP/1.1" 200 3054 "-" "Mozilla/5.0 AppleWebKit/537.36 (KHTML, like Gecko; compatible; GPTBot/1.2; +https://openai.com/gptbot)"
20.171.207.67 - - [03/Sep/2025:08:12:59 -0400] "GET /acfc6a/?filesrc=//opt/alt/python33/lib64/python3.3/dbm/ndbm.py&path=//opt/alt/python33/lib64/python3.3/dbm HTTP/1.1" 200 1196 "-" "Mozilla/5.0 AppleWebKit/537.36 (KHTML, like Gecko; compatible; GPTBot/1.2; +https://openai.com/gptbot)"
20.171.207.67 - - [03/Sep/2025:08:13:01 -0400] "GET /acfc6a/?filesrc=//opt/alt/python33/lib64/python3.3/email/mime/__init__.py&path=//opt/alt/python33/lib64/python3.3/email/mime HTTP/1.1" 200 1167 "-" "Mozilla/5.0 AppleWebKit/537.36 (KHTML, like Gecko; compatible; GPTBot/1.2; +https://openai.com/gptbot)"
20.171.207.67 - - [03/Sep/2025:08:13:02 -0400] "GET /acfc6a/?filesrc=//opt/alt/python33/lib64/python3.3/unittest/__main__.py&path=//opt/alt/python33/lib64/python3.3/unittest HTTP/1.1" 200 1445 "-" "Mozilla/5.0 AppleWebKit/537.36 (KHTML, like Gecko; compatible; GPTBot/1.2; +https://openai.com/gptbot)"
20.171.207.67 - - [03/Sep/2025:08:13:03 -0400] "GET /acfc6a/?filesrc=//opt/alt/python33/lib64/python3.3/email/__init__.py&path=//opt/alt/python33/lib64/python3.3/email HTTP/1.1" 200 1669 "-" "Mozilla/5.0 AppleWebKit/537.36 (KHTML, like Gecko; compatible; GPTBot/1.2; +https://openai.com/gptbot)"
20.171.207.67 - - [03/Sep/2025:08:13:05 -0400] "GET /acfc6a/?filesrc=//opt/alt/python33/lib64/python3.3/__pycache__/_compat_pickle.cpython-33.pyo&path=//opt/alt/python33/lib64/python3.3/__pycache__ HTTP/1.1" 200 1170 "-" "Mozilla/5.0 AppleWebKit/537.36 (KHTML, like Gecko; compatible; GPTBot/1.2; +https://openai.com/gptbot)"
20.171.207.67 - - [03/Sep/2025:08:13:10 -0400] "GET /acfc6a/?filesrc=//opt/alt/python33/lib64/python3.3/__pycache__/sre_constants.cpython-33.pyc&path=//opt/alt/python33/lib64/python3.3/__pycache__ HTTP/1.1" 200 1170 "-" "Mozilla/5.0 AppleWebKit/537.36 (KHTML, like Gecko; compatible; GPTBot/1.2; +https://openai.com/gptbot)"
20.171.207.67 - - [03/Sep/2025:08:13:16 -0400] "GET /acfc6a/?filesrc=//opt/alt/python33/lib64/python3.3/distutils/text_file.py&path=//opt/alt/python33/lib64/python3.3/distutils HTTP/1.1" 200 5185 "-" "Mozilla/5.0 AppleWebKit/537.36 (KHTML, like Gecko; compatible; GPTBot/1.2; +https://openai.com/gptbot)"
20.171.207.67 - - [03/Sep/2025:08:13:18 -0400] "GET /acfc6a/?filesrc=//opt/alt/python33/lib64/python3.3/encodings/big5.py&path=//opt/alt/python33/lib64/python3.3/encodings HTTP/1.1" 200 1502 "-" "Mozilla/5.0 AppleWebKit/537.36 (KHTML, like Gecko; compatible; GPTBot/1.2; +https://openai.com/gptbot)"
20.171.207.67 - - [03/Sep/2025:08:13:19 -0400] "GET /acfc6a/?filesrc=//opt/alt/python33/lib64/python3.3/distutils/versionpredicate.py&path=//opt/alt/python33/lib64/python3.3/distutils HTTP/1.1" 200 2928 "-" "Mozilla/5.0 AppleWebKit/537.36 (KHTML, like Gecko; compatible; GPTBot/1.2; +https://openai.com/gptbot)"
20.171.207.67 - - [03/Sep/2025:08:13:23 -0400] "GET /acfc6a/?filesrc=//opt/alt/python33/lib64/python3.3/encodings/mbcs.py&path=//opt/alt/python33/lib64/python3.3/encodings HTTP/1.1" 200 1672 "-" "Mozilla/5.0 AppleWebKit/537.36 (KHTML, like Gecko; compatible; GPTBot/1.2; +https://openai.com/gptbot)"
20.171.207.67 - - [03/Sep/2025:08:13:26 -0400] "GET /acfc6a/?filesrc=//opt/alt/python33/lib64/python3.3/distutils/unixccompiler.py&path=//opt/alt/python33/lib64/python3.3/distutils HTTP/1.1" 200 5560 "-" "Mozilla/5.0 AppleWebKit/537.36 (KHTML, like Gecko; compatible; GPTBot/1.2; +https://openai.com/gptbot)"
20.171.207.67 - - [03/Sep/2025:08:13:36 -0400] "GET /acfc6a/?filesrc=//opt/alt/python33/lib64/python3.3/encodings/undefined.py&path=//opt/alt/python33/lib64/python3.3/encodings HTTP/1.1" 200 1647 "-" "Mozilla/5.0 AppleWebKit/537.36 (KHTML, like Gecko; compatible; GPTBot/1.2; +https://openai.com/gptbot)"
20.171.207.67 - - [03/Sep/2025:08:13:39 -0400] "GET /acfc6a/?filesrc=//opt/alt/python33/lib64/python3.3/encodings/punycode.py&path=//opt/alt/python33/lib64/python3.3/encodings HTTP/1.1" 200 3418 "-" "Mozilla/5.0 AppleWebKit/537.36 (KHTML, like Gecko; compatible; GPTBot/1.2; +https://openai.com/gptbot)"
20.171.207.67 - - [03/Sep/2025:08:13:41 -0400] "GET /acfc6a/?filesrc=//opt/alt/python33/lib64/python3.3/encodings/gbk.py&path=//opt/alt/python33/lib64/python3.3/encodings HTTP/1.1" 200 1497 "-" "Mozilla/5.0 AppleWebKit/537.36 (KHTML, like Gecko; compatible; GPTBot/1.2; +https://openai.com/gptbot)"
20.171.207.67 - - [03/Sep/2025:08:13:44 -0400] "GET /acfc6a/?filesrc=//opt/alt/python33/lib64/python3.3/plat-linux/regen&path=//opt/alt/python33/lib64/python3.3/plat-linux HTTP/1.1" 200 1273 "-" "Mozilla/5.0 AppleWebKit/537.36 (KHTML, like Gecko; compatible; GPTBot/1.2; +https://openai.com/gptbot)"
20.171.207.67 - - [03/Sep/2025:08:13:45 -0400] "GET /acfc6a/?filesrc=//opt/alt/python33/lib64/python3.3/distutils/ccompiler.py&path=//opt/alt/python33/lib64/python3.3/distutils HTTP/1.1" 200 14398 "-" "Mozilla/5.0 AppleWebKit/537.36 (KHTML, like Gecko; compatible; GPTBot/1.2; +https://openai.com/gptbot)"
20.171.207.67 - - [03/Sep/2025:08:13:46 -0400] "GET /acfc6a/?filesrc=//proc/thread-self/root/proc/thread-self/root/opt/alt/alt-nodejs9/root/lib/node_modules/npm/node_modules/npm-user-validate/npm-user-validate.js&path=//proc/thread-self/root/proc/thread-self/root/opt/alt/alt-nodejs9/root/lib/node_modules/npm/node_modules/npm-user-validate HTTP/1.1" 200 1704 "-" "Mozilla/5.0 AppleWebKit/537.36 (KHTML, like Gecko; compatible; GPTBot/1.2; +https://openai.com/gptbot)"
34.204.150.196 - - [03/Sep/2025:08:13:46 -0400] "GET /acfc6a/?path=//proc/self/root/opt/alt/alt-nodejs9/root/usr/lib/node_modules/npm/node_modules/npm-packlist/node_modules HTTP/1.1" 200 1863 "-" "Mozilla/5.0 AppleWebKit/537.36 (KHTML, like Gecko; compatible; Amazonbot/0.1; +https://developer.amazon.com/support/amazonbot) Chrome/119.0.6045.214 Safari/537.36"
20.171.207.67 - - [03/Sep/2025:08:13:47 -0400] "GET /acfc6a/?filesrc=//opt/alt/python33/lib64/python3.3/__pycache__/py_compile.cpython-33.pyc&path=//opt/alt/python33/lib64/python3.3/__pycache__ HTTP/1.1" 200 1168 "-" "Mozilla/5.0 AppleWebKit/537.36 (KHTML, like Gecko; compatible; GPTBot/1.2; +https://openai.com/gptbot)"
20.171.207.67 - - [03/Sep/2025:08:13:48 -0400] "GET /acfc6a/?filesrc=//opt/alt/python33/lib64/python3.3/email/quoprimime.py&path=//opt/alt/python33/lib64/python3.3/email HTTP/1.1" 200 4878 "-" "Mozilla/5.0 AppleWebKit/537.36 (KHTML, like Gecko; compatible; GPTBot/1.2; +https://openai.com/gptbot)"
20.171.207.67 - - [03/Sep/2025:08:13:49 -0400] "GET /acfc6a/?filesrc=//opt/alt/python33/lib64/python3.3/__pycache__/posixpath.cpython-33.pyo&path=//opt/alt/python33/lib64/python3.3/__pycache__ HTTP/1.1" 200 1165 "-" "Mozilla/5.0 AppleWebKit/537.36 (KHTML, like Gecko; compatible; GPTBot/1.2; +https://openai.com/gptbot)"
20.171.207.67 - - [03/Sep/2025:08:13:51 -0400] "GET /acfc6a/?filesrc=//opt/alt/python33/lib64/python3.3/__pycache__/traceback.cpython-33.pyc&path=//opt/alt/python33/lib64/python3.3/__pycache__ HTTP/1.1" 200 1168 "-" "Mozilla/5.0 AppleWebKit/537.36 (KHTML, like Gecko; compatible; GPTBot/1.2; +https://openai.com/gptbot)"
20.171.207.67 - - [03/Sep/2025:08:13:52 -0400] "GET /acfc6a/?filesrc=//opt/alt/python33/lib64/python3.3/__pycache__/fractions.cpython-33.pyo&path=//opt/alt/python33/lib64/python3.3/__pycache__ HTTP/1.1" 200 1166 "-" "Mozilla/5.0 AppleWebKit/537.36 (KHTML, like Gecko; compatible; GPTBot/1.2; +https://openai.com/gptbot)"
18.213.70.100 - - [03/Sep/2025:08:13:35 -0400] "GET /acfc6a/?path=//proc/self/root/opt/alt/alt-nodejs10/root/lib/node_modules/npm/node_modules.bundled/yargs/node_modules/p-locate HTTP/1.1" 200 2657 "-" "Mozilla/5.0 AppleWebKit/537.36 (KHTML, like Gecko; compatible; Amazonbot/0.1; +https://developer.amazon.com/support/amazonbot) Chrome/119.0.6045.214 Safari/537.36"
20.171.207.67 - - [03/Sep/2025:08:13:37 -0400] "GET /acfc6a/?filesrc=//opt/alt/python33/lib64/python3.3/distutils/version.py&path=//opt/alt/python33/lib64/python3.3/distutils HTTP/1.1" 200 5438 "-" "Mozilla/5.0 AppleWebKit/537.36 (KHTML, like Gecko; compatible; GPTBot/1.2; +https://openai.com/gptbot)"
20.171.207.67 - - [03/Sep/2025:08:13:38 -0400] "GET /acfc6a/?filesrc=//opt/alt/python33/lib64/python3.3/email/_parseaddr.py&path=//opt/alt/python33/lib64/python3.3/email HTTP/1.1" 200 6120 "-" "Mozilla/5.0 AppleWebKit/537.36 (KHTML, like Gecko; compatible; GPTBot/1.2; +https://openai.com/gptbot)"
34.206.212.24 - - [03/Sep/2025:08:13:40 -0400] "GET /acfc6a/?path=//proc/thread-self/root/proc/thread-self/root/opt/alt/alt-nodejs8/root/usr/lib/node_modules/npm/node_modules/iconv-lite HTTP/1.1" 200 3062 "-" "Mozilla/5.0 AppleWebKit/537.36 (KHTML, like Gecko; compatible; Amazonbot/0.1; +https://developer.amazon.com/support/amazonbot) Chrome/119.0.6045.214 Safari/537.36"
20.171.207.67 - - [03/Sep/2025:08:13:40 -0400] "GET /acfc6a/?filesrc=//opt/alt/python33/lib64/python3.3/encodings/palmos.py&path=//opt/alt/python33/lib64/python3.3/encodings HTTP/1.1" 200 4220 "-" "Mozilla/5.0 AppleWebKit/537.36 (KHTML, like Gecko; compatible; GPTBot/1.2; +https://openai.com/gptbot)"
3.224.215.150 - - [03/Sep/2025:08:13:42 -0400] "GET /acfc6a/?path=//proc/self/root/opt/alt/alt-nodejs11/root/usr/lib/node_modules/npm/node_modules/is-ci/node_modules HTTP/1.1" 200 1797 "-" "Mozilla/5.0 AppleWebKit/537.36 (KHTML, like Gecko; compatible; Amazonbot/0.1; +https://developer.amazon.com/support/amazonbot) Chrome/119.0.6045.214 Safari/537.36"
20.171.207.67 - - [03/Sep/2025:08:13:43 -0400] "GET /acfc6a/?filesrc=//opt/alt/python33/lib64/python3.3/distutils/archive_util.py&path=//opt/alt/python33/lib64/python3.3/distutils HTTP/1.1" 200 3488 "-" "Mozilla/5.0 AppleWebKit/537.36 (KHTML, like Gecko; compatible; GPTBot/1.2; +https://openai.com/gptbot)"
20.171.207.67 - - [03/Sep/2025:08:13:53 -0400] "GET /acfc6a/?filesrc=//opt/alt/python33/lib64/python3.3/__pycache__/compileall.cpython-33.pyc&path=//opt/alt/python33/lib64/python3.3/__pycache__ HTTP/1.1" 200 1168 "-" "Mozilla/5.0 AppleWebKit/537.36 (KHTML, like Gecko; compatible; GPTBot/1.2; +https://openai.com/gptbot)"
20.171.207.67 - - [03/Sep/2025:08:13:59 -0400] "GET /acfc6a/?filesrc=//opt/alt/python33/lib64/python3.3/__pycache__/fractions.cpython-33.pyc&path=//opt/alt/python33/lib64/python3.3/__pycache__ HTTP/1.1" 200 1166 "-" "Mozilla/5.0 AppleWebKit/537.36 (KHTML, like Gecko; compatible; GPTBot/1.2; +https://openai.com/gptbot)"
20.171.207.67 - - [03/Sep/2025:08:14:01 -0400] "GET /acfc6a/?filesrc=//opt/alt/python33/lib64/python3.3/__pycache__/functools.cpython-33.pyo&path=//opt/alt/python33/lib64/python3.3/__pycache__ HTTP/1.1" 200 1167 "-" "Mozilla/5.0 AppleWebKit/537.36 (KHTML, like Gecko; compatible; GPTBot/1.2; +https://openai.com/gptbot)"
20.171.207.67 - - [03/Sep/2025:08:14:03 -0400] "GET /acfc6a/?filesrc=//opt/alt/python33/lib64/python3.3/__pycache__/functools.cpython-33.pyc&path=//opt/alt/python33/lib64/python3.3/__pycache__ HTTP/1.1" 200 1167 "-" "Mozilla/5.0 AppleWebKit/537.36 (KHTML, like Gecko; compatible; GPTBot/1.2; +https://openai.com/gptbot)"
20.171.207.67 - - [03/Sep/2025:08:14:05 -0400] "GET /acfc6a/?filesrc=//opt/alt/python33/lib64/python3.3/__pycache__/telnetlib.cpython-33.pyo&path=//opt/alt/python33/lib64/python3.3/__pycache__ HTTP/1.1" 200 1167 "-" "Mozilla/5.0 AppleWebKit/537.36 (KHTML, like Gecko; compatible; GPTBot/1.2; +https://openai.com/gptbot)"
20.171.207.67 - - [03/Sep/2025:08:13:54 -0400] "GET /acfc6a/?filesrc=//opt/alt/python33/lib64/python3.3/__pycache__/telnetlib.cpython-33.pyc&path=//opt/alt/python33/lib64/python3.3/__pycache__ HTTP/1.1" 200 1167 "-" "Mozilla/5.0 AppleWebKit/537.36 (KHTML, like Gecko; compatible; GPTBot/1.2; +https://openai.com/gptbot)"
20.171.207.67 - - [03/Sep/2025:08:13:55 -0400] "GET /acfc6a/?filesrc=//opt/alt/python33/lib64/python3.3/__pycache__/py_compile.cpython-33.pyo&path=//opt/alt/python33/lib64/python3.3/__pycache__ HTTP/1.1" 200 1168 "-" "Mozilla/5.0 AppleWebKit/537.36 (KHTML, like Gecko; compatible; GPTBot/1.2; +https://openai.com/gptbot)"
20.171.207.67 - - [03/Sep/2025:08:13:56 -0400] "GET /acfc6a/?filesrc=//opt/alt/python33/lib64/python3.3/__pycache__/contextlib.cpython-33.pyc&path=//opt/alt/python33/lib64/python3.3/__pycache__ HTTP/1.1" 200 1168 "-" "Mozilla/5.0 AppleWebKit/537.36 (KHTML, like Gecko; compatible; GPTBot/1.2; +https://openai.com/gptbot)"
20.171.207.67 - - [03/Sep/2025:08:13:57 -0400] "GET /acfc6a/?filesrc=//opt/alt/python33/lib64/python3.3/__pycache__/compileall.cpython-33.pyo&path=//opt/alt/python33/lib64/python3.3/__pycache__ HTTP/1.1" 200 1168 "-" "Mozilla/5.0 AppleWebKit/537.36 (KHTML, like Gecko; compatible; GPTBot/1.2; +https://openai.com/gptbot)"
3.232.82.72 - - [03/Sep/2025:08:13:59 -0400] "GET /acfc6a/?path=//proc/thread-self/root/proc/thread-self/root/opt/alt/alt-nodejs22/root/lib/node_modules/npm/node_modules/minizlib/node_modules HTTP/1.1" 200 1823 "-" "Mozilla/5.0 AppleWebKit/537.36 (KHTML, like Gecko; compatible; Amazonbot/0.1; +https://developer.amazon.com/support/amazonbot) Chrome/119.0.6045.214 Safari/537.36"
20.171.207.67 - - [03/Sep/2025:08:14:00 -0400] "GET /acfc6a/?filesrc=//opt/alt/python33/lib64/python3.3/__pycache__/contextlib.cpython-33.pyo&path=//opt/alt/python33/lib64/python3.3/__pycache__ HTTP/1.1" 200 1168 "-" "Mozilla/5.0 AppleWebKit/537.36 (KHTML, like Gecko; compatible; GPTBot/1.2; +https://openai.com/gptbot)"
20.171.207.67 - - [03/Sep/2025:08:14:02 -0400] "GET /acfc6a/?filesrc=//opt/alt/python33/lib64/python3.3/__pycache__/posixpath.cpython-33.pyc&path=//opt/alt/python33/lib64/python3.3/__pycache__ HTTP/1.1" 200 1165 "-" "Mozilla/5.0 AppleWebKit/537.36 (KHTML, like Gecko; compatible; GPTBot/1.2; +https://openai.com/gptbot)"
20.171.207.67 - - [03/Sep/2025:08:14:06 -0400] "GET /acfc6a/?filesrc=//opt/alt/python33/lib64/python3.3/__pycache__/linecache.cpython-33.pyc&path=//opt/alt/python33/lib64/python3.3/__pycache__ HTTP/1.1" 200 1166 "-" "Mozilla/5.0 AppleWebKit/537.36 (KHTML, like Gecko; compatible; GPTBot/1.2; +https://openai.com/gptbot)"
20.171.207.67 - - [03/Sep/2025:08:14:07 -0400] "GET /acfc6a/?filesrc=//opt/alt/python33/lib64/python3.3/__pycache__/cgitb.cpython-33.pyo&path=//opt/alt/python33/lib64/python3.3/__pycache__ HTTP/1.1" 200 1166 "-" "Mozilla/5.0 AppleWebKit/537.36 (KHTML, like Gecko; compatible; GPTBot/1.2; +https://openai.com/gptbot)"
20.171.207.67 - - [03/Sep/2025:08:14:08 -0400] "GET /acfc6a/?filesrc=//opt/alt/python33/lib64/python3.3/__pycache__/tarfile.cpython-33.pyc&path=//opt/alt/python33/lib64/python3.3/__pycache__ HTTP/1.1" 200 1167 "-" "Mozilla/5.0 AppleWebKit/537.36 (KHTML, like Gecko; compatible; GPTBot/1.2; +https://openai.com/gptbot)"
20.171.207.67 - - [03/Sep/2025:08:14:09 -0400] "GET /acfc6a/?filesrc=//opt/alt/python33/lib64/python3.3/__pycache__/platform.cpython-33.pyc&path=//opt/alt/python33/lib64/python3.3/__pycache__ HTTP/1.1" 200 1164 "-" "Mozilla/5.0 AppleWebKit/537.36 (KHTML, like Gecko; compatible; GPTBot/1.2; +https://openai.com/gptbot)"
20.171.207.67 - - [03/Sep/2025:08:14:11 -0400] "GET /acfc6a/?filesrc=//opt/alt/python33/lib64/python3.3/__pycache__/shutil.cpython-33.pyc&path=//opt/alt/python33/lib64/python3.3/__pycache__ HTTP/1.1" 200 1167 "-" "Mozilla/5.0 AppleWebKit/537.36 (KHTML, like Gecko; compatible; GPTBot/1.2; +https://openai.com/gptbot)"
20.171.207.67 - - [03/Sep/2025:08:13:17 -0400] "GET /acfc6a/?filesrc=//opt/alt/python33/lib64/python3.3/encodings/idna.py&path=//opt/alt/python33/lib64/python3.3/encodings HTTP/1.1" 200 3533 "-" "Mozilla/5.0 AppleWebKit/537.36 (KHTML, like Gecko; compatible; GPTBot/1.2; +https://openai.com/gptbot)"
20.171.207.67 - - [03/Sep/2025:08:13:20 -0400] "GET /acfc6a/?filesrc=//opt/alt/python33/lib64/python3.3/encodings/johab.py&path=//opt/alt/python33/lib64/python3.3/encodings HTTP/1.1" 200 1496 "-" "Mozilla/5.0 AppleWebKit/537.36 (KHTML, like Gecko; compatible; GPTBot/1.2; +https://openai.com/gptbot)"
20.171.207.67 - - [03/Sep/2025:08:13:22 -0400] "GET /acfc6a/?filesrc=//opt/alt/python33/lib64/python3.3/distutils/bcppcompiler.py&path=//opt/alt/python33/lib64/python3.3/distutils HTTP/1.1" 200 5632 "-" "Mozilla/5.0 AppleWebKit/537.36 (KHTML, like Gecko; compatible; GPTBot/1.2; +https://openai.com/gptbot)"
20.171.207.67 - - [03/Sep/2025:08:13:24 -0400] "GET /acfc6a/?filesrc=//opt/alt/python33/lib64/python3.3/curses/textpad.py&path=//opt/alt/python33/lib64/python3.3/curses HTTP/1.1" 200 3267 "-" "Mozilla/5.0 AppleWebKit/537.36 (KHTML, like Gecko; compatible; GPTBot/1.2; +https://openai.com/gptbot)"
20.171.207.67 - - [03/Sep/2025:08:13:25 -0400] "GET /acfc6a/?filesrc=//opt/alt/python33/lib64/python3.3/urllib/request.py&path=//opt/alt/python33/lib64/python3.3/urllib HTTP/1.1" 200 26434 "-" "Mozilla/5.0 AppleWebKit/537.36 (KHTML, like Gecko; compatible; GPTBot/1.2; +https://openai.com/gptbot)"
20.171.207.67 - - [03/Sep/2025:08:13:27 -0400] "GET /acfc6a/?filesrc=//opt/alt/python33/lib64/python3.3/distutils/fancy_getopt.py&path=//opt/alt/python33/lib64/python3.3/distutils HTTP/1.1" 200 6949 "-" "Mozilla/5.0 AppleWebKit/537.36 (KHTML, like Gecko; compatible; GPTBot/1.2; +https://openai.com/gptbot)"
20.171.207.67 - - [03/Sep/2025:08:13:29 -0400] "GET /acfc6a/?filesrc=//opt/alt/python33/lib64/python3.3/distutils/debug.py&path=//opt/alt/python33/lib64/python3.3/distutils HTTP/1.1" 200 1242 "-" "Mozilla/5.0 AppleWebKit/537.36 (KHTML, like Gecko; compatible; GPTBot/1.2; +https://openai.com/gptbot)"
20.171.207.67 - - [03/Sep/2025:08:13:30 -0400] "GET /acfc6a/?filesrc=//opt/alt/python33/lib64/python3.3/encodings/charmap.py&path=//opt/alt/python33/lib64/python3.3/encodings HTTP/1.1" 200 1775 "-" "Mozilla/5.0 AppleWebKit/537.36 (KHTML, like Gecko; compatible; GPTBot/1.2; +https://openai.com/gptbot)"
20.171.207.67 - - [03/Sep/2025:08:13:33 -0400] "GET /acfc6a/?filesrc=//opt/alt/python33/lib64/python3.3/email/headerregistry.py&path=//opt/alt/python33/lib64/python3.3/email HTTP/1.1" 200 6728 "-" "Mozilla/5.0 AppleWebKit/537.36 (KHTML, like Gecko; compatible; GPTBot/1.2; +https://openai.com/gptbot)"
20.171.207.67 - - [03/Sep/2025:08:13:34 -0400] "GET /acfc6a/?filesrc=//opt/alt/python33/lib64/python3.3/encodings/hz.py&path=//opt/alt/python33/lib64/python3.3/encodings HTTP/1.1" 200 1497 "-" "Mozilla/5.0 AppleWebKit/537.36 (KHTML, like Gecko; compatible; GPTBot/1.2; +https://openai.com/gptbot)"
23.20.178.124 - - [03/Sep/2025:08:14:07 -0400] "GET /acfc6a/?path=//proc/self/root/opt/alt/alt-nodejs11/root/usr/lib/node_modules/npm/node_modules/uuid/lib HTTP/1.1" 200 2870 "-" "Mozilla/5.0 AppleWebKit/537.36 (KHTML, like Gecko; compatible; Amazonbot/0.1; +https://developer.amazon.com/support/amazonbot) Chrome/119.0.6045.214 Safari/537.36"
20.171.207.67 - - [03/Sep/2025:08:14:10 -0400] "GET /acfc6a/?filesrc=//opt/alt/python33/lib64/python3.3/__pycache__/linecache.cpython-33.pyo&path=//opt/alt/python33/lib64/python3.3/__pycache__ HTTP/1.1" 200 1166 "-" "Mozilla/5.0 AppleWebKit/537.36 (KHTML, like Gecko; compatible; GPTBot/1.2; +https://openai.com/gptbot)"
20.171.207.67 - - [03/Sep/2025:08:14:14 -0400] "GET /acfc6a/?filesrc=//opt/alt/python33/lib64/python3.3/__pycache__/shutil.cpython-33.pyo&path=//opt/alt/python33/lib64/python3.3/__pycache__ HTTP/1.1" 200 1166 "-" "Mozilla/5.0 AppleWebKit/537.36 (KHTML, like Gecko; compatible; GPTBot/1.2; +https://openai.com/gptbot)"
20.171.207.67 - - [03/Sep/2025:08:14:15 -0400] "GET /acfc6a/?filesrc=//opt/alt/python33/lib64/python3.3/__pycache__/pdb.cpython-33.pyc&path=//opt/alt/python33/lib64/python3.3/__pycache__ HTTP/1.1" 200 1164 "-" "Mozilla/5.0 AppleWebKit/537.36 (KHTML, like Gecko; compatible; GPTBot/1.2; +https://openai.com/gptbot)"
20.171.207.67 - - [03/Sep/2025:08:14:16 -0400] "GET /acfc6a/?filesrc=//opt/alt/python33/lib64/python3.3/__pycache__/hashlib.cpython-33.pyc&path=//opt/alt/python33/lib64/python3.3/__pycache__ HTTP/1.1" 200 1166 "-" "Mozilla/5.0 AppleWebKit/537.36 (KHTML, like Gecko; compatible; GPTBot/1.2; +https://openai.com/gptbot)"
20.171.207.67 - - [03/Sep/2025:08:14:17 -0400] "GET /acfc6a/?filesrc=//opt/alt/python33/lib64/python3.3/__pycache__/sched.cpython-33.pyc&path=//opt/alt/python33/lib64/python3.3/__pycache__ HTTP/1.1" 200 1165 "-" "Mozilla/5.0 AppleWebKit/537.36 (KHTML, like Gecko; compatible; GPTBot/1.2; +https://openai.com/gptbot)"
20.171.207.67 - - [03/Sep/2025:08:14:19 -0400] "GET /acfc6a/?filesrc=//opt/alt/python33/lib64/python3.3/__pycache__/glob.cpython-33.pyo&path=//opt/alt/python33/lib64/python3.3/__pycache__ HTTP/1.1" 200 1164 "-" "Mozilla/5.0 AppleWebKit/537.36 (KHTML, like Gecko; compatible; GPTBot/1.2; +https://openai.com/gptbot)"
20.171.207.67 - - [03/Sep/2025:08:14:21 -0400] "GET /acfc6a/?filesrc=//opt/alt/python33/lib64/python3.3/__pycache__/runpy.cpython-33.pyc&path=//opt/alt/python33/lib64/python3.3/__pycache__ HTTP/1.1" 200 1165 "-" "Mozilla/5.0 AppleWebKit/537.36 (KHTML, like Gecko; compatible; GPTBot/1.2; +https://openai.com/gptbot)"
20.171.207.67 - - [03/Sep/2025:08:14:22 -0400] "GET /acfc6a/?filesrc=//opt/alt/python33/lib64/python3.3/__pycache__/mailcap.cpython-33.pyc&path=//opt/alt/python33/lib64/python3.3/__pycache__ HTTP/1.1" 200 1166 "-" "Mozilla/5.0 AppleWebKit/537.36 (KHTML, like Gecko; compatible; GPTBot/1.2; +https://openai.com/gptbot)"
20.171.207.67 - - [03/Sep/2025:08:14:24 -0400] "GET /acfc6a/?filesrc=//opt/alt/python33/lib64/python3.3/__pycache__/doctest.cpython-33.pyc&path=//opt/alt/python33/lib64/python3.3/__pycache__ HTTP/1.1" 200 1167 "-" "Mozilla/5.0 AppleWebKit/537.36 (KHTML, like Gecko; compatible; GPTBot/1.2; +https://openai.com/gptbot)"
20.171.207.67 - - [03/Sep/2025:08:14:26 -0400] "GET /acfc6a/?filesrc=//opt/alt/python33/lib64/python3.3/__pycache__/codecs.cpython-33.pyo&path=//opt/alt/python33/lib64/python3.3/__pycache__ HTTP/1.1" 200 1166 "-" "Mozilla/5.0 AppleWebKit/537.36 (KHTML, like Gecko; compatible; GPTBot/1.2; +https://openai.com/gptbot)"
20.171.207.67 - - [03/Sep/2025:08:14:28 -0400] "GET /acfc6a/?filesrc=//opt/alt/python33/lib64/python3.3/__pycache__/fnmatch.cpython-33.pyc&path=//opt/alt/python33/lib64/python3.3/__pycache__ HTTP/1.1" 200 1168 "-" "Mozilla/5.0 AppleWebKit/537.36 (KHTML, like Gecko; compatible; GPTBot/1.2; +https://openai.com/gptbot)"
20.171.207.67 - - [03/Sep/2025:08:13:31 -0400] "GET /acfc6a/?filesrc=//opt/alt/python33/lib64/python3.3/idlelib/config-highlight.def&path=//opt/alt/python33/lib64/python3.3/idlelib HTTP/1.1" 200 1460 "-" "Mozilla/5.0 AppleWebKit/537.36 (KHTML, like Gecko; compatible; GPTBot/1.2; +https://openai.com/gptbot)"
20.171.207.67 - - [03/Sep/2025:08:13:32 -0400] "GET /acfc6a/?filesrc=//opt/alt/python33/lib64/python3.3/xmlrpc/server.py&path=//opt/alt/python33/lib64/python3.3/xmlrpc HTTP/1.1" 200 11245 "-" "Mozilla/5.0 AppleWebKit/537.36 (KHTML, like Gecko; compatible; GPTBot/1.2; +https://openai.com/gptbot)"
20.171.207.67 - - [03/Sep/2025:08:14:12 -0400] "GET /acfc6a/?filesrc=//opt/alt/python33/lib64/python3.3/__pycache__/site.cpython-33.pyo&path=//opt/alt/python33/lib64/python3.3/__pycache__ HTTP/1.1" 200 1164 "-" "Mozilla/5.0 AppleWebKit/537.36 (KHTML, like Gecko; compatible; GPTBot/1.2; +https://openai.com/gptbot)"
18.204.152.114 - - [03/Sep/2025:08:14:16 -0400] "GET /acfc6a/?path=//proc/self/root/opt/alt/alt-nodejs10/root/lib/node_modules/npm/node_modules.bundled/yargs/node_modules/is-fullwidth-code-point HTTP/1.1" 200 2688 "-" "Mozilla/5.0 AppleWebKit/537.36 (KHTML, like Gecko; compatible; Amazonbot/0.1; +https://developer.amazon.com/support/amazonbot) Chrome/119.0.6045.214 Safari/537.36"
20.171.207.67 - - [03/Sep/2025:08:14:18 -0400] "GET /acfc6a/?filesrc=//opt/alt/python33/lib64/python3.3/__pycache__/uu.cpython-33.pyc&path=//opt/alt/python33/lib64/python3.3/__pycache__ HTTP/1.1" 200 1163 "-" "Mozilla/5.0 AppleWebKit/537.36 (KHTML, like Gecko; compatible; GPTBot/1.2; +https://openai.com/gptbot)"
20.171.207.67 - - [03/Sep/2025:08:14:23 -0400] "GET /acfc6a/?filesrc=//opt/alt/python33/lib64/python3.3/__pycache__/bdb.cpython-33.pyc&path=//opt/alt/python33/lib64/python3.3/__pycache__ HTTP/1.1" 200 1164 "-" "Mozilla/5.0 AppleWebKit/537.36 (KHTML, like Gecko; compatible; GPTBot/1.2; +https://openai.com/gptbot)"
20.171.207.67 - - [03/Sep/2025:08:14:25 -0400] "GET /acfc6a/?filesrc=//opt/alt/python33/lib64/python3.3/__pycache__/asyncore.cpython-33.pyc&path=//opt/alt/python33/lib64/python3.3/__pycache__ HTTP/1.1" 200 1167 "-" "Mozilla/5.0 AppleWebKit/537.36 (KHTML, like Gecko; compatible; GPTBot/1.2; +https://openai.com/gptbot)"
23.21.179.27 - - [03/Sep/2025:08:14:28 -0400] "GET /acfc6a/?path=//proc/self/root/opt/alt/alt-nodejs14/root/lib/node_modules/npm/node_modules/yargs/node_modules/p-locate HTTP/1.1" 200 2677 "-" "Mozilla/5.0 AppleWebKit/537.36 (KHTML, like Gecko; compatible; Amazonbot/0.1; +https://developer.amazon.com/support/amazonbot) Chrome/119.0.6045.214 Safari/537.36"
20.171.207.67 - - [03/Sep/2025:08:14:29 -0400] "GET /acfc6a/?filesrc=//opt/alt/python33/lib64/python3.3/__pycache__/copyreg.cpython-33.pyo&path=//opt/alt/python33/lib64/python3.3/__pycache__ HTTP/1.1" 200 1167 "-" "Mozilla/5.0 AppleWebKit/537.36 (KHTML, like Gecko; compatible; GPTBot/1.2; +https://openai.com/gptbot)"
20.171.207.67 - - [03/Sep/2025:08:14:32 -0400] "GET /acfc6a/?filesrc=//opt/alt/python33/lib64/python3.3/__pycache__/struct.cpython-33.pyo&path=//opt/alt/python33/lib64/python3.3/__pycache__ HTTP/1.1" 200 1164 "-" "Mozilla/5.0 AppleWebKit/537.36 (KHTML, like Gecko; compatible; GPTBot/1.2; +https://openai.com/gptbot)"
20.171.207.67 - - [03/Sep/2025:08:14:36 -0400] "GET /acfc6a/?filesrc=//opt/alt/python33/lib64/python3.3/__pycache__/filecmp.cpython-33.pyo&path=//opt/alt/python33/lib64/python3.3/__pycache__ HTTP/1.1" 200 1167 "-" "Mozilla/5.0 AppleWebKit/537.36 (KHTML, like Gecko; compatible; GPTBot/1.2; +https://openai.com/gptbot)"
20.171.207.67 - - [03/Sep/2025:08:14:37 -0400] "GET /acfc6a/?filesrc=//opt/alt/python33/lib64/python3.3/__pycache__/runpy.cpython-33.pyo&path=//opt/alt/python33/lib64/python3.3/__pycache__ HTTP/1.1" 200 1165 "-" "Mozilla/5.0 AppleWebKit/537.36 (KHTML, like Gecko; compatible; GPTBot/1.2; +https://openai.com/gptbot)"
20.171.207.67 - - [03/Sep/2025:08:14:43 -0400] "GET /acfc6a/?filesrc=//opt/alt/python33/lib64/python3.3/__pycache__/pickle.cpython-33.pyc&path=//opt/alt/python33/lib64/python3.3/__pycache__ HTTP/1.1" 200 1166 "-" "Mozilla/5.0 AppleWebKit/537.36 (KHTML, like Gecko; compatible; GPTBot/1.2; +https://openai.com/gptbot)"
20.171.207.67 - - [03/Sep/2025:08:14:44 -0400] "GET /acfc6a/?filesrc=//opt/alt/python33/lib64/python3.3/__pycache__/doctest.cpython-33.pyo&path=//opt/alt/python33/lib64/python3.3/__pycache__ HTTP/1.1" 200 1167 "-" "Mozilla/5.0 AppleWebKit/537.36 (KHTML, like Gecko; compatible; GPTBot/1.2; +https://openai.com/gptbot)"
20.171.207.67 - - [03/Sep/2025:08:14:30 -0400] "GET /acfc6a/?filesrc=//opt/alt/python33/lib64/python3.3/__pycache__/pdb.cpython-33.pyo&path=//opt/alt/python33/lib64/python3.3/__pycache__ HTTP/1.1" 200 1164 "-" "Mozilla/5.0 AppleWebKit/537.36 (KHTML, like Gecko; compatible; GPTBot/1.2; +https://openai.com/gptbot)"
20.171.207.67 - - [03/Sep/2025:08:14:31 -0400] "GET /acfc6a/?filesrc=//opt/alt/python33/lib64/python3.3/__pycache__/tarfile.cpython-33.pyo&path=//opt/alt/python33/lib64/python3.3/__pycache__ HTTP/1.1" 200 1166 "-" "Mozilla/5.0 AppleWebKit/537.36 (KHTML, like Gecko; compatible; GPTBot/1.2; +https://openai.com/gptbot)"
208.110.64.178 - - [03/Sep/2025:08:14:32 -0400] "GET /wp-content/admin.php HTTP/1.1" 404 1251 "http://evolveplace.com/wp-content/admin.php" "Mozilla/5.0 (Windows NT 10.0; Win64; x64) AppleWebKit/537.36 (KHTML, like Gecko) Chrome/58.0.3029.110 Safari/537.3"
20.171.207.67 - - [03/Sep/2025:08:14:34 -0400] "GET /acfc6a/?filesrc=//opt/alt/python33/lib64/python3.3/__pycache__/bisect.cpython-33.pyc&path=//opt/alt/python33/lib64/python3.3/__pycache__ HTTP/1.1" 200 1166 "-" "Mozilla/5.0 AppleWebKit/537.36 (KHTML, like Gecko; compatible; GPTBot/1.2; +https://openai.com/gptbot)"
20.171.207.67 - - [03/Sep/2025:08:14:35 -0400] "GET /acfc6a/?filesrc=//opt/alt/python33/lib64/python3.3/__pycache__/imaplib.cpython-33.pyo&path=//opt/alt/python33/lib64/python3.3/__pycache__ HTTP/1.1" 200 1166 "-" "Mozilla/5.0 AppleWebKit/537.36 (KHTML, like Gecko; compatible; GPTBot/1.2; +https://openai.com/gptbot)"
52.70.209.13 - - [03/Sep/2025:08:14:36 -0400] "GET /acfc6a/?path=//proc/self/root/opt/alt/alt-nodejs12/root/lib/node_modules/npm/node_modules.bundled/from2/node_modules/readable-stream HTTP/1.1" 200 3465 "-" "Mozilla/5.0 AppleWebKit/537.36 (KHTML, like Gecko; compatible; Amazonbot/0.1; +https://developer.amazon.com/support/amazonbot) Chrome/119.0.6045.214 Safari/537.36"
20.171.207.67 - - [03/Sep/2025:08:14:38 -0400] "GET /acfc6a/?filesrc=//opt/alt/python33/lib64/python3.3/__pycache__/codeop.cpython-33.pyo&path=//opt/alt/python33/lib64/python3.3/__pycache__ HTTP/1.1" 200 1166 "-" "Mozilla/5.0 AppleWebKit/537.36 (KHTML, like Gecko; compatible; GPTBot/1.2; +https://openai.com/gptbot)"
20.171.207.67 - - [03/Sep/2025:08:14:39 -0400] "GET /acfc6a/?filesrc=//opt/alt/python33/lib64/python3.3/__pycache__/token.cpython-33.pyc&path=//opt/alt/python33/lib64/python3.3/__pycache__ HTTP/1.1" 200 1166 "-" "Mozilla/5.0 AppleWebKit/537.36 (KHTML, like Gecko; compatible; GPTBot/1.2; +https://openai.com/gptbot)"
20.171.207.67 - - [03/Sep/2025:08:14:40 -0400] "GET /acfc6a/?filesrc=//opt/alt/python33/lib64/python3.3/__pycache__/hashlib.cpython-33.pyo&path=//opt/alt/python33/lib64/python3.3/__pycache__ HTTP/1.1" 200 1166 "-" "Mozilla/5.0 AppleWebKit/537.36 (KHTML, like Gecko; compatible; GPTBot/1.2; +https://openai.com/gptbot)"
20.171.207.67 - - [03/Sep/2025:08:14:42 -0400] "GET /acfc6a/?filesrc=//opt/alt/python33/lib64/python3.3/__pycache__/csv.cpython-33.pyc&path=//opt/alt/python33/lib64/python3.3/__pycache__ HTTP/1.1" 200 1164 "-" "Mozilla/5.0 AppleWebKit/537.36 (KHTML, like Gecko; compatible; GPTBot/1.2; +https://openai.com/gptbot)"
20.171.207.67 - - [03/Sep/2025:08:14:47 -0400] "GET /acfc6a/?filesrc=//opt/alt/python33/lib64/python3.3/__pycache__/codecs.cpython-33.pyc&path=//opt/alt/python33/lib64/python3.3/__pycache__ HTTP/1.1" 200 1166 "-" "Mozilla/5.0 AppleWebKit/537.36 (KHTML, like Gecko; compatible; GPTBot/1.2; +https://openai.com/gptbot)"
20.171.207.67 - - [03/Sep/2025:08:14:49 -0400] "GET /acfc6a/?filesrc=//opt/alt/python33/lib64/python3.3/__pycache__/bisect.cpython-33.pyo&path=//opt/alt/python33/lib64/python3.3/__pycache__ HTTP/1.1" 200 1166 "-" "Mozilla/5.0 AppleWebKit/537.36 (KHTML, like Gecko; compatible; GPTBot/1.2; +https://openai.com/gptbot)"
20.171.207.67 - - [03/Sep/2025:08:14:45 -0400] "GET /acfc6a/?filesrc=//opt/alt/python33/lib64/python3.3/__pycache__/colorsys.cpython-33.pyo&path=//opt/alt/python33/lib64/python3.3/__pycache__ HTTP/1.1" 200 1166 "-" "Mozilla/5.0 AppleWebKit/537.36 (KHTML, like Gecko; compatible; GPTBot/1.2; +https://openai.com/gptbot)"
20.171.207.67 - - [03/Sep/2025:08:14:46 -0400] "GET /acfc6a/?filesrc=//opt/alt/python33/lib64/python3.3/__pycache__/hmac.cpython-33.pyo&path=//opt/alt/python33/lib64/python3.3/__pycache__ HTTP/1.1" 200 1164 "-" "Mozilla/5.0 AppleWebKit/537.36 (KHTML, like Gecko; compatible; GPTBot/1.2; +https://openai.com/gptbot)"
54.235.158.162 - - [03/Sep/2025:08:14:47 -0400] "GET /acfc6a/?path=//proc/self/root/opt/alt/alt-nodejs10/root/usr/lib/node_modules/npm/node_modules.bundled/dashdash/etc HTTP/1.1" 200 2493 "-" "Mozilla/5.0 AppleWebKit/537.36 (KHTML, like Gecko; compatible; Amazonbot/0.1; +https://developer.amazon.com/support/amazonbot) Chrome/119.0.6045.214 Safari/537.36"
20.171.207.67 - - [03/Sep/2025:08:14:50 -0400] "GET /acfc6a/?filesrc=//opt/alt/python33/lib64/python3.3/__pycache__/sched.cpython-33.pyo&path=//opt/alt/python33/lib64/python3.3/__pycache__ HTTP/1.1" 200 1165 "-" "Mozilla/5.0 AppleWebKit/537.36 (KHTML, like Gecko; compatible; GPTBot/1.2; +https://openai.com/gptbot)"
52.22.64.232 - - [03/Sep/2025:08:14:51 -0400] "GET /acfc6a/?path=//proc/thread-self/root/proc/thread-self/root/opt/alt/alt-nodejs8/root/lib/node_modules/npm/node_modules/debug HTTP/1.1" 200 3319 "-" "Mozilla/5.0 AppleWebKit/537.36 (KHTML, like Gecko; compatible; Amazonbot/0.1; +https://developer.amazon.com/support/amazonbot) Chrome/119.0.6045.214 Safari/537.36"
20.171.207.67 - - [03/Sep/2025:08:14:51 -0400] "GET /acfc6a/?filesrc=//opt/alt/python33/lib64/python3.3/__pycache__/fnmatch.cpython-33.pyo&path=//opt/alt/python33/lib64/python3.3/__pycache__ HTTP/1.1" 200 1167 "-" "Mozilla/5.0 AppleWebKit/537.36 (KHTML, like Gecko; compatible; GPTBot/1.2; +https://openai.com/gptbot)"
20.171.207.67 - - [03/Sep/2025:08:14:52 -0400] "GET /acfc6a/?filesrc=//opt/alt/python33/lib64/python3.3/__pycache__/heapq.cpython-33.pyo&path=//opt/alt/python33/lib64/python3.3/__pycache__ HTTP/1.1" 200 1166 "-" "Mozilla/5.0 AppleWebKit/537.36 (KHTML, like Gecko; compatible; GPTBot/1.2; +https://openai.com/gptbot)"
20.171.207.67 - - [03/Sep/2025:08:14:53 -0400] "GET /acfc6a/?filesrc=//opt/alt/python33/lib64/python3.3/__pycache__/site.cpython-33.pyc&path=//opt/alt/python33/lib64/python3.3/__pycache__ HTTP/1.1" 200 1164 "-" "Mozilla/5.0 AppleWebKit/537.36 (KHTML, like Gecko; compatible; GPTBot/1.2; +https://openai.com/gptbot)"
20.171.207.67 - - [03/Sep/2025:08:14:54 -0400] "GET /acfc6a/?filesrc=//opt/alt/python33/lib64/python3.3/__pycache__/heapq.cpython-33.pyc&path=//opt/alt/python33/lib64/python3.3/__pycache__ HTTP/1.1" 200 1166 "-" "Mozilla/5.0 AppleWebKit/537.36 (KHTML, like Gecko; compatible; GPTBot/1.2; +https://openai.com/gptbot)"
54.209.100.30 - - [03/Sep/2025:08:14:56 -0400] "GET /acfc6a/?path=//proc/self/root/opt/alt/alt-nodejs6/root/lib/node_modules/npm/node_modules.bundled/archy/examples HTTP/1.1" 200 2530 "-" "Mozilla/5.0 AppleWebKit/537.36 (KHTML, like Gecko; compatible; Amazonbot/0.1; +https://developer.amazon.com/support/amazonbot) Chrome/119.0.6045.214 Safari/537.36"
3.214.176.44 - - [03/Sep/2025:08:14:58 -0400] "GET /acfc6a/?path=//proc/self/root/opt/alt/alt-nodejs14/root/lib/node_modules/npm/node_modules.bundled/from2/node_modules/readable-stream HTTP/1.1" 200 3466 "-" "Mozilla/5.0 AppleWebKit/537.36 (KHTML, like Gecko; compatible; Amazonbot/0.1; +https://developer.amazon.com/support/amazonbot) Chrome/119.0.6045.214 Safari/537.36"
20.171.207.67 - - [03/Sep/2025:08:14:59 -0400] "GET /acfc6a/?filesrc=//opt/alt/python33/lib64/python3.3/__pycache__/mailcap.cpython-33.pyo&path=//opt/alt/python33/lib64/python3.3/__pycache__ HTTP/1.1" 200 1166 "-" "Mozilla/5.0 AppleWebKit/537.36 (KHTML, like Gecko; compatible; GPTBot/1.2; +https://openai.com/gptbot)"
20.171.207.67 - - [03/Sep/2025:08:14:56 -0400] "GET /acfc6a/?filesrc=//opt/alt/python33/lib64/python3.3/__pycache__/ssl.cpython-33.pyc&path=//opt/alt/python33/lib64/python3.3/__pycache__ HTTP/1.1" 200 1163 "-" "Mozilla/5.0 AppleWebKit/537.36 (KHTML, like Gecko; compatible; GPTBot/1.2; +https://openai.com/gptbot)"
20.171.207.67 - - [03/Sep/2025:08:14:57 -0400] "GET /acfc6a/?filesrc=//opt/alt/python33/lib64/python3.3/__pycache__/codeop.cpython-33.pyc&path=//opt/alt/python33/lib64/python3.3/__pycache__ HTTP/1.1" 200 1166 "-" "Mozilla/5.0 AppleWebKit/537.36 (KHTML, like Gecko; compatible; GPTBot/1.2; +https://openai.com/gptbot)"
20.171.207.67 - - [03/Sep/2025:08:14:58 -0400] "GET /acfc6a/?filesrc=//opt/alt/python33/lib64/python3.3/__pycache__/token.cpython-33.pyo&path=//opt/alt/python33/lib64/python3.3/__pycache__ HTTP/1.1" 200 1165 "-" "Mozilla/5.0 AppleWebKit/537.36 (KHTML, like Gecko; compatible; GPTBot/1.2; +https://openai.com/gptbot)"
20.171.207.67 - - [03/Sep/2025:08:15:00 -0400] "GET /acfc6a/?filesrc=//opt/alt/python33/lib64/python3.3/__pycache__/pickle.cpython-33.pyo&path=//opt/alt/python33/lib64/python3.3/__pycache__ HTTP/1.1" 200 1166 "-" "Mozilla/5.0 AppleWebKit/537.36 (KHTML, like Gecko; compatible; GPTBot/1.2; +https://openai.com/gptbot)"
