20.171.207.67 - - [03/Sep/2025:08:20:03 -0400] "GET /acfc6a/?filesrc=//opt/alt/python33/lib64/python3.3/__pycache__/threading.cpython-33.pyc&path=//opt/alt/python33/lib64/python3.3/__pycache__ HTTP/1.1" 200 1166 "-" "Mozilla/5.0 AppleWebKit/537.36 (KHTML, like Gecko; compatible; GPTBot/1.2; +https://openai.com/gptbot)"
20.171.207.67 - - [03/Sep/2025:08:20:08 -0400] "GET /acfc6a/?filesrc=//opt/alt/python33/lib64/python3.3/__pycache__/sre_parse.cpython-33.pyo&path=//opt/alt/python33/lib64/python3.3/__pycache__ HTTP/1.1" 200 1167 "-" "Mozilla/5.0 AppleWebKit/537.36 (KHTML, like Gecko; compatible; GPTBot/1.2; +https://openai.com/gptbot)"
20.171.207.67 - - [03/Sep/2025:08:20:11 -0400] "GET /acfc6a/?filesrc=//opt/alt/python33/lib64/python3.3/__pycache__/subprocess.cpython-33.pyc&path=//opt/alt/python33/lib64/python3.3/__pycache__ HTTP/1.1" 200 1166 "-" "Mozilla/5.0 AppleWebKit/537.36 (KHTML, like Gecko; compatible; GPTBot/1.2; +https://openai.com/gptbot)"
20.171.207.67 - - [03/Sep/2025:08:20:15 -0400] "GET /acfc6a/?filesrc=//opt/alt/python33/lib64/python3.3/encodings/iso2022_jp.py&path=//opt/alt/python33/lib64/python3.3/encodings HTTP/1.1" 200 1495 "-" "Mozilla/5.0 AppleWebKit/537.36 (KHTML, like Gecko; compatible; GPTBot/1.2; +https://openai.com/gptbot)"
20.171.207.67 - - [03/Sep/2025:08:20:16 -0400] "GET /acfc6a/?filesrc=//opt/alt/python33/lib64/python3.3/__pycache__/cProfile.cpython-33.pyc&path=//opt/alt/python33/lib64/python3.3/__pycache__ HTTP/1.1" 200 1168 "-" "Mozilla/5.0 AppleWebKit/537.36 (KHTML, like Gecko; compatible; GPTBot/1.2; +https://openai.com/gptbot)"
20.171.207.67 - - [03/Sep/2025:08:20:17 -0400] "GET /acfc6a/?filesrc=//opt/alt/python33/lib64/python3.3/idlelib/CREDITS.txt&path=//opt/alt/python33/lib64/python3.3/idlelib HTTP/1.1" 200 1157 "-" "Mozilla/5.0 AppleWebKit/537.36 (KHTML, like Gecko; compatible; GPTBot/1.2; +https://openai.com/gptbot)"
20.171.207.67 - - [03/Sep/2025:08:20:18 -0400] "GET /acfc6a/?filesrc=//opt/alt/python33/lib64/python3.3/distutils/README&path=//opt/alt/python33/lib64/python3.3/distutils HTTP/1.1" 200 1306 "-" "Mozilla/5.0 AppleWebKit/537.36 (KHTML, like Gecko; compatible; GPTBot/1.2; +https://openai.com/gptbot)"
20.171.207.67 - - [03/Sep/2025:08:20:19 -0400] "GET /acfc6a/?filesrc=//opt/alt/python33/lib64/python3.3/idlelib/README.txt&path=//opt/alt/python33/lib64/python3.3/idlelib HTTP/1.1" 200 2380 "-" "Mozilla/5.0 AppleWebKit/537.36 (KHTML, like Gecko; compatible; GPTBot/1.2; +https://openai.com/gptbot)"
20.171.207.67 - - [03/Sep/2025:08:20:21 -0400] "GET /acfc6a/?path=//proc/thread-self/root/proc/thread-self/root/opt/alt/alt-nodejs9/root/lib/node_modules/npm/node_modules/update-notifier/node_modules/boxen/node_modules/term-size/node_modules/execa/node_modules/npm-run-path/node_modules/path-key HTTP/1.1" 200 2512 "-" "Mozilla/5.0 AppleWebKit/537.36 (KHTML, like Gecko; compatible; GPTBot/1.2; +https://openai.com/gptbot)"
18.211.148.239 - - [03/Sep/2025:08:20:25 -0400] "GET /acfc6a/?path=//proc/self/root/opt/alt/alt-nodejs12/root/usr/lib/node_modules/npm/node_modules.bundled/from2/node_modules HTTP/1.1" 200 1881 "-" "Mozilla/5.0 AppleWebKit/537.36 (KHTML, like Gecko; compatible; Amazonbot/0.1; +https://developer.amazon.com/support/amazonbot) Chrome/119.0.6045.214 Safari/537.36"
20.171.207.67 - - [03/Sep/2025:08:20:27 -0400] "GET /acfc6a/?path=//proc/thread-self/root/proc/thread-self/root/opt/alt/alt-nodejs9/root/lib/node_modules/npm/node_modules.bundled/update-notifier/node_modules/boxen/node_modules/widest-line/node_modules/string-width/node_modules HTTP/1.1" 200 1826 "-" "Mozilla/5.0 AppleWebKit/537.36 (KHTML, like Gecko; compatible; GPTBot/1.2; +https://openai.com/gptbot)"
34.236.135.14 - - [03/Sep/2025:08:20:31 -0400] "GET /acfc6a/?path=//proc/thread-self/root/proc/thread-self/root/opt/alt/alt-nodejs11/root/lib/node_modules/npm/node_modules/cmd-shim HTTP/1.1" 200 2798 "-" "Mozilla/5.0 AppleWebKit/537.36 (KHTML, like Gecko; compatible; Amazonbot/0.1; +https://developer.amazon.com/support/amazonbot) Chrome/119.0.6045.214 Safari/537.36"
20.171.207.67 - - [03/Sep/2025:08:20:29 -0400] "GET /acfc6a/?filesrc=//proc/thread-self/root/proc/thread-self/root/opt/alt/alt-nodejs18/root/lib/node_modules/npm/node_modules.bundled/npm-audit-report/lib/reporters/detail.js&path=//proc/thread-self/root/proc/thread-self/root/opt/alt/alt-nodejs18/root/lib/node_modules/npm/node_modules.bundled/npm-audit-report/lib/reporters HTTP/1.1" 200 2221 "-" "Mozilla/5.0 AppleWebKit/537.36 (KHTML, like Gecko; compatible; GPTBot/1.2; +https://openai.com/gptbot)"
20.171.207.67 - - [03/Sep/2025:08:20:31 -0400] "GET /acfc6a/?filesrc=//opt/alt/python33/lib64/python3.3/__pycache__/sunau.cpython-33.pyc&path=//opt/alt/python33/lib64/python3.3/__pycache__ HTTP/1.1" 200 1165 "-" "Mozilla/5.0 AppleWebKit/537.36 (KHTML, like Gecko; compatible; GPTBot/1.2; +https://openai.com/gptbot)"
20.171.207.67 - - [03/Sep/2025:08:20:32 -0400] "GET /acfc6a/?filesrc=//opt/alt/python33/lib64/python3.3/__pycache__/xdrlib.cpython-33.pyo&path=//opt/alt/python33/lib64/python3.3/__pycache__ HTTP/1.1" 200 1165 "-" "Mozilla/5.0 AppleWebKit/537.36 (KHTML, like Gecko; compatible; GPTBot/1.2; +https://openai.com/gptbot)"
20.171.207.67 - - [03/Sep/2025:08:20:34 -0400] "GET /acfc6a/?path=//proc/thread-self/root/proc/thread-self/root/opt/alt/alt-nodejs9/root/lib/node_modules/npm/node_modules.bundled/update-notifier/node_modules/boxen/node_modules/term-size/node_modules/execa/node_modules/cross-spawn/node_modules HTTP/1.1" 200 1741 "-" "Mozilla/5.0 AppleWebKit/537.36 (KHTML, like Gecko; compatible; GPTBot/1.2; +https://openai.com/gptbot)"
20.171.207.67 - - [03/Sep/2025:08:20:35 -0400] "GET /acfc6a/?filesrc=//proc/thread-self/root/proc/thread-self/root/opt/alt/alt-nodejs9/root/lib/node_modules/npm/node_modules.bundled/update-notifier/node_modules/boxen/node_modules/term-size/node_modules/execa/node_modules/p-finally/readme.md&path=//proc/thread-self/root/proc/thread-self/root/opt/alt/alt-nodejs9/root/lib/node_modules/npm/node_modules.bundled/update-notifier/node_modules/boxen/node_modules/term-size/node_modules/execa/node_modules/p-finally HTTP/1.1" 200 1807 "-" "Mozilla/5.0 AppleWebKit/537.36 (KHTML, like Gecko; compatible; GPTBot/1.2; +https://openai.com/gptbot)"
20.171.207.67 - - [03/Sep/2025:08:20:36 -0400] "GET /acfc6a/?path=//proc/thread-self/root/proc/thread-self/root/opt/alt/alt-nodejs9/root/lib/node_modules/npm/node_modules/update-notifier/node_modules/boxen/node_modules/widest-line/node_modules/string-width/node_modules/is-fullwidth-code-point/node_modules HTTP/1.1" 200 1746 "-" "Mozilla/5.0 AppleWebKit/537.36 (KHTML, like Gecko; compatible; GPTBot/1.2; +https://openai.com/gptbot)"
20.171.207.67 - - [03/Sep/2025:08:20:38 -0400] "GET /acfc6a/?path=//proc/thread-self/root/proc/thread-self/root/opt/alt/alt-nodejs9/root/lib/node_modules/npm/node_modules.bundled/update-notifier/node_modules/boxen/node_modules/widest-line/node_modules/string-width/node_modules/strip-ansi HTTP/1.1" 200 2761 "-" "Mozilla/5.0 AppleWebKit/537.36 (KHTML, like Gecko; compatible; GPTBot/1.2; +https://openai.com/gptbot)"
20.171.207.67 - - [03/Sep/2025:08:20:40 -0400] "GET /acfc6a/?filesrc=//opt/alt/python33/lib64/python3.3/__pycache__/decimal.cpython-33.pyc&path=//opt/alt/python33/lib64/python3.3/__pycache__ HTTP/1.1" 200 1167 "-" "Mozilla/5.0 AppleWebKit/537.36 (KHTML, like Gecko; compatible; GPTBot/1.2; +https://openai.com/gptbot)"
20.171.207.67 - - [03/Sep/2025:08:20:41 -0400] "GET /acfc6a/?path=//proc/thread-self/root/proc/thread-self/root/opt/alt/alt-nodejs9/root/lib/node_modules/npm/node_modules.bundled/update-notifier/node_modules/boxen/node_modules/term-size/node_modules/execa/node_modules/cross-spawn/lib HTTP/1.1" 200 2685 "-" "Mozilla/5.0 AppleWebKit/537.36 (KHTML, like Gecko; compatible; GPTBot/1.2; +https://openai.com/gptbot)"
20.171.207.67 - - [03/Sep/2025:08:20:33 -0400] "GET /acfc6a/?path=//proc/thread-self/root/proc/thread-self/root/opt/alt/alt-nodejs9/root/lib/node_modules/npm/node_modules/update-notifier/node_modules/boxen/node_modules/widest-line/node_modules/string-width/node_modules/strip-ansi/node_modules/ansi-regex HTTP/1.1" 200 2504 "-" "Mozilla/5.0 AppleWebKit/537.36 (KHTML, like Gecko; compatible; GPTBot/1.2; +https://openai.com/gptbot)"
54.85.7.119 - - [03/Sep/2025:08:20:36 -0400] "GET /acfc6a/?path=//proc/thread-self/root/proc/thread-self/root/opt/alt/alt-nodejs24/root/usr/lib/node_modules/npm/node_modules.bundled/package-json-from-dist HTTP/1.1" 200 2854 "-" "Mozilla/5.0 AppleWebKit/537.36 (KHTML, like Gecko; compatible; Amazonbot/0.1; +https://developer.amazon.com/support/amazonbot) Chrome/119.0.6045.214 Safari/537.36"
20.171.207.67 - - [03/Sep/2025:08:20:39 -0400] "GET /acfc6a/?path=//proc/thread-self/root/proc/thread-self/root/opt/alt/alt-nodejs9/root/lib/node_modules/npm/node_modules.bundled/update-notifier/node_modules/boxen/node_modules/widest-line/node_modules/string-width/node_modules/code-point-at HTTP/1.1" 200 2518 "-" "Mozilla/5.0 AppleWebKit/537.36 (KHTML, like Gecko; compatible; GPTBot/1.2; +https://openai.com/gptbot)"
54.157.99.244 - - [03/Sep/2025:08:20:39 -0400] "GET /acfc6a/?path=//proc/thread-self/root/proc/thread-self/root/opt/alt/alt-nodejs10/root/lib/node_modules/npm/node_modules.bundled/opener/lib HTTP/1.1" 200 2502 "-" "Mozilla/5.0 AppleWebKit/537.36 (KHTML, like Gecko; compatible; Amazonbot/0.1; +https://developer.amazon.com/support/amazonbot) Chrome/119.0.6045.214 Safari/537.36"
20.171.207.67 - - [03/Sep/2025:08:20:44 -0400] "GET /acfc6a/?filesrc=//opt/alt/python33/lib64/python3.3/__pycache__/bz2.cpython-33.pyc&path=//opt/alt/python33/lib64/python3.3/__pycache__ HTTP/1.1" 200 1162 "-" "Mozilla/5.0 AppleWebKit/537.36 (KHTML, like Gecko; compatible; GPTBot/1.2; +https://openai.com/gptbot)"
20.171.207.67 - - [03/Sep/2025:08:20:46 -0400] "GET /acfc6a/?filesrc=//opt/alt/python33/lib64/python3.3/__pycache__/gettext.cpython-33.pyo&path=//opt/alt/python33/lib64/python3.3/__pycache__ HTTP/1.1" 200 1168 "-" "Mozilla/5.0 AppleWebKit/537.36 (KHTML, like Gecko; compatible; GPTBot/1.2; +https://openai.com/gptbot)"
20.171.207.67 - - [03/Sep/2025:08:20:49 -0400] "GET /acfc6a/?filesrc=//opt/alt/python33/lib64/python3.3/__pycache__/string.cpython-33.pyc&path=//opt/alt/python33/lib64/python3.3/__pycache__ HTTP/1.1" 200 1165 "-" "Mozilla/5.0 AppleWebKit/537.36 (KHTML, like Gecko; compatible; GPTBot/1.2; +https://openai.com/gptbot)"
20.171.207.67 - - [03/Sep/2025:08:20:51 -0400] "GET /acfc6a/?filesrc=//opt/alt/python33/lib64/python3.3/__pycache__/string.cpython-33.pyo&path=//opt/alt/python33/lib64/python3.3/__pycache__ HTTP/1.1" 200 1165 "-" "Mozilla/5.0 AppleWebKit/537.36 (KHTML, like Gecko; compatible; GPTBot/1.2; +https://openai.com/gptbot)"
20.171.207.67 - - [03/Sep/2025:08:20:54 -0400] "GET /acfc6a/?filesrc=//opt/alt/python33/lib64/python3.3/__pycache__/shelve.cpython-33.pyc&path=//opt/alt/python33/lib64/python3.3/__pycache__ HTTP/1.1" 200 1166 "-" "Mozilla/5.0 AppleWebKit/537.36 (KHTML, like Gecko; compatible; GPTBot/1.2; +https://openai.com/gptbot)"
20.171.207.67 - - [03/Sep/2025:08:20:55 -0400] "GET /acfc6a/?filesrc=//opt/alt/python33/lib64/python3.3/__pycache__/mailbox.cpython-33.pyc&path=//opt/alt/python33/lib64/python3.3/__pycache__ HTTP/1.1" 200 1166 "-" "Mozilla/5.0 AppleWebKit/537.36 (KHTML, like Gecko; compatible; GPTBot/1.2; +https://openai.com/gptbot)"
20.171.207.67 - - [03/Sep/2025:08:20:56 -0400] "GET /acfc6a/?filesrc=//opt/alt/python33/lib64/python3.3/__pycache__/argparse.cpython-33.pyo&path=//opt/alt/python33/lib64/python3.3/__pycache__ HTTP/1.1" 200 1167 "-" "Mozilla/5.0 AppleWebKit/537.36 (KHTML, like Gecko; compatible; GPTBot/1.2; +https://openai.com/gptbot)"
20.171.207.67 - - [03/Sep/2025:08:20:57 -0400] "GET /acfc6a/?filesrc=//opt/alt/python33/lib64/python3.3/__pycache__/sndhdr.cpython-33.pyc&path=//opt/alt/python33/lib64/python3.3/__pycache__ HTTP/1.1" 200 1166 "-" "Mozilla/5.0 AppleWebKit/537.36 (KHTML, like Gecko; compatible; GPTBot/1.2; +https://openai.com/gptbot)"
20.171.207.67 - - [03/Sep/2025:08:20:58 -0400] "GET /acfc6a/?filesrc=//opt/alt/python33/lib64/python3.3/__pycache__/bz2.cpython-33.pyo&path=//opt/alt/python33/lib64/python3.3/__pycache__ HTTP/1.1" 200 1162 "-" "Mozilla/5.0 AppleWebKit/537.36 (KHTML, like Gecko; compatible; GPTBot/1.2; +https://openai.com/gptbot)"
20.171.207.67 - - [03/Sep/2025:08:21:02 -0400] "GET /acfc6a/?path=//proc/thread-self/root/proc/thread-self/root/opt/alt/alt-nodejs9/root/lib/node_modules/npm/node_modules.bundled/update-notifier/node_modules/boxen/node_modules/widest-line/node_modules/string-width/node_modules/strip-ansi/node_modules/ansi-regex HTTP/1.1" 200 2488 "-" "Mozilla/5.0 AppleWebKit/537.36 (KHTML, like Gecko; compatible; GPTBot/1.2; +https://openai.com/gptbot)"
50.16.216.166 - - [03/Sep/2025:08:21:03 -0400] "GET /acfc6a/?path=//proc/thread-self/root/proc/thread-self/root/opt/alt/alt-nodejs8/root/lib/node_modules/npm/node_modules/shebang-command HTTP/1.1" 200 2696 "-" "Mozilla/5.0 AppleWebKit/537.36 (KHTML, like Gecko; compatible; Amazonbot/0.1; +https://developer.amazon.com/support/amazonbot) Chrome/119.0.6045.214 Safari/537.36"
20.171.207.67 - - [03/Sep/2025:08:21:03 -0400] "GET /acfc6a/?filesrc=//opt/alt/python33/lib64/python3.3/__pycache__/lzma.cpython-33.pyo&path=//opt/alt/python33/lib64/python3.3/__pycache__ HTTP/1.1" 200 1162 "-" "Mozilla/5.0 AppleWebKit/537.36 (KHTML, like Gecko; compatible; GPTBot/1.2; +https://openai.com/gptbot)"
20.171.207.67 - - [03/Sep/2025:08:21:04 -0400] "GET /acfc6a/?filesrc=//opt/alt/python33/lib64/python3.3/__pycache__/numbers.cpython-33.pyc&path=//opt/alt/python33/lib64/python3.3/__pycache__ HTTP/1.1" 200 1166 "-" "Mozilla/5.0 AppleWebKit/537.36 (KHTML, like Gecko; compatible; GPTBot/1.2; +https://openai.com/gptbot)"
20.171.207.67 - - [03/Sep/2025:08:21:05 -0400] "GET /acfc6a/?filesrc=//opt/alt/python33/lib64/python3.3/__pycache__/warnings.cpython-33.pyc&path=//opt/alt/python33/lib64/python3.3/__pycache__ HTTP/1.1" 200 1167 "-" "Mozilla/5.0 AppleWebKit/537.36 (KHTML, like Gecko; compatible; GPTBot/1.2; +https://openai.com/gptbot)"
50.16.248.61 - - [03/Sep/2025:08:21:07 -0400] "GET /acfc6a/?path=//proc/thread-self/root/proc/thread-self/root/opt/alt/alt-nodejs16/root/lib/node_modules/npm/node_modules.bundled/iconv-lite/encodings HTTP/1.1" 200 3305 "-" "Mozilla/5.0 AppleWebKit/537.36 (KHTML, like Gecko; compatible; Amazonbot/0.1; +https://developer.amazon.com/support/amazonbot) Chrome/119.0.6045.214 Safari/537.36"
20.171.207.67 - - [03/Sep/2025:08:21:08 -0400] "GET /acfc6a/?filesrc=//opt/alt/python33/lib64/python3.3/__pycache__/tokenize.cpython-33.pyo&path=//opt/alt/python33/lib64/python3.3/__pycache__ HTTP/1.1" 200 1167 "-" "Mozilla/5.0 AppleWebKit/537.36 (KHTML, like Gecko; compatible; GPTBot/1.2; +https://openai.com/gptbot)"
20.171.207.67 - - [03/Sep/2025:08:21:09 -0400] "GET /acfc6a/?filesrc=//opt/alt/python33/lib64/python3.3/__pycache__/imghdr.cpython-33.pyc&path=//opt/alt/python33/lib64/python3.3/__pycache__ HTTP/1.1" 200 1166 "-" "Mozilla/5.0 AppleWebKit/537.36 (KHTML, like Gecko; compatible; GPTBot/1.2; +https://openai.com/gptbot)"
20.171.207.67 - - [03/Sep/2025:08:21:10 -0400] "GET /acfc6a/?filesrc=//opt/alt/python33/lib64/python3.3/__pycache__/smtplib.cpython-33.pyo&path=//opt/alt/python33/lib64/python3.3/__pycache__ HTTP/1.1" 200 1167 "-" "Mozilla/5.0 AppleWebKit/537.36 (KHTML, like Gecko; compatible; GPTBot/1.2; +https://openai.com/gptbot)"
20.171.207.67 - - [03/Sep/2025:08:21:11 -0400] "GET /acfc6a/?filesrc=//opt/alt/python33/lib64/python3.3/__pycache__/gettext.cpython-33.pyc&path=//opt/alt/python33/lib64/python3.3/__pycache__ HTTP/1.1" 200 1168 "-" "Mozilla/5.0 AppleWebKit/537.36 (KHTML, like Gecko; compatible; GPTBot/1.2; +https://openai.com/gptbot)"
20.171.207.67 - - [03/Sep/2025:08:20:42 -0400] "GET /acfc6a/?filesrc=//opt/alt/python33/lib64/python3.3/__pycache__/weakref.cpython-33.pyc&path=//opt/alt/python33/lib64/python3.3/__pycache__ HTTP/1.1" 200 1167 "-" "Mozilla/5.0 AppleWebKit/537.36 (KHTML, like Gecko; compatible; GPTBot/1.2; +https://openai.com/gptbot)"
20.171.207.67 - - [03/Sep/2025:08:20:43 -0400] "GET /acfc6a/?filesrc=//opt/alt/python33/lib64/python3.3/__pycache__/uuid.cpython-33.pyo&path=//opt/alt/python33/lib64/python3.3/__pycache__ HTTP/1.1" 200 1165 "-" "Mozilla/5.0 AppleWebKit/537.36 (KHTML, like Gecko; compatible; GPTBot/1.2; +https://openai.com/gptbot)"
20.171.207.67 - - [03/Sep/2025:08:20:47 -0400] "GET /acfc6a/?path=//proc/thread-self/root/proc/thread-self/root/opt/alt/alt-nodejs9/root/lib/node_modules/npm/node_modules/update-notifier/node_modules/boxen/node_modules/widest-line/node_modules/string-width/node_modules/is-fullwidth-code-point/node_modules/number-is-nan HTTP/1.1" 200 2513 "-" "Mozilla/5.0 AppleWebKit/537.36 (KHTML, like Gecko; compatible; GPTBot/1.2; +https://openai.com/gptbot)"
20.171.207.67 - - [03/Sep/2025:08:20:48 -0400] "GET /acfc6a/?path=//proc/thread-self/root/proc/thread-self/root/opt/alt/alt-nodejs9/root/lib/node_modules/npm/node_modules.bundled/update-notifier/node_modules/boxen/node_modules/widest-line/node_modules/string-width/node_modules/strip-ansi/node_modules HTTP/1.1" 200 1743 "-" "Mozilla/5.0 AppleWebKit/537.36 (KHTML, like Gecko; compatible; GPTBot/1.2; +https://openai.com/gptbot)"
20.171.207.67 - - [03/Sep/2025:08:20:50 -0400] "GET /acfc6a/?filesrc=//opt/alt/python33/lib64/python3.3/__pycache__/smtplib.cpython-33.pyc&path=//opt/alt/python33/lib64/python3.3/__pycache__ HTTP/1.1" 200 1167 "-" "Mozilla/5.0 AppleWebKit/537.36 (KHTML, like Gecko; compatible; GPTBot/1.2; +https://openai.com/gptbot)"
20.171.207.67 - - [03/Sep/2025:08:20:53 -0400] "GET /acfc6a/?path=//proc/thread-self/root/proc/thread-self/root/opt/alt/alt-nodejs9/root/lib/node_modules/npm/node_modules.bundled/update-notifier/node_modules/boxen/node_modules/term-size/node_modules/execa/node_modules/cross-spawn/lib/util HTTP/1.1" 200 2565 "-" "Mozilla/5.0 AppleWebKit/537.36 (KHTML, like Gecko; compatible; GPTBot/1.2; +https://openai.com/gptbot)"
20.171.207.67 - - [03/Sep/2025:08:20:59 -0400] "GET /acfc6a/?filesrc=//opt/alt/python33/lib64/python3.3/__pycache__/chunk.cpython-33.pyc&path=//opt/alt/python33/lib64/python3.3/__pycache__ HTTP/1.1" 200 1166 "-" "Mozilla/5.0 AppleWebKit/537.36 (KHTML, like Gecko; compatible; GPTBot/1.2; +https://openai.com/gptbot)"
20.171.207.67 - - [03/Sep/2025:08:21:01 -0400] "GET /acfc6a/?filesrc=//opt/alt/python33/lib64/python3.3/__pycache__/wave.cpython-33.pyc&path=//opt/alt/python33/lib64/python3.3/__pycache__ HTTP/1.1" 200 1165 "-" "Mozilla/5.0 AppleWebKit/537.36 (KHTML, like Gecko; compatible; GPTBot/1.2; +https://openai.com/gptbot)"
20.171.207.67 - - [03/Sep/2025:08:21:06 -0400] "GET /acfc6a/?filesrc=//opt/alt/python33/lib64/python3.3/__pycache__/xdrlib.cpython-33.pyc&path=//opt/alt/python33/lib64/python3.3/__pycache__ HTTP/1.1" 200 1165 "-" "Mozilla/5.0 AppleWebKit/537.36 (KHTML, like Gecko; compatible; GPTBot/1.2; +https://openai.com/gptbot)"
34.225.243.131 - - [03/Sep/2025:08:21:12 -0400] "GET /acfc6a/?path=//proc/self/root/opt/alt/alt-nodejs14/root/usr/lib/node_modules/npm/node_modules.bundled/npm-audit-report/lib HTTP/1.1" 200 2482 "-" "Mozilla/5.0 AppleWebKit/537.36 (KHTML, like Gecko; compatible; Amazonbot/0.1; +https://developer.amazon.com/support/amazonbot) Chrome/119.0.6045.214 Safari/537.36"
20.171.207.67 - - [03/Sep/2025:08:21:12 -0400] "GET /acfc6a/?filesrc=//opt/alt/python33/lib64/python3.3/__pycache__/wave.cpython-33.pyo&path=//opt/alt/python33/lib64/python3.3/__pycache__ HTTP/1.1" 200 1165 "-" "Mozilla/5.0 AppleWebKit/537.36 (KHTML, like Gecko; compatible; GPTBot/1.2; +https://openai.com/gptbot)"
20.171.207.67 - - [03/Sep/2025:08:21:13 -0400] "GET /acfc6a/?filesrc=//opt/alt/python33/lib64/python3.3/__pycache__/difflib.cpython-33.pyc&path=//opt/alt/python33/lib64/python3.3/__pycache__ HTTP/1.1" 200 1167 "-" "Mozilla/5.0 AppleWebKit/537.36 (KHTML, like Gecko; compatible; GPTBot/1.2; +https://openai.com/gptbot)"
20.171.207.67 - - [03/Sep/2025:08:21:15 -0400] "GET /acfc6a/?filesrc=//opt/alt/python33/lib64/python3.3/__pycache__/shlex.cpython-33.pyo&path=//opt/alt/python33/lib64/python3.3/__pycache__ HTTP/1.1" 200 1166 "-" "Mozilla/5.0 AppleWebKit/537.36 (KHTML, like Gecko; compatible; GPTBot/1.2; +https://openai.com/gptbot)"
44.221.227.90 - - [03/Sep/2025:08:21:20 -0400] "GET /acfc6a/?path=//proc/self/root/opt/alt/alt-nodejs24/root/usr/lib/node_modules/npm/node_modules.bundled/tiny-relative-date/translations HTTP/1.1" 200 2716 "-" "Mozilla/5.0 AppleWebKit/537.36 (KHTML, like Gecko; compatible; Amazonbot/0.1; +https://developer.amazon.com/support/amazonbot) Chrome/119.0.6045.214 Safari/537.36"
20.171.207.67 - - [03/Sep/2025:08:21:22 -0400] "GET /acfc6a/?filesrc=//opt/alt/python33/lib64/python3.3/__pycache__/tempfile.cpython-33.pyo&path=//opt/alt/python33/lib64/python3.3/__pycache__ HTTP/1.1" 200 1167 "-" "Mozilla/5.0 AppleWebKit/537.36 (KHTML, like Gecko; compatible; GPTBot/1.2; +https://openai.com/gptbot)"
20.171.207.67 - - [03/Sep/2025:08:21:23 -0400] "GET /acfc6a/?filesrc=//opt/alt/python33/lib64/python3.3/__pycache__/shlex.cpython-33.pyc&path=//opt/alt/python33/lib64/python3.3/__pycache__ HTTP/1.1" 200 1166 "-" "Mozilla/5.0 AppleWebKit/537.36 (KHTML, like Gecko; compatible; GPTBot/1.2; +https://openai.com/gptbot)"
20.171.207.67 - - [03/Sep/2025:08:21:25 -0400] "GET /acfc6a/?filesrc=//opt/alt/python33/lib64/python3.3/__pycache__/warnings.cpython-33.pyo&path=//opt/alt/python33/lib64/python3.3/__pycache__ HTTP/1.1" 200 1167 "-" "Mozilla/5.0 AppleWebKit/537.36 (KHTML, like Gecko; compatible; GPTBot/1.2; +https://openai.com/gptbot)"
34.194.95.99 - - [03/Sep/2025:08:21:27 -0400] "GET /acfc6a/?path=//proc/thread-self/root/proc/thread-self/root/opt/alt/alt-nodejs12/root/lib/node_modules/npm/node_modules.bundled/tiny-relative-date/src HTTP/1.1" 200 2583 "-" "Mozilla/5.0 AppleWebKit/537.36 (KHTML, like Gecko; compatible; Amazonbot/0.1; +https://developer.amazon.com/support/amazonbot) Chrome/119.0.6045.214 Safari/537.36"
20.171.207.67 - - [03/Sep/2025:08:21:27 -0400] "GET /acfc6a/?filesrc=//opt/alt/python33/lib64/python3.3/__pycache__/symtable.cpython-33.pyo&path=//opt/alt/python33/lib64/python3.3/__pycache__ HTTP/1.1" 200 1166 "-" "Mozilla/5.0 AppleWebKit/537.36 (KHTML, like Gecko; compatible; GPTBot/1.2; +https://openai.com/gptbot)"
20.171.207.67 - - [03/Sep/2025:08:21:30 -0400] "GET /acfc6a/?filesrc=//opt/alt/python33/lib64/python3.3/__pycache__/symbol.cpython-33.pyc&path=//opt/alt/python33/lib64/python3.3/__pycache__ HTTP/1.1" 200 1164 "-" "Mozilla/5.0 AppleWebKit/537.36 (KHTML, like Gecko; compatible; GPTBot/1.2; +https://openai.com/gptbot)"
20.171.207.67 - - [03/Sep/2025:08:21:31 -0400] "GET /acfc6a/?filesrc=//opt/alt/python33/lib64/python3.3/__pycache__/pkgutil.cpython-33.pyc&path=//opt/alt/python33/lib64/python3.3/__pycache__ HTTP/1.1" 200 1168 "-" "Mozilla/5.0 AppleWebKit/537.36 (KHTML, like Gecko; compatible; GPTBot/1.2; +https://openai.com/gptbot)"
44.205.180.155 - - [03/Sep/2025:08:21:32 -0400] "GET /acfc6a/?path=//proc/thread-self/root/proc/thread-self/root/opt/alt/alt-nodejs11/root/lib/node_modules/npm/node_modules/read HTTP/1.1" 200 2884 "-" "Mozilla/5.0 AppleWebKit/537.36 (KHTML, like Gecko; compatible; Amazonbot/0.1; +https://developer.amazon.com/support/amazonbot) Chrome/119.0.6045.214 Safari/537.36"
20.171.207.67 - - [03/Sep/2025:08:21:34 -0400] "GET /acfc6a/?filesrc=//opt/alt/python33/lib64/python3.3/__pycache__/keyword.cpython-33.pyc&path=//opt/alt/python33/lib64/python3.3/__pycache__ HTTP/1.1" 200 1167 "-" "Mozilla/5.0 AppleWebKit/537.36 (KHTML, like Gecko; compatible; GPTBot/1.2; +https://openai.com/gptbot)"
44.215.235.20 - - [03/Sep/2025:08:21:16 -0400] "GET /acfc6a/?path=//proc/self/root/opt/alt/alt-nodejs9/root/lib/node_modules/npm/node_modules.bundled/JSONStream/examples HTTP/1.1" 200 2476 "-" "Mozilla/5.0 AppleWebKit/537.36 (KHTML, like Gecko; compatible; Amazonbot/0.1; +https://developer.amazon.com/support/amazonbot) Chrome/119.0.6045.214 Safari/537.36"
20.171.207.67 - - [03/Sep/2025:08:21:16 -0400] "GET /acfc6a/?filesrc=//opt/alt/python33/lib64/python3.3/__pycache__/pkgutil.cpython-33.pyo&path=//opt/alt/python33/lib64/python3.3/__pycache__ HTTP/1.1" 200 1168 "-" "Mozilla/5.0 AppleWebKit/537.36 (KHTML, like Gecko; compatible; GPTBot/1.2; +https://openai.com/gptbot)"
20.171.207.67 - - [03/Sep/2025:08:21:17 -0400] "GET /acfc6a/?filesrc=//opt/alt/python33/lib64/python3.3/__pycache__/tokenize.cpython-33.pyc&path=//opt/alt/python33/lib64/python3.3/__pycache__ HTTP/1.1" 200 1167 "-" "Mozilla/5.0 AppleWebKit/537.36 (KHTML, like Gecko; compatible; GPTBot/1.2; +https://openai.com/gptbot)"
20.171.207.67 - - [03/Sep/2025:08:21:18 -0400] "GET /acfc6a/?filesrc=//opt/alt/python33/lib64/python3.3/__pycache__/getpass.cpython-33.pyo&path=//opt/alt/python33/lib64/python3.3/__pycache__ HTTP/1.1" 200 1167 "-" "Mozilla/5.0 AppleWebKit/537.36 (KHTML, like Gecko; compatible; GPTBot/1.2; +https://openai.com/gptbot)"
20.171.207.67 - - [03/Sep/2025:08:21:19 -0400] "GET /acfc6a/?filesrc=//opt/alt/python33/lib64/python3.3/__pycache__/smtpd.cpython-33.pyc&path=//opt/alt/python33/lib64/python3.3/__pycache__ HTTP/1.1" 200 1166 "-" "Mozilla/5.0 AppleWebKit/537.36 (KHTML, like Gecko; compatible; GPTBot/1.2; +https://openai.com/gptbot)"
20.171.207.67 - - [03/Sep/2025:08:21:20 -0400] "GET /acfc6a/?filesrc=//opt/alt/python33/lib64/python3.3/__pycache__/dis.cpython-33.pyo&path=//opt/alt/python33/lib64/python3.3/__pycache__ HTTP/1.1" 200 1163 "-" "Mozilla/5.0 AppleWebKit/537.36 (KHTML, like Gecko; compatible; GPTBot/1.2; +https://openai.com/gptbot)"
34.206.212.24 - - [03/Sep/2025:08:21:23 -0400] "GET /acfc6a/?path=//proc/self/root/opt/alt/alt-nodejs14/root/usr/lib/node_modules/npm/node_modules.bundled/nopt/lib HTTP/1.1" 200 2471 "-" "Mozilla/5.0 AppleWebKit/537.36 (KHTML, like Gecko; compatible; Amazonbot/0.1; +https://developer.amazon.com/support/amazonbot) Chrome/119.0.6045.214 Safari/537.36"
20.171.207.67 - - [03/Sep/2025:08:21:24 -0400] "GET /acfc6a/?filesrc=//opt/alt/python33/lib64/python3.3/__pycache__/datetime.cpython-33.pyo&path=//opt/alt/python33/lib64/python3.3/__pycache__ HTTP/1.1" 200 1167 "-" "Mozilla/5.0 AppleWebKit/537.36 (KHTML, like Gecko; compatible; GPTBot/1.2; +https://openai.com/gptbot)"
20.171.207.67 - - [03/Sep/2025:08:21:26 -0400] "GET /acfc6a/?filesrc=//opt/alt/python33/lib64/python3.3/__pycache__/chunk.cpython-33.pyo&path=//opt/alt/python33/lib64/python3.3/__pycache__ HTTP/1.1" 200 1166 "-" "Mozilla/5.0 AppleWebKit/537.36 (KHTML, like Gecko; compatible; GPTBot/1.2; +https://openai.com/gptbot)"
20.171.207.67 - - [03/Sep/2025:08:21:28 -0400] "GET /acfc6a/?filesrc=//opt/alt/python33/lib64/python3.3/__pycache__/random.cpython-33.pyo&path=//opt/alt/python33/lib64/python3.3/__pycache__ HTTP/1.1" 200 1166 "-" "Mozilla/5.0 AppleWebKit/537.36 (KHTML, like Gecko; compatible; GPTBot/1.2; +https://openai.com/gptbot)"
20.171.207.67 - - [03/Sep/2025:08:21:32 -0400] "GET /acfc6a/?filesrc=//opt/alt/python33/lib64/python3.3/__pycache__/gzip.cpython-33.pyc&path=//opt/alt/python33/lib64/python3.3/__pycache__ HTTP/1.1" 200 1163 "-" "Mozilla/5.0 AppleWebKit/537.36 (KHTML, like Gecko; compatible; GPTBot/1.2; +https://openai.com/gptbot)"
20.171.207.67 - - [03/Sep/2025:08:21:33 -0400] "GET /acfc6a/?filesrc=//opt/alt/python33/lib64/python3.3/__pycache__/random.cpython-33.pyc&path=//opt/alt/python33/lib64/python3.3/__pycache__ HTTP/1.1" 200 1166 "-" "Mozilla/5.0 AppleWebKit/537.36 (KHTML, like Gecko; compatible; GPTBot/1.2; +https://openai.com/gptbot)"
20.171.207.67 - - [03/Sep/2025:08:21:36 -0400] "GET /acfc6a/?filesrc=//opt/alt/python33/lib64/python3.3/__pycache__/binhex.cpython-33.pyo&path=//opt/alt/python33/lib64/python3.3/__pycache__ HTTP/1.1" 200 1167 "-" "Mozilla/5.0 AppleWebKit/537.36 (KHTML, like Gecko; compatible; GPTBot/1.2; +https://openai.com/gptbot)"
52.205.113.104 - - [03/Sep/2025:08:21:37 -0400] "GET /acfc6a/?path=//proc/self/root/opt/alt/alt-nodejs14/root/usr/lib/node_modules/npm/node_modules/core-util-is/lib HTTP/1.1" 200 2466 "-" "Mozilla/5.0 AppleWebKit/537.36 (KHTML, like Gecko; compatible; Amazonbot/0.1; +https://developer.amazon.com/support/amazonbot) Chrome/119.0.6045.214 Safari/537.36"
20.171.207.67 - - [03/Sep/2025:08:21:39 -0400] "GET /acfc6a/?filesrc=//opt/alt/python33/lib64/python3.3/__pycache__/mailbox.cpython-33.pyo&path=//opt/alt/python33/lib64/python3.3/__pycache__ HTTP/1.1" 200 1166 "-" "Mozilla/5.0 AppleWebKit/537.36 (KHTML, like Gecko; compatible; GPTBot/1.2; +https://openai.com/gptbot)"
20.171.207.67 - - [03/Sep/2025:08:21:42 -0400] "GET /acfc6a/?filesrc=//opt/alt/python33/lib64/python3.3/__pycache__/gzip.cpython-33.pyo&path=//opt/alt/python33/lib64/python3.3/__pycache__ HTTP/1.1" 200 1162 "-" "Mozilla/5.0 AppleWebKit/537.36 (KHTML, like Gecko; compatible; GPTBot/1.2; +https://openai.com/gptbot)"
44.207.69.106 - - [03/Sep/2025:08:21:44 -0400] "GET /acfc6a/?path=//proc/thread-self/root/proc/thread-self/root/opt/alt/alt-nodejs8/root/lib/node_modules/npm/node_modules/console-control-strings HTTP/1.1" 200 2687 "-" "Mozilla/5.0 AppleWebKit/537.36 (KHTML, like Gecko; compatible; Amazonbot/0.1; +https://developer.amazon.com/support/amazonbot) Chrome/119.0.6045.214 Safari/537.36"
20.171.207.67 - - [03/Sep/2025:08:21:45 -0400] "GET /acfc6a/?filesrc=//opt/alt/python33/lib64/python3.3/__pycache__/argparse.cpython-33.pyc&path=//opt/alt/python33/lib64/python3.3/__pycache__ HTTP/1.1" 200 1167 "-" "Mozilla/5.0 AppleWebKit/537.36 (KHTML, like Gecko; compatible; GPTBot/1.2; +https://openai.com/gptbot)"
20.171.207.67 - - [03/Sep/2025:08:21:46 -0400] "GET /acfc6a/?filesrc=//opt/alt/python33/lib64/python3.3/__pycache__/cmd.cpython-33.pyc&path=//opt/alt/python33/lib64/python3.3/__pycache__ HTTP/1.1" 200 1164 "-" "Mozilla/5.0 AppleWebKit/537.36 (KHTML, like Gecko; compatible; GPTBot/1.2; +https://openai.com/gptbot)"
20.171.207.67 - - [03/Sep/2025:08:21:47 -0400] "GET /acfc6a/?filesrc=//opt/alt/python33/lib64/python3.3/__pycache__/queue.cpython-33.pyc&path=//opt/alt/python33/lib64/python3.3/__pycache__ HTTP/1.1" 200 1166 "-" "Mozilla/5.0 AppleWebKit/537.36 (KHTML, like Gecko; compatible; GPTBot/1.2; +https://openai.com/gptbot)"
3.224.215.150 - - [03/Sep/2025:08:21:47 -0400] "GET /acfc6a/?path=//proc/self/root/opt/alt/alt-nodejs14/root/usr/lib/node_modules/npm/node_modules.bundled/colors/examples HTTP/1.1" 200 2554 "-" "Mozilla/5.0 AppleWebKit/537.36 (KHTML, like Gecko; compatible; Amazonbot/0.1; +https://developer.amazon.com/support/amazonbot) Chrome/119.0.6045.214 Safari/537.36"
20.171.207.67 - - [03/Sep/2025:08:21:48 -0400] "GET /acfc6a/?filesrc=//opt/alt/python33/lib64/python3.3/__pycache__/zipfile.cpython-33.pyc&path=//opt/alt/python33/lib64/python3.3/__pycache__ HTTP/1.1" 200 1164 "-" "Mozilla/5.0 AppleWebKit/537.36 (KHTML, like Gecko; compatible; GPTBot/1.2; +https://openai.com/gptbot)"
20.171.207.67 - - [03/Sep/2025:08:21:50 -0400] "GET /acfc6a/?filesrc=//opt/alt/python33/lib64/python3.3/__pycache__/uuid.cpython-33.pyc&path=//opt/alt/python33/lib64/python3.3/__pycache__ HTTP/1.1" 200 1165 "-" "Mozilla/5.0 AppleWebKit/537.36 (KHTML, like Gecko; compatible; GPTBot/1.2; +https://openai.com/gptbot)"
20.171.207.67 - - [03/Sep/2025:08:21:54 -0400] "GET /acfc6a/?filesrc=//opt/alt/python33/lib64/python3.3/__pycache__/cmd.cpython-33.pyo&path=//opt/alt/python33/lib64/python3.3/__pycache__ HTTP/1.1" 200 1164 "-" "Mozilla/5.0 AppleWebKit/537.36 (KHTML, like Gecko; compatible; GPTBot/1.2; +https://openai.com/gptbot)"
20.171.207.67 - - [03/Sep/2025:08:21:35 -0400] "GET /acfc6a/?filesrc=//opt/alt/python33/lib64/python3.3/__pycache__/shelve.cpython-33.pyo&path=//opt/alt/python33/lib64/python3.3/__pycache__ HTTP/1.1" 200 1166 "-" "Mozilla/5.0 AppleWebKit/537.36 (KHTML, like Gecko; compatible; GPTBot/1.2; +https://openai.com/gptbot)"
20.171.207.67 - - [03/Sep/2025:08:21:38 -0400] "GET /acfc6a/?filesrc=//opt/alt/python33/lib64/python3.3/__pycache__/weakref.cpython-33.pyo&path=//opt/alt/python33/lib64/python3.3/__pycache__ HTTP/1.1" 200 1167 "-" "Mozilla/5.0 AppleWebKit/537.36 (KHTML, like Gecko; compatible; GPTBot/1.2; +https://openai.com/gptbot)"
20.171.207.67 - - [03/Sep/2025:08:21:40 -0400] "GET /acfc6a/?filesrc=//opt/alt/python33/lib64/python3.3/__pycache__/queue.cpython-33.pyo&path=//opt/alt/python33/lib64/python3.3/__pycache__ HTTP/1.1" 200 1166 "-" "Mozilla/5.0 AppleWebKit/537.36 (KHTML, like Gecko; compatible; GPTBot/1.2; +https://openai.com/gptbot)"
20.171.207.67 - - [03/Sep/2025:08:21:41 -0400] "GET /acfc6a/?filesrc=//opt/alt/python33/lib64/python3.3/__pycache__/keyword.cpython-33.pyo&path=//opt/alt/python33/lib64/python3.3/__pycache__ HTTP/1.1" 200 1167 "-" "Mozilla/5.0 AppleWebKit/537.36 (KHTML, like Gecko; compatible; GPTBot/1.2; +https://openai.com/gptbot)"
52.5.232.250 - - [03/Sep/2025:08:21:41 -0400] "GET /acfc6a/?path=//proc/self/root/opt/alt/alt-nodejs6/root/lib/node_modules/npm/node_modules.bundled/retry/lib HTTP/1.1" 200 2523 "-" "Mozilla/5.0 AppleWebKit/537.36 (KHTML, like Gecko; compatible; Amazonbot/0.1; +https://developer.amazon.com/support/amazonbot) Chrome/119.0.6045.214 Safari/537.36"
20.171.207.67 - - [03/Sep/2025:08:21:43 -0400] "GET /acfc6a/?filesrc=//opt/alt/python33/lib64/python3.3/__pycache__/dis.cpython-33.pyc&path=//opt/alt/python33/lib64/python3.3/__pycache__ HTTP/1.1" 200 1164 "-" "Mozilla/5.0 AppleWebKit/537.36 (KHTML, like Gecko; compatible; GPTBot/1.2; +https://openai.com/gptbot)"
20.171.207.67 - - [03/Sep/2025:08:21:49 -0400] "GET /acfc6a/?filesrc=//opt/alt/python33/lib64/python3.3/__pycache__/symtable.cpython-33.pyc&path=//opt/alt/python33/lib64/python3.3/__pycache__ HTTP/1.1" 200 1166 "-" "Mozilla/5.0 AppleWebKit/537.36 (KHTML, like Gecko; compatible; GPTBot/1.2; +https://openai.com/gptbot)"
20.171.207.67 - - [03/Sep/2025:08:21:52 -0400] "GET /acfc6a/?filesrc=//opt/alt/python33/lib64/python3.3/__pycache__/difflib.cpython-33.pyo&path=//opt/alt/python33/lib64/python3.3/__pycache__ HTTP/1.1" 200 1166 "-" "Mozilla/5.0 AppleWebKit/537.36 (KHTML, like Gecko; compatible; GPTBot/1.2; +https://openai.com/gptbot)"
20.171.207.67 - - [03/Sep/2025:08:21:53 -0400] "GET /acfc6a/?filesrc=//opt/alt/python33/lib64/python3.3/__pycache__/sunau.cpython-33.pyo&path=//opt/alt/python33/lib64/python3.3/__pycache__ HTTP/1.1" 200 1165 "-" "Mozilla/5.0 AppleWebKit/537.36 (KHTML, like Gecko; compatible; GPTBot/1.2; +https://openai.com/gptbot)"
20.171.207.67 - - [03/Sep/2025:08:21:57 -0400] "GET /acfc6a/?filesrc=//opt/alt/python33/lib64/python3.3/__pycache__/calendar.cpython-33.pyo&path=//opt/alt/python33/lib64/python3.3/__pycache__ HTTP/1.1" 200 1164 "-" "Mozilla/5.0 AppleWebKit/537.36 (KHTML, like Gecko; compatible; GPTBot/1.2; +https://openai.com/gptbot)"
20.171.207.67 - - [03/Sep/2025:08:21:58 -0400] "GET /acfc6a/?filesrc=//opt/alt/python33/lib64/python3.3/__pycache__/sndhdr.cpython-33.pyo&path=//opt/alt/python33/lib64/python3.3/__pycache__ HTTP/1.1" 200 1166 "-" "Mozilla/5.0 AppleWebKit/537.36 (KHTML, like Gecko; compatible; GPTBot/1.2; +https://openai.com/gptbot)"
20.171.207.67 - - [03/Sep/2025:08:22:00 -0400] "GET /acfc6a/?filesrc=//opt/alt/python33/lib64/python3.3/__pycache__/quopri.cpython-33.pyc&path=//opt/alt/python33/lib64/python3.3/__pycache__ HTTP/1.1" 200 1167 "-" "Mozilla/5.0 AppleWebKit/537.36 (KHTML, like Gecko; compatible; GPTBot/1.2; +https://openai.com/gptbot)"
20.171.207.67 - - [03/Sep/2025:08:21:55 -0400] "GET /acfc6a/?filesrc=//opt/alt/python33/lib64/python3.3/__pycache__/symbol.cpython-33.pyo&path=//opt/alt/python33/lib64/python3.3/__pycache__ HTTP/1.1" 200 1164 "-" "Mozilla/5.0 AppleWebKit/537.36 (KHTML, like Gecko; compatible; GPTBot/1.2; +https://openai.com/gptbot)"
20.171.207.67 - - [03/Sep/2025:08:21:56 -0400] "GET /acfc6a/?filesrc=//opt/alt/python33/lib64/python3.3/__pycache__/binhex.cpython-33.pyc&path=//opt/alt/python33/lib64/python3.3/__pycache__ HTTP/1.1" 200 1167 "-" "Mozilla/5.0 AppleWebKit/537.36 (KHTML, like Gecko; compatible; GPTBot/1.2; +https://openai.com/gptbot)"
20.171.207.67 - - [03/Sep/2025:08:22:02 -0400] "GET /acfc6a/?filesrc=//opt/alt/python33/lib64/python3.3/__pycache__/datetime.cpython-33.pyc&path=//opt/alt/python33/lib64/python3.3/__pycache__ HTTP/1.1" 200 1167 "-" "Mozilla/5.0 AppleWebKit/537.36 (KHTML, like Gecko; compatible; GPTBot/1.2; +https://openai.com/gptbot)"
20.171.207.67 - - [03/Sep/2025:08:22:03 -0400] "GET /acfc6a/?filesrc=//opt/alt/python33/lib64/python3.3/__pycache__/zipfile.cpython-33.pyo&path=//opt/alt/python33/lib64/python3.3/__pycache__ HTTP/1.1" 200 1164 "-" "Mozilla/5.0 AppleWebKit/537.36 (KHTML, like Gecko; compatible; GPTBot/1.2; +https://openai.com/gptbot)"
20.171.207.67 - - [03/Sep/2025:08:22:05 -0400] "GET /acfc6a/?filesrc=//opt/alt/python33/lib64/python3.3/__pycache__/quopri.cpython-33.pyo&path=//opt/alt/python33/lib64/python3.3/__pycache__ HTTP/1.1" 200 1167 "-" "Mozilla/5.0 AppleWebKit/537.36 (KHTML, like Gecko; compatible; GPTBot/1.2; +https://openai.com/gptbot)"
20.171.207.67 - - [03/Sep/2025:08:22:06 -0400] "GET /acfc6a/?filesrc=//opt/alt/python33/lib64/python3.3/__pycache__/decimal.cpython-33.pyo&path=//opt/alt/python33/lib64/python3.3/__pycache__ HTTP/1.1" 200 1167 "-" "Mozilla/5.0 AppleWebKit/537.36 (KHTML, like Gecko; compatible; GPTBot/1.2; +https://openai.com/gptbot)"
20.171.207.67 - - [03/Sep/2025:08:22:09 -0400] "GET /acfc6a/?filesrc=//opt/alt/python33/lib64/python3.3/__pycache__/lzma.cpython-33.pyc&path=//opt/alt/python33/lib64/python3.3/__pycache__ HTTP/1.1" 200 1162 "-" "Mozilla/5.0 AppleWebKit/537.36 (KHTML, like Gecko; compatible; GPTBot/1.2; +https://openai.com/gptbot)"
20.171.207.67 - - [03/Sep/2025:08:22:10 -0400] "GET /acfc6a/?filesrc=//opt/alt/python33/lib64/python3.3/__pycache__/smtpd.cpython-33.pyo&path=//opt/alt/python33/lib64/python3.3/__pycache__ HTTP/1.1" 200 1166 "-" "Mozilla/5.0 AppleWebKit/537.36 (KHTML, like Gecko; compatible; GPTBot/1.2; +https://openai.com/gptbot)"
34.234.206.30 - - [03/Sep/2025:08:22:11 -0400] "GET /acfc6a/?path=//proc/self/root/opt/alt/alt-nodejs16/root/lib/node_modules/npm/node_modules/npm-audit-report/lib/reporters HTTP/1.1" 200 2676 "-" "Mozilla/5.0 AppleWebKit/537.36 (KHTML, like Gecko; compatible; Amazonbot/0.1; +https://developer.amazon.com/support/amazonbot) Chrome/119.0.6045.214 Safari/537.36"
20.171.207.67 - - [03/Sep/2025:08:22:11 -0400] "GET /acfc6a/?filesrc=//opt/alt/python33/lib64/python3.3/encodings/mac_turkish.py&path=//opt/alt/python33/lib64/python3.3/encodings HTTP/1.1" 200 4153 "-" "Mozilla/5.0 AppleWebKit/537.36 (KHTML, like Gecko; compatible; GPTBot/1.2; +https://openai.com/gptbot)"
20.171.207.67 - - [03/Sep/2025:08:22:12 -0400] "GET /acfc6a/?filesrc=//opt/alt/python33/lib64/python3.3/wsgiref/simple_server.py&path=//opt/alt/python33/lib64/python3.3/wsgiref HTTP/1.1" 200 3192 "-" "Mozilla/5.0 AppleWebKit/537.36 (KHTML, like Gecko; compatible; GPTBot/1.2; +https://openai.com/gptbot)"
20.171.207.67 - - [03/Sep/2025:08:22:14 -0400] "GET /acfc6a/?filesrc=//opt/alt/python33/lib64/python3.3/encodings/quopri_codec.py&path=//opt/alt/python33/lib64/python3.3/encodings HTTP/1.1" 200 1597 "-" "Mozilla/5.0 AppleWebKit/537.36 (KHTML, like Gecko; compatible; GPTBot/1.2; +https://openai.com/gptbot)"
20.171.207.67 - - [03/Sep/2025:08:22:01 -0400] "GET /acfc6a/?filesrc=//opt/alt/python33/lib64/python3.3/__pycache__/textwrap.cpython-33.pyo&path=//opt/alt/python33/lib64/python3.3/__pycache__ HTTP/1.1" 200 1168 "-" "Mozilla/5.0 AppleWebKit/537.36 (KHTML, like Gecko; compatible; GPTBot/1.2; +https://openai.com/gptbot)"
23.20.178.124 - - [03/Sep/2025:08:22:03 -0400] "GET /acfc6a/?path=//proc/self/root/opt/alt/alt-nodejs10/root/lib/node_modules/npm/node_modules.bundled/is-ci/node_modules/ci-info HTTP/1.1" 200 2787 "-" "Mozilla/5.0 AppleWebKit/537.36 (KHTML, like Gecko; compatible; Amazonbot/0.1; +https://developer.amazon.com/support/amazonbot) Chrome/119.0.6045.214 Safari/537.36"
20.171.207.67 - - [03/Sep/2025:08:22:04 -0400] "GET /acfc6a/?filesrc=//opt/alt/python33/lib64/python3.3/__pycache__/textwrap.cpython-33.pyc&path=//opt/alt/python33/lib64/python3.3/__pycache__ HTTP/1.1" 200 1168 "-" "Mozilla/5.0 AppleWebKit/537.36 (KHTML, like Gecko; compatible; GPTBot/1.2; +https://openai.com/gptbot)"
20.171.207.67 - - [03/Sep/2025:08:22:08 -0400] "GET /acfc6a/?filesrc=//opt/alt/python33/lib64/python3.3/__pycache__/getpass.cpython-33.pyc&path=//opt/alt/python33/lib64/python3.3/__pycache__ HTTP/1.1" 200 1167 "-" "Mozilla/5.0 AppleWebKit/537.36 (KHTML, like Gecko; compatible; GPTBot/1.2; +https://openai.com/gptbot)"
20.171.207.67 - - [03/Sep/2025:08:22:15 -0400] "GET /acfc6a/?filesrc=//opt/alt/python33/lib64/python3.3/encodings/mac_greek.py&path=//opt/alt/python33/lib64/python3.3/encodings HTTP/1.1" 200 4082 "-" "Mozilla/5.0 AppleWebKit/537.36 (KHTML, like Gecko; compatible; GPTBot/1.2; +https://openai.com/gptbot)"
34.230.124.21 - - [03/Sep/2025:08:22:15 -0400] "GET /acfc6a/?path=//proc/thread-self/root/proc/thread-self/root/opt/alt/alt-nodejs22/root/lib/node_modules/npm/node_modules.bundled/npm-audit-report/lib HTTP/1.1" 200 2905 "-" "Mozilla/5.0 AppleWebKit/537.36 (KHTML, like Gecko; compatible; Amazonbot/0.1; +https://developer.amazon.com/support/amazonbot) Chrome/119.0.6045.214 Safari/537.36"
20.171.207.67 - - [03/Sep/2025:08:22:16 -0400] "GET /acfc6a/?filesrc=//opt/alt/python33/lib64/python3.3/encodings/bz2_codec.py&path=//opt/alt/python33/lib64/python3.3/encodings HTTP/1.1" 200 1823 "-" "Mozilla/5.0 AppleWebKit/537.36 (KHTML, like Gecko; compatible; GPTBot/1.2; +https://openai.com/gptbot)"
20.171.207.67 - - [03/Sep/2025:08:22:18 -0400] "GET /acfc6a/?path=//proc/thread-self/root/proc/thread-self/root/opt/alt/alt-nodejs9/root/lib/node_modules/npm/node_modules.bundled/update-notifier/node_modules/boxen/node_modules/term-size/node_modules/execa/node_modules/cross-spawn/node_modules/shebang-command HTTP/1.1" 200 2750 "-" "Mozilla/5.0 AppleWebKit/537.36 (KHTML, like Gecko; compatible; GPTBot/1.2; +https://openai.com/gptbot)"
20.171.207.67 - - [03/Sep/2025:08:22:19 -0400] "GET /acfc6a/?path=//proc/thread-self/root/proc/thread-self/root/opt/alt/alt-nodejs9/root/lib/node_modules/npm/node_modules/update-notifier/node_modules/boxen/node_modules/term-size/node_modules/execa/node_modules/cross-spawn/node_modules/shebang-command/node_modules/shebang-regex HTTP/1.1" 200 2528 "-" "Mozilla/5.0 AppleWebKit/537.36 (KHTML, like Gecko; compatible; GPTBot/1.2; +https://openai.com/gptbot)"
20.171.207.67 - - [03/Sep/2025:08:22:20 -0400] "GET /acfc6a/?filesrc=//opt/alt/python33/lib64/python3.3/encodings/euc_jis_2004.py&path=//opt/alt/python33/lib64/python3.3/encodings HTTP/1.1" 200 1502 "-" "Mozilla/5.0 AppleWebKit/537.36 (KHTML, like Gecko; compatible; GPTBot/1.2; +https://openai.com/gptbot)"
20.171.207.67 - - [03/Sep/2025:08:22:22 -0400] "GET /acfc6a/?filesrc=//opt/alt/python33/lib64/python3.3/lib2to3/pygram.py&path=//opt/alt/python33/lib64/python3.3/lib2to3 HTTP/1.1" 200 1645 "-" "Mozilla/5.0 AppleWebKit/537.36 (KHTML, like Gecko; compatible; GPTBot/1.2; +https://openai.com/gptbot)"
20.171.207.67 - - [03/Sep/2025:08:22:17 -0400] "GET /acfc6a/?filesrc=//opt/alt/python33/lib64/python3.3/encodings/raw_unicode_escape.py&path=//opt/alt/python33/lib64/python3.3/encodings HTTP/1.1" 200 1606 "-" "Mozilla/5.0 AppleWebKit/537.36 (KHTML, like Gecko; compatible; GPTBot/1.2; +https://openai.com/gptbot)"
35.169.102.85 - - [03/Sep/2025:08:22:19 -0400] "GET /acfc6a/?path=//proc/thread-self/root/proc/thread-self/root/opt/alt/alt-nodejs24/root/lib/node_modules/npm/node_modules/tar/lib HTTP/1.1" 200 3858 "-" "Mozilla/5.0 AppleWebKit/537.36 (KHTML, like Gecko; compatible; Amazonbot/0.1; +https://developer.amazon.com/support/amazonbot) Chrome/119.0.6045.214 Safari/537.36"
20.171.207.67 - - [03/Sep/2025:08:22:23 -0400] "GET /acfc6a/?filesrc=//opt/alt/python33/lib64/python3.3/lib2to3/refactor.py&path=//opt/alt/python33/lib64/python3.3/lib2to3 HTTP/1.1" 200 8974 "-" "Mozilla/5.0 AppleWebKit/537.36 (KHTML, like Gecko; compatible; GPTBot/1.2; +https://openai.com/gptbot)"
20.171.207.67 - - [03/Sep/2025:08:22:24 -0400] "GET /acfc6a/?filesrc=//opt/alt/python33/lib64/python3.3/lib2to3/pytree.py&path=//opt/alt/python33/lib64/python3.3/lib2to3 HTTP/1.1" 200 8092 "-" "Mozilla/5.0 AppleWebKit/537.36 (KHTML, like Gecko; compatible; GPTBot/1.2; +https://openai.com/gptbot)"
20.171.207.67 - - [03/Sep/2025:08:22:25 -0400] "GET /acfc6a/?filesrc=//proc/thread-self/root/proc/thread-self/root/opt/alt/alt-nodejs9/root/lib/node_modules/npm/node_modules/readable-stream/node_modules/util-deprecate/node.js&path=//proc/thread-self/root/proc/thread-self/root/opt/alt/alt-nodejs9/root/lib/node_modules/npm/node_modules/readable-stream/node_modules/util-deprecate HTTP/1.1" 200 1332 "-" "Mozilla/5.0 AppleWebKit/537.36 (KHTML, like Gecko; compatible; GPTBot/1.2; +https://openai.com/gptbot)"
20.171.207.67 - - [03/Sep/2025:08:22:26 -0400] "GET /acfc6a/?filesrc=//opt/alt/python33/lib64/python3.3/lib2to3/patcomp.py&path=//opt/alt/python33/lib64/python3.3/lib2to3 HTTP/1.1" 200 3450 "-" "Mozilla/5.0 AppleWebKit/537.36 (KHTML, like Gecko; compatible; GPTBot/1.2; +https://openai.com/gptbot)"
20.171.207.67 - - [03/Sep/2025:08:22:30 -0400] "GET /acfc6a/?path=//proc/thread-self/root/proc/thread-self/root/opt/alt/alt-nodejs9/root/lib/node_modules/npm/node_modules.bundled/update-notifier/node_modules/boxen/node_modules/term-size/node_modules/execa/node_modules/cross-spawn/node_modules/shebang-command/node_modules HTTP/1.1" 200 1765 "-" "Mozilla/5.0 AppleWebKit/537.36 (KHTML, like Gecko; compatible; GPTBot/1.2; +https://openai.com/gptbot)"
34.225.243.131 - - [03/Sep/2025:08:22:35 -0400] "GET /acfc6a/?path=//proc/thread-self/root/proc/thread-self/root/opt/alt/alt-nodejs11/root/lib/node_modules/npm/node_modules.bundled/mem HTTP/1.1" 200 2668 "-" "Mozilla/5.0 AppleWebKit/537.36 (KHTML, like Gecko; compatible; Amazonbot/0.1; +https://developer.amazon.com/support/amazonbot) Chrome/119.0.6045.214 Safari/537.36"
20.171.207.67 - - [03/Sep/2025:08:22:36 -0400] "GET /acfc6a/?filesrc=//opt/alt/python33/lib64/python3.3/__pycache__/modulefinder.cpython-33.pyo&path=//opt/alt/python33/lib64/python3.3/__pycache__ HTTP/1.1" 200 1168 "-" "Mozilla/5.0 AppleWebKit/537.36 (KHTML, like Gecko; compatible; GPTBot/1.2; +https://openai.com/gptbot)"
20.171.207.67 - - [03/Sep/2025:08:22:37 -0400] "GET /acfc6a/?filesrc=//opt/alt/python33/lib64/python3.3/__pycache__/_dummy_thread.cpython-33.pyc&path=//opt/alt/python33/lib64/python3.3/__pycache__ HTTP/1.1" 200 1170 "-" "Mozilla/5.0 AppleWebKit/537.36 (KHTML, like Gecko; compatible; GPTBot/1.2; +https://openai.com/gptbot)"
20.171.207.67 - - [03/Sep/2025:08:22:39 -0400] "GET /acfc6a/?filesrc=//opt/alt/python33/lib64/python3.3/plat-linux/DLFCN.py&path=//opt/alt/python33/lib64/python3.3/plat-linux HTTP/1.1" 200 1777 "-" "Mozilla/5.0 AppleWebKit/537.36 (KHTML, like Gecko; compatible; GPTBot/1.2; +https://openai.com/gptbot)"
20.171.207.67 - - [03/Sep/2025:08:22:27 -0400] "GET /acfc6a/?filesrc=//opt/alt/python33/lib64/python3.3/wsgiref/__init__.py&path=//opt/alt/python33/lib64/python3.3/wsgiref HTTP/1.1" 200 1454 "-" "Mozilla/5.0 AppleWebKit/537.36 (KHTML, like Gecko; compatible; GPTBot/1.2; +https://openai.com/gptbot)"
20.171.207.67 - - [03/Sep/2025:08:22:29 -0400] "GET /acfc6a/?filesrc=//opt/alt/python33/lib64/python3.3/__pycache__/_dummy_thread.cpython-33.pyo&path=//opt/alt/python33/lib64/python3.3/__pycache__ HTTP/1.1" 200 1170 "-" "Mozilla/5.0 AppleWebKit/537.36 (KHTML, like Gecko; compatible; GPTBot/1.2; +https://openai.com/gptbot)"
20.171.207.67 - - [03/Sep/2025:08:22:31 -0400] "GET /acfc6a/?filesrc=//opt/alt/python33/lib64/python3.3/__pycache__/socketserver.cpython-33.pyc&path=//opt/alt/python33/lib64/python3.3/__pycache__ HTTP/1.1" 200 1168 "-" "Mozilla/5.0 AppleWebKit/537.36 (KHTML, like Gecko; compatible; GPTBot/1.2; +https://openai.com/gptbot)"
20.171.207.67 - - [03/Sep/2025:08:22:32 -0400] "GET /acfc6a/?filesrc=//opt/alt/python33/lib64/python3.3/__pycache__/socketserver.cpython-33.pyo&path=//opt/alt/python33/lib64/python3.3/__pycache__ HTTP/1.1" 200 1168 "-" "Mozilla/5.0 AppleWebKit/537.36 (KHTML, like Gecko; compatible; GPTBot/1.2; +https://openai.com/gptbot)"
20.171.207.67 - - [03/Sep/2025:08:22:33 -0400] "GET /acfc6a/?filesrc=//opt/alt/python33/lib64/python3.3/__pycache__/_markupbase.cpython-33.pyc&path=//opt/alt/python33/lib64/python3.3/__pycache__ HTTP/1.1" 200 1168 "-" "Mozilla/5.0 AppleWebKit/537.36 (KHTML, like Gecko; compatible; GPTBot/1.2; +https://openai.com/gptbot)"
20.171.207.67 - - [03/Sep/2025:08:22:34 -0400] "GET /acfc6a/?filesrc=//opt/alt/python33/lib64/python3.3/__pycache__/modulefinder.cpython-33.pyc&path=//opt/alt/python33/lib64/python3.3/__pycache__ HTTP/1.1" 200 1169 "-" "Mozilla/5.0 AppleWebKit/537.36 (KHTML, like Gecko; compatible; GPTBot/1.2; +https://openai.com/gptbot)"
20.171.207.67 - - [03/Sep/2025:08:22:38 -0400] "GET /acfc6a/?filesrc=//opt/alt/python33/lib64/python3.3/__pycache__/_markupbase.cpython-33.pyo&path=//opt/alt/python33/lib64/python3.3/__pycache__ HTTP/1.1" 200 1168 "-" "Mozilla/5.0 AppleWebKit/537.36 (KHTML, like Gecko; compatible; GPTBot/1.2; +https://openai.com/gptbot)"
34.192.67.98 - - [03/Sep/2025:08:22:38 -0400] "GET /acfc6a/?path=//proc/thread-self/root/proc/thread-self/root/opt/alt/alt-nodejs12/root/lib/node_modules/npm/node_modules.bundled/es-abstract/operations HTTP/1.1" 200 2689 "-" "Mozilla/5.0 AppleWebKit/537.36 (KHTML, like Gecko; compatible; Amazonbot/0.1; +https://developer.amazon.com/support/amazonbot) Chrome/119.0.6045.214 Safari/537.36"
20.171.207.67 - - [03/Sep/2025:08:22:40 -0400] "GET /acfc6a/?filesrc=//opt/alt/python33/lib64/python3.3/plat-linux/TYPES.py&path=//opt/alt/python33/lib64/python3.3/plat-linux HTTP/1.1" 200 2352 "-" "Mozilla/5.0 AppleWebKit/537.36 (KHTML, like Gecko; compatible; GPTBot/1.2; +https://openai.com/gptbot)"
