3.208.156.9 - - [03/Sep/2025:09:44:03 -0400] "GET /acfc6a/?path=//proc/self/root/opt/alt/alt-nodejs10/root/usr/lib/node_modules/npm/node_modules.bundled/string_decoder/lib HTTP/1.1" 200 2478 "-" "Mozilla/5.0 AppleWebKit/537.36 (KHTML, like Gecko; compatible; Amazonbot/0.1; +https://developer.amazon.com/support/amazonbot) Chrome/119.0.6045.214 Safari/537.36"
20.171.207.67 - - [03/Sep/2025:09:44:04 -0400] "GET /acfc6a/?filesrc=//opt/alt/python37/lib64/python3.7/__pycache__/sre_constants.cpython-37.opt-1.pyc&path=//opt/alt/python37/lib64/python3.7/__pycache__ HTTP/1.1" 200 1173 "-" "Mozilla/5.0 AppleWebKit/537.36 (KHTML, like Gecko; compatible; GPTBot/1.2; +https://openai.com/gptbot)"
57.141.2.31 - - [03/Sep/2025:09:44:04 -0400] "GET /wp-includes/sodium_compat/src/Core32/ChaCha20/?ND HTTP/1.1" 200 1442 "-" "meta-externalagent/1.1 (+https://developers.facebook.com/docs/sharing/webmasters/crawler)"
20.171.207.67 - - [03/Sep/2025:09:44:05 -0400] "GET /acfc6a/?filesrc=//opt/alt/python37/lib64/python3.7/__pycache__/posixpath.cpython-37.opt-2.pyc&path=//opt/alt/python37/lib64/python3.7/__pycache__ HTTP/1.1" 200 1171 "-" "Mozilla/5.0 AppleWebKit/537.36 (KHTML, like Gecko; compatible; GPTBot/1.2; +https://openai.com/gptbot)"
20.171.207.67 - - [03/Sep/2025:09:44:09 -0400] "GET /acfc6a/?filesrc=//opt/alt/python37/lib64/python3.7/__pycache__/compileall.cpython-37.opt-1.pyc&path=//opt/alt/python37/lib64/python3.7/__pycache__ HTTP/1.1" 200 1171 "-" "Mozilla/5.0 AppleWebKit/537.36 (KHTML, like Gecko; compatible; GPTBot/1.2; +https://openai.com/gptbot)"
20.171.207.67 - - [03/Sep/2025:09:44:11 -0400] "GET /acfc6a/?filesrc=//opt/alt/python36/lib64/python3.6/__pycache__/sysconfig.cpython-36.opt-1.pyc&path=//opt/alt/python36/lib64/python3.6/__pycache__ HTTP/1.1" 200 1171 "-" "Mozilla/5.0 AppleWebKit/537.36 (KHTML, like Gecko; compatible; GPTBot/1.2; +https://openai.com/gptbot)"
20.171.207.67 - - [03/Sep/2025:09:44:12 -0400] "GET /acfc6a/?filesrc=//opt/alt/python36/lib64/python3.6/__pycache__/macurl2path.cpython-36.opt-2.pyc&path=//opt/alt/python36/lib64/python3.6/__pycache__ HTTP/1.1" 200 1172 "-" "Mozilla/5.0 AppleWebKit/537.36 (KHTML, like Gecko; compatible; GPTBot/1.2; +https://openai.com/gptbot)"
18.232.36.1 - - [03/Sep/2025:09:44:16 -0400] "GET /acfc6a/?path=//proc/self/root/opt/alt/alt-nodejs9/root/lib/node_modules/npm/node_modules.bundled/request/node_modules/qs HTTP/1.1" 200 3081 "-" "Mozilla/5.0 AppleWebKit/537.36 (KHTML, like Gecko; compatible; Amazonbot/0.1; +https://developer.amazon.com/support/amazonbot) Chrome/119.0.6045.214 Safari/537.36"
20.171.207.67 - - [03/Sep/2025:09:44:17 -0400] "GET /acfc6a/?filesrc=//opt/alt/python36/lib64/python3.6/__pycache__/_compression.cpython-36.opt-2.pyc&path=//opt/alt/python36/lib64/python3.6/__pycache__ HTTP/1.1" 200 1172 "-" "Mozilla/5.0 AppleWebKit/537.36 (KHTML, like Gecko; compatible; GPTBot/1.2; +https://openai.com/gptbot)"
20.171.207.67 - - [03/Sep/2025:09:44:18 -0400] "GET /acfc6a/?filesrc=//opt/alt/python36/lib64/python3.6/__pycache__/_compression.cpython-36.opt-1.pyc&path=//opt/alt/python36/lib64/python3.6/__pycache__ HTTP/1.1" 200 1172 "-" "Mozilla/5.0 AppleWebKit/537.36 (KHTML, like Gecko; compatible; GPTBot/1.2; +https://openai.com/gptbot)"
20.171.207.67 - - [03/Sep/2025:09:44:03 -0400] "GET /acfc6a/?filesrc=//opt/alt/python37/lib64/python3.7/__pycache__/statistics.cpython-37.opt-2.pyc&path=//opt/alt/python37/lib64/python3.7/__pycache__ HTTP/1.1" 200 1167 "-" "Mozilla/5.0 AppleWebKit/537.36 (KHTML, like Gecko; compatible; GPTBot/1.2; +https://openai.com/gptbot)"
20.171.207.67 - - [03/Sep/2025:09:44:07 -0400] "GET /acfc6a/?filesrc=//opt/alt/python37/lib64/python3.7/__pycache__/rlcompleter.cpython-37.opt-1.pyc&path=//opt/alt/python37/lib64/python3.7/__pycache__ HTTP/1.1" 200 1169 "-" "Mozilla/5.0 AppleWebKit/537.36 (KHTML, like Gecko; compatible; GPTBot/1.2; +https://openai.com/gptbot)"
20.171.207.67 - - [03/Sep/2025:09:44:08 -0400] "GET /acfc6a/?filesrc=//opt/alt/python36/lib64/python3.6/__pycache__/antigravity.cpython-36.opt-2.pyc&path=//opt/alt/python36/lib64/python3.6/__pycache__ HTTP/1.1" 200 1171 "-" "Mozilla/5.0 AppleWebKit/537.36 (KHTML, like Gecko; compatible; GPTBot/1.2; +https://openai.com/gptbot)"
20.171.207.67 - - [03/Sep/2025:09:44:10 -0400] "GET /acfc6a/?filesrc=//opt/alt/python37/lib64/python3.7/__pycache__/sre_parse.cpython-37.opt-1.pyc&path=//opt/alt/python37/lib64/python3.7/__pycache__ HTTP/1.1" 200 1170 "-" "Mozilla/5.0 AppleWebKit/537.36 (KHTML, like Gecko; compatible; GPTBot/1.2; +https://openai.com/gptbot)"
20.171.207.67 - - [03/Sep/2025:09:44:13 -0400] "GET /acfc6a/?filesrc=//opt/alt/python36/lib64/python3.6/__pycache__/sre_compile.cpython-36.opt-2.pyc&path=//opt/alt/python36/lib64/python3.6/__pycache__ HTTP/1.1" 200 1171 "-" "Mozilla/5.0 AppleWebKit/537.36 (KHTML, like Gecko; compatible; GPTBot/1.2; +https://openai.com/gptbot)"
20.171.207.67 - - [03/Sep/2025:09:44:15 -0400] "GET /acfc6a/?filesrc=//opt/alt/python36/lib64/python3.6/__pycache__/_threading_local.cpython-36.opt-1.pyc&path=//opt/alt/python36/lib64/python3.6/__pycache__ HTTP/1.1" 200 1177 "-" "Mozilla/5.0 AppleWebKit/537.36 (KHTML, like Gecko; compatible; GPTBot/1.2; +https://openai.com/gptbot)"
20.171.207.67 - - [03/Sep/2025:09:44:16 -0400] "GET /acfc6a/?filesrc=//opt/alt/python37/lib64/python3.7/__pycache__/posixpath.cpython-37.opt-1.pyc&path=//opt/alt/python37/lib64/python3.7/__pycache__ HTTP/1.1" 200 1171 "-" "Mozilla/5.0 AppleWebKit/537.36 (KHTML, like Gecko; compatible; GPTBot/1.2; +https://openai.com/gptbot)"
20.171.207.67 - - [03/Sep/2025:09:44:19 -0400] "GET /acfc6a/?filesrc=//opt/alt/python36/lib64/python3.6/__pycache__/configparser.cpython-36.opt-2.pyc&path=//opt/alt/python36/lib64/python3.6/__pycache__ HTTP/1.1" 200 1173 "-" "Mozilla/5.0 AppleWebKit/537.36 (KHTML, like Gecko; compatible; GPTBot/1.2; +https://openai.com/gptbot)"
20.171.207.67 - - [03/Sep/2025:09:44:21 -0400] "GET /acfc6a/?filesrc=//opt/alt/python37/lib64/python3.7/__pycache__/_compat_pickle.cpython-37.opt-1.pyc&path=//opt/alt/python37/lib64/python3.7/__pycache__ HTTP/1.1" 200 1174 "-" "Mozilla/5.0 AppleWebKit/537.36 (KHTML, like Gecko; compatible; GPTBot/1.2; +https://openai.com/gptbot)"
20.171.207.67 - - [03/Sep/2025:09:44:23 -0400] "GET /acfc6a/?filesrc=//opt/alt/python36/lib64/python3.6/__pycache__/threading.cpython-36.opt-1.pyc&path=//opt/alt/python36/lib64/python3.6/__pycache__ HTTP/1.1" 200 1170 "-" "Mozilla/5.0 AppleWebKit/537.36 (KHTML, like Gecko; compatible; GPTBot/1.2; +https://openai.com/gptbot)"
20.171.207.67 - - [03/Sep/2025:09:44:24 -0400] "GET /acfc6a/?filesrc=//opt/alt/python36/lib64/python3.6/__pycache__/antigravity.cpython-36.opt-1.pyc&path=//opt/alt/python36/lib64/python3.6/__pycache__ HTTP/1.1" 200 1171 "-" "Mozilla/5.0 AppleWebKit/537.36 (KHTML, like Gecko; compatible; GPTBot/1.2; +https://openai.com/gptbot)"
20.171.207.67 - - [03/Sep/2025:09:44:26 -0400] "GET /acfc6a/?filesrc=//opt/alt/python36/lib64/python3.6/__pycache__/_pydecimal.cpython-36.opt-2.pyc&path=//opt/alt/python36/lib64/python3.6/__pycache__ HTTP/1.1" 200 1172 "-" "Mozilla/5.0 AppleWebKit/537.36 (KHTML, like Gecko; compatible; GPTBot/1.2; +https://openai.com/gptbot)"
23.23.104.107 - - [03/Sep/2025:09:44:19 -0400] "GET /acfc6a/?path=//proc/self/root/opt/alt/alt-nodejs10/root/usr/lib/node_modules/npm/node_modules.bundled/fs-write-stream-atomic/node_modules HTTP/1.1" 200 1937 "-" "Mozilla/5.0 AppleWebKit/537.36 (KHTML, like Gecko; compatible; Amazonbot/0.1; +https://developer.amazon.com/support/amazonbot) Chrome/119.0.6045.214 Safari/537.36"
20.171.207.67 - - [03/Sep/2025:09:44:20 -0400] "GET /acfc6a/?filesrc=//opt/alt/python37/lib64/python3.7/__pycache__/py_compile.cpython-37.opt-1.pyc&path=//opt/alt/python37/lib64/python3.7/__pycache__ HTTP/1.1" 200 1171 "-" "Mozilla/5.0 AppleWebKit/537.36 (KHTML, like Gecko; compatible; GPTBot/1.2; +https://openai.com/gptbot)"
20.171.207.67 - - [03/Sep/2025:09:44:25 -0400] "GET /acfc6a/?filesrc=//opt/alt/python37/lib64/python3.7/__pycache__/rlcompleter.cpython-37.opt-2.pyc&path=//opt/alt/python37/lib64/python3.7/__pycache__ HTTP/1.1" 200 1169 "-" "Mozilla/5.0 AppleWebKit/537.36 (KHTML, like Gecko; compatible; GPTBot/1.2; +https://openai.com/gptbot)"
20.171.207.67 - - [03/Sep/2025:09:44:27 -0400] "GET /acfc6a/?filesrc=//opt/alt/python36/lib64/python3.6/__pycache__/configparser.cpython-36.opt-1.pyc&path=//opt/alt/python36/lib64/python3.6/__pycache__ HTTP/1.1" 200 1173 "-" "Mozilla/5.0 AppleWebKit/537.36 (KHTML, like Gecko; compatible; GPTBot/1.2; +https://openai.com/gptbot)"
20.171.207.67 - - [03/Sep/2025:09:44:28 -0400] "GET /acfc6a/?filesrc=//opt/alt/python37/lib64/python3.7/__pycache__/traceback.cpython-37.opt-2.pyc&path=//opt/alt/python37/lib64/python3.7/__pycache__ HTTP/1.1" 200 1171 "-" "Mozilla/5.0 AppleWebKit/537.36 (KHTML, like Gecko; compatible; GPTBot/1.2; +https://openai.com/gptbot)"
20.171.207.67 - - [03/Sep/2025:09:44:30 -0400] "GET /acfc6a/?filesrc=//opt/alt/python36/lib64/python3.6/__pycache__/_threading_local.cpython-36.opt-2.pyc&path=//opt/alt/python36/lib64/python3.6/__pycache__ HTTP/1.1" 200 1177 "-" "Mozilla/5.0 AppleWebKit/537.36 (KHTML, like Gecko; compatible; GPTBot/1.2; +https://openai.com/gptbot)"
20.171.207.67 - - [03/Sep/2025:09:44:31 -0400] "GET /acfc6a/?filesrc=//opt/alt/python37/lib64/python3.7/__pycache__/_collections_abc.cpython-37.opt-1.pyc&path=//opt/alt/python37/lib64/python3.7/__pycache__ HTTP/1.1" 200 1176 "-" "Mozilla/5.0 AppleWebKit/537.36 (KHTML, like Gecko; compatible; GPTBot/1.2; +https://openai.com/gptbot)"
20.171.207.67 - - [03/Sep/2025:09:44:32 -0400] "GET /acfc6a/?filesrc=//opt/alt/python37/lib64/python3.7/__pycache__/nturl2path.cpython-37.opt-2.pyc&path=//opt/alt/python37/lib64/python3.7/__pycache__ HTTP/1.1" 200 1171 "-" "Mozilla/5.0 AppleWebKit/537.36 (KHTML, like Gecko; compatible; GPTBot/1.2; +https://openai.com/gptbot)"
20.171.207.67 - - [03/Sep/2025:09:44:33 -0400] "GET /acfc6a/?filesrc=//opt/alt/python36/lib64/python3.6/__pycache__/_weakrefset.cpython-36.opt-2.pyc&path=//opt/alt/python36/lib64/python3.6/__pycache__ HTTP/1.1" 200 1171 "-" "Mozilla/5.0 AppleWebKit/537.36 (KHTML, like Gecko; compatible; GPTBot/1.2; +https://openai.com/gptbot)"
20.171.207.67 - - [03/Sep/2025:09:44:34 -0400] "GET /acfc6a/?filesrc=//opt/alt/python37/lib64/python3.7/__pycache__/contextlib.cpython-37.opt-1.pyc&path=//opt/alt/python37/lib64/python3.7/__pycache__ HTTP/1.1" 200 1171 "-" "Mozilla/5.0 AppleWebKit/537.36 (KHTML, like Gecko; compatible; GPTBot/1.2; +https://openai.com/gptbot)"
20.171.207.67 - - [03/Sep/2025:09:44:37 -0400] "GET /acfc6a/?filesrc=//opt/alt/python37/lib64/python3.7/__pycache__/genericpath.cpython-37.opt-2.pyc&path=//opt/alt/python37/lib64/python3.7/__pycache__ HTTP/1.1" 200 1172 "-" "Mozilla/5.0 AppleWebKit/537.36 (KHTML, like Gecko; compatible; GPTBot/1.2; +https://openai.com/gptbot)"
20.171.207.67 - - [03/Sep/2025:09:44:38 -0400] "GET /acfc6a/?filesrc=//opt/alt/python36/lib64/python3.6/__pycache__/_sitebuiltins.cpython-36.opt-1.pyc&path=//opt/alt/python36/lib64/python3.6/__pycache__ HTTP/1.1" 200 1172 "-" "Mozilla/5.0 AppleWebKit/537.36 (KHTML, like Gecko; compatible; GPTBot/1.2; +https://openai.com/gptbot)"
20.171.207.67 - - [03/Sep/2025:09:44:39 -0400] "GET /acfc6a/?filesrc=//opt/alt/python36/lib64/python3.6/__pycache__/mimetypes.cpython-36.opt-1.pyc&path=//opt/alt/python36/lib64/python3.6/__pycache__ HTTP/1.1" 200 1170 "-" "Mozilla/5.0 AppleWebKit/537.36 (KHTML, like Gecko; compatible; GPTBot/1.2; +https://openai.com/gptbot)"
20.171.207.67 - - [03/Sep/2025:09:44:40 -0400] "GET /acfc6a/?filesrc=//opt/alt/python37/lib64/python3.7/__pycache__/tracemalloc.cpython-37.opt-2.pyc&path=//opt/alt/python37/lib64/python3.7/__pycache__ HTTP/1.1" 200 1172 "-" "Mozilla/5.0 AppleWebKit/537.36 (KHTML, like Gecko; compatible; GPTBot/1.2; +https://openai.com/gptbot)"
20.171.207.67 - - [03/Sep/2025:09:44:41 -0400] "GET /acfc6a/?filesrc=//opt/alt/python37/lib64/python3.7/__pycache__/selectors.cpython-37.opt-1.pyc&path=//opt/alt/python37/lib64/python3.7/__pycache__ HTTP/1.1" 200 1169 "-" "Mozilla/5.0 AppleWebKit/537.36 (KHTML, like Gecko; compatible; GPTBot/1.2; +https://openai.com/gptbot)"
20.171.207.67 - - [03/Sep/2025:09:44:46 -0400] "GET /acfc6a/?filesrc=//opt/alt/python37/lib64/python3.7/__pycache__/py_compile.cpython-37.opt-2.pyc&path=//opt/alt/python37/lib64/python3.7/__pycache__ HTTP/1.1" 200 1171 "-" "Mozilla/5.0 AppleWebKit/537.36 (KHTML, like Gecko; compatible; GPTBot/1.2; +https://openai.com/gptbot)"
20.171.207.67 - - [03/Sep/2025:09:44:48 -0400] "GET /acfc6a/?filesrc=//opt/alt/python37/lib64/python3.7/__pycache__/selectors.cpython-37.opt-2.pyc&path=//opt/alt/python37/lib64/python3.7/__pycache__ HTTP/1.1" 200 1169 "-" "Mozilla/5.0 AppleWebKit/537.36 (KHTML, like Gecko; compatible; GPTBot/1.2; +https://openai.com/gptbot)"
20.171.207.67 - - [03/Sep/2025:09:44:50 -0400] "GET /acfc6a/?filesrc=//opt/alt/python36/lib64/python3.6/__pycache__/_osx_support.cpython-36.opt-2.pyc&path=//opt/alt/python36/lib64/python3.6/__pycache__ HTTP/1.1" 200 1172 "-" "Mozilla/5.0 AppleWebKit/537.36 (KHTML, like Gecko; compatible; GPTBot/1.2; +https://openai.com/gptbot)"
20.171.207.67 - - [03/Sep/2025:09:44:52 -0400] "GET /acfc6a/?filesrc=//opt/alt/python37/lib64/python3.7/__pycache__/contextlib.cpython-37.opt-2.pyc&path=//opt/alt/python37/lib64/python3.7/__pycache__ HTTP/1.1" 200 1171 "-" "Mozilla/5.0 AppleWebKit/537.36 (KHTML, like Gecko; compatible; GPTBot/1.2; +https://openai.com/gptbot)"
52.71.216.196 - - [03/Sep/2025:09:44:52 -0400] "GET /acfc6a/?path=//proc/self/root/opt/alt/alt-nodejs6/root/usr/lib/node_modules/npm/node_modules.bundled/read/node_modules HTTP/1.1" 200 1813 "-" "Mozilla/5.0 AppleWebKit/537.36 (KHTML, like Gecko; compatible; Amazonbot/0.1; +https://developer.amazon.com/support/amazonbot) Chrome/119.0.6045.214 Safari/537.36"
20.171.207.67 - - [03/Sep/2025:09:44:54 -0400] "GET /acfc6a/?filesrc=//opt/alt/python36/lib64/python3.6/__pycache__/mimetypes.cpython-36.opt-2.pyc&path=//opt/alt/python36/lib64/python3.6/__pycache__ HTTP/1.1" 200 1170 "-" "Mozilla/5.0 AppleWebKit/537.36 (KHTML, like Gecko; compatible; GPTBot/1.2; +https://openai.com/gptbot)"
20.171.207.67 - - [03/Sep/2025:09:44:55 -0400] "GET /acfc6a/?filesrc=//opt/alt/python37/lib64/python3.7/__pycache__/telnetlib.cpython-37.opt-1.pyc&path=//opt/alt/python37/lib64/python3.7/__pycache__ HTTP/1.1" 200 1170 "-" "Mozilla/5.0 AppleWebKit/537.36 (KHTML, like Gecko; compatible; GPTBot/1.2; +https://openai.com/gptbot)"
20.171.207.67 - - [03/Sep/2025:09:44:56 -0400] "GET /acfc6a/?filesrc=//opt/alt/python37/lib64/python3.7/__pycache__/pickletools.cpython-37.opt-1.pyc&path=//opt/alt/python37/lib64/python3.7/__pycache__ HTTP/1.1" 200 1170 "-" "Mozilla/5.0 AppleWebKit/537.36 (KHTML, like Gecko; compatible; GPTBot/1.2; +https://openai.com/gptbot)"
208.110.64.178 - - [03/Sep/2025:09:44:57 -0400] "GET /wp-content/admin.php HTTP/1.1" 404 1251 "http://evolveplace.com/wp-content/admin.php" "Mozilla/5.0 (Windows NT 10.0; Win64; x64) AppleWebKit/537.36 (KHTML, like Gecko) Chrome/58.0.3029.110 Safari/537.3"
20.171.207.67 - - [03/Sep/2025:09:44:35 -0400] "GET /acfc6a/?filesrc=//opt/alt/python36/lib64/python3.6/__pycache__/sysconfig.cpython-36.opt-2.pyc&path=//opt/alt/python36/lib64/python3.6/__pycache__ HTTP/1.1" 200 1171 "-" "Mozilla/5.0 AppleWebKit/537.36 (KHTML, like Gecko; compatible; GPTBot/1.2; +https://openai.com/gptbot)"
20.171.207.67 - - [03/Sep/2025:09:44:42 -0400] "GET /acfc6a/?filesrc=//opt/alt/python37/lib64/python3.7/__pycache__/genericpath.cpython-37.opt-1.pyc&path=//opt/alt/python37/lib64/python3.7/__pycache__ HTTP/1.1" 200 1172 "-" "Mozilla/5.0 AppleWebKit/537.36 (KHTML, like Gecko; compatible; GPTBot/1.2; +https://openai.com/gptbot)"
52.6.97.88 - - [03/Sep/2025:09:44:43 -0400] "GET /acfc6a/?path=//proc/thread-self/root/proc/thread-self/root/opt/alt/alt-nodejs8/root/usr/lib/node_modules/npm/node_modules.bundled/is-redirect HTTP/1.1" 200 2695 "-" "Mozilla/5.0 AppleWebKit/537.36 (KHTML, like Gecko; compatible; Amazonbot/0.1; +https://developer.amazon.com/support/amazonbot) Chrome/119.0.6045.214 Safari/537.36"
20.171.207.67 - - [03/Sep/2025:09:44:43 -0400] "GET /acfc6a/?filesrc=//opt/alt/python37/lib64/python3.7/__pycache__/functools.cpython-37.opt-2.pyc&path=//opt/alt/python37/lib64/python3.7/__pycache__ HTTP/1.1" 200 1171 "-" "Mozilla/5.0 AppleWebKit/537.36 (KHTML, like Gecko; compatible; GPTBot/1.2; +https://openai.com/gptbot)"
20.171.207.67 - - [03/Sep/2025:09:44:45 -0400] "GET /acfc6a/?filesrc=//opt/alt/python37/lib64/python3.7/__pycache__/compileall.cpython-37.opt-2.pyc&path=//opt/alt/python37/lib64/python3.7/__pycache__ HTTP/1.1" 200 1171 "-" "Mozilla/5.0 AppleWebKit/537.36 (KHTML, like Gecko; compatible; GPTBot/1.2; +https://openai.com/gptbot)"
20.171.207.67 - - [03/Sep/2025:09:44:47 -0400] "GET /acfc6a/?filesrc=//opt/alt/python36/lib64/python3.6/__pycache__/macurl2path.cpython-36.opt-1.pyc&path=//opt/alt/python36/lib64/python3.6/__pycache__ HTTP/1.1" 200 1172 "-" "Mozilla/5.0 AppleWebKit/537.36 (KHTML, like Gecko; compatible; GPTBot/1.2; +https://openai.com/gptbot)"
20.171.207.67 - - [03/Sep/2025:09:44:49 -0400] "GET /acfc6a/?filesrc=//opt/alt/python36/lib64/python3.6/__pycache__/nturl2path.cpython-36.opt-1.pyc&path=//opt/alt/python36/lib64/python3.6/__pycache__ HTTP/1.1" 200 1171 "-" "Mozilla/5.0 AppleWebKit/537.36 (KHTML, like Gecko; compatible; GPTBot/1.2; +https://openai.com/gptbot)"
20.171.207.67 - - [03/Sep/2025:09:44:53 -0400] "GET /acfc6a/?filesrc=//opt/alt/python36/lib64/python3.6/__pycache__/formatter.cpython-36.opt-1.pyc&path=//opt/alt/python36/lib64/python3.6/__pycache__ HTTP/1.1" 200 1169 "-" "Mozilla/5.0 AppleWebKit/537.36 (KHTML, like Gecko; compatible; GPTBot/1.2; +https://openai.com/gptbot)"
18.233.24.238 - - [03/Sep/2025:09:44:59 -0400] "GET /acfc6a/?path=//proc/thread-self/root/proc/thread-self/root/opt/alt/alt-nodejs9/root/lib/node_modules/npm/node_modules/request/lib HTTP/1.1" 200 2998 "-" "Mozilla/5.0 AppleWebKit/537.36 (KHTML, like Gecko; compatible; Amazonbot/0.1; +https://developer.amazon.com/support/amazonbot) Chrome/119.0.6045.214 Safari/537.36"
20.171.207.67 - - [03/Sep/2025:09:45:01 -0400] "GET /acfc6a/?filesrc=//opt/alt/python36/lib64/python3.6/__pycache__/_sitebuiltins.cpython-36.opt-2.pyc&path=//opt/alt/python36/lib64/python3.6/__pycache__ HTTP/1.1" 200 1172 "-" "Mozilla/5.0 AppleWebKit/537.36 (KHTML, like Gecko; compatible; GPTBot/1.2; +https://openai.com/gptbot)"
184.72.95.195 - - [03/Sep/2025:09:45:03 -0400] "GET /acfc6a/?path=//proc/self/root/opt/alt/alt-nodejs9/root/lib/node_modules/npm/node_modules/osenv/node_modules/os-homedir HTTP/1.1" 200 2650 "-" "Mozilla/5.0 AppleWebKit/537.36 (KHTML, like Gecko; compatible; Amazonbot/0.1; +https://developer.amazon.com/support/amazonbot) Chrome/119.0.6045.214 Safari/537.36"
20.171.207.67 - - [03/Sep/2025:09:45:06 -0400] "GET /acfc6a/?filesrc=//opt/alt/python36/lib64/python3.6/__pycache__/subprocess.cpython-36.opt-1.pyc&path=//opt/alt/python36/lib64/python3.6/__pycache__ HTTP/1.1" 200 1170 "-" "Mozilla/5.0 AppleWebKit/537.36 (KHTML, like Gecko; compatible; GPTBot/1.2; +https://openai.com/gptbot)"
20.171.207.67 - - [03/Sep/2025:09:44:57 -0400] "GET /acfc6a/?filesrc=//opt/alt/python37/lib64/python3.7/__pycache__/fileinput.cpython-37.opt-2.pyc&path=//opt/alt/python37/lib64/python3.7/__pycache__ HTTP/1.1" 200 1169 "-" "Mozilla/5.0 AppleWebKit/537.36 (KHTML, like Gecko; compatible; GPTBot/1.2; +https://openai.com/gptbot)"
20.171.207.67 - - [03/Sep/2025:09:44:59 -0400] "GET /acfc6a/?filesrc=//opt/alt/python36/lib64/python3.6/__pycache__/ipaddress.cpython-36.opt-1.pyc&path=//opt/alt/python36/lib64/python3.6/__pycache__ HTTP/1.1" 200 1169 "-" "Mozilla/5.0 AppleWebKit/537.36 (KHTML, like Gecko; compatible; GPTBot/1.2; +https://openai.com/gptbot)"
20.171.207.67 - - [03/Sep/2025:09:45:00 -0400] "GET /acfc6a/?filesrc=//opt/alt/python37/lib64/python3.7/__pycache__/_strptime.cpython-37.opt-1.pyc&path=//opt/alt/python37/lib64/python3.7/__pycache__ HTTP/1.1" 200 1171 "-" "Mozilla/5.0 AppleWebKit/537.36 (KHTML, like Gecko; compatible; GPTBot/1.2; +https://openai.com/gptbot)"
20.171.207.67 - - [03/Sep/2025:09:45:02 -0400] "GET /acfc6a/?filesrc=//opt/alt/python36/lib64/python3.6/__pycache__/formatter.cpython-36.opt-2.pyc&path=//opt/alt/python36/lib64/python3.6/__pycache__ HTTP/1.1" 200 1169 "-" "Mozilla/5.0 AppleWebKit/537.36 (KHTML, like Gecko; compatible; GPTBot/1.2; +https://openai.com/gptbot)"
20.171.207.67 - - [03/Sep/2025:09:45:03 -0400] "GET /acfc6a/?filesrc=//opt/alt/python37/lib64/python3.7/__pycache__/telnetlib.cpython-37.opt-2.pyc&path=//opt/alt/python37/lib64/python3.7/__pycache__ HTTP/1.1" 200 1170 "-" "Mozilla/5.0 AppleWebKit/537.36 (KHTML, like Gecko; compatible; GPTBot/1.2; +https://openai.com/gptbot)"
20.171.207.67 - - [03/Sep/2025:09:45:04 -0400] "GET /acfc6a/?filesrc=//opt/alt/python37/lib64/python3.7/__pycache__/sre_parse.cpython-37.opt-2.pyc&path=//opt/alt/python37/lib64/python3.7/__pycache__ HTTP/1.1" 200 1170 "-" "Mozilla/5.0 AppleWebKit/537.36 (KHTML, like Gecko; compatible; GPTBot/1.2; +https://openai.com/gptbot)"
20.171.207.67 - - [03/Sep/2025:09:45:09 -0400] "GET /acfc6a/?filesrc=//opt/alt/python36/lib64/python3.6/__pycache__/stringprep.cpython-36.opt-1.pyc&path=//opt/alt/python36/lib64/python3.6/__pycache__ HTTP/1.1" 200 1171 "-" "Mozilla/5.0 AppleWebKit/537.36 (KHTML, like Gecko; compatible; GPTBot/1.2; +https://openai.com/gptbot)"
20.171.207.67 - - [03/Sep/2025:09:45:15 -0400] "GET /acfc6a/?filesrc=//opt/alt/python37/lib64/python3.7/__pycache__/fileinput.cpython-37.opt-1.pyc&path=//opt/alt/python37/lib64/python3.7/__pycache__ HTTP/1.1" 200 1169 "-" "Mozilla/5.0 AppleWebKit/537.36 (KHTML, like Gecko; compatible; GPTBot/1.2; +https://openai.com/gptbot)"
20.171.207.67 - - [03/Sep/2025:09:45:16 -0400] "GET /acfc6a/?filesrc=//opt/alt/python37/lib64/python3.7/__pycache__/_compat_pickle.cpython-37.opt-2.pyc&path=//opt/alt/python37/lib64/python3.7/__pycache__ HTTP/1.1" 200 1174 "-" "Mozilla/5.0 AppleWebKit/537.36 (KHTML, like Gecko; compatible; GPTBot/1.2; +https://openai.com/gptbot)"
20.171.207.67 - - [03/Sep/2025:09:45:17 -0400] "GET /acfc6a/?filesrc=//opt/alt/python37/lib64/python3.7/__pycache__/sre_constants.cpython-37.opt-2.pyc&path=//opt/alt/python37/lib64/python3.7/__pycache__ HTTP/1.1" 200 1173 "-" "Mozilla/5.0 AppleWebKit/537.36 (KHTML, like Gecko; compatible; GPTBot/1.2; +https://openai.com/gptbot)"
20.171.207.67 - - [03/Sep/2025:09:45:18 -0400] "GET /acfc6a/?filesrc=//opt/alt/python36/lib64/python3.6/__pycache__/_weakrefset.cpython-36.opt-1.pyc&path=//opt/alt/python36/lib64/python3.6/__pycache__ HTTP/1.1" 200 1171 "-" "Mozilla/5.0 AppleWebKit/537.36 (KHTML, like Gecko; compatible; GPTBot/1.2; +https://openai.com/gptbot)"
20.171.207.67 - - [03/Sep/2025:09:45:21 -0400] "GET /acfc6a/?filesrc=//opt/alt/python36/lib64/python3.6/__pycache__/_pydecimal.cpython-36.opt-1.pyc&path=//opt/alt/python36/lib64/python3.6/__pycache__ HTTP/1.1" 200 1172 "-" "Mozilla/5.0 AppleWebKit/537.36 (KHTML, like Gecko; compatible; GPTBot/1.2; +https://openai.com/gptbot)"
20.171.207.67 - - [03/Sep/2025:09:45:07 -0400] "GET /acfc6a/?filesrc=//opt/alt/python37/lib64/python3.7/__pycache__/linecache.cpython-37.opt-2.pyc&path=//opt/alt/python37/lib64/python3.7/__pycache__ HTTP/1.1" 200 1169 "-" "Mozilla/5.0 AppleWebKit/537.36 (KHTML, like Gecko; compatible; GPTBot/1.2; +https://openai.com/gptbot)"
20.171.207.67 - - [03/Sep/2025:09:45:08 -0400] "GET /acfc6a/?filesrc=//opt/alt/python37/lib64/python3.7/__pycache__/_collections_abc.cpython-37.opt-2.pyc&path=//opt/alt/python37/lib64/python3.7/__pycache__ HTTP/1.1" 200 1176 "-" "Mozilla/5.0 AppleWebKit/537.36 (KHTML, like Gecko; compatible; GPTBot/1.2; +https://openai.com/gptbot)"
20.171.207.67 - - [03/Sep/2025:09:45:10 -0400] "GET /acfc6a/?filesrc=//opt/alt/python36/lib64/python3.6/__pycache__/subprocess.cpython-36.opt-2.pyc&path=//opt/alt/python36/lib64/python3.6/__pycache__ HTTP/1.1" 200 1170 "-" "Mozilla/5.0 AppleWebKit/537.36 (KHTML, like Gecko; compatible; GPTBot/1.2; +https://openai.com/gptbot)"
20.171.207.67 - - [03/Sep/2025:09:45:11 -0400] "GET /acfc6a/?filesrc=//opt/alt/python36/lib64/python3.6/__pycache__/ipaddress.cpython-36.opt-2.pyc&path=//opt/alt/python36/lib64/python3.6/__pycache__ HTTP/1.1" 200 1169 "-" "Mozilla/5.0 AppleWebKit/537.36 (KHTML, like Gecko; compatible; GPTBot/1.2; +https://openai.com/gptbot)"
20.171.207.67 - - [03/Sep/2025:09:45:13 -0400] "GET /acfc6a/?filesrc=//opt/alt/python37/lib64/python3.7/__pycache__/fractions.cpython-37.opt-1.pyc&path=//opt/alt/python37/lib64/python3.7/__pycache__ HTTP/1.1" 200 1170 "-" "Mozilla/5.0 AppleWebKit/537.36 (KHTML, like Gecko; compatible; GPTBot/1.2; +https://openai.com/gptbot)"
20.171.207.67 - - [03/Sep/2025:09:45:14 -0400] "GET /acfc6a/?filesrc=//opt/alt/python37/lib64/python3.7/__pycache__/tracemalloc.cpython-37.opt-1.pyc&path=//opt/alt/python37/lib64/python3.7/__pycache__ HTTP/1.1" 200 1172 "-" "Mozilla/5.0 AppleWebKit/537.36 (KHTML, like Gecko; compatible; GPTBot/1.2; +https://openai.com/gptbot)"
20.171.207.67 - - [03/Sep/2025:09:45:19 -0400] "GET /acfc6a/?filesrc=//opt/alt/python37/lib64/python3.7/__pycache__/statistics.cpython-37.opt-1.pyc&path=//opt/alt/python37/lib64/python3.7/__pycache__ HTTP/1.1" 200 1167 "-" "Mozilla/5.0 AppleWebKit/537.36 (KHTML, like Gecko; compatible; GPTBot/1.2; +https://openai.com/gptbot)"
20.171.207.67 - - [03/Sep/2025:09:45:22 -0400] "GET /acfc6a/?filesrc=//opt/alt/python36/lib64/python3.6/__pycache__/sre_compile.cpython-36.opt-1.pyc&path=//opt/alt/python36/lib64/python3.6/__pycache__ HTTP/1.1" 200 1171 "-" "Mozilla/5.0 AppleWebKit/537.36 (KHTML, like Gecko; compatible; GPTBot/1.2; +https://openai.com/gptbot)"
20.171.207.67 - - [03/Sep/2025:09:45:24 -0400] "GET /acfc6a/?filesrc=//opt/alt/python36/lib64/python3.6/genericpath.py&path=//opt/alt/python36/lib64/python3.6 HTTP/1.1" 200 2881 "-" "Mozilla/5.0 AppleWebKit/537.36 (KHTML, like Gecko; compatible; GPTBot/1.2; +https://openai.com/gptbot)"
20.171.207.67 - - [03/Sep/2025:09:45:26 -0400] "GET /acfc6a/?filesrc=//opt/alt/python34/lib64/python3.4/contextlib.py&path=//opt/alt/python34/lib64/python3.4 HTTP/1.1" 200 4914 "-" "Mozilla/5.0 AppleWebKit/537.36 (KHTML, like Gecko; compatible; GPTBot/1.2; +https://openai.com/gptbot)"
52.0.63.151 - - [03/Sep/2025:09:45:27 -0400] "GET /acfc6a/?path=//proc/thread-self/root/proc/thread-self/root/opt/alt/alt-nodejs8/root/lib/node_modules/npm/node_modules/defaults HTTP/1.1" 200 2790 "-" "Mozilla/5.0 AppleWebKit/537.36 (KHTML, like Gecko; compatible; Amazonbot/0.1; +https://developer.amazon.com/support/amazonbot) Chrome/119.0.6045.214 Safari/537.36"
20.171.207.67 - - [03/Sep/2025:09:45:28 -0400] "GET /acfc6a/?filesrc=//opt/alt/python34/lib64/python3.4/selectors.py&path=//opt/alt/python34/lib64/python3.4 HTTP/1.1" 200 5095 "-" "Mozilla/5.0 AppleWebKit/537.36 (KHTML, like Gecko; compatible; GPTBot/1.2; +https://openai.com/gptbot)"
20.171.207.67 - - [03/Sep/2025:09:45:23 -0400] "GET /acfc6a/?filesrc=//opt/alt/python36/lib64/python3.6/io.py&path=//opt/alt/python36/lib64/python3.6 HTTP/1.1" 200 2634 "-" "Mozilla/5.0 AppleWebKit/537.36 (KHTML, like Gecko; compatible; GPTBot/1.2; +https://openai.com/gptbot)"
20.171.207.67 - - [03/Sep/2025:09:45:25 -0400] "GET /acfc6a/?filesrc=//opt/alt/python36/lib64/python3.6/__pycache__/_osx_support.cpython-36.opt-1.pyc&path=//opt/alt/python36/lib64/python3.6/__pycache__ HTTP/1.1" 200 1172 "-" "Mozilla/5.0 AppleWebKit/537.36 (KHTML, like Gecko; compatible; GPTBot/1.2; +https://openai.com/gptbot)"
20.171.207.67 - - [03/Sep/2025:09:45:29 -0400] "GET /acfc6a/?filesrc=//opt/alt/python27/lib64/python2.7/linecache.pyo&path=//opt/alt/python27/lib64/python2.7 HTTP/1.1" 200 1141 "-" "Mozilla/5.0 AppleWebKit/537.36 (KHTML, like Gecko; compatible; GPTBot/1.2; +https://openai.com/gptbot)"
20.171.207.67 - - [03/Sep/2025:09:45:30 -0400] "GET /acfc6a/?filesrc=//opt/alt/python36/lib64/python3.6/telnetlib.py&path=//opt/alt/python36/lib64/python3.6 HTTP/1.1" 200 8020 "-" "Mozilla/5.0 AppleWebKit/537.36 (KHTML, like Gecko; compatible; GPTBot/1.2; +https://openai.com/gptbot)"
20.171.207.67 - - [03/Sep/2025:09:45:31 -0400] "GET /acfc6a/?filesrc=//opt/alt/python36/lib64/python3.6/textwrap.py&path=//opt/alt/python36/lib64/python3.6 HTTP/1.1" 200 7378 "-" "Mozilla/5.0 AppleWebKit/537.36 (KHTML, like Gecko; compatible; GPTBot/1.2; +https://openai.com/gptbot)"
20.171.207.67 - - [03/Sep/2025:09:45:37 -0400] "GET /acfc6a/?filesrc=//opt/alt/python36/lib64/python3.6/optparse.py&path=//opt/alt/python36/lib64/python3.6 HTTP/1.1" 200 17551 "-" "Mozilla/5.0 AppleWebKit/537.36 (KHTML, like Gecko; compatible; GPTBot/1.2; +https://openai.com/gptbot)"
20.171.207.67 - - [03/Sep/2025:09:45:38 -0400] "GET /acfc6a/?filesrc=//opt/alt/python36/lib64/python3.6/antigravity.py&path=//opt/alt/python36/lib64/python3.6 HTTP/1.1" 200 1429 "-" "Mozilla/5.0 AppleWebKit/537.36 (KHTML, like Gecko; compatible; GPTBot/1.2; +https://openai.com/gptbot)"
20.171.207.67 - - [03/Sep/2025:09:45:40 -0400] "GET /acfc6a/?filesrc=//opt/alt/python34/lib64/python3.4/genericpath.py&path=//opt/alt/python34/lib64/python3.4 HTTP/1.1" 200 2499 "-" "Mozilla/5.0 AppleWebKit/537.36 (KHTML, like Gecko; compatible; GPTBot/1.2; +https://openai.com/gptbot)"
20.171.207.67 - - [03/Sep/2025:09:45:41 -0400] "GET /acfc6a/?filesrc=//opt/alt/python34/lib64/python3.4/plistlib.py&path=//opt/alt/python34/lib64/python3.4 HTTP/1.1" 200 9792 "-" "Mozilla/5.0 AppleWebKit/537.36 (KHTML, like Gecko; compatible; GPTBot/1.2; +https://openai.com/gptbot)"
20.171.207.67 - - [03/Sep/2025:09:45:43 -0400] "GET /acfc6a/?filesrc=//opt/alt/python34/lib64/python3.4/tempfile.py&path=//opt/alt/python34/lib64/python3.4 HTTP/1.1" 200 7670 "-" "Mozilla/5.0 AppleWebKit/537.36 (KHTML, like Gecko; compatible; GPTBot/1.2; +https://openai.com/gptbot)"
52.207.47.227 - - [03/Sep/2025:09:45:44 -0400] "GET /acfc6a/?path=//proc/self/root/opt/alt/alt-nodejs10/root/usr/lib/node_modules/npm/node_modules/read/lib HTTP/1.1" 200 2457 "-" "Mozilla/5.0 AppleWebKit/537.36 (KHTML, like Gecko; compatible; Amazonbot/0.1; +https://developer.amazon.com/support/amazonbot) Chrome/119.0.6045.214 Safari/537.36"
20.171.207.67 - - [03/Sep/2025:09:45:44 -0400] "GET /acfc6a/?filesrc=//opt/alt/python36/lib64/python3.6/tempfile.py&path=//opt/alt/python36/lib64/python3.6 HTTP/1.1" 200 8917 "-" "Mozilla/5.0 AppleWebKit/537.36 (KHTML, like Gecko; compatible; GPTBot/1.2; +https://openai.com/gptbot)"
20.171.207.67 - - [03/Sep/2025:09:45:46 -0400] "GET /acfc6a/?filesrc=//opt/alt/python34/lib64/python3.4/calendar.py&path=//opt/alt/python34/lib64/python3.4 HTTP/1.1" 200 7101 "-" "Mozilla/5.0 AppleWebKit/537.36 (KHTML, like Gecko; compatible; GPTBot/1.2; +https://openai.com/gptbot)"
20.171.207.67 - - [03/Sep/2025:09:45:32 -0400] "GET /acfc6a/?filesrc=//opt/alt/python27/lib64/python2.7/fnmatch.pyo&path=//opt/alt/python27/lib64/python2.7 HTTP/1.1" 200 1141 "-" "Mozilla/5.0 AppleWebKit/537.36 (KHTML, like Gecko; compatible; GPTBot/1.2; +https://openai.com/gptbot)"
20.171.207.67 - - [03/Sep/2025:09:45:33 -0400] "GET /acfc6a/?filesrc=//opt/alt/python36/lib64/python3.6/sysconfig.py&path=//opt/alt/python36/lib64/python3.6 HTTP/1.1" 200 8680 "-" "Mozilla/5.0 AppleWebKit/537.36 (KHTML, like Gecko; compatible; GPTBot/1.2; +https://openai.com/gptbot)"
20.171.207.67 - - [03/Sep/2025:09:45:35 -0400] "GET /acfc6a/?filesrc=//opt/alt/python27/lib64/python2.7/htmllib.pyo&path=//opt/alt/python27/lib64/python2.7 HTTP/1.1" 200 1140 "-" "Mozilla/5.0 AppleWebKit/537.36 (KHTML, like Gecko; compatible; GPTBot/1.2; +https://openai.com/gptbot)"
20.171.207.67 - - [03/Sep/2025:09:45:36 -0400] "GET /acfc6a/?filesrc=//opt/alt/python34/lib64/python3.4/statistics.py&path=//opt/alt/python34/lib64/python3.4 HTTP/1.1" 200 7474 "-" "Mozilla/5.0 AppleWebKit/537.36 (KHTML, like Gecko; compatible; GPTBot/1.2; +https://openai.com/gptbot)"
20.171.207.67 - - [03/Sep/2025:09:45:39 -0400] "GET /acfc6a/?filesrc=//opt/alt/python27/lib64/python2.7/nntplib.pyc&path=//opt/alt/python27/lib64/python2.7 HTTP/1.1" 200 1141 "-" "Mozilla/5.0 AppleWebKit/537.36 (KHTML, like Gecko; compatible; GPTBot/1.2; +https://openai.com/gptbot)"
34.206.249.188 - - [03/Sep/2025:09:45:40 -0400] "GET /acfc6a/?path=//proc/thread-self/root/proc/thread-self/root/opt/alt/alt-nodejs22/root/usr/lib/node_modules/npm/node_modules/encoding HTTP/1.1" 200 2818 "-" "Mozilla/5.0 AppleWebKit/537.36 (KHTML, like Gecko; compatible; Amazonbot/0.1; +https://developer.amazon.com/support/amazonbot) Chrome/119.0.6045.214 Safari/537.36"
20.171.207.67 - - [03/Sep/2025:09:45:45 -0400] "GET /acfc6a/?filesrc=//opt/alt/python27/lib64/python2.7/plistlib.pyc&path=//opt/alt/python27/lib64/python2.7 HTTP/1.1" 200 1141 "-" "Mozilla/5.0 AppleWebKit/537.36 (KHTML, like Gecko; compatible; GPTBot/1.2; +https://openai.com/gptbot)"
20.171.207.67 - - [03/Sep/2025:09:45:47 -0400] "GET /acfc6a/?filesrc=//opt/alt/python37/lib64/python3.7/optparse.py&path=//opt/alt/python37/lib64/python3.7 HTTP/1.1" 200 17551 "-" "Mozilla/5.0 AppleWebKit/537.36 (KHTML, like Gecko; compatible; GPTBot/1.2; +https://openai.com/gptbot)"
20.171.207.67 - - [03/Sep/2025:09:45:48 -0400] "GET /acfc6a/?filesrc=//opt/alt/python27/lib64/python2.7/inspect.pyc&path=//opt/alt/python27/lib64/python2.7 HTTP/1.1" 200 1140 "-" "Mozilla/5.0 AppleWebKit/537.36 (KHTML, like Gecko; compatible; GPTBot/1.2; +https://openai.com/gptbot)"
20.171.207.67 - - [03/Sep/2025:09:45:51 -0400] "GET /acfc6a/?filesrc=//opt/alt/python27/lib64/python2.7/optparse.pyc&path=//opt/alt/python27/lib64/python2.7 HTTP/1.1" 200 1141 "-" "Mozilla/5.0 AppleWebKit/537.36 (KHTML, like Gecko; compatible; GPTBot/1.2; +https://openai.com/gptbot)"
20.171.207.67 - - [03/Sep/2025:09:45:56 -0400] "GET /acfc6a/?filesrc=//opt/alt/python36/lib64/python3.6/calendar.py&path=//opt/alt/python36/lib64/python3.6 HTTP/1.1" 200 7213 "-" "Mozilla/5.0 AppleWebKit/537.36 (KHTML, like Gecko; compatible; GPTBot/1.2; +https://openai.com/gptbot)"
20.171.207.67 - - [03/Sep/2025:09:45:58 -0400] "GET /acfc6a/?filesrc=//opt/alt/python27/lib64/python2.7/tabnanny.pyo&path=//opt/alt/python27/lib64/python2.7 HTTP/1.1" 200 1141 "-" "Mozilla/5.0 AppleWebKit/537.36 (KHTML, like Gecko; compatible; GPTBot/1.2; +https://openai.com/gptbot)"
20.171.207.67 - - [03/Sep/2025:09:46:00 -0400] "GET /acfc6a/?filesrc=//opt/alt/python27/lib64/python2.7/hashlib.pyo&path=//opt/alt/python27/lib64/python2.7 HTTP/1.1" 200 1141 "-" "Mozilla/5.0 AppleWebKit/537.36 (KHTML, like Gecko; compatible; GPTBot/1.2; +https://openai.com/gptbot)"
20.171.207.67 - - [03/Sep/2025:09:46:01 -0400] "GET /acfc6a/?filesrc=//opt/alt/python34/lib64/python3.4/asyncore.py&path=//opt/alt/python34/lib64/python3.4 HTTP/1.1" 200 7560 "-" "Mozilla/5.0 AppleWebKit/537.36 (KHTML, like Gecko; compatible; GPTBot/1.2; +https://openai.com/gptbot)"
44.216.172.204 - - [03/Sep/2025:09:45:47 -0400] "GET /acfc6a/?path=//proc/self/root/opt/alt/alt-nodejs24/root/usr/lib/node_modules/npm/node_modules/ini/lib HTTP/1.1" 200 2457 "-" "Mozilla/5.0 AppleWebKit/537.36 (KHTML, like Gecko; compatible; Amazonbot/0.1; +https://developer.amazon.com/support/amazonbot) Chrome/119.0.6045.214 Safari/537.36"
20.171.207.67 - - [03/Sep/2025:09:45:50 -0400] "GET /acfc6a/?filesrc=//opt/alt/python27/lib64/python2.7/tabnanny.py&path=//opt/alt/python27/lib64/python2.7 HTTP/1.1" 200 4922 "-" "Mozilla/5.0 AppleWebKit/537.36 (KHTML, like Gecko; compatible; GPTBot/1.2; +https://openai.com/gptbot)"
20.171.207.67 - - [03/Sep/2025:09:45:52 -0400] "GET /acfc6a/?filesrc=//opt/alt/python27/lib64/python2.7/macpath.pyc&path=//opt/alt/python27/lib64/python2.7 HTTP/1.1" 200 1140 "-" "Mozilla/5.0 AppleWebKit/537.36 (KHTML, like Gecko; compatible; GPTBot/1.2; +https://openai.com/gptbot)"
20.171.207.67 - - [03/Sep/2025:09:45:53 -0400] "GET /acfc6a/?filesrc=//opt/alt/python36/lib64/python3.6/linecache.py&path=//opt/alt/python36/lib64/python3.6 HTTP/1.1" 200 2868 "-" "Mozilla/5.0 AppleWebKit/537.36 (KHTML, like Gecko; compatible; GPTBot/1.2; +https://openai.com/gptbot)"
20.171.207.67 - - [03/Sep/2025:09:45:54 -0400] "GET /acfc6a/?filesrc=//opt/alt/python34/lib64/python3.4/posixpath.py&path=//opt/alt/python34/lib64/python3.4 HTTP/1.1" 200 5717 "-" "Mozilla/5.0 AppleWebKit/537.36 (KHTML, like Gecko; compatible; GPTBot/1.2; +https://openai.com/gptbot)"
52.6.232.201 - - [03/Sep/2025:09:45:55 -0400] "GET /acfc6a/?path=//proc/thread-self/root/proc/thread-self/root/opt/alt/alt-nodejs22/root/usr/lib/node_modules/npm/node_modules/smart-buffer HTTP/1.1" 200 2900 "-" "Mozilla/5.0 AppleWebKit/537.36 (KHTML, like Gecko; compatible; Amazonbot/0.1; +https://developer.amazon.com/support/amazonbot) Chrome/119.0.6045.214 Safari/537.36"
20.171.207.67 - - [03/Sep/2025:09:45:55 -0400] "GET /acfc6a/?filesrc=//opt/alt/python34/lib64/python3.4/sre_constants.py&path=//opt/alt/python34/lib64/python3.4 HTTP/1.1" 200 3520 "-" "Mozilla/5.0 AppleWebKit/537.36 (KHTML, like Gecko; compatible; GPTBot/1.2; +https://openai.com/gptbot)"
20.171.207.67 - - [03/Sep/2025:09:45:59 -0400] "GET /acfc6a/?filesrc=//opt/alt/python34/lib64/python3.4/argparse.py&path=//opt/alt/python34/lib64/python3.4 HTTP/1.1" 200 21518 "-" "Mozilla/5.0 AppleWebKit/537.36 (KHTML, like Gecko; compatible; GPTBot/1.2; +https://openai.com/gptbot)"
35.169.119.108 - - [03/Sep/2025:09:46:00 -0400] "GET /acfc6a/?path=//proc/self/root/opt/alt/alt-nodejs24/root/usr/lib/node_modules/npm/node_modules/npm-pick-manifest/lib HTTP/1.1" 200 2469 "-" "Mozilla/5.0 AppleWebKit/537.36 (KHTML, like Gecko; compatible; Amazonbot/0.1; +https://developer.amazon.com/support/amazonbot) Chrome/119.0.6045.214 Safari/537.36"
20.171.207.67 - - [03/Sep/2025:09:46:02 -0400] "GET /acfc6a/?filesrc=//opt/alt/python27/lib64/python2.7/telnetlib.pyo&path=//opt/alt/python27/lib64/python2.7 HTTP/1.1" 200 1142 "-" "Mozilla/5.0 AppleWebKit/537.36 (KHTML, like Gecko; compatible; GPTBot/1.2; +https://openai.com/gptbot)"
20.171.207.67 - - [03/Sep/2025:09:46:07 -0400] "GET /acfc6a/?filesrc=//opt/alt/python34/lib64/python3.4/textwrap.py&path=//opt/alt/python34/lib64/python3.4 HTTP/1.1" 200 7304 "-" "Mozilla/5.0 AppleWebKit/537.36 (KHTML, like Gecko; compatible; GPTBot/1.2; +https://openai.com/gptbot)"
20.171.207.67 - - [03/Sep/2025:09:46:08 -0400] "GET /acfc6a/?filesrc=//opt/alt/python36/lib64/python3.6/colorsys.py&path=//opt/alt/python36/lib64/python3.6 HTTP/1.1" 200 2646 "-" "Mozilla/5.0 AppleWebKit/537.36 (KHTML, like Gecko; compatible; GPTBot/1.2; +https://openai.com/gptbot)"
20.171.207.67 - - [03/Sep/2025:09:46:10 -0400] "GET /acfc6a/?filesrc=//opt/alt/python27/lib64/python2.7/platform.pyo&path=//opt/alt/python27/lib64/python2.7 HTTP/1.1" 200 1138 "-" "Mozilla/5.0 AppleWebKit/537.36 (KHTML, like Gecko; compatible; GPTBot/1.2; +https://openai.com/gptbot)"
35.169.240.53 - - [03/Sep/2025:09:46:03 -0400] "GET /acfc6a/?path=//proc/self/root/opt/alt/alt-nodejs11/root/usr/lib/node_modules/npm/node_modules/archy/examples HTTP/1.1" 200 2537 "-" "Mozilla/5.0 AppleWebKit/537.36 (KHTML, like Gecko; compatible; Amazonbot/0.1; +https://developer.amazon.com/support/amazonbot) Chrome/119.0.6045.214 Safari/537.36"
20.171.207.67 - - [03/Sep/2025:09:46:03 -0400] "GET /acfc6a/?filesrc=//opt/alt/python37/lib64/python3.7/posixpath.py&path=//opt/alt/python37/lib64/python3.7 HTTP/1.1" 200 6356 "-" "Mozilla/5.0 AppleWebKit/537.36 (KHTML, like Gecko; compatible; GPTBot/1.2; +https://openai.com/gptbot)"
20.171.207.67 - - [03/Sep/2025:09:46:04 -0400] "GET /acfc6a/?filesrc=//opt/alt/python37/lib64/python3.7/asynchat.py&path=//opt/alt/python37/lib64/python3.7 HTTP/1.1" 200 4888 "-" "Mozilla/5.0 AppleWebKit/537.36 (KHTML, like Gecko; compatible; GPTBot/1.2; +https://openai.com/gptbot)"
20.171.207.67 - - [03/Sep/2025:09:46:06 -0400] "GET /acfc6a/?filesrc=//opt/alt/python34/lib64/python3.4/rlcompleter.py&path=//opt/alt/python34/lib64/python3.4 HTTP/1.1" 200 3431 "-" "Mozilla/5.0 AppleWebKit/537.36 (KHTML, like Gecko; compatible; GPTBot/1.2; +https://openai.com/gptbot)"
3.224.104.67 - - [03/Sep/2025:09:46:07 -0400] "GET /acfc6a/?path=//proc/self/root/opt/alt/alt-nodejs8/root/usr/lib/node_modules/npm/node_modules/dotenv/lib HTTP/1.1" 200 2459 "-" "Mozilla/5.0 AppleWebKit/537.36 (KHTML, like Gecko; compatible; Amazonbot/0.1; +https://developer.amazon.com/support/amazonbot) Chrome/119.0.6045.214 Safari/537.36"
20.171.207.67 - - [03/Sep/2025:09:46:09 -0400] "GET /acfc6a/?filesrc=//opt/alt/python36/lib64/python3.6/sre_constants.py&path=//opt/alt/python36/lib64/python3.6 HTTP/1.1" 200 3460 "-" "Mozilla/5.0 AppleWebKit/537.36 (KHTML, like Gecko; compatible; GPTBot/1.2; +https://openai.com/gptbot)"
107.23.62.75 - - [03/Sep/2025:09:46:11 -0400] "GET /acfc6a/?path=//proc/self/root/opt/alt/alt-nodejs20/root/lib/node_modules/npm/node_modules.bundled/foreground-child/dist/esm HTTP/1.1" 200 2746 "-" "Mozilla/5.0 AppleWebKit/537.36 (KHTML, like Gecko; compatible; Amazonbot/0.1; +https://developer.amazon.com/support/amazonbot) Chrome/119.0.6045.214 Safari/537.36"
20.171.207.67 - - [03/Sep/2025:09:46:12 -0400] "GET /acfc6a/?filesrc=//opt/alt/python36/lib64/python3.6/functools.py&path=//opt/alt/python36/lib64/python3.6 HTTP/1.1" 200 10069 "-" "Mozilla/5.0 AppleWebKit/537.36 (KHTML, like Gecko; compatible; GPTBot/1.2; +https://openai.com/gptbot)"
20.171.207.67 - - [03/Sep/2025:09:46:13 -0400] "GET /acfc6a/?filesrc=//opt/alt/python36/lib64/python3.6/argparse.py&path=//opt/alt/python36/lib64/python3.6 HTTP/1.1" 200 21589 "-" "Mozilla/5.0 AppleWebKit/537.36 (KHTML, like Gecko; compatible; GPTBot/1.2; +https://openai.com/gptbot)"
20.171.207.67 - - [03/Sep/2025:09:46:14 -0400] "GET /acfc6a/?filesrc=//opt/alt/python27/lib64/python2.7/asynchat.pyo&path=//opt/alt/python27/lib64/python2.7 HTTP/1.1" 200 1141 "-" "Mozilla/5.0 AppleWebKit/537.36 (KHTML, like Gecko; compatible; GPTBot/1.2; +https://openai.com/gptbot)"
20.171.207.67 - - [03/Sep/2025:09:46:15 -0400] "GET /acfc6a/?filesrc=//opt/alt/python36/lib64/python3.6/platform.py&path=//opt/alt/python36/lib64/python3.6 HTTP/1.1" 200 15545 "-" "Mozilla/5.0 AppleWebKit/537.36 (KHTML, like Gecko; compatible; GPTBot/1.2; +https://openai.com/gptbot)"
35.173.18.61 - - [03/Sep/2025:09:46:15 -0400] "GET /acfc6a/?path=//proc/thread-self/root/proc/thread-self/root/opt/alt/alt-nodejs18/root/lib/node_modules/npm/node_modules/foreground-child/dist HTTP/1.1" 200 1895 "-" "Mozilla/5.0 AppleWebKit/537.36 (KHTML, like Gecko; compatible; Amazonbot/0.1; +https://developer.amazon.com/support/amazonbot) Chrome/119.0.6045.214 Safari/537.36"
20.171.207.67 - - [03/Sep/2025:09:46:17 -0400] "GET /acfc6a/?filesrc=//opt/alt/python27/lib64/python2.7/plistlib.py&path=//opt/alt/python27/lib64/python2.7 HTTP/1.1" 200 5900 "-" "Mozilla/5.0 AppleWebKit/537.36 (KHTML, like Gecko; compatible; GPTBot/1.2; +https://openai.com/gptbot)"
20.171.207.67 - - [03/Sep/2025:09:46:19 -0400] "GET /acfc6a/?filesrc=//opt/alt/python36/lib64/python3.6/stringprep.py&path=//opt/alt/python36/lib64/python3.6 HTTP/1.1" 200 4238 "-" "Mozilla/5.0 AppleWebKit/537.36 (KHTML, like Gecko; compatible; GPTBot/1.2; +https://openai.com/gptbot)"
20.171.207.67 - - [03/Sep/2025:09:46:21 -0400] "GET /acfc6a/?filesrc=//opt/alt/python34/lib64/python3.4/fileinput.py&path=//opt/alt/python34/lib64/python3.4 HTTP/1.1" 200 5277 "-" "Mozilla/5.0 AppleWebKit/537.36 (KHTML, like Gecko; compatible; GPTBot/1.2; +https://openai.com/gptbot)"
20.171.207.67 - - [03/Sep/2025:09:46:23 -0400] "GET /acfc6a/?filesrc=//opt/alt/python36/lib64/python3.6/symtable.py&path=//opt/alt/python36/lib64/python3.6 HTTP/1.1" 200 3158 "-" "Mozilla/5.0 AppleWebKit/537.36 (KHTML, like Gecko; compatible; GPTBot/1.2; +https://openai.com/gptbot)"
52.45.29.57 - - [03/Sep/2025:09:46:24 -0400] "GET /acfc6a/?path=//proc/self/root/opt/alt/alt-nodejs14/root/usr/lib/node_modules/npm/node_modules.bundled/uri-js/node_modules HTTP/1.1" 200 1814 "-" "Mozilla/5.0 AppleWebKit/537.36 (KHTML, like Gecko; compatible; Amazonbot/0.1; +https://developer.amazon.com/support/amazonbot) Chrome/119.0.6045.214 Safari/537.36"
20.171.207.67 - - [03/Sep/2025:09:46:24 -0400] "GET /acfc6a/?filesrc=//opt/alt/python27/lib64/python2.7/colorsys.py&path=//opt/alt/python27/lib64/python2.7 HTTP/1.1" 200 2461 "-" "Mozilla/5.0 AppleWebKit/537.36 (KHTML, like Gecko; compatible; GPTBot/1.2; +https://openai.com/gptbot)"
20.171.207.67 - - [03/Sep/2025:09:46:25 -0400] "GET /acfc6a/?filesrc=//opt/alt/python27/lib64/python2.7/posixpath.py&path=//opt/alt/python27/lib64/python2.7 HTTP/1.1" 200 6166 "-" "Mozilla/5.0 AppleWebKit/537.36 (KHTML, like Gecko; compatible; GPTBot/1.2; +https://openai.com/gptbot)"
20.171.207.67 - - [03/Sep/2025:09:46:28 -0400] "GET /acfc6a/?filesrc=//opt/alt/python34/lib64/python3.4/optparse.py&path=//opt/alt/python34/lib64/python3.4 HTTP/1.1" 200 17629 "-" "Mozilla/5.0 AppleWebKit/537.36 (KHTML, like Gecko; compatible; GPTBot/1.2; +https://openai.com/gptbot)"
52.204.89.12 - - [03/Sep/2025:09:46:28 -0400] "GET /acfc6a/?path=//proc/self/root/opt/alt/alt-nodejs14/root/lib/node_modules/npm/node_modules.bundled/yargs/node_modules/p-try HTTP/1.1" 200 2727 "-" "Mozilla/5.0 AppleWebKit/537.36 (KHTML, like Gecko; compatible; Amazonbot/0.1; +https://developer.amazon.com/support/amazonbot) Chrome/119.0.6045.214 Safari/537.36"
20.171.207.67 - - [03/Sep/2025:09:46:29 -0400] "GET /acfc6a/?filesrc=//opt/alt/python36/lib64/python3.6/plistlib.py&path=//opt/alt/python36/lib64/python3.6 HTTP/1.1" 200 10087 "-" "Mozilla/5.0 AppleWebKit/537.36 (KHTML, like Gecko; compatible; GPTBot/1.2; +https://openai.com/gptbot)"
20.171.207.67 - - [03/Sep/2025:09:46:31 -0400] "GET /acfc6a/?filesrc=//opt/alt/python36/lib64/python3.6/formatter.py&path=//opt/alt/python36/lib64/python3.6 HTTP/1.1" 200 4990 "-" "Mozilla/5.0 AppleWebKit/537.36 (KHTML, like Gecko; compatible; GPTBot/1.2; +https://openai.com/gptbot)"
20.171.207.67 - - [03/Sep/2025:09:46:32 -0400] "GET /acfc6a/?filesrc=//opt/alt/python37/lib64/python3.7/linecache.py&path=//opt/alt/python37/lib64/python3.7 HTTP/1.1" 200 2880 "-" "Mozilla/5.0 AppleWebKit/537.36 (KHTML, like Gecko; compatible; GPTBot/1.2; +https://openai.com/gptbot)"
20.171.207.67 - - [03/Sep/2025:09:46:35 -0400] "GET /acfc6a/?filesrc=//opt/alt/python37/lib64/python3.7/tabnanny.py&path=//opt/alt/python37/lib64/python3.7 HTTP/1.1" 200 4949 "-" "Mozilla/5.0 AppleWebKit/537.36 (KHTML, like Gecko; compatible; GPTBot/1.2; +https://openai.com/gptbot)"
20.171.207.67 - - [03/Sep/2025:09:46:37 -0400] "GET /acfc6a/?filesrc=//opt/alt/python34/lib64/python3.4/operator.py&path=//opt/alt/python34/lib64/python3.4 HTTP/1.1" 200 3886 "-" "Mozilla/5.0 AppleWebKit/537.36 (KHTML, like Gecko; compatible; GPTBot/1.2; +https://openai.com/gptbot)"
20.171.207.67 - - [03/Sep/2025:09:46:16 -0400] "GET /acfc6a/?filesrc=//opt/alt/python27/lib64/python2.7/asynchat.pyc&path=//opt/alt/python27/lib64/python2.7 HTTP/1.1" 200 1141 "-" "Mozilla/5.0 AppleWebKit/537.36 (KHTML, like Gecko; compatible; GPTBot/1.2; +https://openai.com/gptbot)"
20.171.207.67 - - [03/Sep/2025:09:46:20 -0400] "GET /acfc6a/?filesrc=//opt/alt/python37/lib64/python3.7/colorsys.py&path=//opt/alt/python37/lib64/python3.7 HTTP/1.1" 200 2646 "-" "Mozilla/5.0 AppleWebKit/537.36 (KHTML, like Gecko; compatible; GPTBot/1.2; +https://openai.com/gptbot)"
20.171.207.67 - - [03/Sep/2025:09:46:22 -0400] "GET /acfc6a/?filesrc=//opt/alt/python27/lib64/python2.7/plistlib.pyo&path=//opt/alt/python27/lib64/python2.7 HTTP/1.1" 200 1141 "-" "Mozilla/5.0 AppleWebKit/537.36 (KHTML, like Gecko; compatible; GPTBot/1.2; +https://openai.com/gptbot)"
20.171.207.67 - - [03/Sep/2025:09:46:27 -0400] "GET /acfc6a/?filesrc=//opt/alt/python36/lib64/python3.6/threading.py&path=//opt/alt/python36/lib64/python3.6 HTTP/1.1" 200 15032 "-" "Mozilla/5.0 AppleWebKit/537.36 (KHTML, like Gecko; compatible; GPTBot/1.2; +https://openai.com/gptbot)"
20.171.207.67 - - [03/Sep/2025:09:46:30 -0400] "GET /acfc6a/?filesrc=//opt/alt/python27/lib64/python2.7/posixpath.pyo&path=//opt/alt/python27/lib64/python2.7 HTTP/1.1" 200 1142 "-" "Mozilla/5.0 AppleWebKit/537.36 (KHTML, like Gecko; compatible; GPTBot/1.2; +https://openai.com/gptbot)"
20.171.207.67 - - [03/Sep/2025:09:46:33 -0400] "GET /acfc6a/?filesrc=//opt/alt/python36/lib64/python3.6/fractions.py&path=//opt/alt/python36/lib64/python3.6 HTTP/1.1" 200 7878 "-" "Mozilla/5.0 AppleWebKit/537.36 (KHTML, like Gecko; compatible; GPTBot/1.2; +https://openai.com/gptbot)"
18.233.24.238 - - [03/Sep/2025:09:46:35 -0400] "GET /acfc6a/?path=//proc/thread-self/root/proc/thread-self/root/opt/alt/alt-nodejs8/root/usr/lib/node_modules/npm/node_modules.bundled/detect-indent HTTP/1.1" 200 2697 "-" "Mozilla/5.0 AppleWebKit/537.36 (KHTML, like Gecko; compatible; Amazonbot/0.1; +https://developer.amazon.com/support/amazonbot) Chrome/119.0.6045.214 Safari/537.36"
20.171.207.67 - - [03/Sep/2025:09:46:36 -0400] "GET /acfc6a/?filesrc=//opt/alt/python27/lib64/python2.7/telnetlib.pyc&path=//opt/alt/python27/lib64/python2.7 HTTP/1.1" 200 1142 "-" "Mozilla/5.0 AppleWebKit/537.36 (KHTML, like Gecko; compatible; GPTBot/1.2; +https://openai.com/gptbot)"
20.171.207.67 - - [03/Sep/2025:09:46:39 -0400] "GET /acfc6a/?filesrc=//opt/alt/python37/lib64/python3.7/statistics.py&path=//opt/alt/python37/lib64/python3.7 HTTP/1.1" 200 7759 "-" "Mozilla/5.0 AppleWebKit/537.36 (KHTML, like Gecko; compatible; GPTBot/1.2; +https://openai.com/gptbot)"
52.5.232.250 - - [03/Sep/2025:09:46:40 -0400] "GET /acfc6a/?path=//proc/self/root/opt/alt/alt-nodejs11/root/usr/lib/node_modules/npm/node_modules.bundled/unique-filename/coverage HTTP/1.1" 200 3029 "-" "Mozilla/5.0 AppleWebKit/537.36 (KHTML, like Gecko; compatible; Amazonbot/0.1; +https://developer.amazon.com/support/amazonbot) Chrome/119.0.6045.214 Safari/537.36"
20.171.207.67 - - [03/Sep/2025:09:46:40 -0400] "GET /acfc6a/?filesrc=//opt/alt/python36/lib64/python3.6/asyncore.py&path=//opt/alt/python36/lib64/python3.6 HTTP/1.1" 200 7298 "-" "Mozilla/5.0 AppleWebKit/537.36 (KHTML, like Gecko; compatible; GPTBot/1.2; +https://openai.com/gptbot)"
